[INFO] fetching crate openapiv3-resolve 0.2.0...
[INFO] testing openapiv3-resolve-0.2.0 against 1.100.0-beta.1+cargoflags=--release for beta-release-1.100-2
[INFO] extracting crate openapiv3-resolve 0.2.0 into /workspace/builds/worker-7-tc2/source
[INFO] started tweaking crates.io crate openapiv3-resolve 0.2.0
[INFO] removed 0 missing tests
[INFO] finished tweaking crates.io crate openapiv3-resolve 0.2.0
[INFO] tweaked toml for crates.io crate openapiv3-resolve 0.2.0 written to /workspace/builds/worker-7-tc2/source/Cargo.toml
[INFO] validating manifest of crates.io crate openapiv3-resolve 0.2.0 on toolchain 1.100.0-beta.1
[INFO] running `Command { std: CARGO_HOME="/workspace/cargo-home" RUSTUP_HOME="/workspace/rustup-home" "/workspace/cargo-home/bin/cargo" "+1.100.0-beta.1" "metadata" "--manifest-path" "Cargo.toml" "--no-deps", kill_on_drop: false }`
[INFO] crate crates.io crate openapiv3-resolve 0.2.0 already has a lockfile, it will not be regenerated
[INFO] running `Command { std: CARGO_HOME="/workspace/cargo-home" RUSTUP_HOME="/workspace/rustup-home" "/workspace/cargo-home/bin/cargo" "+1.100.0-beta.1" "fetch" "--manifest-path" "Cargo.toml", kill_on_drop: false }`
[INFO] running `Command { std: "docker" "create" "-v" "/var/lib/crater-agent-workspace/builds/worker-7-tc2/source:/opt/rustwide/workdir:ro,Z" "-v" "/var/lib/crater-agent-workspace/builds/worker-7-tc2/target:/opt/rustwide/target:rw,Z" "-v" "/var/lib/crater-agent-workspace/cargo-home:/opt/rustwide/cargo-home:ro,Z" "-v" "/var/lib/crater-agent-workspace/rustup-home:/opt/rustwide/rustup-home:ro,Z" "-m" "1610612736" "--network" "none" "ghcr.io/rust-lang/crates-build-env/linux@sha256:77db811e55d90add9212f6832c23229e3de5f1c1f9905e8cb07319ea15df73ac" "sleep" "infinity", kill_on_drop: false }`
[INFO] [stdout] 29f95ec91c503c859a25956ffc5530291cc5929c24a8b6b8ac6689627e5dbac5
[INFO] running `Command { std: "docker" "start" "29f95ec91c503c859a25956ffc5530291cc5929c24a8b6b8ac6689627e5dbac5", kill_on_drop: false }`
[INFO] running `Command { std: "docker" "inspect" "29f95ec91c503c859a25956ffc5530291cc5929c24a8b6b8ac6689627e5dbac5", kill_on_drop: false }`
[INFO] running `Command { std: "docker" "exec" "-e" "SOURCE_DIR=/opt/rustwide/workdir" "-e" "CARGO_HOME=/opt/rustwide/cargo-home" "-e" "RUSTUP_HOME=/opt/rustwide/rustup-home" "-e" "CARGO_TARGET_DIR=/opt/rustwide/target" "-w" "/opt/rustwide/workdir" "--user" "0:0" "29f95ec91c503c859a25956ffc5530291cc5929c24a8b6b8ac6689627e5dbac5" "/opt/rustwide/cargo-home/bin/cargo" "+1.100.0-beta.1" "metadata" "--no-deps" "--format-version=1", kill_on_drop: false }`
[INFO] running `Command { std: "docker" "inspect" "29f95ec91c503c859a25956ffc5530291cc5929c24a8b6b8ac6689627e5dbac5", kill_on_drop: false }`
[INFO] running `Command { std: "docker" "exec" "-e" "SOURCE_DIR=/opt/rustwide/workdir" "-e" "CARGO_HOME=/opt/rustwide/cargo-home" "-e" "RUSTUP_HOME=/opt/rustwide/rustup-home" "-e" "CARGO_TARGET_DIR=/opt/rustwide/target" "-e" "CARGO_INCREMENTAL=0" "-e" "RUST_BACKTRACE=full" "-e" "RUSTFLAGS=--cap-lints=warn" "-e" "RUSTDOCFLAGS=--cap-lints=warn" "-w" "/opt/rustwide/workdir" "--user" "0:0" "29f95ec91c503c859a25956ffc5530291cc5929c24a8b6b8ac6689627e5dbac5" "/opt/rustwide/cargo-home/bin/cargo" "+1.100.0-beta.1" "build" "--frozen" "--message-format=json" "--release", kill_on_drop: false }`
[INFO] [stderr]    Compiling syn v3.0.5
[INFO] [stderr]    Compiling indexmap v2.14.2
[INFO] [stderr]    Compiling serde_derive v1.0.229
[INFO] [stderr]    Compiling serde v1.0.229
[INFO] [stderr]    Compiling openapiv3 v2.2.0
[INFO] [stderr]    Compiling openapiv3-resolve v0.2.0 (/opt/rustwide/workdir)
[INFO] [stderr]     Finished `release` profile [optimized] target(s) in 12.60s
[INFO] running `Command { std: "docker" "inspect" "29f95ec91c503c859a25956ffc5530291cc5929c24a8b6b8ac6689627e5dbac5", kill_on_drop: false }`
[INFO] running `Command { std: "docker" "exec" "-e" "SOURCE_DIR=/opt/rustwide/workdir" "-e" "CARGO_HOME=/opt/rustwide/cargo-home" "-e" "RUSTUP_HOME=/opt/rustwide/rustup-home" "-e" "CARGO_TARGET_DIR=/opt/rustwide/target" "-e" "CARGO_INCREMENTAL=0" "-e" "RUST_BACKTRACE=full" "-e" "RUSTFLAGS=--cap-lints=warn" "-e" "RUSTDOCFLAGS=--cap-lints=warn" "-w" "/opt/rustwide/workdir" "--user" "0:0" "29f95ec91c503c859a25956ffc5530291cc5929c24a8b6b8ac6689627e5dbac5" "/opt/rustwide/cargo-home/bin/cargo" "+1.100.0-beta.1" "test" "--frozen" "--no-run" "--message-format=json" "--release", kill_on_drop: false }`
[INFO] [stderr]    Compiling crc32fast v1.5.2
[INFO] [stderr]    Compiling miniz_oxide v0.9.1
[INFO] [stderr]    Compiling base64 v0.23.1
[INFO] [stderr]    Compiling webpki-roots v1.0.9
[INFO] [stderr]    Compiling getrandom v0.2.17
[INFO] [stderr]    Compiling serde_yaml v0.9.34+deprecated
[INFO] [stderr]    Compiling ring v0.17.14
[INFO] [stderr]    Compiling ureq-proto v0.6.3
[INFO] [stderr]    Compiling flate2 v1.1.10
[INFO] [stderr]    Compiling rustls-webpki v0.103.15
[INFO] [stderr]    Compiling rustls v0.23.45
[INFO] [stderr]    Compiling ureq v3.4.2
[INFO] [stderr]    Compiling openapiv3-resolve v0.2.0 (/opt/rustwide/workdir)
[INFO] [stderr]     Finished `release` profile [optimized] target(s) in 1m 19s
[INFO] running `Command { std: "docker" "inspect" "29f95ec91c503c859a25956ffc5530291cc5929c24a8b6b8ac6689627e5dbac5", kill_on_drop: false }`
[INFO] running `Command { std: "docker" "exec" "-e" "SOURCE_DIR=/opt/rustwide/workdir" "-e" "CARGO_HOME=/opt/rustwide/cargo-home" "-e" "RUSTUP_HOME=/opt/rustwide/rustup-home" "-e" "CARGO_TARGET_DIR=/opt/rustwide/target" "-e" "CARGO_INCREMENTAL=0" "-e" "RUST_BACKTRACE=full" "-e" "RUSTFLAGS=--cap-lints=warn" "-e" "RUSTDOCFLAGS=--cap-lints=warn" "-w" "/opt/rustwide/workdir" "--user" "0:0" "29f95ec91c503c859a25956ffc5530291cc5929c24a8b6b8ac6689627e5dbac5" "/opt/rustwide/cargo-home/bin/cargo" "+1.100.0-beta.1" "test" "--frozen" "--release", kill_on_drop: false }`
[INFO] [stderr]     Finished `release` profile [optimized] target(s) in 0.07s
[INFO] [stderr]      Running unittests src/lib.rs (/opt/rustwide/target/release/build/openapiv3-resolve/40f96eee79e24a2f/out/openapiv3_resolve-40f96eee79e24a2f)
[INFO] [stdout] 
[INFO] [stdout] running 17 tests
[INFO] [stdout] test reference::tests::escape_round_trips_through_unescape ... ok
[INFO] [stdout] test reference::tests::keeps_a_trailing_tilde_that_escapes_nothing ... ok
[INFO] [stdout] test reference::tests::rejects_a_pointer_into_the_middle_of_a_component ... ok
[INFO] [stdout] test reference::tests::rejects_a_pointer_with_too_few_segments ... ok
[INFO] [stdout] test reference::tests::rejects_a_reference_into_another_document ... ok
[INFO] [stdout] test reference::tests::rejects_a_root_section_that_cannot_hold_targets ... ok
[INFO] [stdout] test reference::tests::section_pointers_use_wire_spelling_not_rust_field_names ... ok
[INFO] [stdout] test reference::tests::unescapes_a_slash_in_a_path_name ... ok
[INFO] [stdout] test reference::tests::unescapes_tilde_after_slash_so_escaped_escapes_survive ... ok
[INFO] [stdout] test reference::tests::borrows_the_name_when_there_is_nothing_to_decode ... ok
[INFO] [stdout] test reference::tests::rejects_a_rust_field_name_used_as_a_section ... ok
[INFO] [stdout] test reference::tests::leaves_an_incomplete_percent_escape_alone ... ok
[INFO] [stdout] test reference::tests::rejects_a_reference_without_the_local_prefix ... ok
[INFO] [stdout] test reference::tests::every_section_parses_back_from_its_own_pointer ... ok
[INFO] [stdout] test reference::tests::escape_borrows_a_name_with_nothing_to_escape ... ok
[INFO] [stdout] test reference::tests::percent_decodes_multi_byte_utf8 ... ok
[INFO] [stdout] test reference::tests::percent_decodes_the_fragment_before_reading_it_as_a_pointer ... ok
[INFO] [stdout] 
[INFO] [stdout] test result: ok. 17 passed; 0 failed; 0 ignored; 0 measured; 0 filtered out; finished in 0.00s
[INFO] [stdout] 
[INFO] [stderr]      Running tests/allocations.rs (/opt/rustwide/target/release/build/openapiv3-resolve/bdb75e43947fffbd/out/allocations-bdb75e43947fffbd)
[INFO] [stdout] 
[INFO] [stdout] running 3 tests
[INFO] [stdout] test allocations_on_other_threads_are_not_counted ... ok
[INFO] [stdout] test resolving_a_component_pointer_allocates_nothing ... ok
[INFO] [stderr]      Running tests/mongodb_atlas.rs (/opt/rustwide/target/release/build/openapiv3-resolve/828bf53b65f2e22f/out/mongodb_atlas-828bf53b65f2e22f)
[INFO] [stdout] test resolving_an_escaped_pointer_allocates_to_decode_the_name ... ok
[INFO] [stdout] 
[INFO] [stdout] test result: ok. 3 passed; 0 failed; 0 ignored; 0 measured; 0 filtered out; finished in 0.01s
[INFO] [stdout] 
[INFO] [stdout] 
[INFO] [stdout] running 6 tests
[INFO] [stdout] test a_self_referencing_property_is_a_recursive_edge ... FAILED
[INFO] [stdout] test account_details_maps_each_provider_to_its_schema ... FAILED
[INFO] [stdout] test resolves_the_whole_document ... FAILED
[INFO] [stdout] test every_discriminator_mapping_resolves ... FAILED
[INFO] [stdout] test a_self_referencing_array_is_a_recursive_edge ... FAILED
[INFO] [stdout] test a_polymorphic_cycle_closes_on_whichever_side_comes_second ... FAILED
[INFO] [stdout] 
[INFO] [stdout] failures:
[INFO] [stdout] 
[INFO] [stderr] error: test failed, to rerun pass `--test mongodb_atlas`
[INFO] [stdout] ---- a_self_referencing_property_is_a_recursive_edge stdout ----
[INFO] [stdout] 
[INFO] [stdout] thread 'a_self_referencing_property_is_a_recursive_edge' (1040) panicked at tests/mongodb_atlas.rs:32:10:
[INFO] [stdout] spec downloads: Io(Custom { kind: Uncategorized, error: "failed to lookup address information: Temporary failure in name resolution" })
[INFO] [stdout] stack backtrace:
[INFO] [stdout]    0:     0x6138bf7c9af1 - <<std[617be2ca0a6fd877]::sys::backtrace::BacktraceLock>::print::DisplayBacktrace as core[a373ad73a504971]::fmt::Display>::fmt
[INFO] [stdout]    1:     0x6138bf7e089a - core[a373ad73a504971]::fmt::write
[INFO] [stdout]    2:     0x6138bf7ce04c - <alloc[2e1b2a31b91974c5]::vec::Vec<u8> as core[a373ad73a504971]::io::write::Write>::write_fmt
[INFO] [stdout]    3:     0x6138bf7a4166 - std[617be2ca0a6fd877]::panicking::default_hook::{closure#0}
[INFO] [stdout]    4:     0x6138bf7c15a9 - std[617be2ca0a6fd877]::panicking::default_hook
[INFO] [stdout]    5:     0x6138bf7033f0 - test[aada8e7e76ba119b]::test_main_inner::{closure#0}
[INFO] [stdout]    6:     0x6138bf7c1762 - std[617be2ca0a6fd877]::panicking::panic_with_hook
[INFO] [stdout]    7:     0x6138bf7a4212 - std[617be2ca0a6fd877]::panicking::panic_handler::{closure#0}
[INFO] [stdout]    8:     0x6138bf79cbd9 - std[617be2ca0a6fd877]::sys::backtrace::__rust_end_short_backtrace::<std[617be2ca0a6fd877]::panicking::panic_handler::{closure#0}, !>
[INFO] [stdout]    9:     0x6138bf7a50fd - __rustc[ea4f61d10b84890b]::rust_begin_unwind
[INFO] [stdout]   10:     0x6138bf7e0fcc - core[a373ad73a504971]::panicking::panic_fmt
[INFO] [stdout]   11:     0x6138bf7e0da2 - core[a373ad73a504971]::result::unwrap_failed
[INFO] [stdout]   12:     0x6138bf591de8 - <std[617be2ca0a6fd877]::sync::once::Once>::call_once_force::<<std[617be2ca0a6fd877]::sync::once_lock::OnceLock<openapiv3_resolve[a1880c196af5d3b8]::resolved::document::ResolvedOpenAPI>>::initialize<<std[617be2ca0a6fd877]::sync::once_lock::OnceLock<openapiv3_resolve[a1880c196af5d3b8]::resolved::document::ResolvedOpenAPI>>::get_or_init<mongodb_atlas[4d40a7b2223baf08]::resolved::{closure#0}>::{closure#0}, !>::{closure#0}>::{closure#0}
[INFO] [stdout]   13:     0x6138bf7aaa59 - <std[617be2ca0a6fd877]::sys::sync::once::futex::Once>::call
[INFO] [stdout]   14:     0x6138bf58d2e3 - <std[617be2ca0a6fd877]::sync::once_lock::OnceLock<openapiv3_resolve[a1880c196af5d3b8]::resolved::document::ResolvedOpenAPI>>::initialize::<<std[617be2ca0a6fd877]::sync::once_lock::OnceLock<openapiv3_resolve[a1880c196af5d3b8]::resolved::document::ResolvedOpenAPI>>::get_or_init<mongodb_atlas[4d40a7b2223baf08]::resolved::{closure#0}>::{closure#0}, !>
[INFO] [stdout]   15:     0x6138bf5945ef - <mongodb_atlas[4d40a7b2223baf08]::a_self_referencing_property_is_a_recursive_edge::{closure#0} as core[a373ad73a504971]::ops::function::FnOnce<()>>::call_once
[INFO] [stdout]   16:     0x6138bf6f683b - test[aada8e7e76ba119b]::__rust_begin_short_backtrace::<core[a373ad73a504971]::result::Result<(), alloc[2e1b2a31b91974c5]::string::String>, fn() -> core[a373ad73a504971]::result::Result<(), alloc[2e1b2a31b91974c5]::string::String>>
[INFO] [stdout]   17:     0x6138bf703a15 - test[aada8e7e76ba119b]::run_test::{closure#0}
[INFO] [stdout]   18:     0x6138bf6fd304 - std[617be2ca0a6fd877]::sys::backtrace::__rust_begin_short_backtrace::<test[aada8e7e76ba119b]::run_test::{closure#1}, ()>
[INFO] [stdout]   19:     0x6138bf706aa2 - <std[617be2ca0a6fd877]::thread::lifecycle::spawn_unchecked<test[aada8e7e76ba119b]::run_test::{closure#1}, ()>::{closure#1} as core[a373ad73a504971]::ops::function::FnOnce<()>>::call_once::{shim:vtable#0}
[INFO] [stdout]   20:     0x6138bf7c88ef - <std[617be2ca0a6fd877]::sys::thread::unix::Thread>::new::thread_start
[INFO] [stdout]   21:     0x73138b264dfa - <unknown>
[INFO] [stdout]   22:     0x73138b2f83d4 - clone
[INFO] [stdout]   23:                0x0 - <unknown>
[INFO] [stdout] 
[INFO] [stdout] ---- account_details_maps_each_provider_to_its_schema stdout ----
[INFO] [stdout] 
[INFO] [stdout] thread 'account_details_maps_each_provider_to_its_schema' (1041) panicked at tests/mongodb_atlas.rs:32:10:
[INFO] [stdout] spec downloads: Io(Custom { kind: Uncategorized, error: "failed to lookup address information: Temporary failure in name resolution" })
[INFO] [stdout] stack backtrace:
[INFO] [stdout]    0:     0x6138bf7c9af1 - <<std[617be2ca0a6fd877]::sys::backtrace::BacktraceLock>::print::DisplayBacktrace as core[a373ad73a504971]::fmt::Display>::fmt
[INFO] [stdout]    1:     0x6138bf7e089a - core[a373ad73a504971]::fmt::write
[INFO] [stdout]    2:     0x6138bf7ce04c - <alloc[2e1b2a31b91974c5]::vec::Vec<u8> as core[a373ad73a504971]::io::write::Write>::write_fmt
[INFO] [stdout]    3:     0x6138bf7a4166 - std[617be2ca0a6fd877]::panicking::default_hook::{closure#0}
[INFO] [stdout]    4:     0x6138bf7c15a9 - std[617be2ca0a6fd877]::panicking::default_hook
[INFO] [stdout]    5:     0x6138bf7033f0 - test[aada8e7e76ba119b]::test_main_inner::{closure#0}
[INFO] [stdout]    6:     0x6138bf7c1762 - std[617be2ca0a6fd877]::panicking::panic_with_hook
[INFO] [stdout]    7:     0x6138bf7a4212 - std[617be2ca0a6fd877]::panicking::panic_handler::{closure#0}
[INFO] [stdout]    8:     0x6138bf79cbd9 - std[617be2ca0a6fd877]::sys::backtrace::__rust_end_short_backtrace::<std[617be2ca0a6fd877]::panicking::panic_handler::{closure#0}, !>
[INFO] [stdout]    9:     0x6138bf7a50fd - __rustc[ea4f61d10b84890b]::rust_begin_unwind
[INFO] [stdout]   10:     0x6138bf7e0fcc - core[a373ad73a504971]::panicking::panic_fmt
[INFO] [stdout]   11:     0x6138bf7e0da2 - core[a373ad73a504971]::result::unwrap_failed
[INFO] [stdout]   12:     0x6138bf591de8 - <std[617be2ca0a6fd877]::sync::once::Once>::call_once_force::<<std[617be2ca0a6fd877]::sync::once_lock::OnceLock<openapiv3_resolve[a1880c196af5d3b8]::resolved::document::ResolvedOpenAPI>>::initialize<<std[617be2ca0a6fd877]::sync::once_lock::OnceLock<openapiv3_resolve[a1880c196af5d3b8]::resolved::document::ResolvedOpenAPI>>::get_or_init<mongodb_atlas[4d40a7b2223baf08]::resolved::{closure#0}>::{closure#0}, !>::{closure#0}>::{closure#0}
[INFO] [stdout]   13:     0x6138bf7aaa59 - <std[617be2ca0a6fd877]::sys::sync::once::futex::Once>::call
[INFO] [stdout]   14:     0x6138bf58d2e3 - <std[617be2ca0a6fd877]::sync::once_lock::OnceLock<openapiv3_resolve[a1880c196af5d3b8]::resolved::document::ResolvedOpenAPI>>::initialize::<<std[617be2ca0a6fd877]::sync::once_lock::OnceLock<openapiv3_resolve[a1880c196af5d3b8]::resolved::document::ResolvedOpenAPI>>::get_or_init<mongodb_atlas[4d40a7b2223baf08]::resolved::{closure#0}>::{closure#0}, !>
[INFO] [stdout]   15:     0x6138bf594a0c - <mongodb_atlas[4d40a7b2223baf08]::account_details_maps_each_provider_to_its_schema::{closure#0} as core[a373ad73a504971]::ops::function::FnOnce<()>>::call_once
[INFO] [stdout]   16:     0x6138bf6f683b - test[aada8e7e76ba119b]::__rust_begin_short_backtrace::<core[a373ad73a504971]::result::Result<(), alloc[2e1b2a31b91974c5]::string::String>, fn() -> core[a373ad73a504971]::result::Result<(), alloc[2e1b2a31b91974c5]::string::String>>
[INFO] [stdout]   17:     0x6138bf703a15 - test[aada8e7e76ba119b]::run_test::{closure#0}
[INFO] [stdout]   18:     0x6138bf6fd304 - std[617be2ca0a6fd877]::sys::backtrace::__rust_begin_short_backtrace::<test[aada8e7e76ba119b]::run_test::{closure#1}, ()>
[INFO] [stdout]   19:     0x6138bf706aa2 - <std[617be2ca0a6fd877]::thread::lifecycle::spawn_unchecked<test[aada8e7e76ba119b]::run_test::{closure#1}, ()>::{closure#1} as core[a373ad73a504971]::ops::function::FnOnce<()>>::call_once::{shim:vtable#0}
[INFO] [stdout]   20:     0x6138bf7c88ef - <std[617be2ca0a6fd877]::sys::thread::unix::Thread>::new::thread_start
[INFO] [stdout]   21:     0x73138b264dfa - <unknown>
[INFO] [stdout]   22:     0x73138b2f83d4 - clone
[INFO] [stdout]   23:                0x0 - <unknown>
[INFO] [stdout] 
[INFO] [stdout] ---- resolves_the_whole_document stdout ----
[INFO] [stdout] 
[INFO] [stdout] thread 'resolves_the_whole_document' (1043) panicked at tests/mongodb_atlas.rs:32:10:
[INFO] [stdout] spec downloads: Io(Custom { kind: Uncategorized, error: "failed to lookup address information: Temporary failure in name resolution" })
[INFO] [stdout] stack backtrace:
[INFO] [stdout]    0:     0x6138bf7c9af1 - <<std[617be2ca0a6fd877]::sys::backtrace::BacktraceLock>::print::DisplayBacktrace as core[a373ad73a504971]::fmt::Display>::fmt
[INFO] [stdout]    1:     0x6138bf7e089a - core[a373ad73a504971]::fmt::write
[INFO] [stdout]    2:     0x6138bf7ce04c - <alloc[2e1b2a31b91974c5]::vec::Vec<u8> as core[a373ad73a504971]::io::write::Write>::write_fmt
[INFO] [stdout]    3:     0x6138bf7a4166 - std[617be2ca0a6fd877]::panicking::default_hook::{closure#0}
[INFO] [stdout]    4:     0x6138bf7c15a9 - std[617be2ca0a6fd877]::panicking::default_hook
[INFO] [stdout]    5:     0x6138bf7033f0 - test[aada8e7e76ba119b]::test_main_inner::{closure#0}
[INFO] [stdout]    6:     0x6138bf7c1762 - std[617be2ca0a6fd877]::panicking::panic_with_hook
[INFO] [stdout]    7:     0x6138bf7a4212 - std[617be2ca0a6fd877]::panicking::panic_handler::{closure#0}
[INFO] [stdout]    8:     0x6138bf79cbd9 - std[617be2ca0a6fd877]::sys::backtrace::__rust_end_short_backtrace::<std[617be2ca0a6fd877]::panicking::panic_handler::{closure#0}, !>
[INFO] [stdout]    9:     0x6138bf7a50fd - __rustc[ea4f61d10b84890b]::rust_begin_unwind
[INFO] [stdout]   10:     0x6138bf7e0fcc - core[a373ad73a504971]::panicking::panic_fmt
[INFO] [stdout]   11:     0x6138bf7e0da2 - core[a373ad73a504971]::result::unwrap_failed
[INFO] [stdout]   12:     0x6138bf591de8 - <std[617be2ca0a6fd877]::sync::once::Once>::call_once_force::<<std[617be2ca0a6fd877]::sync::once_lock::OnceLock<openapiv3_resolve[a1880c196af5d3b8]::resolved::document::ResolvedOpenAPI>>::initialize<<std[617be2ca0a6fd877]::sync::once_lock::OnceLock<openapiv3_resolve[a1880c196af5d3b8]::resolved::document::ResolvedOpenAPI>>::get_or_init<mongodb_atlas[4d40a7b2223baf08]::resolved::{closure#0}>::{closure#0}, !>::{closure#0}>::{closure#0}
[INFO] [stdout]   13:     0x6138bf7aaa59 - <std[617be2ca0a6fd877]::sys::sync::once::futex::Once>::call
[INFO] [stdout]   14:     0x6138bf58d2e3 - <std[617be2ca0a6fd877]::sync::once_lock::OnceLock<openapiv3_resolve[a1880c196af5d3b8]::resolved::document::ResolvedOpenAPI>>::initialize::<<std[617be2ca0a6fd877]::sync::once_lock::OnceLock<openapiv3_resolve[a1880c196af5d3b8]::resolved::document::ResolvedOpenAPI>>::get_or_init<mongodb_atlas[4d40a7b2223baf08]::resolved::{closure#0}>::{closure#0}, !>
[INFO] [stdout]   15:     0x6138bf593d85 - <mongodb_atlas[4d40a7b2223baf08]::resolves_the_whole_document::{closure#0} as core[a373ad73a504971]::ops::function::FnOnce<()>>::call_once
[INFO] [stdout]   16:     0x6138bf6f683b - test[aada8e7e76ba119b]::__rust_begin_short_backtrace::<core[a373ad73a504971]::result::Result<(), alloc[2e1b2a31b91974c5]::string::String>, fn() -> core[a373ad73a504971]::result::Result<(), alloc[2e1b2a31b91974c5]::string::String>>
[INFO] [stdout]   17:     0x6138bf703a15 - test[aada8e7e76ba119b]::run_test::{closure#0}
[INFO] [stdout]   18:     0x6138bf6fd304 - std[617be2ca0a6fd877]::sys::backtrace::__rust_begin_short_backtrace::<test[aada8e7e76ba119b]::run_test::{closure#1}, ()>
[INFO] [stdout]   19:     0x6138bf706aa2 - <std[617be2ca0a6fd877]::thread::lifecycle::spawn_unchecked<test[aada8e7e76ba119b]::run_test::{closure#1}, ()>::{closure#1} as core[a373ad73a504971]::ops::function::FnOnce<()>>::call_once::{shim:vtable#0}
[INFO] [stdout]   20:     0x6138bf7c88ef - <std[617be2ca0a6fd877]::sys::thread::unix::Thread>::new::thread_start
[INFO] [stdout]   21:     0x73138b264dfa - <unknown>
[INFO] [stdout]   22:     0x73138b2f83d4 - clone
[INFO] [stdout]   23:                0x0 - <unknown>
[INFO] [stdout] 
[INFO] [stdout] ---- every_discriminator_mapping_resolves stdout ----
[INFO] [stdout] 
[INFO] [stdout] thread 'every_discriminator_mapping_resolves' (1042) panicked at tests/mongodb_atlas.rs:32:10:
[INFO] [stdout] spec downloads: Io(Custom { kind: Uncategorized, error: "failed to lookup address information: Temporary failure in name resolution" })
[INFO] [stdout] stack backtrace:
[INFO] [stdout]    0:     0x6138bf7c9af1 - <<std[617be2ca0a6fd877]::sys::backtrace::BacktraceLock>::print::DisplayBacktrace as core[a373ad73a504971]::fmt::Display>::fmt
[INFO] [stdout]    1:     0x6138bf7e089a - core[a373ad73a504971]::fmt::write
[INFO] [stdout]    2:     0x6138bf7ce04c - <alloc[2e1b2a31b91974c5]::vec::Vec<u8> as core[a373ad73a504971]::io::write::Write>::write_fmt
[INFO] [stdout]    3:     0x6138bf7a4166 - std[617be2ca0a6fd877]::panicking::default_hook::{closure#0}
[INFO] [stdout]    4:     0x6138bf7c15a9 - std[617be2ca0a6fd877]::panicking::default_hook
[INFO] [stdout]    5:     0x6138bf7033f0 - test[aada8e7e76ba119b]::test_main_inner::{closure#0}
[INFO] [stdout]    6:     0x6138bf7c1762 - std[617be2ca0a6fd877]::panicking::panic_with_hook
[INFO] [stdout]    7:     0x6138bf7a4212 - std[617be2ca0a6fd877]::panicking::panic_handler::{closure#0}
[INFO] [stdout]    8:     0x6138bf79cbd9 - std[617be2ca0a6fd877]::sys::backtrace::__rust_end_short_backtrace::<std[617be2ca0a6fd877]::panicking::panic_handler::{closure#0}, !>
[INFO] [stdout]    9:     0x6138bf7a50fd - __rustc[ea4f61d10b84890b]::rust_begin_unwind
[INFO] [stdout]   10:     0x6138bf7e0fcc - core[a373ad73a504971]::panicking::panic_fmt
[INFO] [stdout]   11:     0x6138bf7e0da2 - core[a373ad73a504971]::result::unwrap_failed
[INFO] [stdout]   12:     0x6138bf591de8 - <std[617be2ca0a6fd877]::sync::once::Once>::call_once_force::<<std[617be2ca0a6fd877]::sync::once_lock::OnceLock<openapiv3_resolve[a1880c196af5d3b8]::resolved::document::ResolvedOpenAPI>>::initialize<<std[617be2ca0a6fd877]::sync::once_lock::OnceLock<openapiv3_resolve[a1880c196af5d3b8]::resolved::document::ResolvedOpenAPI>>::get_or_init<mongodb_atlas[4d40a7b2223baf08]::resolved::{closure#0}>::{closure#0}, !>::{closure#0}>::{closure#0}
[INFO] [stdout]   13:     0x6138bf7aaa59 - <std[617be2ca0a6fd877]::sys::sync::once::futex::Once>::call
[INFO] [stdout]   14:     0x6138bf58d2e3 - <std[617be2ca0a6fd877]::sync::once_lock::OnceLock<openapiv3_resolve[a1880c196af5d3b8]::resolved::document::ResolvedOpenAPI>>::initialize::<<std[617be2ca0a6fd877]::sync::once_lock::OnceLock<openapiv3_resolve[a1880c196af5d3b8]::resolved::document::ResolvedOpenAPI>>::get_or_init<mongodb_atlas[4d40a7b2223baf08]::resolved::{closure#0}>::{closure#0}, !>
[INFO] [stdout]   15:     0x6138bf59415a - <mongodb_atlas[4d40a7b2223baf08]::every_discriminator_mapping_resolves::{closure#0} as core[a373ad73a504971]::ops::function::FnOnce<()>>::call_once
[INFO] [stdout]   16:     0x6138bf6f683b - test[aada8e7e76ba119b]::__rust_begin_short_backtrace::<core[a373ad73a504971]::result::Result<(), alloc[2e1b2a31b91974c5]::string::String>, fn() -> core[a373ad73a504971]::result::Result<(), alloc[2e1b2a31b91974c5]::string::String>>
[INFO] [stdout]   17:     0x6138bf703a15 - test[aada8e7e76ba119b]::run_test::{closure#0}
[INFO] [stdout]   18:     0x6138bf6fd304 - std[617be2ca0a6fd877]::sys::backtrace::__rust_begin_short_backtrace::<test[aada8e7e76ba119b]::run_test::{closure#1}, ()>
[INFO] [stdout]   19:     0x6138bf706aa2 - <std[617be2ca0a6fd877]::thread::lifecycle::spawn_unchecked<test[aada8e7e76ba119b]::run_test::{closure#1}, ()>::{closure#1} as core[a373ad73a504971]::ops::function::FnOnce<()>>::call_once::{shim:vtable#0}
[INFO] [stdout]   20:     0x6138bf7c88ef - <std[617be2ca0a6fd877]::sys::thread::unix::Thread>::new::thread_start
[INFO] [stdout]   21:     0x73138b264dfa - <unknown>
[INFO] [stdout]   22:     0x73138b2f83d4 - clone
[INFO] [stdout]   23:                0x0 - <unknown>
[INFO] [stdout] 
[INFO] [stdout] ---- a_self_referencing_array_is_a_recursive_edge stdout ----
[INFO] [stdout] 
[INFO] [stdout] thread 'a_self_referencing_array_is_a_recursive_edge' (1039) panicked at tests/mongodb_atlas.rs:32:10:
[INFO] [stdout] spec downloads: Io(Custom { kind: Uncategorized, error: "failed to lookup address information: Temporary failure in name resolution" })
[INFO] [stdout] stack backtrace:
[INFO] [stdout]    0:     0x6138bf7c9af1 - <<std[617be2ca0a6fd877]::sys::backtrace::BacktraceLock>::print::DisplayBacktrace as core[a373ad73a504971]::fmt::Display>::fmt
[INFO] [stdout]    1:     0x6138bf7e089a - core[a373ad73a504971]::fmt::write
[INFO] [stdout]    2:     0x6138bf7ce04c - <alloc[2e1b2a31b91974c5]::vec::Vec<u8> as core[a373ad73a504971]::io::write::Write>::write_fmt
[INFO] [stdout]    3:     0x6138bf7a4166 - std[617be2ca0a6fd877]::panicking::default_hook::{closure#0}
[INFO] [stdout]    4:     0x6138bf7c15a9 - std[617be2ca0a6fd877]::panicking::default_hook
[INFO] [stdout]    5:     0x6138bf7033f0 - test[aada8e7e76ba119b]::test_main_inner::{closure#0}
[INFO] [stdout]    6:     0x6138bf7c1762 - std[617be2ca0a6fd877]::panicking::panic_with_hook
[INFO] [stdout]    7:     0x6138bf7a4212 - std[617be2ca0a6fd877]::panicking::panic_handler::{closure#0}
[INFO] [stdout]    8:     0x6138bf79cbd9 - std[617be2ca0a6fd877]::sys::backtrace::__rust_end_short_backtrace::<std[617be2ca0a6fd877]::panicking::panic_handler::{closure#0}, !>
[INFO] [stdout]    9:     0x6138bf7a50fd - __rustc[ea4f61d10b84890b]::rust_begin_unwind
[INFO] [stdout]   10:     0x6138bf7e0fcc - core[a373ad73a504971]::panicking::panic_fmt
[INFO] [stdout]   11:     0x6138bf7e0da2 - core[a373ad73a504971]::result::unwrap_failed
[INFO] [stdout]   12:     0x6138bf591de8 - <std[617be2ca0a6fd877]::sync::once::Once>::call_once_force::<<std[617be2ca0a6fd877]::sync::once_lock::OnceLock<openapiv3_resolve[a1880c196af5d3b8]::resolved::document::ResolvedOpenAPI>>::initialize<<std[617be2ca0a6fd877]::sync::once_lock::OnceLock<openapiv3_resolve[a1880c196af5d3b8]::resolved::document::ResolvedOpenAPI>>::get_or_init<mongodb_atlas[4d40a7b2223baf08]::resolved::{closure#0}>::{closure#0}, !>::{closure#0}>::{closure#0}
[INFO] [stdout]   13:     0x6138bf7aaa59 - <std[617be2ca0a6fd877]::sys::sync::once::futex::Once>::call
[INFO] [stdout]   14:     0x6138bf58d2e3 - <std[617be2ca0a6fd877]::sync::once_lock::OnceLock<openapiv3_resolve[a1880c196af5d3b8]::resolved::document::ResolvedOpenAPI>>::initialize::<<std[617be2ca0a6fd877]::sync::once_lock::OnceLock<openapiv3_resolve[a1880c196af5d3b8]::resolved::document::ResolvedOpenAPI>>::get_or_init<mongodb_atlas[4d40a7b2223baf08]::resolved::{closure#0}>::{closure#0}, !>
[INFO] [stdout]   15:     0x6138bf5943f4 - <mongodb_atlas[4d40a7b2223baf08]::a_self_referencing_array_is_a_recursive_edge::{closure#0} as core[a373ad73a504971]::ops::function::FnOnce<()>>::call_once
[INFO] [stdout]   16:     0x6138bf6f683b - test[aada8e7e76ba119b]::__rust_begin_short_backtrace::<core[a373ad73a504971]::result::Result<(), alloc[2e1b2a31b91974c5]::string::String>, fn() -> core[a373ad73a504971]::result::Result<(), alloc[2e1b2a31b91974c5]::string::String>>
[INFO] [stdout]   17:     0x6138bf703a15 - test[aada8e7e76ba119b]::run_test::{closure#0}
[INFO] [stdout]   18:     0x6138bf6fd304 - std[617be2ca0a6fd877]::sys::backtrace::__rust_begin_short_backtrace::<test[aada8e7e76ba119b]::run_test::{closure#1}, ()>
[INFO] [stdout]   19:     0x6138bf706aa2 - <std[617be2ca0a6fd877]::thread::lifecycle::spawn_unchecked<test[aada8e7e76ba119b]::run_test::{closure#1}, ()>::{closure#1} as core[a373ad73a504971]::ops::function::FnOnce<()>>::call_once::{shim:vtable#0}
[INFO] [stdout]   20:     0x6138bf7c88ef - <std[617be2ca0a6fd877]::sys::thread::unix::Thread>::new::thread_start
[INFO] [stdout]   21:     0x73138b264dfa - <unknown>
[INFO] [stdout]   22:     0x73138b2f83d4 - clone
[INFO] [stdout]   23:                0x0 - <unknown>
[INFO] [stdout] 
[INFO] [stdout] ---- a_polymorphic_cycle_closes_on_whichever_side_comes_second stdout ----
[INFO] [stdout] 
[INFO] [stdout] thread 'a_polymorphic_cycle_closes_on_whichever_side_comes_second' (1038) panicked at tests/mongodb_atlas.rs:32:10:
[INFO] [stdout] spec downloads: Io(Custom { kind: Uncategorized, error: "failed to lookup address information: Temporary failure in name resolution" })
[INFO] [stdout] stack backtrace:
[INFO] [stdout]    0:     0x6138bf7c9af1 - <<std[617be2ca0a6fd877]::sys::backtrace::BacktraceLock>::print::DisplayBacktrace as core[a373ad73a504971]::fmt::Display>::fmt
[INFO] [stdout]    1:     0x6138bf7e089a - core[a373ad73a504971]::fmt::write
[INFO] [stdout]    2:     0x6138bf7ce04c - <alloc[2e1b2a31b91974c5]::vec::Vec<u8> as core[a373ad73a504971]::io::write::Write>::write_fmt
[INFO] [stdout]    3:     0x6138bf7a4166 - std[617be2ca0a6fd877]::panicking::default_hook::{closure#0}
[INFO] [stdout]    4:     0x6138bf7c15a9 - std[617be2ca0a6fd877]::panicking::default_hook
[INFO] [stdout]    5:     0x6138bf7033f0 - test[aada8e7e76ba119b]::test_main_inner::{closure#0}
[INFO] [stdout]    6:     0x6138bf7c1762 - std[617be2ca0a6fd877]::panicking::panic_with_hook
[INFO] [stdout]    7:     0x6138bf7a4212 - std[617be2ca0a6fd877]::panicking::panic_handler::{closure#0}
[INFO] [stdout]    8:     0x6138bf79cbd9 - std[617be2ca0a6fd877]::sys::backtrace::__rust_end_short_backtrace::<std[617be2ca0a6fd877]::panicking::panic_handler::{closure#0}, !>
[INFO] [stdout]    9:     0x6138bf7a50fd - __rustc[ea4f61d10b84890b]::rust_begin_unwind
[INFO] [stdout]   10:     0x6138bf7e0fcc - core[a373ad73a504971]::panicking::panic_fmt
[INFO] [stdout]   11:     0x6138bf7e0da2 - core[a373ad73a504971]::result::unwrap_failed
[INFO] [stdout]   12:     0x6138bf591de8 - <std[617be2ca0a6fd877]::sync::once::Once>::call_once_force::<<std[617be2ca0a6fd877]::sync::once_lock::OnceLock<openapiv3_resolve[a1880c196af5d3b8]::resolved::document::ResolvedOpenAPI>>::initialize<<std[617be2ca0a6fd877]::sync::once_lock::OnceLock<openapiv3_resolve[a1880c196af5d3b8]::resolved::document::ResolvedOpenAPI>>::get_or_init<mongodb_atlas[4d40a7b2223baf08]::resolved::{closure#0}>::{closure#0}, !>::{closure#0}>::{closure#0}
[INFO] [stdout]   13:     0x6138bf7aaa59 - <std[617be2ca0a6fd877]::sys::sync::once::futex::Once>::call
[INFO] [stdout]   14:     0x6138bf58d2e3 - <std[617be2ca0a6fd877]::sync::once_lock::OnceLock<openapiv3_resolve[a1880c196af5d3b8]::resolved::document::ResolvedOpenAPI>>::initialize::<<std[617be2ca0a6fd877]::sync::once_lock::OnceLock<openapiv3_resolve[a1880c196af5d3b8]::resolved::document::ResolvedOpenAPI>>::get_or_init<mongodb_atlas[4d40a7b2223baf08]::resolved::{closure#0}>::{closure#0}, !>
[INFO] [stdout]   15:     0x6138bf594e27 - <mongodb_atlas[4d40a7b2223baf08]::a_polymorphic_cycle_closes_on_whichever_side_comes_second::{closure#0} as core[a373ad73a504971]::ops::function::FnOnce<()>>::call_once
[INFO] [stdout]   16:     0x6138bf6f683b - test[aada8e7e76ba119b]::__rust_begin_short_backtrace::<core[a373ad73a504971]::result::Result<(), alloc[2e1b2a31b91974c5]::string::String>, fn() -> core[a373ad73a504971]::result::Result<(), alloc[2e1b2a31b91974c5]::string::String>>
[INFO] [stdout]   17:     0x6138bf703a15 - test[aada8e7e76ba119b]::run_test::{closure#0}
[INFO] [stdout]   18:     0x6138bf6fd304 - std[617be2ca0a6fd877]::sys::backtrace::__rust_begin_short_backtrace::<test[aada8e7e76ba119b]::run_test::{closure#1}, ()>
[INFO] [stdout]   19:     0x6138bf706aa2 - <std[617be2ca0a6fd877]::thread::lifecycle::spawn_unchecked<test[aada8e7e76ba119b]::run_test::{closure#1}, ()>::{closure#1} as core[a373ad73a504971]::ops::function::FnOnce<()>>::call_once::{shim:vtable#0}
[INFO] [stdout]   20:     0x6138bf7c88ef - <std[617be2ca0a6fd877]::sys::thread::unix::Thread>::new::thread_start
[INFO] [stdout]   21:     0x73138b264dfa - <unknown>
[INFO] [stdout]   22:     0x73138b2f83d4 - clone
[INFO] [stdout]   23:                0x0 - <unknown>
[INFO] [stdout] 
[INFO] [stdout] 
[INFO] [stdout] failures:
[INFO] [stdout]     a_polymorphic_cycle_closes_on_whichever_side_comes_second
[INFO] [stdout]     a_self_referencing_array_is_a_recursive_edge
[INFO] [stdout]     a_self_referencing_property_is_a_recursive_edge
[INFO] [stdout]     account_details_maps_each_provider_to_its_schema
[INFO] [stdout]     every_discriminator_mapping_resolves
[INFO] [stdout]     resolves_the_whole_document
[INFO] [stdout] 
[INFO] [stdout] test result: FAILED. 0 passed; 6 failed; 0 ignored; 0 measured; 0 filtered out; finished in 0.01s
[INFO] [stdout] 
[INFO] running `Command { std: "docker" "inspect" "29f95ec91c503c859a25956ffc5530291cc5929c24a8b6b8ac6689627e5dbac5", kill_on_drop: false }`
[INFO] running `Command { std: "docker" "rm" "-f" "29f95ec91c503c859a25956ffc5530291cc5929c24a8b6b8ac6689627e5dbac5", kill_on_drop: false }`
[INFO] [stdout] 29f95ec91c503c859a25956ffc5530291cc5929c24a8b6b8ac6689627e5dbac5
