[INFO] fetching crate openapi-nexus-go 0.0.5...
[INFO] testing openapi-nexus-go-0.0.5 against 1.100.0-beta.1+cargoflags=--release for beta-release-1.100-2
[INFO] extracting crate openapi-nexus-go 0.0.5 into /workspace/builds/worker-4-tc2/source
[INFO] started tweaking crates.io crate openapi-nexus-go 0.0.5
[INFO] removed 0 missing tests
[INFO] finished tweaking crates.io crate openapi-nexus-go 0.0.5
[INFO] tweaked toml for crates.io crate openapi-nexus-go 0.0.5 written to /workspace/builds/worker-4-tc2/source/Cargo.toml
[INFO] validating manifest of crates.io crate openapi-nexus-go 0.0.5 on toolchain 1.100.0-beta.1
[INFO] running `Command { std: CARGO_HOME="/workspace/cargo-home" RUSTUP_HOME="/workspace/rustup-home" "/workspace/cargo-home/bin/cargo" "+1.100.0-beta.1" "metadata" "--manifest-path" "Cargo.toml" "--no-deps", kill_on_drop: false }`
[INFO] crate crates.io crate openapi-nexus-go 0.0.5 already has a lockfile, it will not be regenerated
[INFO] running `Command { std: CARGO_HOME="/workspace/cargo-home" RUSTUP_HOME="/workspace/rustup-home" "/workspace/cargo-home/bin/cargo" "+1.100.0-beta.1" "fetch" "--manifest-path" "Cargo.toml", kill_on_drop: false }`
[INFO] running `Command { std: "docker" "create" "-v" "/var/lib/crater-agent-workspace/builds/worker-4-tc2/source:/opt/rustwide/workdir:ro,Z" "-v" "/var/lib/crater-agent-workspace/builds/worker-4-tc2/target:/opt/rustwide/target:rw,Z" "-v" "/var/lib/crater-agent-workspace/cargo-home:/opt/rustwide/cargo-home:ro,Z" "-v" "/var/lib/crater-agent-workspace/rustup-home:/opt/rustwide/rustup-home:ro,Z" "-m" "1610612736" "--network" "none" "ghcr.io/rust-lang/crates-build-env/linux@sha256:77db811e55d90add9212f6832c23229e3de5f1c1f9905e8cb07319ea15df73ac" "sleep" "infinity", kill_on_drop: false }`
[INFO] [stdout] cb48d8331adf02aa31eed379d24845845b3eaca210514d73689103170ac6aaf8
[INFO] running `Command { std: "docker" "start" "cb48d8331adf02aa31eed379d24845845b3eaca210514d73689103170ac6aaf8", kill_on_drop: false }`
[INFO] running `Command { std: "docker" "inspect" "cb48d8331adf02aa31eed379d24845845b3eaca210514d73689103170ac6aaf8", kill_on_drop: false }`
[INFO] running `Command { std: "docker" "exec" "-e" "SOURCE_DIR=/opt/rustwide/workdir" "-e" "CARGO_HOME=/opt/rustwide/cargo-home" "-e" "RUSTUP_HOME=/opt/rustwide/rustup-home" "-e" "CARGO_TARGET_DIR=/opt/rustwide/target" "-w" "/opt/rustwide/workdir" "--user" "0:0" "cb48d8331adf02aa31eed379d24845845b3eaca210514d73689103170ac6aaf8" "/opt/rustwide/cargo-home/bin/cargo" "+1.100.0-beta.1" "metadata" "--no-deps" "--format-version=1", kill_on_drop: false }`
[INFO] running `Command { std: "docker" "inspect" "cb48d8331adf02aa31eed379d24845845b3eaca210514d73689103170ac6aaf8", kill_on_drop: false }`
[INFO] running `Command { std: "docker" "exec" "-e" "SOURCE_DIR=/opt/rustwide/workdir" "-e" "CARGO_HOME=/opt/rustwide/cargo-home" "-e" "RUSTUP_HOME=/opt/rustwide/rustup-home" "-e" "CARGO_TARGET_DIR=/opt/rustwide/target" "-e" "CARGO_INCREMENTAL=0" "-e" "RUST_BACKTRACE=full" "-e" "RUSTFLAGS=--cap-lints=warn" "-e" "RUSTDOCFLAGS=--cap-lints=warn" "-w" "/opt/rustwide/workdir" "--user" "0:0" "cb48d8331adf02aa31eed379d24845845b3eaca210514d73689103170ac6aaf8" "/opt/rustwide/cargo-home/bin/cargo" "+1.100.0-beta.1" "build" "--frozen" "--message-format=json" "--release", kill_on_drop: false }`
[INFO] [stderr]    Compiling quote v1.0.41
[INFO] [stderr]    Compiling unicode-ident v1.0.20
[INFO] [stderr]    Compiling zmij v1.0.9
[INFO] [stderr]    Compiling serde_json v1.0.148
[INFO] [stderr]    Compiling litemap v0.8.0
[INFO] [stderr]    Compiling writeable v0.6.1
[INFO] [stderr]    Compiling serde_core v1.0.228
[INFO] [stderr]    Compiling icu_properties_data v2.0.1
[INFO] [stderr]    Compiling icu_normalizer_data v2.0.0
[INFO] [stderr]    Compiling smallvec v1.15.1
[INFO] [stderr]    Compiling serde v1.0.228
[INFO] [stderr]    Compiling aho-corasick v1.1.3
[INFO] [stderr]    Compiling unicode-segmentation v1.12.0
[INFO] [stderr]    Compiling itoa v1.0.15
[INFO] [stderr]    Compiling libc v0.2.177
[INFO] [stderr]    Compiling anstyle v1.0.13
[INFO] [stderr]    Compiling percent-encoding v2.3.2
[INFO] [stderr]    Compiling proc-macro2 v1.0.103
[INFO] [stderr]    Compiling form_urlencoded v1.2.2
[INFO] [stderr]    Compiling clap_lex v0.7.6
[INFO] [stderr]    Compiling indexmap v2.12.1
[INFO] [stderr]    Compiling winnow v0.7.13
[INFO] [stderr]    Compiling once_cell v1.21.3
[INFO] [stderr]    Compiling openapi-nexus-spec v0.0.5
[INFO] [stderr]    Compiling ulid v1.2.1
[INFO] [stderr]    Compiling anstream v0.6.21
[INFO] [stderr]    Compiling unsafe-libyaml-norway v0.2.15
[INFO] [stderr]    Compiling http v1.4.0
[INFO] [stderr]    Compiling toml_datetime v0.7.3
[INFO] [stderr]    Compiling serde_spanned v1.0.3
[INFO] [stderr]    Compiling convert_case v0.10.0
[INFO] [stderr]    Compiling toml_writer v1.0.4
[INFO] [stderr]    Compiling semver v1.0.27
[INFO] [stderr]    Compiling typed-arena v2.0.2
[INFO] [stderr]    Compiling clap_builder v4.5.51
[INFO] [stderr]    Compiling minijinja-embed v2.12.0
[INFO] [stderr]    Compiling self_cell v1.2.1
[INFO] [stderr]    Compiling arrayvec v0.5.2
[INFO] [stderr]    Compiling memo-map v0.3.3
[INFO] [stderr]    Compiling openapi-nexus-go v0.0.5 (/opt/rustwide/workdir)
[INFO] [stderr]    Compiling syn v2.0.108
[INFO] [stderr]    Compiling pretty v0.12.5
[INFO] [stderr]    Compiling heck v0.5.0
[INFO] [stderr]    Compiling regex-automata v0.4.13
[INFO] [stderr]    Compiling dirs-sys v0.5.0
[INFO] [stderr]    Compiling dirs v6.0.0
[INFO] [stderr]    Compiling uuid v1.19.0
[INFO] [stderr]    Compiling toml_parser v1.0.4
[INFO] [stderr]    Compiling toml v0.9.8
[INFO] [stderr]    Compiling regex v1.12.3
[INFO] [stderr]    Compiling synstructure v0.13.2
[INFO] [stderr]    Compiling zerofrom-derive v0.1.6
[INFO] [stderr]    Compiling yoke-derive v0.8.0
[INFO] [stderr]    Compiling zerovec-derive v0.11.1
[INFO] [stderr]    Compiling displaydoc v0.2.5
[INFO] [stderr]    Compiling serde_derive v1.0.228
[INFO] [stderr]    Compiling snafu-derive v0.8.9
[INFO] [stderr]    Compiling derive_more-impl v2.1.1
[INFO] [stderr]    Compiling tracing-attributes v0.1.31
[INFO] [stderr]    Compiling clap_derive v4.5.49
[INFO] [stderr]    Compiling zerofrom v0.1.6
[INFO] [stderr]    Compiling yoke v0.8.0
[INFO] [stderr]    Compiling zerovec v0.11.4
[INFO] [stderr]    Compiling zerotrie v0.2.2
[INFO] [stderr]    Compiling tracing v0.1.44
[INFO] [stderr]    Compiling snafu v0.8.9
[INFO] [stderr]    Compiling derive_more v2.1.1
[INFO] [stderr]    Compiling clap v4.5.51
[INFO] [stderr]    Compiling tinystr v0.8.1
[INFO] [stderr]    Compiling potential_utf v0.1.3
[INFO] [stderr]    Compiling icu_collections v2.0.0
[INFO] [stderr]    Compiling icu_locale_core v2.0.0
[INFO] [stderr]    Compiling utoipa-config v0.1.2
[INFO] [stderr]    Compiling icu_provider v2.0.0
[INFO] [stderr]    Compiling serde_norway v0.9.42
[INFO] [stderr]    Compiling serde_plain v1.0.2
[INFO] [stderr]    Compiling chrono v0.4.42
[INFO] [stderr]    Compiling minijinja v2.14.0
[INFO] [stderr]    Compiling icu_normalizer v2.0.0
[INFO] [stderr]    Compiling icu_properties v2.0.1
[INFO] [stderr]    Compiling openapi-nexus-common v0.0.5
[INFO] [stderr]    Compiling openapi-nexus-config v0.0.5
[INFO] [stderr]    Compiling idna_adapter v1.2.1
[INFO] [stderr]    Compiling idna v1.1.0
[INFO] [stderr]    Compiling url v2.5.7
[INFO] [stderr]    Compiling utoipa-gen v5.4.0
[INFO] [stderr]    Compiling utoipa v5.4.0
[INFO] [stderr]    Compiling openapi-nexus-parser v0.0.5
[INFO] [stderr]    Compiling openapi-nexus-core v0.0.5
[INFO] [stderr]     Finished `release` profile [optimized] target(s) in 1m 00s
[INFO] running `Command { std: "docker" "inspect" "cb48d8331adf02aa31eed379d24845845b3eaca210514d73689103170ac6aaf8", kill_on_drop: false }`
[INFO] running `Command { std: "docker" "exec" "-e" "SOURCE_DIR=/opt/rustwide/workdir" "-e" "CARGO_HOME=/opt/rustwide/cargo-home" "-e" "RUSTUP_HOME=/opt/rustwide/rustup-home" "-e" "CARGO_TARGET_DIR=/opt/rustwide/target" "-e" "CARGO_INCREMENTAL=0" "-e" "RUST_BACKTRACE=full" "-e" "RUSTFLAGS=--cap-lints=warn" "-e" "RUSTDOCFLAGS=--cap-lints=warn" "-w" "/opt/rustwide/workdir" "--user" "0:0" "cb48d8331adf02aa31eed379d24845845b3eaca210514d73689103170ac6aaf8" "/opt/rustwide/cargo-home/bin/cargo" "+1.100.0-beta.1" "test" "--frozen" "--no-run" "--message-format=json" "--release", kill_on_drop: false }`
[INFO] [stderr]    Compiling regex-automata v0.4.13
[INFO] [stderr]    Compiling tracing v0.1.44
[INFO] [stderr]    Compiling rustix v1.1.3
[INFO] [stderr]    Compiling log v0.4.28
[INFO] [stderr]    Compiling getrandom v0.3.4
[INFO] [stderr]    Compiling tracing-test-macro v0.2.5
[INFO] [stderr]    Compiling openapi-nexus-config v0.0.5
[INFO] [stderr]    Compiling tracing-log v0.2.0
[INFO] [stderr]    Compiling tempfile v3.24.0
[INFO] [stderr]    Compiling regex v1.12.3
[INFO] [stderr]    Compiling matchers v0.2.0
[INFO] [stderr]    Compiling tracing-subscriber v0.3.22
[INFO] [stderr]    Compiling openapi-nexus-spec v0.0.5
[INFO] [stderr]    Compiling tracing-test v0.2.5
[INFO] [stderr]    Compiling openapi-nexus-parser v0.0.5
[INFO] [stderr]    Compiling openapi-nexus-core v0.0.5
[INFO] [stderr]    Compiling openapi-nexus-go v0.0.5 (/opt/rustwide/workdir)
[INFO] [stderr]     Finished `release` profile [optimized] target(s) in 46.46s
[INFO] running `Command { std: "docker" "inspect" "cb48d8331adf02aa31eed379d24845845b3eaca210514d73689103170ac6aaf8", kill_on_drop: false }`
[INFO] running `Command { std: "docker" "exec" "-e" "SOURCE_DIR=/opt/rustwide/workdir" "-e" "CARGO_HOME=/opt/rustwide/cargo-home" "-e" "RUSTUP_HOME=/opt/rustwide/rustup-home" "-e" "CARGO_TARGET_DIR=/opt/rustwide/target" "-e" "CARGO_INCREMENTAL=0" "-e" "RUST_BACKTRACE=full" "-e" "RUSTFLAGS=--cap-lints=warn" "-e" "RUSTDOCFLAGS=--cap-lints=warn" "-w" "/opt/rustwide/workdir" "--user" "0:0" "cb48d8331adf02aa31eed379d24845845b3eaca210514d73689103170ac6aaf8" "/opt/rustwide/cargo-home/bin/cargo" "+1.100.0-beta.1" "test" "--frozen" "--release", kill_on_drop: false }`
[INFO] [stderr]     Finished `release` profile [optimized] target(s) in 0.16s
[INFO] [stderr]      Running unittests src/lib.rs (/opt/rustwide/target/release/build/openapi-nexus-go/5486ded4ee77ba58/out/openapi_nexus_go-5486ded4ee77ba58)
[INFO] [stdout] 
[INFO] [stderr]      Running tests/golden_tests_go_http.rs (/opt/rustwide/target/release/build/openapi-nexus-go/bb01ec4eb85b2e37/out/golden_tests_go_http-bb01ec4eb85b2e37)
[INFO] [stdout] running 0 tests
[INFO] [stdout] 
[INFO] [stdout] test result: ok. 0 passed; 0 failed; 0 ignored; 0 measured; 0 filtered out; finished in 0.00s
[INFO] [stdout] 
[INFO] [stdout] 
[INFO] [stdout] running 45 tests
[INFO] [stdout] test test_naming_conventions_golden ... FAILED
[INFO] [stdout] test test_recursive_json_complex_array_structure_golden ... FAILED
[INFO] [stdout] test test_recursive_json_deeply_nested_inline_golden ... FAILED
[INFO] [stdout] test test_duplicate_param_names_golden ... FAILED
[INFO] [stdout] test test_recursive_json_array_with_reference_property_golden ... FAILED
[INFO] [stdout] test test_recursive_json_all_optional_properties_golden ... FAILED
[INFO] [stdout] test test_interface_with_enum_reference_golden ... FAILED
[INFO] [stdout] test test_enum_repr_golden ... FAILED
[INFO] [stdout] test test_petstore_golden ... FAILED
[INFO] [stdout] test test_comprehensive_schemas_golden ... FAILED
[INFO] [stdout] test test_minimal_golden ... FAILED
[INFO] [stdout] test test_recursive_json_array_of_inline_objects_golden ... FAILED
[INFO] [stdout] test test_additional_properties_golden ... FAILED
[INFO] [stdout] test test_query_param_enum_golden ... FAILED
[INFO] [stdout] test test_delete_with_response_schema_golden ... FAILED
[INFO] [stdout] test test_recursive_json_array_of_referenced_types_golden ... FAILED
[INFO] [stdout] test test_response_body_fallback_golden ... FAILED
[INFO] [stdout] test test_response_body_multi_status_responses_golden ... FAILED
[INFO] [stdout] test test_type_aliases_complex_union_golden ... FAILED
[INFO] [stdout] test test_recursive_json_nested_object_reference_golden ... FAILED
[INFO] [stdout] test test_type_aliases_discriminated_union_inline_discriminator_only_golden ... FAILED
[INFO] [stdout] test test_recursive_json_inline_object_golden ... FAILED
[INFO] [stdout] test test_recursive_json_empty_array_golden ... FAILED
[INFO] [stdout] test test_recursive_json_optional_array_of_inline_objects_golden ... FAILED
[INFO] [stdout] test test_recursive_json_optional_nested_object_reference_golden ... FAILED
[INFO] [stdout] test test_type_aliases_discriminated_union_multiple_golden ... FAILED
[INFO] [stdout] test test_type_aliases_union_with_any_golden ... FAILED
[INFO] [stdout] test test_recursive_json_mixed_property_types_golden ... FAILED
[INFO] [stdout] test test_type_aliases_intersection_allof_golden ... FAILED
[INFO] [stdout] test test_server_object_golden ... FAILED
[INFO] [stdout] test test_recursive_json_optional_inline_object_golden ... FAILED
[INFO] [stdout] test test_response_body_no_response_body_golden ... FAILED
[INFO] [stdout] test test_type_aliases_intersection_with_nullable_reference_golden ... FAILED
[INFO] [stdout] test test_type_aliases_simple_type_alias_golden ... FAILED
[INFO] [stdout] test test_recursive_json_optional_array_of_referenced_types_golden ... FAILED
[INFO] [stdout] test test_type_aliases_nested_union_golden ... FAILED
[INFO] [stdout] test test_type_aliases_discriminated_union_internally_tagged_golden ... FAILED
[INFO] [stdout] test test_type_aliases_union_with_primitives_golden ... FAILED
[INFO] [stdout] test test_response_body_default_and_exact_golden ... FAILED
[INFO] [stdout] test test_type_aliases_union_mixed_golden ... FAILED
[INFO] [stdout] test test_recursive_json_inline_object_with_array_golden ... FAILED
[INFO] [stdout] test test_recursive_json_primitive_array_golden ... FAILED
[INFO] [stdout] test test_type_aliases_discriminated_union_with_refs_golden ... FAILED
[INFO] [stdout] test test_type_aliases_union_with_inline_objects_golden ... FAILED
[INFO] [stdout] test test_type_aliases_union_with_interfaces_golden ... FAILED
[INFO] [stdout] 
[INFO] [stdout] failures:
[INFO] [stdout] 
[INFO] [stdout] ---- test_naming_conventions_golden stdout ----
[INFO] [stdout] 
[INFO] [stdout] thread 'test_naming_conventions_golden' (2522) panicked at tests/golden_tests_go_http.rs:35:5:
[INFO] [stdout] Could not find fixture: valid/naming-conventions.yaml
[INFO] [stdout] stack backtrace:
[INFO] [stdout]    0:     0x6083696c1091 - <<std[617be2ca0a6fd877]::sys::backtrace::BacktraceLock>::print::DisplayBacktrace as core[a373ad73a504971]::fmt::Display>::fmt
[INFO] [stdout]    1:     0x6083696d86ba - core[a373ad73a504971]::fmt::write
[INFO] [stdout]    2:     0x6083696c55bc - <alloc[2e1b2a31b91974c5]::vec::Vec<u8> as core[a373ad73a504971]::io::write::Write>::write_fmt
[INFO] [stdout]    3:     0x60836969b6e6 - std[617be2ca0a6fd877]::panicking::default_hook::{closure#0}
[INFO] [stdout]    4:     0x6083696b86f9 - std[617be2ca0a6fd877]::panicking::default_hook
[INFO] [stdout]    5:     0x6083692f94c0 - test[aada8e7e76ba119b]::test_main_inner::{closure#0}
[INFO] [stdout]    6:     0x6083696b88b2 - std[617be2ca0a6fd877]::panicking::panic_with_hook
[INFO] [stdout]    7:     0x60836969b792 - std[617be2ca0a6fd877]::panicking::panic_handler::{closure#0}
[INFO] [stdout]    8:     0x608369694159 - std[617be2ca0a6fd877]::sys::backtrace::__rust_end_short_backtrace::<std[617be2ca0a6fd877]::panicking::panic_handler::{closure#0}, !>
[INFO] [stdout]    9:     0x60836969c39d - __rustc[ea4f61d10b84890b]::rust_begin_unwind
[INFO] [stdout]   10:     0x6083696d8e9c - core[a373ad73a504971]::panicking::panic_fmt
[INFO] [stdout]   11:     0x6083692a55e7 - golden_tests_go_http[6816f6f8c192b679]::run_golden_test
[INFO] [stdout]   12:     0x6083692a9809 - <golden_tests_go_http[6816f6f8c192b679]::test_naming_conventions_golden::{closure#0} as core[a373ad73a504971]::ops::function::FnOnce<()>>::call_once
[INFO] [stdout]   13:     0x6083692ec90b - test[aada8e7e76ba119b]::__rust_begin_short_backtrace::<core[a373ad73a504971]::result::Result<(), alloc[2e1b2a31b91974c5]::string::String>, fn() -> core[a373ad73a504971]::result::Result<(), alloc[2e1b2a31b91974c5]::string::String>>
[INFO] [stdout]   14:     0x6083692f9ae5 - test[aada8e7e76ba119b]::run_test::{closure#0}
[INFO] [stdout]   15:     0x6083692f33d4 - std[617be2ca0a6fd877]::sys::backtrace::__rust_begin_short_backtrace::<test[aada8e7e76ba119b]::run_test::{closure#1}, ()>
[INFO] [stdout]   16:     0x6083692fcb72 - <std[617be2ca0a6fd877]::thread::lifecycle::spawn_unchecked<test[aada8e7e76ba119b]::run_test::{closure#1}, ()>::{closure#1} as core[a373ad73a504971]::ops::function::FnOnce<()>>::call_once::{shim:vtable#0}
[INFO] [stdout]   17:     0x6083696c037f - <std[617be2ca0a6fd877]::sys::thread::unix::Thread>::new::thread_start
[INFO] [stdout]   18:     0x742e07d2fdfa - <unknown>
[INFO] [stdout]   19:     0x742e07dc33d4 - clone
[INFO] [stdout]   20:                0x0 - <unknown>
[INFO] [stdout] 
[INFO] [stdout] ---- test_recursive_json_complex_array_structure_golden stdout ----
[INFO] [stdout] 
[INFO] [stdout] thread 'test_recursive_json_complex_array_structure_golden' (2529) panicked at tests/golden_tests_go_http.rs:35:5:
[INFO] [stdout] Could not find fixture: valid/recursive-json/complex-array-structure.yaml
[INFO] [stdout] stack backtrace:
[INFO] [stdout]    0:     0x6083696c1091 - <<std[617be2ca0a6fd877]::sys::backtrace::BacktraceLock>::print::DisplayBacktrace as core[a373ad73a504971]::fmt::Display>::fmt
[INFO] [stdout]    1:     0x6083696d86ba - core[a373ad73a504971]::fmt::write
[INFO] [stdout]    2:     0x6083696c55bc - <alloc[2e1b2a31b91974c5]::vec::Vec<u8> as core[a373ad73a504971]::io::write::Write>::write_fmt
[INFO] [stdout]    3:     0x60836969b6e6 - std[617be2ca0a6fd877]::panicking::default_hook::{closure#0}
[INFO] [stdout]    4:     0x6083696b86f9 - std[617be2ca0a6fd877]::panicking::default_hook
[INFO] [stdout]    5:     0x6083692f94c0 - test[aada8e7e76ba119b]::test_main_inner::{closure#0}
[INFO] [stdout]    6:     0x6083696b88b2 - std[617be2ca0a6fd877]::panicking::panic_with_hook
[INFO] [stdout]    7:     0x60836969b792 - std[617be2ca0a6fd877]::panicking::panic_handler::{closure#0}
[INFO] [stdout]    8:     0x608369694159 - std[617be2ca0a6fd877]::sys::backtrace::__rust_end_short_backtrace::<std[617be2ca0a6fd877]::panicking::panic_handler::{closure#0}, !>
[INFO] [stdout]    9:     0x60836969c39d - __rustc[ea4f61d10b84890b]::rust_begin_unwind
[INFO] [stdout]   10:     0x6083696d8e9c - core[a373ad73a504971]::panicking::panic_fmt
[INFO] [stdout]   11:     0x6083692a55e7 - golden_tests_go_http[6816f6f8c192b679]::run_golden_test
[INFO] [stdout]   12:     0x6083692af659 - <golden_tests_go_http[6816f6f8c192b679]::test_recursive_json_complex_array_structure_golden::{closure#0} as core[a373ad73a504971]::ops::function::FnOnce<()>>::call_once
[INFO] [stdout]   13:     0x6083692ec90b - test[aada8e7e76ba119b]::__rust_begin_short_backtrace::<core[a373ad73a504971]::result::Result<(), alloc[2e1b2a31b91974c5]::string::String>, fn() -> core[a373ad73a504971]::result::Result<(), alloc[2e1b2a31b91974c5]::string::String>>
[INFO] [stdout]   14:     0x6083692f9ae5 - test[aada8e7e76ba119b]::run_test::{closure#0}
[INFO] [stdout]   15:     0x6083692f33d4 - std[617be2ca0a6fd877]::sys::backtrace::__rust_begin_short_backtrace::<test[aada8e7e76ba119b]::run_test::{closure#1}, ()>
[INFO] [stdout]   16:     0x6083692fcb72 - <std[617be2ca0a6fd877]::thread::lifecycle::spawn_unchecked<test[aada8e7e76ba119b]::run_test::{closure#1}, ()>::{closure#1} as core[a373ad73a504971]::ops::function::FnOnce<()>>::call_once::{shim:vtable#0}
[INFO] [stdout]   17:     0x6083696c037f - <std[617be2ca0a6fd877]::sys::thread::unix::Thread>::new::thread_start
[INFO] [stdout]   18:     0x742e07d2fdfa - <unknown>
[INFO] [stdout]   19:     0x742e07dc33d4 - clone
[INFO] [stdout]   20:                0x0 - <unknown>
[INFO] [stdout] 
[INFO] [stdout] ---- test_recursive_json_deeply_nested_inline_golden stdout ----
[INFO] [stdout] 
[INFO] [stdout] thread 'test_recursive_json_deeply_nested_inline_golden' (2530) panicked at tests/golden_tests_go_http.rs:35:5:
[INFO] [stdout] Could not find fixture: valid/recursive-json/deeply-nested-inline.yaml
[INFO] [stdout] stack backtrace:
[INFO] [stdout]    0:     0x6083696c1091 - <<std[617be2ca0a6fd877]::sys::backtrace::BacktraceLock>::print::DisplayBacktrace as core[a373ad73a504971]::fmt::Display>::fmt
[INFO] [stdout]    1:     0x6083696d86ba - core[a373ad73a504971]::fmt::write
[INFO] [stdout]    2:     0x6083696c55bc - <alloc[2e1b2a31b91974c5]::vec::Vec<u8> as core[a373ad73a504971]::io::write::Write>::write_fmt
[INFO] [stdout]    3:     0x60836969b6e6 - std[617be2ca0a6fd877]::panicking::default_hook::{closure#0}
[INFO] [stdout]    4:     0x6083696b86f9 - std[617be2ca0a6fd877]::panicking::default_hook
[INFO] [stdout]    5:     0x6083692f94c0 - test[aada8e7e76ba119b]::test_main_inner::{closure#0}
[INFO] [stdout]    6:     0x6083696b88b2 - std[617be2ca0a6fd877]::panicking::panic_with_hook
[INFO] [stdout]    7:     0x60836969b792 - std[617be2ca0a6fd877]::panicking::panic_handler::{closure#0}
[INFO] [stdout]    8:     0x608369694159 - std[617be2ca0a6fd877]::sys::backtrace::__rust_end_short_backtrace::<std[617be2ca0a6fd877]::panicking::panic_handler::{closure#0}, !>
[INFO] [stdout]    9:     0x60836969c39d - __rustc[ea4f61d10b84890b]::rust_begin_unwind
[INFO] [stdout]   10:     0x6083696d8e9c - core[a373ad73a504971]::panicking::panic_fmt
[INFO] [stdout]   11:     0x6083692a55e7 - golden_tests_go_http[6816f6f8c192b679]::run_golden_test
[INFO] [stdout]   12:     0x6083692adfd9 - <golden_tests_go_http[6816f6f8c192b679]::test_recursive_json_deeply_nested_inline_golden::{closure#0} as core[a373ad73a504971]::ops::function::FnOnce<()>>::call_once
[INFO] [stdout]   13:     0x6083692ec90b - test[aada8e7e76ba119b]::__rust_begin_short_backtrace::<core[a373ad73a504971]::result::Result<(), alloc[2e1b2a31b91974c5]::string::String>, fn() -> core[a373ad73a504971]::result::Result<(), alloc[2e1b2a31b91974c5]::string::String>>
[INFO] [stdout]   14:     0x6083692f9ae5 - test[aada8e7e76ba119b]::run_test::{closure#0}
[INFO] [stdout]   15:     0x6083692f33d4 - std[617be2ca0a6fd877]::sys::backtrace::__rust_begin_short_backtrace::<test[aada8e7e76ba119b]::run_test::{closure#1}, ()>
[INFO] [stdout]   16:     0x6083692fcb72 - <std[617be2ca0a6fd877]::thread::lifecycle::spawn_unchecked<test[aada8e7e76ba119b]::run_test::{closure#1}, ()>::{closure#1} as core[a373ad73a504971]::ops::function::FnOnce<()>>::call_once::{shim:vtable#0}
[INFO] [stdout]   17:     0x6083696c037f - <std[617be2ca0a6fd877]::sys::thread::unix::Thread>::new::thread_start
[INFO] [stdout]   18:     0x742e07d2fdfa - <unknown>
[INFO] [stdout]   19:     0x742e07dc33d4 - clone
[INFO] [stdout]   20:                0x0 - <unknown>
[INFO] [stdout] 
[INFO] [stdout] ---- test_duplicate_param_names_golden stdout ----
[INFO] [stdout] 
[INFO] [stdout] thread 'test_duplicate_param_names_golden' (2518) panicked at tests/golden_tests_go_http.rs:35:5:
[INFO] [stdout] Could not find fixture: valid/duplicate-param-names.yaml
[INFO] [stdout] stack backtrace:
[INFO] [stdout]    0:     0x6083696c1091 - <<std[617be2ca0a6fd877]::sys::backtrace::BacktraceLock>::print::DisplayBacktrace as core[a373ad73a504971]::fmt::Display>::fmt
[INFO] [stdout]    1:     0x6083696d86ba - core[a373ad73a504971]::fmt::write
[INFO] [stdout]    2:     0x6083696c55bc - <alloc[2e1b2a31b91974c5]::vec::Vec<u8> as core[a373ad73a504971]::io::write::Write>::write_fmt
[INFO] [stdout]    3:     0x60836969b6e6 - std[617be2ca0a6fd877]::panicking::default_hook::{closure#0}
[INFO] [stdout]    4:     0x6083696b86f9 - std[617be2ca0a6fd877]::panicking::default_hook
[INFO] [stdout]    5:     0x6083692f94c0 - test[aada8e7e76ba119b]::test_main_inner::{closure#0}
[INFO] [stdout]    6:     0x6083696b88b2 - std[617be2ca0a6fd877]::panicking::panic_with_hook
[INFO] [stdout]    7:     0x60836969b792 - std[617be2ca0a6fd877]::panicking::panic_handler::{closure#0}
[INFO] [stdout]    8:     0x608369694159 - std[617be2ca0a6fd877]::sys::backtrace::__rust_end_short_backtrace::<std[617be2ca0a6fd877]::panicking::panic_handler::{closure#0}, !>
[INFO] [stdout]    9:     0x60836969c39d - __rustc[ea4f61d10b84890b]::rust_begin_unwind
[INFO] [stdout]   10:     0x6083696d8e9c - core[a373ad73a504971]::panicking::panic_fmt
[INFO] [stdout]   11:     0x6083692a55e7 - golden_tests_go_http[6816f6f8c192b679]::run_golden_test
[INFO] [stdout]   12:     0x6083692aa2b9 - <golden_tests_go_http[6816f6f8c192b679]::test_duplicate_param_names_golden::{closure#0} as core[a373ad73a504971]::ops::function::FnOnce<()>>::call_once
[INFO] [stdout]   13:     0x6083692ec90b - test[aada8e7e76ba119b]::__rust_begin_short_backtrace::<core[a373ad73a504971]::result::Result<(), alloc[2e1b2a31b91974c5]::string::String>, fn() -> core[a373ad73a504971]::result::Result<(), alloc[2e1b2a31b91974c5]::string::String>>
[INFO] [stdout]   14:     0x6083692f9ae5 - test[aada8e7e76ba119b]::run_test::{closure#0}
[INFO] [stdout]   15:     0x6083692f33d4 - std[617be2ca0a6fd877]::sys::backtrace::__rust_begin_short_backtrace::<test[aada8e7e76ba119b]::run_test::{closure#1}, ()>
[INFO] [stdout]   16:     0x6083692fcb72 - <std[617be2ca0a6fd877]::thread::lifecycle::spawn_unchecked<test[aada8e7e76ba119b]::run_test::{closure#1}, ()>::{closure#1} as core[a373ad73a504971]::ops::function::FnOnce<()>>::call_once::{shim:vtable#0}
[INFO] [stdout]   17:     0x6083696c037f - <std[617be2ca0a6fd877]::sys::thread::unix::Thread>::new::thread_start
[INFO] [stdout]   18:     0x742e07d2fdfa - <unknown>
[INFO] [stdout]   19:     0x742e07dc33d4 - clone
[INFO] [stdout]   20:                0x0 - <unknown>
[INFO] [stdout] 
[INFO] [stdout] ---- test_recursive_json_array_with_reference_property_golden stdout ----
[INFO] [stdout] 
[INFO] [stdout] thread 'test_recursive_json_array_with_reference_property_golden' (2528) panicked at tests/golden_tests_go_http.rs:35:5:
[INFO] [stdout] Could not find fixture: valid/recursive-json/array-with-reference-property.yaml
[INFO] [stdout] stack backtrace:
[INFO] [stdout]    0:     0x6083696c1091 - <<std[617be2ca0a6fd877]::sys::backtrace::BacktraceLock>::print::DisplayBacktrace as core[a373ad73a504971]::fmt::Display>::fmt
[INFO] [stdout]    1:     0x6083696d86ba - core[a373ad73a504971]::fmt::write
[INFO] [stdout]    2:     0x6083696c55bc - <alloc[2e1b2a31b91974c5]::vec::Vec<u8> as core[a373ad73a504971]::io::write::Write>::write_fmt
[INFO] [stdout]    3:     0x60836969b6e6 - std[617be2ca0a6fd877]::panicking::default_hook::{closure#0}
[INFO] [stdout]    4:     0x6083696b86f9 - std[617be2ca0a6fd877]::panicking::default_hook
[INFO] [stdout]    5:     0x6083692f94c0 - test[aada8e7e76ba119b]::test_main_inner::{closure#0}
[INFO] [stdout]    6:     0x6083696b88b2 - std[617be2ca0a6fd877]::panicking::panic_with_hook
[INFO] [stdout]    7:     0x60836969b792 - std[617be2ca0a6fd877]::panicking::panic_handler::{closure#0}
[INFO] [stdout]    8:     0x608369694159 - std[617be2ca0a6fd877]::sys::backtrace::__rust_end_short_backtrace::<std[617be2ca0a6fd877]::panicking::panic_handler::{closure#0}, !>
[INFO] [stdout]    9:     0x60836969c39d - __rustc[ea4f61d10b84890b]::rust_begin_unwind
[INFO] [stdout]   10:     0x6083696d8e9c - core[a373ad73a504971]::panicking::panic_fmt
[INFO] [stdout]   11:     0x6083692a55e7 - golden_tests_go_http[6816f6f8c192b679]::run_golden_test
[INFO] [stdout]   12:     0x6083692b1099 - <golden_tests_go_http[6816f6f8c192b679]::test_recursive_json_array_with_reference_property_golden::{closure#0} as core[a373ad73a504971]::ops::function::FnOnce<()>>::call_once
[INFO] [stdout]   13:     0x6083692ec90b - test[aada8e7e76ba119b]::__rust_begin_short_backtrace::<core[a373ad73a504971]::result::Result<(), alloc[2e1b2a31b91974c5]::string::String>, fn() -> core[a373ad73a504971]::result::Result<(), alloc[2e1b2a31b91974c5]::string::String>>
[INFO] [stdout]   14:     0x6083692f9ae5 - test[aada8e7e76ba119b]::run_test::{closure#0}
[INFO] [stdout]   15:     0x6083692f33d4 - std[617be2ca0a6fd877]::sys::backtrace::__rust_begin_short_backtrace::<test[aada8e7e76ba119b]::run_test::{closure#1}, ()>
[INFO] [stdout]   16:     0x6083692fcb72 - <std[617be2ca0a6fd877]::thread::lifecycle::spawn_unchecked<test[aada8e7e76ba119b]::run_test::{closure#1}, ()>::{closure#1} as core[a373ad73a504971]::ops::function::FnOnce<()>>::call_once::{shim:vtable#0}
[INFO] [stdout]   17:     0x6083696c037f - <std[617be2ca0a6fd877]::sys::thread::unix::Thread>::new::thread_start
[INFO] [stdout]   18:     0x742e07d2fdfa - <unknown>
[INFO] [stdout]   19:     0x742e07dc33d4 - clone
[INFO] [stdout]   20:                0x0 - <unknown>
[INFO] [stdout] 
[INFO] [stdout] ---- test_recursive_json_all_optional_properties_golden stdout ----
[INFO] [stdout] 
[INFO] [stdout] thread 'test_recursive_json_all_optional_properties_golden' (2525) panicked at tests/golden_tests_go_http.rs:35:5:
[INFO] [stdout] Could not find fixture: valid/recursive-json/all-optional-properties.yaml
[INFO] [stdout] stack backtrace:
[INFO] [stdout]    0:     0x6083696c1091 - <<std[617be2ca0a6fd877]::sys::backtrace::BacktraceLock>::print::DisplayBacktrace as core[a373ad73a504971]::fmt::Display>::fmt
[INFO] [stdout]    1:     0x6083696d86ba - core[a373ad73a504971]::fmt::write
[INFO] [stdout]    2:     0x6083696c55bc - <alloc[2e1b2a31b91974c5]::vec::Vec<u8> as core[a373ad73a504971]::io::write::Write>::write_fmt
[INFO] [stdout]    3:     0x60836969b6e6 - std[617be2ca0a6fd877]::panicking::default_hook::{closure#0}
[INFO] [stdout]    4:     0x6083696b86f9 - std[617be2ca0a6fd877]::panicking::default_hook
[INFO] [stdout]    5:     0x6083692f94c0 - test[aada8e7e76ba119b]::test_main_inner::{closure#0}
[INFO] [stdout]    6:     0x6083696b88b2 - std[617be2ca0a6fd877]::panicking::panic_with_hook
[INFO] [stdout]    7:     0x60836969b792 - std[617be2ca0a6fd877]::panicking::panic_handler::{closure#0}
[INFO] [stdout]    8:     0x608369694159 - std[617be2ca0a6fd877]::sys::backtrace::__rust_end_short_backtrace::<std[617be2ca0a6fd877]::panicking::panic_handler::{closure#0}, !>
[INFO] [stdout]    9:     0x60836969c39d - __rustc[ea4f61d10b84890b]::rust_begin_unwind
[INFO] [stdout]   10:     0x6083696d8e9c - core[a373ad73a504971]::panicking::panic_fmt
[INFO] [stdout]   11:     0x6083692a55e7 - golden_tests_go_http[6816f6f8c192b679]::run_golden_test
[INFO] [stdout]   12:     0x6083692aeed9 - <golden_tests_go_http[6816f6f8c192b679]::test_recursive_json_all_optional_properties_golden::{closure#0} as core[a373ad73a504971]::ops::function::FnOnce<()>>::call_once
[INFO] [stdout]   13:     0x6083692ec90b - test[aada8e7e76ba119b]::__rust_begin_short_backtrace::<core[a373ad73a504971]::result::Result<(), alloc[2e1b2a31b91974c5]::string::String>, fn() -> core[a373ad73a504971]::result::Result<(), alloc[2e1b2a31b91974c5]::string::String>>
[INFO] [stdout]   14:     0x6083692f9ae5 - test[aada8e7e76ba119b]::run_test::{closure#0}
[INFO] [stdout]   15:     0x6083692f33d4 - std[617be2ca0a6fd877]::sys::backtrace::__rust_begin_short_backtrace::<test[aada8e7e76ba119b]::run_test::{closure#1}, ()>
[INFO] [stdout]   16:     0x6083692fcb72 - <std[617be2ca0a6fd877]::thread::lifecycle::spawn_unchecked<test[aada8e7e76ba119b]::run_test::{closure#1}, ()>::{closure#1} as core[a373ad73a504971]::ops::function::FnOnce<()>>::call_once::{shim:vtable#0}
[INFO] [stdout]   17:     0x6083696c037f - <std[617be2ca0a6fd877]::sys::thread::unix::Thread>::new::thread_start
[INFO] [stdout]   18:     0x742e07d2fdfa - <unknown>
[INFO] [stdout]   19:     0x742e07dc33d4 - clone
[INFO] [stdout]   20:                0x0 - <unknown>
[INFO] [stdout] 
[INFO] [stdout] ---- test_interface_with_enum_reference_golden stdout ----
[INFO] [stdout] 
[INFO] [stdout] thread 'test_interface_with_enum_reference_golden' (2520) panicked at tests/golden_tests_go_http.rs:35:5:
[INFO] [stdout] Could not find fixture: valid/interface-with-enum-reference.yaml
[INFO] [stdout] stack backtrace:
[INFO] [stdout]    0:     0x6083696c1091 - <<std[617be2ca0a6fd877]::sys::backtrace::BacktraceLock>::print::DisplayBacktrace as core[a373ad73a504971]::fmt::Display>::fmt
[INFO] [stdout]    1:     0x6083696d86ba - core[a373ad73a504971]::fmt::write
[INFO] [stdout]    2:     0x6083696c55bc - <alloc[2e1b2a31b91974c5]::vec::Vec<u8> as core[a373ad73a504971]::io::write::Write>::write_fmt
[INFO] [stdout]    3:     0x60836969b6e6 - std[617be2ca0a6fd877]::panicking::default_hook::{closure#0}
[INFO] [stdout]    4:     0x6083696b86f9 - std[617be2ca0a6fd877]::panicking::default_hook
[INFO] [stdout]    5:     0x6083692f94c0 - test[aada8e7e76ba119b]::test_main_inner::{closure#0}
[INFO] [stdout]    6:     0x6083696b88b2 - std[617be2ca0a6fd877]::panicking::panic_with_hook
[INFO] [stdout]    7:     0x60836969b792 - std[617be2ca0a6fd877]::panicking::panic_handler::{closure#0}
[INFO] [stdout]    8:     0x608369694159 - std[617be2ca0a6fd877]::sys::backtrace::__rust_end_short_backtrace::<std[617be2ca0a6fd877]::panicking::panic_handler::{closure#0}, !>
[INFO] [stdout]    9:     0x60836969c39d - __rustc[ea4f61d10b84890b]::rust_begin_unwind
[INFO] [stdout]   10:     0x6083696d8e9c - core[a373ad73a504971]::panicking::panic_fmt
[INFO] [stdout]   11:     0x6083692a55e7 - golden_tests_go_http[6816f6f8c192b679]::run_golden_test
[INFO] [stdout]   12:     0x6083692ac2c9 - <golden_tests_go_http[6816f6f8c192b679]::test_interface_with_enum_reference_golden::{closure#0} as core[a373ad73a504971]::ops::function::FnOnce<()>>::call_once
[INFO] [stdout]   13:     0x6083692ec90b - test[aada8e7e76ba119b]::__rust_begin_short_backtrace::<core[a373ad73a504971]::result::Result<(), alloc[2e1b2a31b91974c5]::string::String>, fn() -> core[a373ad73a504971]::result::Result<(), alloc[2e1b2a31b91974c5]::string::String>>
[INFO] [stdout]   14:     0x6083692f9ae5 - test[aada8e7e76ba119b]::run_test::{closure#0}
[INFO] [stdout]   15:     0x6083692f33d4 - std[617be2ca0a6fd877]::sys::backtrace::__rust_begin_short_backtrace::<test[aada8e7e76ba119b]::run_test::{closure#1}, ()>
[INFO] [stdout]   16:     0x6083692fcb72 - <std[617be2ca0a6fd877]::thread::lifecycle::spawn_unchecked<test[aada8e7e76ba119b]::run_test::{closure#1}, ()>::{closure#1} as core[a373ad73a504971]::ops::function::FnOnce<()>>::call_once::{shim:vtable#0}
[INFO] [stdout]   17:     0x6083696c037f - <std[617be2ca0a6fd877]::sys::thread::unix::Thread>::new::thread_start
[INFO] [stdout]   18:     0x742e07d2fdfa - <unknown>
[INFO] [stdout]   19:     0x742e07dc33d4 - clone
[INFO] [stdout]   20:                0x0 - <unknown>
[INFO] [stdout] 
[INFO] [stdout] ---- test_enum_repr_golden stdout ----
[INFO] [stdout] 
[INFO] [stdout] thread 'test_enum_repr_golden' (2519) panicked at tests/golden_tests_go_http.rs:35:5:
[INFO] [stdout] Could not find fixture: valid/enum-repr/enum-repr.yaml
[INFO] [stdout] stack backtrace:
[INFO] [stdout]    0:     0x6083696c1091 - <<std[617be2ca0a6fd877]::sys::backtrace::BacktraceLock>::print::DisplayBacktrace as core[a373ad73a504971]::fmt::Display>::fmt
[INFO] [stdout]    1:     0x6083696d86ba - core[a373ad73a504971]::fmt::write
[INFO] [stdout]    2:     0x6083696c55bc - <alloc[2e1b2a31b91974c5]::vec::Vec<u8> as core[a373ad73a504971]::io::write::Write>::write_fmt
[INFO] [stdout]    3:     0x60836969b6e6 - std[617be2ca0a6fd877]::panicking::default_hook::{closure#0}
[INFO] [stdout]    4:     0x6083696b86f9 - std[617be2ca0a6fd877]::panicking::default_hook
[INFO] [stdout]    5:     0x6083692f94c0 - test[aada8e7e76ba119b]::test_main_inner::{closure#0}
[INFO] [stdout]    6:     0x6083696b88b2 - std[617be2ca0a6fd877]::panicking::panic_with_hook
[INFO] [stdout]    7:     0x60836969b792 - std[617be2ca0a6fd877]::panicking::panic_handler::{closure#0}
[INFO] [stdout]    8:     0x608369694159 - std[617be2ca0a6fd877]::sys::backtrace::__rust_end_short_backtrace::<std[617be2ca0a6fd877]::panicking::panic_handler::{closure#0}, !>
[INFO] [stdout]    9:     0x60836969c39d - __rustc[ea4f61d10b84890b]::rust_begin_unwind
[INFO] [stdout]   10:     0x6083696d8e9c - core[a373ad73a504971]::panicking::panic_fmt
[INFO] [stdout]   11:     0x6083692a55e7 - golden_tests_go_http[6816f6f8c192b679]::run_golden_test
[INFO] [stdout]   12:     0x6083692a8d56 - <golden_tests_go_http[6816f6f8c192b679]::test_enum_repr_golden::{closure#0} as core[a373ad73a504971]::ops::function::FnOnce<()>>::call_once
[INFO] [stdout]   13:     0x6083692ec90b - test[aada8e7e76ba119b]::__rust_begin_short_backtrace::<core[a373ad73a504971]::result::Result<(), alloc[2e1b2a31b91974c5]::string::String>, fn() -> core[a373ad73a504971]::result::Result<(), alloc[2e1b2a31b91974c5]::string::String>>
[INFO] [stdout]   14:     0x6083692f9ae5 - test[aada8e7e76ba119b]::run_test::{closure#0}
[INFO] [stdout]   15:     0x6083692f33d4 - std[617be2ca0a6fd877]::sys::backtrace::__rust_begin_short_backtrace::<test[aada8e7e76ba119b]::run_test::{closure#1}, ()>
[INFO] [stdout]   16:     0x6083692fcb72 - <std[617be2ca0a6fd877]::thread::lifecycle::spawn_unchecked<test[aada8e7e76ba119b]::run_test::{closure#1}, ()>::{closure#1} as core[a373ad73a504971]::ops::function::FnOnce<()>>::call_once::{shim:vtable#0}
[INFO] [stdout]   17:     0x6083696c037f - <std[617be2ca0a6fd877]::sys::thread::unix::Thread>::new::thread_start
[INFO] [stdout]   18:     0x742e07d2fdfa - <unknown>
[INFO] [stdout]   19:     0x742e07dc33d4 - clone
[INFO] [stdout]   20:                0x0 - <unknown>
[INFO] [stdout] 
[INFO] [stdout] ---- test_petstore_golden stdout ----
[INFO] [stdout] 
[INFO] [stdout] thread 'test_petstore_golden' (2523) panicked at tests/golden_tests_go_http.rs:35:5:
[INFO] [stdout] Could not find fixture: valid/petstore.yaml
[INFO] [stdout] stack backtrace:
[INFO] [stdout]    0:     0x6083696c1091 - <<std[617be2ca0a6fd877]::sys::backtrace::BacktraceLock>::print::DisplayBacktrace as core[a373ad73a504971]::fmt::Display>::fmt
[INFO] [stdout]    1:     0x6083696d86ba - core[a373ad73a504971]::fmt::write
[INFO] [stdout]    2:     0x6083696c55bc - <alloc[2e1b2a31b91974c5]::vec::Vec<u8> as core[a373ad73a504971]::io::write::Write>::write_fmt
[INFO] [stdout]    3:     0x60836969b6e6 - std[617be2ca0a6fd877]::panicking::default_hook::{closure#0}
[INFO] [stdout]    4:     0x6083696b86f9 - std[617be2ca0a6fd877]::panicking::default_hook
[INFO] [stdout]    5:     0x6083692f94c0 - test[aada8e7e76ba119b]::test_main_inner::{closure#0}
[INFO] [stdout]    6:     0x6083696b88b2 - std[617be2ca0a6fd877]::panicking::panic_with_hook
[INFO] [stdout]    7:     0x60836969b792 - std[617be2ca0a6fd877]::panicking::panic_handler::{closure#0}
[INFO] [stdout]    8:     0x608369694159 - std[617be2ca0a6fd877]::sys::backtrace::__rust_end_short_backtrace::<std[617be2ca0a6fd877]::panicking::panic_handler::{closure#0}, !>
[INFO] [stdout]    9:     0x60836969c39d - __rustc[ea4f61d10b84890b]::rust_begin_unwind
[INFO] [stdout]   10:     0x6083696d8e9c - core[a373ad73a504971]::panicking::panic_fmt
[INFO] [stdout]   11:     0x6083692a55e7 - golden_tests_go_http[6816f6f8c192b679]::run_golden_test
[INFO] [stdout]   12:     0x6083692a89d6 - <golden_tests_go_http[6816f6f8c192b679]::test_petstore_golden::{closure#0} as core[a373ad73a504971]::ops::function::FnOnce<()>>::call_once
[INFO] [stdout]   13:     0x6083692ec90b - test[aada8e7e76ba119b]::__rust_begin_short_backtrace::<core[a373ad73a504971]::result::Result<(), alloc[2e1b2a31b91974c5]::string::String>, fn() -> core[a373ad73a504971]::result::Result<(), alloc[2e1b2a31b91974c5]::string::String>>
[INFO] [stdout]   14:     0x6083692f9ae5 - test[aada8e7e76ba119b]::run_test::{closure#0}
[INFO] [stdout]   15:     0x6083692f33d4 - std[617be2ca0a6fd877]::sys::backtrace::__rust_begin_short_backtrace::<test[aada8e7e76ba119b]::run_test::{closure#1}, ()>
[INFO] [stdout]   16:     0x6083692fcb72 - <std[617be2ca0a6fd877]::thread::lifecycle::spawn_unchecked<test[aada8e7e76ba119b]::run_test::{closure#1}, ()>::{closure#1} as core[a373ad73a504971]::ops::function::FnOnce<()>>::call_once::{shim:vtable#0}
[INFO] [stdout]   17:     0x6083696c037f - <std[617be2ca0a6fd877]::sys::thread::unix::Thread>::new::thread_start
[INFO] [stdout]   18:     0x742e07d2fdfa - <unknown>
[INFO] [stdout]   19:     0x742e07dc33d4 - clone
[INFO] [stdout]   20:                0x0 - <unknown>
[INFO] [stdout] 
[INFO] [stdout] ---- test_comprehensive_schemas_golden stdout ----
[INFO] [stdout] 
[INFO] [stdout] thread 'test_comprehensive_schemas_golden' (2516) panicked at tests/golden_tests_go_http.rs:35:5:
[INFO] [stdout] Could not find fixture: valid/comprehensive-schemas.yaml
[INFO] [stdout] stack backtrace:
[INFO] [stdout]    0:     0x6083696c1091 - <<std[617be2ca0a6fd877]::sys::backtrace::BacktraceLock>::print::DisplayBacktrace as core[a373ad73a504971]::fmt::Display>::fmt
[INFO] [stdout]    1:     0x6083696d86ba - core[a373ad73a504971]::fmt::write
[INFO] [stdout]    2:     0x6083696c55bc - <alloc[2e1b2a31b91974c5]::vec::Vec<u8> as core[a373ad73a504971]::io::write::Write>::write_fmt
[INFO] [stdout]    3:     0x60836969b6e6 - std[617be2ca0a6fd877]::panicking::default_hook::{closure#0}
[INFO] [stdout]    4:     0x6083696b86f9 - std[617be2ca0a6fd877]::panicking::default_hook
[INFO] [stdout]    5:     0x6083692f94c0 - test[aada8e7e76ba119b]::test_main_inner::{closure#0}
[INFO] [stdout]    6:     0x6083696b88b2 - std[617be2ca0a6fd877]::panicking::panic_with_hook
[INFO] [stdout]    7:     0x60836969b792 - std[617be2ca0a6fd877]::panicking::panic_handler::{closure#0}
[INFO] [stdout]    8:     0x608369694159 - std[617be2ca0a6fd877]::sys::backtrace::__rust_end_short_backtrace::<std[617be2ca0a6fd877]::panicking::panic_handler::{closure#0}, !>
[INFO] [stdout]    9:     0x60836969c39d - __rustc[ea4f61d10b84890b]::rust_begin_unwind
[INFO] [stdout]   10:     0x6083696d8e9c - core[a373ad73a504971]::panicking::panic_fmt
[INFO] [stdout]   11:     0x6083692a55e7 - golden_tests_go_http[6816f6f8c192b679]::run_golden_test
[INFO] [stdout]   12:     0x6083692a9f29 - <golden_tests_go_http[6816f6f8c192b679]::test_comprehensive_schemas_golden::{closure#0} as core[a373ad73a504971]::ops::function::FnOnce<()>>::call_once
[INFO] [stdout]   13:     0x6083692ec90b - test[aada8e7e76ba119b]::__rust_begin_short_backtrace::<core[a373ad73a504971]::result::Result<(), alloc[2e1b2a31b91974c5]::string::String>, fn() -> core[a373ad73a504971]::result::Result<(), alloc[2e1b2a31b91974c5]::string::String>>
[INFO] [stdout]   14:     0x6083692f9ae5 - test[aada8e7e76ba119b]::run_test::{closure#0}
[INFO] [stdout]   15:     0x6083692f33d4 - std[617be2ca0a6fd877]::sys::backtrace::__rust_begin_short_backtrace::<test[aada8e7e76ba119b]::run_test::{closure#1}, ()>
[INFO] [stdout]   16:     0x6083692fcb72 - <std[617be2ca0a6fd877]::thread::lifecycle::spawn_unchecked<test[aada8e7e76ba119b]::run_test::{closure#1}, ()>::{closure#1} as core[a373ad73a504971]::ops::function::FnOnce<()>>::call_once::{shim:vtable#0}
[INFO] [stdout]   17:     0x6083696c037f - <std[617be2ca0a6fd877]::sys::thread::unix::Thread>::new::thread_start
[INFO] [stdout]   18:     0x742e07d2fdfa - <unknown>
[INFO] [stdout]   19:     0x742e07dc33d4 - clone
[INFO] [stdout]   20:                0x0 - <unknown>
[INFO] [stdout] 
[INFO] [stdout] ---- test_minimal_golden stdout ----
[INFO] [stdout] 
[INFO] [stdout] thread 'test_minimal_golden' (2521) panicked at tests/golden_tests_go_http.rs:35:5:
[INFO] [stdout] Could not find fixture: valid/minimal.yaml
[INFO] [stdout] stack backtrace:
[INFO] [stdout]    0:     0x6083696c1091 - <<std[617be2ca0a6fd877]::sys::backtrace::BacktraceLock>::print::DisplayBacktrace as core[a373ad73a504971]::fmt::Display>::fmt
[INFO] [stdout]    1:     0x6083696d86ba - core[a373ad73a504971]::fmt::write
[INFO] [stdout]    2:     0x6083696c55bc - <alloc[2e1b2a31b91974c5]::vec::Vec<u8> as core[a373ad73a504971]::io::write::Write>::write_fmt
[INFO] [stdout]    3:     0x60836969b6e6 - std[617be2ca0a6fd877]::panicking::default_hook::{closure#0}
[INFO] [stdout]    4:     0x6083696b86f9 - std[617be2ca0a6fd877]::panicking::default_hook
[INFO] [stdout]    5:     0x6083692f94c0 - test[aada8e7e76ba119b]::test_main_inner::{closure#0}
[INFO] [stdout]    6:     0x6083696b88b2 - std[617be2ca0a6fd877]::panicking::panic_with_hook
[INFO] [stdout]    7:     0x60836969b792 - std[617be2ca0a6fd877]::panicking::panic_handler::{closure#0}
[INFO] [stdout]    8:     0x608369694159 - std[617be2ca0a6fd877]::sys::backtrace::__rust_end_short_backtrace::<std[617be2ca0a6fd877]::panicking::panic_handler::{closure#0}, !>
[INFO] [stdout]    9:     0x60836969c39d - __rustc[ea4f61d10b84890b]::rust_begin_unwind
[INFO] [stdout]   10:     0x6083696d8e9c - core[a373ad73a504971]::panicking::panic_fmt
[INFO] [stdout]   11:     0x6083692a55e7 - golden_tests_go_http[6816f6f8c192b679]::run_golden_test
[INFO] [stdout]   12:     0x6083692a8666 - <golden_tests_go_http[6816f6f8c192b679]::test_minimal_golden::{closure#0} as core[a373ad73a504971]::ops::function::FnOnce<()>>::call_once
[INFO] [stdout]   13:     0x6083692ec90b - test[aada8e7e76ba119b]::__rust_begin_short_backtrace::<core[a373ad73a504971]::result::Result<(), alloc[2e1b2a31b91974c5]::string::String>, fn() -> core[a373ad73a504971]::result::Result<(), alloc[2e1b2a31b91974c5]::string::String>>
[INFO] [stdout]   14:     0x6083692f9ae5 - test[aada8e7e76ba119b]::run_test::{closure#0}
[INFO] [stdout]   15:     0x6083692f33d4 - std[617be2ca0a6fd877]::sys::backtrace::__rust_begin_short_backtrace::<test[aada8e7e76ba119b]::run_test::{closure#1}, ()>
[INFO] [stdout]   16:     0x6083692fcb72 - <std[617be2ca0a6fd877]::thread::lifecycle::spawn_unchecked<test[aada8e7e76ba119b]::run_test::{closure#1}, ()>::{closure#1} as core[a373ad73a504971]::ops::function::FnOnce<()>>::call_once::{shim:vtable#0}
[INFO] [stdout]   17:     0x6083696c037f - <std[617be2ca0a6fd877]::sys::thread::unix::Thread>::new::thread_start
[INFO] [stdout]   18:     0x742e07d2fdfa - <unknown>
[INFO] [stdout]   19:     0x742e07dc33d4 - clone
[INFO] [stdout]   20:                0x0 - <unknown>
[INFO] [stdout] 
[INFO] [stdout] ---- test_recursive_json_array_of_inline_objects_golden stdout ----
[INFO] [stdout] 
[INFO] [stdout] thread 'test_recursive_json_array_of_inline_objects_golden' (2526) panicked at tests/golden_tests_go_http.rs:35:5:
[INFO] [stdout] Could not find fixture: valid/recursive-json/array-of-inline-objects.yaml
[INFO] [stdout] stack backtrace:
[INFO] [stdout]    0:     0x6083696c1091 - <<std[617be2ca0a6fd877]::sys::backtrace::BacktraceLock>::print::DisplayBacktrace as core[a373ad73a504971]::fmt::Display>::fmt
[INFO] [stdout]    1:     0x6083696d86ba - core[a373ad73a504971]::fmt::write
[INFO] [stdout]    2:     0x6083696c55bc - <alloc[2e1b2a31b91974c5]::vec::Vec<u8> as core[a373ad73a504971]::io::write::Write>::write_fmt
[INFO] [stdout]    3:     0x60836969b6e6 - std[617be2ca0a6fd877]::panicking::default_hook::{closure#0}
[INFO] [stdout]    4:     0x6083696b86f9 - std[617be2ca0a6fd877]::panicking::default_hook
[INFO] [stdout]    5:     0x6083692f94c0 - test[aada8e7e76ba119b]::test_main_inner::{closure#0}
[INFO] [stdout]    6:     0x6083696b88b2 - std[617be2ca0a6fd877]::panicking::panic_with_hook
[INFO] [stdout]    7:     0x60836969b792 - std[617be2ca0a6fd877]::panicking::panic_handler::{closure#0}
[INFO] [stdout]    8:     0x608369694159 - std[617be2ca0a6fd877]::sys::backtrace::__rust_end_short_backtrace::<std[617be2ca0a6fd877]::panicking::panic_handler::{closure#0}, !>
[INFO] [stdout]    9:     0x60836969c39d - __rustc[ea4f61d10b84890b]::rust_begin_unwind
[INFO] [stdout]   10:     0x6083696d8e9c - core[a373ad73a504971]::panicking::panic_fmt
[INFO] [stdout]   11:     0x6083692a55e7 - golden_tests_go_http[6816f6f8c192b679]::run_golden_test
[INFO] [stdout]   12:     0x6083692af299 - <golden_tests_go_http[6816f6f8c192b679]::test_recursive_json_array_of_inline_objects_golden::{closure#0} as core[a373ad73a504971]::ops::function::FnOnce<()>>::call_once
[INFO] [stdout]   13:     0x6083692ec90b - test[aada8e7e76ba119b]::__rust_begin_short_backtrace::<core[a373ad73a504971]::result::Result<(), alloc[2e1b2a31b91974c5]::string::String>, fn() -> core[a373ad73a504971]::result::Result<(), alloc[2e1b2a31b91974c5]::string::String>>
[INFO] [stdout]   14:     0x6083692f9ae5 - test[aada8e7e76ba119b]::run_test::{closure#0}
[INFO] [stdout]   15:     0x6083692f33d4 - std[617be2ca0a6fd877]::sys::backtrace::__rust_begin_short_backtrace::<test[aada8e7e76ba119b]::run_test::{closure#1}, ()>
[INFO] [stdout]   16:     0x6083692fcb72 - <std[617be2ca0a6fd877]::thread::lifecycle::spawn_unchecked<test[aada8e7e76ba119b]::run_test::{closure#1}, ()>::{closure#1} as core[a373ad73a504971]::ops::function::FnOnce<()>>::call_once::{shim:vtable#0}
[INFO] [stdout]   17:     0x6083696c037f - <std[617be2ca0a6fd877]::sys::thread::unix::Thread>::new::thread_start
[INFO] [stdout]   18:     0x742e07d2fdfa - <unknown>
[INFO] [stdout]   19:     0x742e07dc33d4 - clone
[INFO] [stdout]   20:                0x0 - <unknown>
[INFO] [stdout] 
[INFO] [stdout] ---- test_additional_properties_golden stdout ----
[INFO] [stdout] 
[INFO] [stdout] thread 'test_additional_properties_golden' (2515) panicked at tests/golden_tests_go_http.rs:35:5:
[INFO] [stdout] Could not find fixture: valid/additional-properties/additional-properties.yaml
[INFO] [stdout] stack backtrace:
[INFO] [stdout]    0:     0x6083696c1091 - <<std[617be2ca0a6fd877]::sys::backtrace::BacktraceLock>::print::DisplayBacktrace as core[a373ad73a504971]::fmt::Display>::fmt
[INFO] [stdout]    1:     0x6083696d86ba - core[a373ad73a504971]::fmt::write
[INFO] [stdout]    2:     0x6083696c55bc - <alloc[2e1b2a31b91974c5]::vec::Vec<u8> as core[a373ad73a504971]::io::write::Write>::write_fmt
[INFO] [stdout]    3:     0x60836969b6e6 - std[617be2ca0a6fd877]::panicking::default_hook::{closure#0}
[INFO] [stdout]    4:     0x6083696b86f9 - std[617be2ca0a6fd877]::panicking::default_hook
[INFO] [stdout]    5:     0x6083692f94c0 - test[aada8e7e76ba119b]::test_main_inner::{closure#0}
[INFO] [stdout]    6:     0x6083696b88b2 - std[617be2ca0a6fd877]::panicking::panic_with_hook
[INFO] [stdout]    7:     0x60836969b792 - std[617be2ca0a6fd877]::panicking::panic_handler::{closure#0}
[INFO] [stdout]    8:     0x608369694159 - std[617be2ca0a6fd877]::sys::backtrace::__rust_end_short_backtrace::<std[617be2ca0a6fd877]::panicking::panic_handler::{closure#0}, !>
[INFO] [stdout]    9:     0x60836969c39d - __rustc[ea4f61d10b84890b]::rust_begin_unwind
[INFO] [stdout]   10:     0x6083696d8e9c - core[a373ad73a504971]::panicking::panic_fmt
[INFO] [stdout]   11:     0x6083692a55e7 - golden_tests_go_http[6816f6f8c192b679]::run_golden_test
[INFO] [stdout]   12:     0x6083692a9b99 - <golden_tests_go_http[6816f6f8c192b679]::test_additional_properties_golden::{closure#0} as core[a373ad73a504971]::ops::function::FnOnce<()>>::call_once
[INFO] [stdout]   13:     0x6083692ec90b - test[aada8e7e76ba119b]::__rust_begin_short_backtrace::<core[a373ad73a504971]::result::Result<(), alloc[2e1b2a31b91974c5]::string::String>, fn() -> core[a373ad73a504971]::result::Result<(), alloc[2e1b2a31b91974c5]::string::String>>
[INFO] [stdout]   14:     0x6083692f9ae5 - test[aada8e7e76ba119b]::run_test::{closure#0}
[INFO] [stdout]   15:     0x6083692f33d4 - std[617be2ca0a6fd877]::sys::backtrace::__rust_begin_short_backtrace::<test[aada8e7e76ba119b]::run_test::{closure#1}, ()>
[INFO] [stdout]   16:     0x6083692fcb72 - <std[617be2ca0a6fd877]::thread::lifecycle::spawn_unchecked<test[aada8e7e76ba119b]::run_test::{closure#1}, ()>::{closure#1} as core[a373ad73a504971]::ops::function::FnOnce<()>>::call_once::{shim:vtable#0}
[INFO] [stdout]   17:     0x6083696c037f - <std[617be2ca0a6fd877]::sys::thread::unix::Thread>::new::thread_start
[INFO] [stdout]   18:     0x742e07d2fdfa - <unknown>
[INFO] [stdout]   19:     0x742e07dc33d4 - clone
[INFO] [stdout]   20:                0x0 - <unknown>
[INFO] [stdout] 
[INFO] [stdout] ---- test_query_param_enum_golden stdout ----
[INFO] [stdout] 
[INFO] [stdout] thread 'test_query_param_enum_golden' (2524) panicked at tests/golden_tests_go_http.rs:35:5:
[INFO] [stdout] Could not find fixture: valid/query/query-param-enum.yaml
[INFO] [stdout] stack backtrace:
[INFO] [stdout]    0:     0x6083696c1091 - <<std[617be2ca0a6fd877]::sys::backtrace::BacktraceLock>::print::DisplayBacktrace as core[a373ad73a504971]::fmt::Display>::fmt
[INFO] [stdout]    1:     0x6083696d86ba - core[a373ad73a504971]::fmt::write
[INFO] [stdout]    2:     0x6083696c55bc - <alloc[2e1b2a31b91974c5]::vec::Vec<u8> as core[a373ad73a504971]::io::write::Write>::write_fmt
[INFO] [stdout]    3:     0x60836969b6e6 - std[617be2ca0a6fd877]::panicking::default_hook::{closure#0}
[INFO] [stdout]    4:     0x6083696b86f9 - std[617be2ca0a6fd877]::panicking::default_hook
[INFO] [stdout]    5:     0x6083692f94c0 - test[aada8e7e76ba119b]::test_main_inner::{closure#0}
[INFO] [stdout]    6:     0x6083696b88b2 - std[617be2ca0a6fd877]::panicking::panic_with_hook
[INFO] [stdout]    7:     0x60836969b792 - std[617be2ca0a6fd877]::panicking::panic_handler::{closure#0}
[INFO] [stdout]    8:     0x608369694159 - std[617be2ca0a6fd877]::sys::backtrace::__rust_end_short_backtrace::<std[617be2ca0a6fd877]::panicking::panic_handler::{closure#0}, !>
[INFO] [stdout]    9:     0x60836969c39d - __rustc[ea4f61d10b84890b]::rust_begin_unwind
[INFO] [stdout]   10:     0x6083696d8e9c - core[a373ad73a504971]::panicking::panic_fmt
[INFO] [stdout]   11:     0x6083692a55e7 - golden_tests_go_http[6816f6f8c192b679]::run_golden_test
[INFO] [stdout]   12:     0x6083692a9466 - <golden_tests_go_http[6816f6f8c192b679]::test_query_param_enum_golden::{closure#0} as core[a373ad73a504971]::ops::function::FnOnce<()>>::call_once
[INFO] [stdout]   13:     0x6083692ec90b - test[aada8e7e76ba119b]::__rust_begin_short_backtrace::<core[a373ad73a504971]::result::Result<(), alloc[2e1b2a31b91974c5]::string::String>, fn() -> core[a373ad73a504971]::result::Result<(), alloc[2e1b2a31b91974c5]::string::String>>
[INFO] [stdout]   14:     0x6083692f9ae5 - test[aada8e7e76ba119b]::run_test::{closure#0}
[INFO] [stdout]   15:     0x6083692f33d4 - std[617be2ca0a6fd877]::sys::backtrace::__rust_begin_short_backtrace::<test[aada8e7e76ba119b]::run_test::{closure#1}, ()>
[INFO] [stdout]   16:     0x6083692fcb72 - <std[617be2ca0a6fd877]::thread::lifecycle::spawn_unchecked<test[aada8e7e76ba119b]::run_test::{closure#1}, ()>::{closure#1} as core[a373ad73a504971]::ops::function::FnOnce<()>>::call_once::{shim:vtable#0}
[INFO] [stdout]   17:     0x6083696c037f - <std[617be2ca0a6fd877]::sys::thread::unix::Thread>::new::thread_start
[INFO] [stdout]   18:     0x742e07d2fdfa - <unknown>
[INFO] [stdout]   19:     0x742e07dc33d4 - clone
[INFO] [stdout]   20:                0x0 - <unknown>
[INFO] [stdout] 
[INFO] [stdout] ---- test_delete_with_response_schema_golden stdout ----
[INFO] [stdout] 
[INFO] [stdout] thread 'test_delete_with_response_schema_golden' (2517) panicked at tests/golden_tests_go_http.rs:35:5:
[INFO] [stdout] Could not find fixture: valid/delete-with-response-schema.yaml
[INFO] [stdout] stack backtrace:
[INFO] [stdout]    0:     0x6083696c1091 - <<std[617be2ca0a6fd877]::sys::backtrace::BacktraceLock>::print::DisplayBacktrace as core[a373ad73a504971]::fmt::Display>::fmt
[INFO] [stdout]    1:     0x6083696d86ba - core[a373ad73a504971]::fmt::write
[INFO] [stdout]    2:     0x6083696c55bc - <alloc[2e1b2a31b91974c5]::vec::Vec<u8> as core[a373ad73a504971]::io::write::Write>::write_fmt
[INFO] [stdout]    3:     0x60836969b6e6 - std[617be2ca0a6fd877]::panicking::default_hook::{closure#0}
[INFO] [stdout]    4:     0x6083696b86f9 - std[617be2ca0a6fd877]::panicking::default_hook
[INFO] [stdout]    5:     0x6083692f94c0 - test[aada8e7e76ba119b]::test_main_inner::{closure#0}
[INFO] [stdout]    6:     0x6083696b88b2 - std[617be2ca0a6fd877]::panicking::panic_with_hook
[INFO] [stdout]    7:     0x60836969b792 - std[617be2ca0a6fd877]::panicking::panic_handler::{closure#0}
[INFO] [stdout]    8:     0x608369694159 - std[617be2ca0a6fd877]::sys::backtrace::__rust_end_short_backtrace::<std[617be2ca0a6fd877]::panicking::panic_handler::{closure#0}, !>
[INFO] [stdout]    9:     0x60836969c39d - __rustc[ea4f61d10b84890b]::rust_begin_unwind
[INFO] [stdout]   10:     0x6083696d8e9c - core[a373ad73a504971]::panicking::panic_fmt
[INFO] [stdout]   11:     0x6083692a55e7 - golden_tests_go_http[6816f6f8c192b679]::run_golden_test
[INFO] [stdout]   12:     0x6083692ab819 - <golden_tests_go_http[6816f6f8c192b679]::test_delete_with_response_schema_golden::{closure#0} as core[a373ad73a504971]::ops::function::FnOnce<()>>::call_once
[INFO] [stdout]   13:     0x6083692ec90b - test[aada8e7e76ba119b]::__rust_begin_short_backtrace::<core[a373ad73a504971]::result::Result<(), alloc[2e1b2a31b91974c5]::string::String>, fn() -> core[a373ad73a504971]::result::Result<(), alloc[2e1b2a31b91974c5]::string::String>>
[INFO] [stdout]   14:     0x6083692f9ae5 - test[aada8e7e76ba119b]::run_test::{closure#0}
[INFO] [stdout]   15:     0x6083692f33d4 - std[617be2ca0a6fd877]::sys::backtrace::__rust_begin_short_backtrace::<test[aada8e7e76ba119b]::run_test::{closure#1}, ()>
[INFO] [stdout]   16:     0x6083692fcb72 - <std[617be2ca0a6fd877]::thread::lifecycle::spawn_unchecked<test[aada8e7e76ba119b]::run_test::{closure#1}, ()>::{closure#1} as core[a373ad73a504971]::ops::function::FnOnce<()>>::call_once::{shim:vtable#0}
[INFO] [stdout]   17:     0x6083696c037f - <std[617be2ca0a6fd877]::sys::thread::unix::Thread>::new::thread_start
[INFO] [stdout]   18:     0x742e07d2fdfa - <unknown>
[INFO] [stdout]   19:     0x742e07dc33d4 - clone
[INFO] [stdout]   20:                0x0 - <unknown>
[INFO] [stdout] 
[INFO] [stdout] ---- test_recursive_json_array_of_referenced_types_golden stdout ----
[INFO] [stdout] 
[INFO] [stdout] thread 'test_recursive_json_array_of_referenced_types_golden' (2527) panicked at tests/golden_tests_go_http.rs:35:5:
[INFO] [stdout] Could not find fixture: valid/recursive-json/array-of-referenced-types.yaml
[INFO] [stdout] stack backtrace:
[INFO] [stdout]    0:     0x6083696c1091 - <<std[617be2ca0a6fd877]::sys::backtrace::BacktraceLock>::print::DisplayBacktrace as core[a373ad73a504971]::fmt::Display>::fmt
[INFO] [stdout]    1:     0x6083696d86ba - core[a373ad73a504971]::fmt::write
[INFO] [stdout]    2:     0x6083696c55bc - <alloc[2e1b2a31b91974c5]::vec::Vec<u8> as core[a373ad73a504971]::io::write::Write>::write_fmt
[INFO] [stdout]    3:     0x60836969b6e6 - std[617be2ca0a6fd877]::panicking::default_hook::{closure#0}
[INFO] [stdout]    4:     0x6083696b86f9 - std[617be2ca0a6fd877]::panicking::default_hook
[INFO] [stdout]    5:     0x6083692f94c0 - test[aada8e7e76ba119b]::test_main_inner::{closure#0}
[INFO] [stdout]    6:     0x6083696b88b2 - std[617be2ca0a6fd877]::panicking::panic_with_hook
[INFO] [stdout]    7:     0x60836969b792 - std[617be2ca0a6fd877]::panicking::panic_handler::{closure#0}
[INFO] [stdout]    8:     0x608369694159 - std[617be2ca0a6fd877]::sys::backtrace::__rust_end_short_backtrace::<std[617be2ca0a6fd877]::panicking::panic_handler::{closure#0}, !>
[INFO] [stdout]    9:     0x60836969c39d - __rustc[ea4f61d10b84890b]::rust_begin_unwind
[INFO] [stdout]   10:     0x6083696d8e9c - core[a373ad73a504971]::panicking::panic_fmt
[INFO] [stdout]   11:     0x6083692a55e7 - golden_tests_go_http[6816f6f8c192b679]::run_golden_test
[INFO] [stdout]   12:     0x6083692b0559 - <golden_tests_go_http[6816f6f8c192b679]::test_recursive_json_array_of_referenced_types_golden::{closure#0} as core[a373ad73a504971]::ops::function::FnOnce<()>>::call_once
[INFO] [stdout]   13:     0x6083692ec90b - test[aada8e7e76ba119b]::__rust_begin_short_backtrace::<core[a373ad73a504971]::result::Result<(), alloc[2e1b2a31b91974c5]::string::String>, fn() -> core[a373ad73a504971]::result::Result<(), alloc[2e1b2a31b91974c5]::string::String>>
[INFO] [stdout]   14:     0x6083692f9ae5 - test[aada8e7e76ba119b]::run_test::{closure#0}
[INFO] [stdout]   15:     0x6083692f33d4 - std[617be2ca0a6fd877]::sys::backtrace::__rust_begin_short_backtrace::<test[aada8e7e76ba119b]::run_test::{closure#1}, ()>
[INFO] [stdout]   16:     0x6083692fcb72 - <std[617be2ca0a6fd877]::thread::lifecycle::spawn_unchecked<test[aada8e7e76ba119b]::run_test::{closure#1}, ()>::{closure#1} as core[a373ad73a504971]::ops::function::FnOnce<()>>::call_once::{shim:vtable#0}
[INFO] [stdout]   17:     0x6083696c037f - <std[617be2ca0a6fd877]::sys::thread::unix::Thread>::new::thread_start
[INFO] [stdout]   18:     0x742e07d2fdfa - <unknown>
[INFO] [stdout]   19:     0x742e07dc33d4 - clone
[INFO] [stdout]   20:                0x0 - <unknown>
[INFO] [stdout] 
[INFO] [stdout] ---- test_response_body_fallback_golden stdout ----
[INFO] [stdout] 
[INFO] [stdout] thread 'test_response_body_fallback_golden' (2542) panicked at tests/golden_tests_go_http.rs:35:5:
[INFO] [stdout] Could not find fixture: valid/response-body/fallback.yaml
[INFO] [stdout] stack backtrace:
[INFO] [stdout]    0:     0x6083696c1091 - <<std[617be2ca0a6fd877]::sys::backtrace::BacktraceLock>::print::DisplayBacktrace as core[a373ad73a504971]::fmt::Display>::fmt
[INFO] [stdout]    1:     0x6083696d86ba - core[a373ad73a504971]::fmt::write
[INFO] [stdout]    2:     0x6083696c55bc - <alloc[2e1b2a31b91974c5]::vec::Vec<u8> as core[a373ad73a504971]::io::write::Write>::write_fmt
[INFO] [stdout]    3:     0x60836969b6e6 - std[617be2ca0a6fd877]::panicking::default_hook::{closure#0}
[INFO] [stdout]    4:     0x6083696b86f9 - std[617be2ca0a6fd877]::panicking::default_hook
[INFO] [stdout]    5:     0x6083692f94c0 - test[aada8e7e76ba119b]::test_main_inner::{closure#0}
[INFO] [stdout]    6:     0x6083696b88b2 - std[617be2ca0a6fd877]::panicking::panic_with_hook
[INFO] [stdout]    7:     0x60836969b792 - std[617be2ca0a6fd877]::panicking::panic_handler::{closure#0}
[INFO] [stdout]    8:     0x608369694159 - std[617be2ca0a6fd877]::sys::backtrace::__rust_end_short_backtrace::<std[617be2ca0a6fd877]::panicking::panic_handler::{closure#0}, !>
[INFO] [stdout]    9:     0x60836969c39d - __rustc[ea4f61d10b84890b]::rust_begin_unwind
[INFO] [stdout]   10:     0x6083696d8e9c - core[a373ad73a504971]::panicking::panic_fmt
[INFO] [stdout]   11:     0x6083692a55e7 - golden_tests_go_http[6816f6f8c192b679]::run_golden_test
[INFO] [stdout]   12:     0x6083692aa649 - <golden_tests_go_http[6816f6f8c192b679]::test_response_body_fallback_golden::{closure#0} as core[a373ad73a504971]::ops::function::FnOnce<()>>::call_once
[INFO] [stdout]   13:     0x6083692ec90b - test[aada8e7e76ba119b]::__rust_begin_short_backtrace::<core[a373ad73a504971]::result::Result<(), alloc[2e1b2a31b91974c5]::string::String>, fn() -> core[a373ad73a504971]::result::Result<(), alloc[2e1b2a31b91974c5]::string::String>>
[INFO] [stdout]   14:     0x6083692f9ae5 - test[aada8e7e76ba119b]::run_test::{closure#0}
[INFO] [stdout]   15:     0x6083692f33d4 - std[617be2ca0a6fd877]::sys::backtrace::__rust_begin_short_backtrace::<test[aada8e7e76ba119b]::run_test::{closure#1}, ()>
[INFO] [stdout]   16:     0x6083692fcb72 - <std[617be2ca0a6fd877]::thread::lifecycle::spawn_unchecked<test[aada8e7e76ba119b]::run_test::{closure#1}, ()>::{closure#1} as core[a373ad73a504971]::ops::function::FnOnce<()>>::call_once::{shim:vtable#0}
[INFO] [stdout]   17:     0x6083696c037f - <std[617be2ca0a6fd877]::sys::thread::unix::Thread>::new::thread_start
[INFO] [stdout]   18:     0x742e07d2fdfa - <unknown>
[INFO] [stdout]   19:     0x742e07dc33d4 - clone
[INFO] [stdout]   20:                0x0 - <unknown>
[INFO] [stdout] 
[INFO] [stdout] ---- test_response_body_multi_status_responses_golden stdout ----
[INFO] [stdout] 
[INFO] [stdout] thread 'test_response_body_multi_status_responses_golden' (2543) panicked at tests/golden_tests_go_http.rs:35:5:
[INFO] [stdout] Could not find fixture: valid/response-body/multi-status-responses.yaml
[INFO] [stdout] stack backtrace:
[INFO] [stdout]    0:     0x6083696c1091 - <<std[617be2ca0a6fd877]::sys::backtrace::BacktraceLock>::print::DisplayBacktrace as core[a373ad73a504971]::fmt::Display>::fmt
[INFO] [stdout]    1:     0x6083696d86ba - core[a373ad73a504971]::fmt::write
[INFO] [stdout]    2:     0x6083696c55bc - <alloc[2e1b2a31b91974c5]::vec::Vec<u8> as core[a373ad73a504971]::io::write::Write>::write_fmt
[INFO] [stdout]    3:     0x60836969b6e6 - std[617be2ca0a6fd877]::panicking::default_hook::{closure#0}
[INFO] [stdout]    4:     0x6083696b86f9 - std[617be2ca0a6fd877]::panicking::default_hook
[INFO] [stdout]    5:     0x6083692f94c0 - test[aada8e7e76ba119b]::test_main_inner::{closure#0}
[INFO] [stdout]    6:     0x6083696b88b2 - std[617be2ca0a6fd877]::panicking::panic_with_hook
[INFO] [stdout]    7:     0x60836969b792 - std[617be2ca0a6fd877]::panicking::panic_handler::{closure#0}
[INFO] [stdout]    8:     0x608369694159 - std[617be2ca0a6fd877]::sys::backtrace::__rust_end_short_backtrace::<std[617be2ca0a6fd877]::panicking::panic_handler::{closure#0}, !>
[INFO] [stdout]    9:     0x60836969c39d - __rustc[ea4f61d10b84890b]::rust_begin_unwind
[INFO] [stdout]   10:     0x6083696d8e9c - core[a373ad73a504971]::panicking::panic_fmt
[INFO] [stdout]   11:     0x6083692a55e7 - golden_tests_go_http[6816f6f8c192b679]::run_golden_test
[INFO] [stdout]   12:     0x6083692ae759 - <golden_tests_go_http[6816f6f8c192b679]::test_response_body_multi_status_responses_golden::{closure#0} as core[a373ad73a504971]::ops::function::FnOnce<()>>::call_once
[INFO] [stdout]   13:     0x6083692ec90b - test[aada8e7e76ba119b]::__rust_begin_short_backtrace::<core[a373ad73a504971]::result::Result<(), alloc[2e1b2a31b91974c5]::string::String>, fn() -> core[a373ad73a504971]::result::Result<(), alloc[2e1b2a31b91974c5]::string::String>>
[INFO] [stdout]   14:     0x6083692f9ae5 - test[aada8e7e76ba119b]::run_test::{closure#0}
[INFO] [stdout]   15:     0x6083692f33d4 - std[617be2ca0a6fd877]::sys::backtrace::__rust_begin_short_backtrace::<test[aada8e7e76ba119b]::run_test::{closure#1}, ()>
[INFO] [stdout]   16:     0x6083692fcb72 - <std[617be2ca0a6fd877]::thread::lifecycle::spawn_unchecked<test[aada8e7e76ba119b]::run_test::{closure#1}, ()>::{closure#1} as core[a373ad73a504971]::ops::function::FnOnce<()>>::call_once::{shim:vtable#0}
[INFO] [stdout]   17:     0x6083696c037f - <std[617be2ca0a6fd877]::sys::thread::unix::Thread>::new::thread_start
[INFO] [stdout]   18:     0x742e07d2fdfa - <unknown>
[INFO] [stdout]   19:     0x742e07dc33d4 - clone
[INFO] [stdout]   20:                0x0 - <unknown>
[INFO] [stdout] 
[INFO] [stdout] ---- test_type_aliases_complex_union_golden stdout ----
[INFO] [stdout] 
[INFO] [stdout] thread 'test_type_aliases_complex_union_golden' (2546) panicked at tests/golden_tests_go_http.rs:35:5:
[INFO] [stdout] Could not find fixture: valid/type-aliases/complex-union.yaml
[INFO] [stdout] stack backtrace:
[INFO] [stdout]    0:     0x6083696c1091 - <<std[617be2ca0a6fd877]::sys::backtrace::BacktraceLock>::print::DisplayBacktrace as core[a373ad73a504971]::fmt::Display>::fmt
[INFO] [stdout]    1:     0x6083696d86ba - core[a373ad73a504971]::fmt::write
[INFO] [stdout]    2:     0x6083696c55bc - <alloc[2e1b2a31b91974c5]::vec::Vec<u8> as core[a373ad73a504971]::io::write::Write>::write_fmt
[INFO] [stdout]    3:     0x60836969b6e6 - std[617be2ca0a6fd877]::panicking::default_hook::{closure#0}
[INFO] [stdout]    4:     0x6083696b86f9 - std[617be2ca0a6fd877]::panicking::default_hook
[INFO] [stdout]    5:     0x6083692f94c0 - test[aada8e7e76ba119b]::test_main_inner::{closure#0}
[INFO] [stdout]    6:     0x6083696b88b2 - std[617be2ca0a6fd877]::panicking::panic_with_hook
[INFO] [stdout]    7:     0x60836969b792 - std[617be2ca0a6fd877]::panicking::panic_handler::{closure#0}
[INFO] [stdout]    8:     0x608369694159 - std[617be2ca0a6fd877]::sys::backtrace::__rust_end_short_backtrace::<std[617be2ca0a6fd877]::panicking::panic_handler::{closure#0}, !>
[INFO] [stdout]    9:     0x60836969c39d - __rustc[ea4f61d10b84890b]::rust_begin_unwind
[INFO] [stdout]   10:     0x6083696d8e9c - core[a373ad73a504971]::panicking::panic_fmt
[INFO] [stdout]   11:     0x6083692a55e7 - golden_tests_go_http[6816f6f8c192b679]::run_golden_test
[INFO] [stdout]   12:     0x6083692ab489 - <golden_tests_go_http[6816f6f8c192b679]::test_type_aliases_complex_union_golden::{closure#0} as core[a373ad73a504971]::ops::function::FnOnce<()>>::call_once
[INFO] [stdout]   13:     0x6083692ec90b - test[aada8e7e76ba119b]::__rust_begin_short_backtrace::<core[a373ad73a504971]::result::Result<(), alloc[2e1b2a31b91974c5]::string::String>, fn() -> core[a373ad73a504971]::result::Result<(), alloc[2e1b2a31b91974c5]::string::String>>
[INFO] [stdout]   14:     0x6083692f9ae5 - test[aada8e7e76ba119b]::run_test::{closure#0}
[INFO] [stdout]   15:     0x6083692f33d4 - std[617be2ca0a6fd877]::sys::backtrace::__rust_begin_short_backtrace::<test[aada8e7e76ba119b]::run_test::{closure#1}, ()>
[INFO] [stdout]   16:     0x6083692fcb72 - <std[617be2ca0a6fd877]::thread::lifecycle::spawn_unchecked<test[aada8e7e76ba119b]::run_test::{closure#1}, ()>::{closure#1} as core[a373ad73a504971]::ops::function::FnOnce<()>>::call_once::{shim:vtable#0}
[INFO] [stdout]   17:     0x6083696c037f - <std[617be2ca0a6fd877]::sys::thread::unix::Thread>::new::thread_start
[INFO] [stdout]   18:     0x742e07d2fdfa - <unknown>
[INFO] [stdout]   19:     0x742e07dc33d4 - clone
[INFO] [stdout]   20:                0x0 - <unknown>
[INFO] [stdout] 
[INFO] [stdout] ---- test_recursive_json_nested_object_reference_golden stdout ----
[INFO] [stdout] 
[INFO] [stdout] thread 'test_recursive_json_nested_object_reference_golden' (2535) panicked at tests/golden_tests_go_http.rs:35:5:
[INFO] [stdout] Could not find fixture: valid/recursive-json/nested-object-reference.yaml
[INFO] [stdout] stack backtrace:
[INFO] [stdout]    0:     0x6083696c1091 - <<std[617be2ca0a6fd877]::sys::backtrace::BacktraceLock>::print::DisplayBacktrace as core[a373ad73a504971]::fmt::Display>::fmt
[INFO] [stdout]    1:     0x6083696d86ba - core[a373ad73a504971]::fmt::write
[INFO] [stdout]    2:     0x6083696c55bc - <alloc[2e1b2a31b91974c5]::vec::Vec<u8> as core[a373ad73a504971]::io::write::Write>::write_fmt
[INFO] [stdout]    3:     0x60836969b6e6 - std[617be2ca0a6fd877]::panicking::default_hook::{closure#0}
[INFO] [stdout]    4:     0x6083696b86f9 - std[617be2ca0a6fd877]::panicking::default_hook
[INFO] [stdout]    5:     0x6083692f94c0 - test[aada8e7e76ba119b]::test_main_inner::{closure#0}
[INFO] [stdout]    6:     0x6083696b88b2 - std[617be2ca0a6fd877]::panicking::panic_with_hook
[INFO] [stdout]    7:     0x60836969b792 - std[617be2ca0a6fd877]::panicking::panic_handler::{closure#0}
[INFO] [stdout]    8:     0x608369694159 - std[617be2ca0a6fd877]::sys::backtrace::__rust_end_short_backtrace::<std[617be2ca0a6fd877]::panicking::panic_handler::{closure#0}, !>
[INFO] [stdout]    9:     0x60836969c39d - __rustc[ea4f61d10b84890b]::rust_begin_unwind
[INFO] [stdout]   10:     0x6083696d8e9c - core[a373ad73a504971]::panicking::panic_fmt
[INFO] [stdout]   11:     0x6083692a55e7 - golden_tests_go_http[6816f6f8c192b679]::run_golden_test
[INFO] [stdout]   12:     0x6083692afa19 - <golden_tests_go_http[6816f6f8c192b679]::test_recursive_json_nested_object_reference_golden::{closure#0} as core[a373ad73a504971]::ops::function::FnOnce<()>>::call_once
[INFO] [stdout]   13:     0x6083692ec90b - test[aada8e7e76ba119b]::__rust_begin_short_backtrace::<core[a373ad73a504971]::result::Result<(), alloc[2e1b2a31b91974c5]::string::String>, fn() -> core[a373ad73a504971]::result::Result<(), alloc[2e1b2a31b91974c5]::string::String>>
[INFO] [stdout]   14:     0x6083692f9ae5 - test[aada8e7e76ba119b]::run_test::{closure#0}
[INFO] [stdout]   15:     0x6083692f33d4 - std[617be2ca0a6fd877]::sys::backtrace::__rust_begin_short_backtrace::<test[aada8e7e76ba119b]::run_test::{closure#1}, ()>
[INFO] [stdout]   16:     0x6083692fcb72 - <std[617be2ca0a6fd877]::thread::lifecycle::spawn_unchecked<test[aada8e7e76ba119b]::run_test::{closure#1}, ()>::{closure#1} as core[a373ad73a504971]::ops::function::FnOnce<()>>::call_once::{shim:vtable#0}
[INFO] [stdout]   17:     0x6083696c037f - <std[617be2ca0a6fd877]::sys::thread::unix::Thread>::new::thread_start
[INFO] [stdout]   18:     0x742e07d2fdfa - <unknown>
[INFO] [stdout]   19:     0x742e07dc33d4 - clone
[INFO] [stdout]   20:                0x0 - <unknown>
[INFO] [stdout] 
[INFO] [stdout] ---- test_type_aliases_discriminated_union_inline_discriminator_only_golden stdout ----
[INFO] [stdout] 
[INFO] [stdout] thread 'test_type_aliases_discriminated_union_inline_discriminator_only_golden' (2547) panicked at tests/golden_tests_go_http.rs:35:5:
[INFO] [stdout] Could not find fixture: valid/type-aliases/discriminated-union-inline-discriminator-only.yaml
[INFO] [stdout] stack backtrace:
[INFO] [stdout]    0:     0x6083696c1091 - <<std[617be2ca0a6fd877]::sys::backtrace::BacktraceLock>::print::DisplayBacktrace as core[a373ad73a504971]::fmt::Display>::fmt
[INFO] [stdout]    1:     0x6083696d86ba - core[a373ad73a504971]::fmt::write
[INFO] [stdout]    2:     0x6083696c55bc - <alloc[2e1b2a31b91974c5]::vec::Vec<u8> as core[a373ad73a504971]::io::write::Write>::write_fmt
[INFO] [stdout]    3:     0x60836969b6e6 - std[617be2ca0a6fd877]::panicking::default_hook::{closure#0}
[INFO] [stdout]    4:     0x6083696b86f9 - std[617be2ca0a6fd877]::panicking::default_hook
[INFO] [stdout]    5:     0x6083692f94c0 - test[aada8e7e76ba119b]::test_main_inner::{closure#0}
[INFO] [stdout]    6:     0x6083696b88b2 - std[617be2ca0a6fd877]::panicking::panic_with_hook
[INFO] [stdout]    7:     0x60836969b792 - std[617be2ca0a6fd877]::panicking::panic_handler::{closure#0}
[INFO] [stdout]    8:     0x608369694159 - std[617be2ca0a6fd877]::sys::backtrace::__rust_end_short_backtrace::<std[617be2ca0a6fd877]::panicking::panic_handler::{closure#0}, !>
[INFO] [stdout]    9:     0x60836969c39d - __rustc[ea4f61d10b84890b]::rust_begin_unwind
[INFO] [stdout]   10:     0x6083696d8e9c - core[a373ad73a504971]::panicking::panic_fmt
[INFO] [stdout]   11:     0x6083692a55e7 - golden_tests_go_http[6816f6f8c192b679]::run_golden_test
[INFO] [stdout]   12:     0x6083692b2719 - <golden_tests_go_http[6816f6f8c192b679]::test_type_aliases_discriminated_union_inline_discriminator_only_golden::{closure#0} as core[a373ad73a504971]::ops::function::FnOnce<()>>::call_once
[INFO] [stdout]   13:     0x6083692ec90b - test[aada8e7e76ba119b]::__rust_begin_short_backtrace::<core[a373ad73a504971]::result::Result<(), alloc[2e1b2a31b91974c5]::string::String>, fn() -> core[a373ad73a504971]::result::Result<(), alloc[2e1b2a31b91974c5]::string::String>>
[INFO] [stdout]   14:     0x6083692f9ae5 - test[aada8e7e76ba119b]::run_test::{closure#0}
[INFO] [stdout]   15:     0x6083692f33d4 - std[617be2ca0a6fd877]::sys::backtrace::__rust_begin_short_backtrace::<test[aada8e7e76ba119b]::run_test::{closure#1}, ()>
[INFO] [stdout]   16:     0x6083692fcb72 - <std[617be2ca0a6fd877]::thread::lifecycle::spawn_unchecked<test[aada8e7e76ba119b]::run_test::{closure#1}, ()>::{closure#1} as core[a373ad73a504971]::ops::function::FnOnce<()>>::call_once::{shim:vtable#0}
[INFO] [stdout]   17:     0x6083696c037f - <std[617be2ca0a6fd877]::sys::thread::unix::Thread>::new::thread_start
[INFO] [stdout]   18:     0x742e07d2fdfa - <unknown>
[INFO] [stdout]   19:     0x742e07dc33d4 - clone
[INFO] [stdout]   20:                0x0 - <unknown>
[INFO] [stdout] 
[INFO] [stdout] ---- test_recursive_json_inline_object_golden stdout ----
[INFO] [stdout] 
[INFO] [stdout] thread 'test_recursive_json_inline_object_golden' (2532) panicked at tests/golden_tests_go_http.rs:35:5:
[INFO] [stdout] Could not find fixture: valid/recursive-json/inline-object.yaml
[INFO] [stdout] stack backtrace:
[INFO] [stdout]    0:     0x6083696c1091 - <<std[617be2ca0a6fd877]::sys::backtrace::BacktraceLock>::print::DisplayBacktrace as core[a373ad73a504971]::fmt::Display>::fmt
[INFO] [stdout]    1:     0x6083696d86ba - core[a373ad73a504971]::fmt::write
[INFO] [stdout]    2:     0x6083696c55bc - <alloc[2e1b2a31b91974c5]::vec::Vec<u8> as core[a373ad73a504971]::io::write::Write>::write_fmt
[INFO] [stdout]    3:     0x60836969b6e6 - std[617be2ca0a6fd877]::panicking::default_hook::{closure#0}
[INFO] [stdout]    4:     0x6083696b86f9 - std[617be2ca0a6fd877]::panicking::default_hook
[INFO] [stdout]    5:     0x6083692f94c0 - test[aada8e7e76ba119b]::test_main_inner::{closure#0}
[INFO] [stdout]    6:     0x6083696b88b2 - std[617be2ca0a6fd877]::panicking::panic_with_hook
[INFO] [stdout]    7:     0x60836969b792 - std[617be2ca0a6fd877]::panicking::panic_handler::{closure#0}
[INFO] [stdout]    8:     0x608369694159 - std[617be2ca0a6fd877]::sys::backtrace::__rust_end_short_backtrace::<std[617be2ca0a6fd877]::panicking::panic_handler::{closure#0}, !>
[INFO] [stdout]    9:     0x60836969c39d - __rustc[ea4f61d10b84890b]::rust_begin_unwind
[INFO] [stdout]   10:     0x6083696d8e9c - core[a373ad73a504971]::panicking::panic_fmt
[INFO] [stdout]   11:     0x6083692a55e7 - golden_tests_go_http[6816f6f8c192b679]::run_golden_test
[INFO] [stdout]   12:     0x6083692abf39 - <golden_tests_go_http[6816f6f8c192b679]::test_recursive_json_inline_object_golden::{closure#0} as core[a373ad73a504971]::ops::function::FnOnce<()>>::call_once
[INFO] [stdout]   13:     0x6083692ec90b - test[aada8e7e76ba119b]::__rust_begin_short_backtrace::<core[a373ad73a504971]::result::Result<(), alloc[2e1b2a31b91974c5]::string::String>, fn() -> core[a373ad73a504971]::result::Result<(), alloc[2e1b2a31b91974c5]::string::String>>
[INFO] [stdout]   14:     0x6083692f9ae5 - test[aada8e7e76ba119b]::run_test::{closure#0}
[INFO] [stdout]   15:     0x6083692f33d4 - std[617be2ca0a6fd877]::sys::backtrace::__rust_begin_short_backtrace::<test[aada8e7e76ba119b]::run_test::{closure#1}, ()>
[INFO] [stdout]   16:     0x6083692fcb72 - <std[617be2ca0a6fd877]::thread::lifecycle::spawn_unchecked<test[aada8e7e76ba119b]::run_test::{closure#1}, ()>::{closure#1} as core[a373ad73a504971]::ops::function::FnOnce<()>>::call_once::{shim:vtable#0}
[INFO] [stdout]   17:     0x6083696c037f - <std[617be2ca0a6fd877]::sys::thread::unix::Thread>::new::thread_start
[INFO] [stdout]   18:     0x742e07d2fdfa - <unknown>
[INFO] [stdout]   19:     0x742e07dc33d4 - clone
[INFO] [stdout]   20:                0x0 - <unknown>
[INFO] [stdout] 
[INFO] [stdout] ---- test_recursive_json_empty_array_golden stdout ----
[INFO] [stdout] 
[INFO] [stdout] thread 'test_recursive_json_empty_array_golden' (2531) panicked at tests/golden_tests_go_http.rs:35:5:
[INFO] [stdout] Could not find fixture: valid/recursive-json/empty-array.yaml
[INFO] [stdout] stack backtrace:
[INFO] [stdout]    0:     0x6083696c1091 - <<std[617be2ca0a6fd877]::sys::backtrace::BacktraceLock>::print::DisplayBacktrace as core[a373ad73a504971]::fmt::Display>::fmt
[INFO] [stdout]    1:     0x6083696d86ba - core[a373ad73a504971]::fmt::write
[INFO] [stdout]    2:     0x6083696c55bc - <alloc[2e1b2a31b91974c5]::vec::Vec<u8> as core[a373ad73a504971]::io::write::Write>::write_fmt
[INFO] [stdout]    3:     0x60836969b6e6 - std[617be2ca0a6fd877]::panicking::default_hook::{closure#0}
[INFO] [stdout]    4:     0x6083696b86f9 - std[617be2ca0a6fd877]::panicking::default_hook
[INFO] [stdout]    5:     0x6083692f94c0 - test[aada8e7e76ba119b]::test_main_inner::{closure#0}
[INFO] [stdout]    6:     0x6083696b88b2 - std[617be2ca0a6fd877]::panicking::panic_with_hook
[INFO] [stdout]    7:     0x60836969b792 - std[617be2ca0a6fd877]::panicking::panic_handler::{closure#0}
[INFO] [stdout]    8:     0x608369694159 - std[617be2ca0a6fd877]::sys::backtrace::__rust_end_short_backtrace::<std[617be2ca0a6fd877]::panicking::panic_handler::{closure#0}, !>
[INFO] [stdout]    9:     0x60836969c39d - __rustc[ea4f61d10b84890b]::rust_begin_unwind
[INFO] [stdout]   10:     0x6083696d8e9c - core[a373ad73a504971]::panicking::panic_fmt
[INFO] [stdout]   11:     0x6083692a55e7 - golden_tests_go_http[6816f6f8c192b679]::run_golden_test
[INFO] [stdout]   12:     0x6083692ab0f9 - <golden_tests_go_http[6816f6f8c192b679]::test_recursive_json_empty_array_golden::{closure#0} as core[a373ad73a504971]::ops::function::FnOnce<()>>::call_once
[INFO] [stdout]   13:     0x6083692ec90b - test[aada8e7e76ba119b]::__rust_begin_short_backtrace::<core[a373ad73a504971]::result::Result<(), alloc[2e1b2a31b91974c5]::string::String>, fn() -> core[a373ad73a504971]::result::Result<(), alloc[2e1b2a31b91974c5]::string::String>>
[INFO] [stdout]   14:     0x6083692f9ae5 - test[aada8e7e76ba119b]::run_test::{closure#0}
[INFO] [stdout]   15:     0x6083692f33d4 - std[617be2ca0a6fd877]::sys::backtrace::__rust_begin_short_backtrace::<test[aada8e7e76ba119b]::run_test::{closure#1}, ()>
[INFO] [stdout]   16:     0x6083692fcb72 - <std[617be2ca0a6fd877]::thread::lifecycle::spawn_unchecked<test[aada8e7e76ba119b]::run_test::{closure#1}, ()>::{closure#1} as core[a373ad73a504971]::ops::function::FnOnce<()>>::call_once::{shim:vtable#0}
[INFO] [stdout]   17:     0x6083696c037f - <std[617be2ca0a6fd877]::sys::thread::unix::Thread>::new::thread_start
[INFO] [stdout]   18:     0x742e07d2fdfa - <unknown>
[INFO] [stdout]   19:     0x742e07dc33d4 - clone
[INFO] [stdout]   20:                0x0 - <unknown>
[INFO] [stdout] 
[INFO] [stdout] ---- test_recursive_json_optional_array_of_inline_objects_golden stdout ----
[INFO] [stdout] 
[INFO] [stdout] thread 'test_recursive_json_optional_array_of_inline_objects_golden' (2536) panicked at tests/golden_tests_go_http.rs:35:5:
[INFO] [stdout] Could not find fixture: valid/recursive-json/optional-array-of-inline-objects.yaml
[INFO] [stdout] stack backtrace:
[INFO] [stdout]    0:     0x6083696c1091 - <<std[617be2ca0a6fd877]::sys::backtrace::BacktraceLock>::print::DisplayBacktrace as core[a373ad73a504971]::fmt::Display>::fmt
[INFO] [stdout]    1:     0x6083696d86ba - core[a373ad73a504971]::fmt::write
[INFO] [stdout]    2:     0x6083696c55bc - <alloc[2e1b2a31b91974c5]::vec::Vec<u8> as core[a373ad73a504971]::io::write::Write>::write_fmt
[INFO] [stdout]    3:     0x60836969b6e6 - std[617be2ca0a6fd877]::panicking::default_hook::{closure#0}
[INFO] [stdout]    4:     0x6083696b86f9 - std[617be2ca0a6fd877]::panicking::default_hook
[INFO] [stdout]    5:     0x6083692f94c0 - test[aada8e7e76ba119b]::test_main_inner::{closure#0}
[INFO] [stdout]    6:     0x6083696b88b2 - std[617be2ca0a6fd877]::panicking::panic_with_hook
[INFO] [stdout]    7:     0x60836969b792 - std[617be2ca0a6fd877]::panicking::panic_handler::{closure#0}
[INFO] [stdout]    8:     0x608369694159 - std[617be2ca0a6fd877]::sys::backtrace::__rust_end_short_backtrace::<std[617be2ca0a6fd877]::panicking::panic_handler::{closure#0}, !>
[INFO] [stdout]    9:     0x60836969c39d - __rustc[ea4f61d10b84890b]::rust_begin_unwind
[INFO] [stdout]   10:     0x6083696d8e9c - core[a373ad73a504971]::panicking::panic_fmt
[INFO] [stdout]   11:     0x6083692a55e7 - golden_tests_go_http[6816f6f8c192b679]::run_golden_test
[INFO] [stdout]   12:     0x6083692b1459 - <golden_tests_go_http[6816f6f8c192b679]::test_recursive_json_optional_array_of_inline_objects_golden::{closure#0} as core[a373ad73a504971]::ops::function::FnOnce<()>>::call_once
[INFO] [stdout]   13:     0x6083692ec90b - test[aada8e7e76ba119b]::__rust_begin_short_backtrace::<core[a373ad73a504971]::result::Result<(), alloc[2e1b2a31b91974c5]::string::String>, fn() -> core[a373ad73a504971]::result::Result<(), alloc[2e1b2a31b91974c5]::string::String>>
[INFO] [stdout]   14:     0x6083692f9ae5 - test[aada8e7e76ba119b]::run_test::{closure#0}
[INFO] [stdout]   15:     0x6083692f33d4 - std[617be2ca0a6fd877]::sys::backtrace::__rust_begin_short_backtrace::<test[aada8e7e76ba119b]::run_test::{closure#1}, ()>
[INFO] [stdout]   16:     0x6083692fcb72 - <std[617be2ca0a6fd877]::thread::lifecycle::spawn_unchecked<test[aada8e7e76ba119b]::run_test::{closure#1}, ()>::{closure#1} as core[a373ad73a504971]::ops::function::FnOnce<()>>::call_once::{shim:vtable#0}
[INFO] [stdout]   17:     0x6083696c037f - <std[617be2ca0a6fd877]::sys::thread::unix::Thread>::new::thread_start
[INFO] [stdout]   18:     0x742e07d2fdfa - <unknown>
[INFO] [stdout]   19:     0x742e07dc33d4 - clone
[INFO] [stdout]   20:                0x0 - <unknown>
[INFO] [stdout] 
[INFO] [stdout] ---- test_recursive_json_optional_nested_object_reference_golden stdout ----
[INFO] [stdout] 
[INFO] [stdout] thread 'test_recursive_json_optional_nested_object_reference_golden' (2539) panicked at tests/golden_tests_go_http.rs:35:5:
[INFO] [stdout] Could not find fixture: valid/recursive-json/optional-nested-object-reference.yaml
[INFO] [stdout] stack backtrace:
[INFO] [stdout]    0:     0x6083696c1091 - <<std[617be2ca0a6fd877]::sys::backtrace::BacktraceLock>::print::DisplayBacktrace as core[a373ad73a504971]::fmt::Display>::fmt
[INFO] [stdout]    1:     0x6083696d86ba - core[a373ad73a504971]::fmt::write
[INFO] [stdout]    2:     0x6083696c55bc - <alloc[2e1b2a31b91974c5]::vec::Vec<u8> as core[a373ad73a504971]::io::write::Write>::write_fmt
[INFO] [stdout]    3:     0x60836969b6e6 - std[617be2ca0a6fd877]::panicking::default_hook::{closure#0}
[INFO] [stdout]    4:     0x6083696b86f9 - std[617be2ca0a6fd877]::panicking::default_hook
[INFO] [stdout]    5:     0x6083692f94c0 - test[aada8e7e76ba119b]::test_main_inner::{closure#0}
[INFO] [stdout]    6:     0x6083696b88b2 - std[617be2ca0a6fd877]::panicking::panic_with_hook
[INFO] [stdout]    7:     0x60836969b792 - std[617be2ca0a6fd877]::panicking::panic_handler::{closure#0}
[INFO] [stdout]    8:     0x608369694159 - std[617be2ca0a6fd877]::sys::backtrace::__rust_end_short_backtrace::<std[617be2ca0a6fd877]::panicking::panic_handler::{closure#0}, !>
[INFO] [stdout]    9:     0x60836969c39d - __rustc[ea4f61d10b84890b]::rust_begin_unwind
[INFO] [stdout]   10:     0x6083696d8e9c - core[a373ad73a504971]::panicking::panic_fmt
[INFO] [stdout]   11:     0x6083692a55e7 - golden_tests_go_http[6816f6f8c192b679]::run_golden_test
[INFO] [stdout]   12:     0x6083692b1819 - <golden_tests_go_http[6816f6f8c192b679]::test_recursive_json_optional_nested_object_reference_golden::{closure#0} as core[a373ad73a504971]::ops::function::FnOnce<()>>::call_once
[INFO] [stdout]   13:     0x6083692ec90b - test[aada8e7e76ba119b]::__rust_begin_short_backtrace::<core[a373ad73a504971]::result::Result<(), alloc[2e1b2a31b91974c5]::string::String>, fn() -> core[a373ad73a504971]::result::Result<(), alloc[2e1b2a31b91974c5]::string::String>>
[INFO] [stdout]   14:     0x6083692f9ae5 - test[aada8e7e76ba119b]::run_test::{closure#0}
[INFO] [stdout]   15:     0x6083692f33d4 - std[617be2ca0a6fd877]::sys::backtrace::__rust_begin_short_backtrace::<test[aada8e7e76ba119b]::run_test::{closure#1}, ()>
[INFO] [stdout]   16:     0x6083692fcb72 - <std[617be2ca0a6fd877]::thread::lifecycle::spawn_unchecked<test[aada8e7e76ba119b]::run_test::{closure#1}, ()>::{closure#1} as core[a373ad73a504971]::ops::function::FnOnce<()>>::call_once::{shim:vtable#0}
[INFO] [stdout]   17:     0x6083696c037f - <std[617be2ca0a6fd877]::sys::thread::unix::Thread>::new::thread_start
[INFO] [stdout]   18:     0x742e07d2fdfa - <unknown>
[INFO] [stdout]   19:     0x742e07dc33d4 - clone
[INFO] [stdout]   20:                0x0 - <unknown>
[INFO] [stdout] 
[INFO] [stdout] ---- test_type_aliases_discriminated_union_multiple_golden stdout ----
[INFO] [stdout] 
[INFO] [stdout] thread 'test_type_aliases_discriminated_union_multiple_golden' (2549) panicked at tests/golden_tests_go_http.rs:35:5:
[INFO] [stdout] Could not find fixture: valid/type-aliases/discriminated-union-multiple.yaml
[INFO] [stdout] stack backtrace:
[INFO] [stdout]    0:     0x6083696c1091 - <<std[617be2ca0a6fd877]::sys::backtrace::BacktraceLock>::print::DisplayBacktrace as core[a373ad73a504971]::fmt::Display>::fmt
[INFO] [stdout]    1:     0x6083696d86ba - core[a373ad73a504971]::fmt::write
[INFO] [stdout]    2:     0x6083696c55bc - <alloc[2e1b2a31b91974c5]::vec::Vec<u8> as core[a373ad73a504971]::io::write::Write>::write_fmt
[INFO] [stdout]    3:     0x60836969b6e6 - std[617be2ca0a6fd877]::panicking::default_hook::{closure#0}
[INFO] [stdout]    4:     0x6083696b86f9 - std[617be2ca0a6fd877]::panicking::default_hook
[INFO] [stderr] error: test failed, to rerun pass `--test golden_tests_go_http`
[INFO] [stdout]    5:     0x6083692f94c0 - test[aada8e7e76ba119b]::test_main_inner::{closure#0}
[INFO] [stdout]    6:     0x6083696b88b2 - std[617be2ca0a6fd877]::panicking::panic_with_hook
[INFO] [stdout]    7:     0x60836969b792 - std[617be2ca0a6fd877]::panicking::panic_handler::{closure#0}
[INFO] [stdout]    8:     0x608369694159 - std[617be2ca0a6fd877]::sys::backtrace::__rust_end_short_backtrace::<std[617be2ca0a6fd877]::panicking::panic_handler::{closure#0}, !>
[INFO] [stdout]    9:     0x60836969c39d - __rustc[ea4f61d10b84890b]::rust_begin_unwind
[INFO] [stdout]   10:     0x6083696d8e9c - core[a373ad73a504971]::panicking::panic_fmt
[INFO] [stdout]   11:     0x6083692a55e7 - golden_tests_go_http[6816f6f8c192b679]::run_golden_test
[INFO] [stdout]   12:     0x6083692b0919 - <golden_tests_go_http[6816f6f8c192b679]::test_type_aliases_discriminated_union_multiple_golden::{closure#0} as core[a373ad73a504971]::ops::function::FnOnce<()>>::call_once
[INFO] [stdout]   13:     0x6083692ec90b - test[aada8e7e76ba119b]::__rust_begin_short_backtrace::<core[a373ad73a504971]::result::Result<(), alloc[2e1b2a31b91974c5]::string::String>, fn() -> core[a373ad73a504971]::result::Result<(), alloc[2e1b2a31b91974c5]::string::String>>
[INFO] [stdout]   14:     0x6083692f9ae5 - test[aada8e7e76ba119b]::run_test::{closure#0}
[INFO] [stdout]   15:     0x6083692f33d4 - std[617be2ca0a6fd877]::sys::backtrace::__rust_begin_short_backtrace::<test[aada8e7e76ba119b]::run_test::{closure#1}, ()>
[INFO] [stdout]   16:     0x6083692fcb72 - <std[617be2ca0a6fd877]::thread::lifecycle::spawn_unchecked<test[aada8e7e76ba119b]::run_test::{closure#1}, ()>::{closure#1} as core[a373ad73a504971]::ops::function::FnOnce<()>>::call_once::{shim:vtable#0}
[INFO] [stdout]   17:     0x6083696c037f - <std[617be2ca0a6fd877]::sys::thread::unix::Thread>::new::thread_start
[INFO] [stdout]   18:     0x742e07d2fdfa - <unknown>
[INFO] [stdout]   19:     0x742e07dc33d4 - clone
[INFO] [stdout]   20:                0x0 - <unknown>
[INFO] [stdout] 
[INFO] [stdout] ---- test_type_aliases_union_with_any_golden stdout ----
[INFO] [stdout] 
[INFO] [stdout] thread 'test_type_aliases_union_with_any_golden' (2556) panicked at tests/golden_tests_go_http.rs:35:5:
[INFO] [stdout] Could not find fixture: valid/type-aliases/union-with-any.yaml
[INFO] [stdout] stack backtrace:
[INFO] [stdout]    0:     0x6083696c1091 - <<std[617be2ca0a6fd877]::sys::backtrace::BacktraceLock>::print::DisplayBacktrace as core[a373ad73a504971]::fmt::Display>::fmt
[INFO] [stdout]    1:     0x6083696d86ba - core[a373ad73a504971]::fmt::write
[INFO] [stdout]    2:     0x6083696c55bc - <alloc[2e1b2a31b91974c5]::vec::Vec<u8> as core[a373ad73a504971]::io::write::Write>::write_fmt
[INFO] [stdout]    3:     0x60836969b6e6 - std[617be2ca0a6fd877]::panicking::default_hook::{closure#0}
[INFO] [stdout]    4:     0x6083696b86f9 - std[617be2ca0a6fd877]::panicking::default_hook
[INFO] [stdout]    5:     0x6083692f94c0 - test[aada8e7e76ba119b]::test_main_inner::{closure#0}
[INFO] [stdout]    6:     0x6083696b88b2 - std[617be2ca0a6fd877]::panicking::panic_with_hook
[INFO] [stdout]    7:     0x60836969b792 - std[617be2ca0a6fd877]::panicking::panic_handler::{closure#0}
[INFO] [stdout]    8:     0x608369694159 - std[617be2ca0a6fd877]::sys::backtrace::__rust_end_short_backtrace::<std[617be2ca0a6fd877]::panicking::panic_handler::{closure#0}, !>
[INFO] [stdout]    9:     0x60836969c39d - __rustc[ea4f61d10b84890b]::rust_begin_unwind
[INFO] [stdout]   10:     0x6083696d8e9c - core[a373ad73a504971]::panicking::panic_fmt
[INFO] [stdout]   11:     0x6083692a55e7 - golden_tests_go_http[6816f6f8c192b679]::run_golden_test
[INFO] [stdout]   12:     0x6083692abba9 - <golden_tests_go_http[6816f6f8c192b679]::test_type_aliases_union_with_any_golden::{closure#0} as core[a373ad73a504971]::ops::function::FnOnce<()>>::call_once
[INFO] [stdout]   13:     0x6083692ec90b - test[aada8e7e76ba119b]::__rust_begin_short_backtrace::<core[a373ad73a504971]::result::Result<(), alloc[2e1b2a31b91974c5]::string::String>, fn() -> core[a373ad73a504971]::result::Result<(), alloc[2e1b2a31b91974c5]::string::String>>
[INFO] [stdout]   14:     0x6083692f9ae5 - test[aada8e7e76ba119b]::run_test::{closure#0}
[INFO] [stdout]   15:     0x6083692f33d4 - std[617be2ca0a6fd877]::sys::backtrace::__rust_begin_short_backtrace::<test[aada8e7e76ba119b]::run_test::{closure#1}, ()>
[INFO] [stdout]   16:     0x6083692fcb72 - <std[617be2ca0a6fd877]::thread::lifecycle::spawn_unchecked<test[aada8e7e76ba119b]::run_test::{closure#1}, ()>::{closure#1} as core[a373ad73a504971]::ops::function::FnOnce<()>>::call_once::{shim:vtable#0}
[INFO] [stdout]   17:     0x6083696c037f - <std[617be2ca0a6fd877]::sys::thread::unix::Thread>::new::thread_start
[INFO] [stdout]   18:     0x742e07d2fdfa - <unknown>
[INFO] [stdout]   19:     0x742e07dc33d4 - clone
[INFO] [stdout]   20:                0x0 - <unknown>
[INFO] [stdout] 
[INFO] [stdout] ---- test_recursive_json_mixed_property_types_golden stdout ----
[INFO] [stdout] 
[INFO] [stdout] thread 'test_recursive_json_mixed_property_types_golden' (2534) panicked at tests/golden_tests_go_http.rs:35:5:
[INFO] [stdout] Could not find fixture: valid/recursive-json/mixed-property-types.yaml
[INFO] [stdout] stack backtrace:
[INFO] [stdout]    0:     0x6083696c1091 - <<std[617be2ca0a6fd877]::sys::backtrace::BacktraceLock>::print::DisplayBacktrace as core[a373ad73a504971]::fmt::Display>::fmt
[INFO] [stdout]    1:     0x6083696d86ba - core[a373ad73a504971]::fmt::write
[INFO] [stdout]    2:     0x6083696c55bc - <alloc[2e1b2a31b91974c5]::vec::Vec<u8> as core[a373ad73a504971]::io::write::Write>::write_fmt
[INFO] [stdout]    3:     0x60836969b6e6 - std[617be2ca0a6fd877]::panicking::default_hook::{closure#0}
[INFO] [stdout]    4:     0x6083696b86f9 - std[617be2ca0a6fd877]::panicking::default_hook
[INFO] [stdout]    5:     0x6083692f94c0 - test[aada8e7e76ba119b]::test_main_inner::{closure#0}
[INFO] [stdout]    6:     0x6083696b88b2 - std[617be2ca0a6fd877]::panicking::panic_with_hook
[INFO] [stdout]    7:     0x60836969b792 - std[617be2ca0a6fd877]::panicking::panic_handler::{closure#0}
[INFO] [stdout]    8:     0x608369694159 - std[617be2ca0a6fd877]::sys::backtrace::__rust_end_short_backtrace::<std[617be2ca0a6fd877]::panicking::panic_handler::{closure#0}, !>
[INFO] [stdout]    9:     0x60836969c39d - __rustc[ea4f61d10b84890b]::rust_begin_unwind
[INFO] [stdout]   10:     0x6083696d8e9c - core[a373ad73a504971]::panicking::panic_fmt
[INFO] [stdout]   11:     0x6083692a55e7 - golden_tests_go_http[6816f6f8c192b679]::run_golden_test
[INFO] [stdout]   12:     0x6083692ae399 - <golden_tests_go_http[6816f6f8c192b679]::test_recursive_json_mixed_property_types_golden::{closure#0} as core[a373ad73a504971]::ops::function::FnOnce<()>>::call_once
[INFO] [stdout]   13:     0x6083692ec90b - test[aada8e7e76ba119b]::__rust_begin_short_backtrace::<core[a373ad73a504971]::result::Result<(), alloc[2e1b2a31b91974c5]::string::String>, fn() -> core[a373ad73a504971]::result::Result<(), alloc[2e1b2a31b91974c5]::string::String>>
[INFO] [stdout]   14:     0x6083692f9ae5 - test[aada8e7e76ba119b]::run_test::{closure#0}
[INFO] [stdout]   15:     0x6083692f33d4 - std[617be2ca0a6fd877]::sys::backtrace::__rust_begin_short_backtrace::<test[aada8e7e76ba119b]::run_test::{closure#1}, ()>
[INFO] [stdout]   16:     0x6083692fcb72 - <std[617be2ca0a6fd877]::thread::lifecycle::spawn_unchecked<test[aada8e7e76ba119b]::run_test::{closure#1}, ()>::{closure#1} as core[a373ad73a504971]::ops::function::FnOnce<()>>::call_once::{shim:vtable#0}
[INFO] [stdout]   17:     0x6083696c037f - <std[617be2ca0a6fd877]::sys::thread::unix::Thread>::new::thread_start
[INFO] [stdout]   18:     0x742e07d2fdfa - <unknown>
[INFO] [stdout]   19:     0x742e07dc33d4 - clone
[INFO] [stdout]   20:                0x0 - <unknown>
[INFO] [stdout] 
[INFO] [stdout] ---- test_type_aliases_intersection_allof_golden stdout ----
[INFO] [stdout] 
[INFO] [stdout] thread 'test_type_aliases_intersection_allof_golden' (2551) panicked at tests/golden_tests_go_http.rs:35:5:
[INFO] [stdout] Could not find fixture: valid/type-aliases/intersection-allof.yaml
[INFO] [stdout] stack backtrace:
[INFO] [stdout]    0:     0x6083696c1091 - <<std[617be2ca0a6fd877]::sys::backtrace::BacktraceLock>::print::DisplayBacktrace as core[a373ad73a504971]::fmt::Display>::fmt
[INFO] [stdout]    1:     0x6083696d86ba - core[a373ad73a504971]::fmt::write
[INFO] [stdout]    2:     0x6083696c55bc - <alloc[2e1b2a31b91974c5]::vec::Vec<u8> as core[a373ad73a504971]::io::write::Write>::write_fmt
[INFO] [stdout]    3:     0x60836969b6e6 - std[617be2ca0a6fd877]::panicking::default_hook::{closure#0}
[INFO] [stdout]    4:     0x6083696b86f9 - std[617be2ca0a6fd877]::panicking::default_hook
[INFO] [stdout]    5:     0x6083692f94c0 - test[aada8e7e76ba119b]::test_main_inner::{closure#0}
[INFO] [stdout]    6:     0x6083696b88b2 - std[617be2ca0a6fd877]::panicking::panic_with_hook
[INFO] [stdout]    7:     0x60836969b792 - std[617be2ca0a6fd877]::panicking::panic_handler::{closure#0}
[INFO] [stdout]    8:     0x608369694159 - std[617be2ca0a6fd877]::sys::backtrace::__rust_end_short_backtrace::<std[617be2ca0a6fd877]::panicking::panic_handler::{closure#0}, !>
[INFO] [stdout]    9:     0x60836969c39d - __rustc[ea4f61d10b84890b]::rust_begin_unwind
[INFO] [stdout]   10:     0x6083696d8e9c - core[a373ad73a504971]::panicking::panic_fmt
[INFO] [stdout]   11:     0x6083692a55e7 - golden_tests_go_http[6816f6f8c192b679]::run_golden_test
[INFO] [stdout]   12:     0x6083692ad499 - <golden_tests_go_http[6816f6f8c192b679]::test_type_aliases_intersection_allof_golden::{closure#0} as core[a373ad73a504971]::ops::function::FnOnce<()>>::call_once
[INFO] [stdout]   13:     0x6083692ec90b - test[aada8e7e76ba119b]::__rust_begin_short_backtrace::<core[a373ad73a504971]::result::Result<(), alloc[2e1b2a31b91974c5]::string::String>, fn() -> core[a373ad73a504971]::result::Result<(), alloc[2e1b2a31b91974c5]::string::String>>
[INFO] [stdout]   14:     0x6083692f9ae5 - test[aada8e7e76ba119b]::run_test::{closure#0}
[INFO] [stdout]   15:     0x6083692f33d4 - std[617be2ca0a6fd877]::sys::backtrace::__rust_begin_short_backtrace::<test[aada8e7e76ba119b]::run_test::{closure#1}, ()>
[INFO] [stdout]   16:     0x6083692fcb72 - <std[617be2ca0a6fd877]::thread::lifecycle::spawn_unchecked<test[aada8e7e76ba119b]::run_test::{closure#1}, ()>::{closure#1} as core[a373ad73a504971]::ops::function::FnOnce<()>>::call_once::{shim:vtable#0}
[INFO] [stdout]   17:     0x6083696c037f - <std[617be2ca0a6fd877]::sys::thread::unix::Thread>::new::thread_start
[INFO] [stdout]   18:     0x742e07d2fdfa - <unknown>
[INFO] [stdout]   19:     0x742e07dc33d4 - clone
[INFO] [stdout]   20:                0x0 - <unknown>
[INFO] [stdout] 
[INFO] [stdout] ---- test_server_object_golden stdout ----
[INFO] [stdout] 
[INFO] [stdout] thread 'test_server_object_golden' (2545) panicked at tests/golden_tests_go_http.rs:35:5:
[INFO] [stdout] Could not find fixture: valid/server-object.yaml
[INFO] [stdout] stack backtrace:
[INFO] [stdout]    0:     0x6083696c1091 - <<std[617be2ca0a6fd877]::sys::backtrace::BacktraceLock>::print::DisplayBacktrace as core[a373ad73a504971]::fmt::Display>::fmt
[INFO] [stdout]    1:     0x6083696d86ba - core[a373ad73a504971]::fmt::write
[INFO] [stdout]    2:     0x6083696c55bc - <alloc[2e1b2a31b91974c5]::vec::Vec<u8> as core[a373ad73a504971]::io::write::Write>::write_fmt
[INFO] [stdout]    3:     0x60836969b6e6 - std[617be2ca0a6fd877]::panicking::default_hook::{closure#0}
[INFO] [stdout]    4:     0x6083696b86f9 - std[617be2ca0a6fd877]::panicking::default_hook
[INFO] [stdout]    5:     0x6083692f94c0 - test[aada8e7e76ba119b]::test_main_inner::{closure#0}
[INFO] [stdout]    6:     0x6083696b88b2 - std[617be2ca0a6fd877]::panicking::panic_with_hook
[INFO] [stdout]    7:     0x60836969b792 - std[617be2ca0a6fd877]::panicking::panic_handler::{closure#0}
[INFO] [stdout]    8:     0x608369694159 - std[617be2ca0a6fd877]::sys::backtrace::__rust_end_short_backtrace::<std[617be2ca0a6fd877]::panicking::panic_handler::{closure#0}, !>
[INFO] [stdout]    9:     0x60836969c39d - __rustc[ea4f61d10b84890b]::rust_begin_unwind
[INFO] [stdout]   10:     0x6083696d8e9c - core[a373ad73a504971]::panicking::panic_fmt
[INFO] [stdout]   11:     0x6083692a55e7 - golden_tests_go_http[6816f6f8c192b679]::run_golden_test
[INFO] [stdout]   12:     0x6083692a90e9 - <golden_tests_go_http[6816f6f8c192b679]::test_server_object_golden::{closure#0} as core[a373ad73a504971]::ops::function::FnOnce<()>>::call_once
[INFO] [stdout]   13:     0x6083692ec90b - test[aada8e7e76ba119b]::__rust_begin_short_backtrace::<core[a373ad73a504971]::result::Result<(), alloc[2e1b2a31b91974c5]::string::String>, fn() -> core[a373ad73a504971]::result::Result<(), alloc[2e1b2a31b91974c5]::string::String>>
[INFO] [stdout]   14:     0x6083692f9ae5 - test[aada8e7e76ba119b]::run_test::{closure#0}
[INFO] [stdout]   15:     0x6083692f33d4 - std[617be2ca0a6fd877]::sys::backtrace::__rust_begin_short_backtrace::<test[aada8e7e76ba119b]::run_test::{closure#1}, ()>
[INFO] [stdout]   16:     0x6083692fcb72 - <std[617be2ca0a6fd877]::thread::lifecycle::spawn_unchecked<test[aada8e7e76ba119b]::run_test::{closure#1}, ()>::{closure#1} as core[a373ad73a504971]::ops::function::FnOnce<()>>::call_once::{shim:vtable#0}
[INFO] [stdout]   17:     0x6083696c037f - <std[617be2ca0a6fd877]::sys::thread::unix::Thread>::new::thread_start
[INFO] [stdout]   18:     0x742e07d2fdfa - <unknown>
[INFO] [stdout]   19:     0x742e07dc33d4 - clone
[INFO] [stdout]   20:                0x0 - <unknown>
[INFO] [stdout] 
[INFO] [stdout] ---- test_recursive_json_optional_inline_object_golden stdout ----
[INFO] [stdout] 
[INFO] [stdout] thread 'test_recursive_json_optional_inline_object_golden' (2538) panicked at tests/golden_tests_go_http.rs:35:5:
[INFO] [stdout] Could not find fixture: valid/recursive-json/optional-inline-object.yaml
[INFO] [stdout] stack backtrace:
[INFO] [stdout]    0:     0x6083696c1091 - <<std[617be2ca0a6fd877]::sys::backtrace::BacktraceLock>::print::DisplayBacktrace as core[a373ad73a504971]::fmt::Display>::fmt
[INFO] [stdout]    1:     0x6083696d86ba - core[a373ad73a504971]::fmt::write
[INFO] [stdout]    2:     0x6083696c55bc - <alloc[2e1b2a31b91974c5]::vec::Vec<u8> as core[a373ad73a504971]::io::write::Write>::write_fmt
[INFO] [stdout]    3:     0x60836969b6e6 - std[617be2ca0a6fd877]::panicking::default_hook::{closure#0}
[INFO] [stdout]    4:     0x6083696b86f9 - std[617be2ca0a6fd877]::panicking::default_hook
[INFO] [stdout]    5:     0x6083692f94c0 - test[aada8e7e76ba119b]::test_main_inner::{closure#0}
[INFO] [stdout]    6:     0x6083696b88b2 - std[617be2ca0a6fd877]::panicking::panic_with_hook
[INFO] [stdout]    7:     0x60836969b792 - std[617be2ca0a6fd877]::panicking::panic_handler::{closure#0}
[INFO] [stdout]    8:     0x608369694159 - std[617be2ca0a6fd877]::sys::backtrace::__rust_end_short_backtrace::<std[617be2ca0a6fd877]::panicking::panic_handler::{closure#0}, !>
[INFO] [stdout]    9:     0x60836969c39d - __rustc[ea4f61d10b84890b]::rust_begin_unwind
[INFO] [stdout]   10:     0x6083696d8e9c - core[a373ad73a504971]::panicking::panic_fmt
[INFO] [stdout]   11:     0x6083692a55e7 - golden_tests_go_http[6816f6f8c192b679]::run_golden_test
[INFO] [stdout]   12:     0x6083692aeb19 - <golden_tests_go_http[6816f6f8c192b679]::test_recursive_json_optional_inline_object_golden::{closure#0} as core[a373ad73a504971]::ops::function::FnOnce<()>>::call_once
[INFO] [stdout]   13:     0x6083692ec90b - test[aada8e7e76ba119b]::__rust_begin_short_backtrace::<core[a373ad73a504971]::result::Result<(), alloc[2e1b2a31b91974c5]::string::String>, fn() -> core[a373ad73a504971]::result::Result<(), alloc[2e1b2a31b91974c5]::string::String>>
[INFO] [stdout]   14:     0x6083692f9ae5 - test[aada8e7e76ba119b]::run_test::{closure#0}
[INFO] [stdout]   15:     0x6083692f33d4 - std[617be2ca0a6fd877]::sys::backtrace::__rust_begin_short_backtrace::<test[aada8e7e76ba119b]::run_test::{closure#1}, ()>
[INFO] [stdout]   16:     0x6083692fcb72 - <std[617be2ca0a6fd877]::thread::lifecycle::spawn_unchecked<test[aada8e7e76ba119b]::run_test::{closure#1}, ()>::{closure#1} as core[a373ad73a504971]::ops::function::FnOnce<()>>::call_once::{shim:vtable#0}
[INFO] [stdout]   17:     0x6083696c037f - <std[617be2ca0a6fd877]::sys::thread::unix::Thread>::new::thread_start
[INFO] [stdout]   18:     0x742e07d2fdfa - <unknown>
[INFO] [stdout]   19:     0x742e07dc33d4 - clone
[INFO] [stdout]   20:                0x0 - <unknown>
[INFO] [stdout] 
[INFO] [stdout] ---- test_response_body_no_response_body_golden stdout ----
[INFO] [stdout] 
[INFO] [stdout] thread 'test_response_body_no_response_body_golden' (2544) panicked at tests/golden_tests_go_http.rs:35:5:
[INFO] [stdout] Could not find fixture: valid/response-body/no-response-body.yaml
[INFO] [stdout] stack backtrace:
[INFO] [stdout]    0:     0x6083696c1091 - <<std[617be2ca0a6fd877]::sys::backtrace::BacktraceLock>::print::DisplayBacktrace as core[a373ad73a504971]::fmt::Display>::fmt
[INFO] [stdout]    1:     0x6083696d86ba - core[a373ad73a504971]::fmt::write
[INFO] [stdout]    2:     0x6083696c55bc - <alloc[2e1b2a31b91974c5]::vec::Vec<u8> as core[a373ad73a504971]::io::write::Write>::write_fmt
[INFO] [stdout]    3:     0x60836969b6e6 - std[617be2ca0a6fd877]::panicking::default_hook::{closure#0}
[INFO] [stdout]    4:     0x6083696b86f9 - std[617be2ca0a6fd877]::panicking::default_hook
[INFO] [stdout]    5:     0x6083692f94c0 - test[aada8e7e76ba119b]::test_main_inner::{closure#0}
[INFO] [stdout]    6:     0x6083696b88b2 - std[617be2ca0a6fd877]::panicking::panic_with_hook
[INFO] [stdout]    7:     0x60836969b792 - std[617be2ca0a6fd877]::panicking::panic_handler::{closure#0}
[INFO] [stdout]    8:     0x608369694159 - std[617be2ca0a6fd877]::sys::backtrace::__rust_end_short_backtrace::<std[617be2ca0a6fd877]::panicking::panic_handler::{closure#0}, !>
[INFO] [stdout]    9:     0x60836969c39d - __rustc[ea4f61d10b84890b]::rust_begin_unwind
[INFO] [stdout]   10:     0x6083696d8e9c - core[a373ad73a504971]::panicking::panic_fmt
[INFO] [stdout]   11:     0x6083692a55e7 - golden_tests_go_http[6816f6f8c192b679]::run_golden_test
[INFO] [stdout]   12:     0x6083692ac9e9 - <golden_tests_go_http[6816f6f8c192b679]::test_response_body_no_response_body_golden::{closure#0} as core[a373ad73a504971]::ops::function::FnOnce<()>>::call_once
[INFO] [stdout]   13:     0x6083692ec90b - test[aada8e7e76ba119b]::__rust_begin_short_backtrace::<core[a373ad73a504971]::result::Result<(), alloc[2e1b2a31b91974c5]::string::String>, fn() -> core[a373ad73a504971]::result::Result<(), alloc[2e1b2a31b91974c5]::string::String>>
[INFO] [stdout]   14:     0x6083692f9ae5 - test[aada8e7e76ba119b]::run_test::{closure#0}
[INFO] [stdout]   15:     0x6083692f33d4 - std[617be2ca0a6fd877]::sys::backtrace::__rust_begin_short_backtrace::<test[aada8e7e76ba119b]::run_test::{closure#1}, ()>
[INFO] [stdout]   16:     0x6083692fcb72 - <std[617be2ca0a6fd877]::thread::lifecycle::spawn_unchecked<test[aada8e7e76ba119b]::run_test::{closure#1}, ()>::{closure#1} as core[a373ad73a504971]::ops::function::FnOnce<()>>::call_once::{shim:vtable#0}
[INFO] [stdout]   17:     0x6083696c037f - <std[617be2ca0a6fd877]::sys::thread::unix::Thread>::new::thread_start
[INFO] [stdout]   18:     0x742e07d2fdfa - <unknown>
[INFO] [stdout]   19:     0x742e07dc33d4 - clone
[INFO] [stdout]   20:                0x0 - <unknown>
[INFO] [stdout] 
[INFO] [stdout] ---- test_type_aliases_intersection_with_nullable_reference_golden stdout ----
[INFO] [stdout] 
[INFO] [stdout] thread 'test_type_aliases_intersection_with_nullable_reference_golden' (2552) panicked at tests/golden_tests_go_http.rs:35:5:
[INFO] [stdout] Could not find fixture: valid/type-aliases/intersection-with-nullable-reference.yaml
[INFO] [stdout] stack backtrace:
[INFO] [stdout]    0:     0x6083696c1091 - <<std[617be2ca0a6fd877]::sys::backtrace::BacktraceLock>::print::DisplayBacktrace as core[a373ad73a504971]::fmt::Display>::fmt
[INFO] [stdout]    1:     0x6083696d86ba - core[a373ad73a504971]::fmt::write
[INFO] [stdout]    2:     0x6083696c55bc - <alloc[2e1b2a31b91974c5]::vec::Vec<u8> as core[a373ad73a504971]::io::write::Write>::write_fmt
[INFO] [stdout]    3:     0x60836969b6e6 - std[617be2ca0a6fd877]::panicking::default_hook::{closure#0}
[INFO] [stdout]    4:     0x6083696b86f9 - std[617be2ca0a6fd877]::panicking::default_hook
[INFO] [stdout]    5:     0x6083692f94c0 - test[aada8e7e76ba119b]::test_main_inner::{closure#0}
[INFO] [stdout]    6:     0x6083696b88b2 - std[617be2ca0a6fd877]::panicking::panic_with_hook
[INFO] [stdout]    7:     0x60836969b792 - std[617be2ca0a6fd877]::panicking::panic_handler::{closure#0}
[INFO] [stdout]    8:     0x608369694159 - std[617be2ca0a6fd877]::sys::backtrace::__rust_end_short_backtrace::<std[617be2ca0a6fd877]::panicking::panic_handler::{closure#0}, !>
[INFO] [stdout]    9:     0x60836969c39d - __rustc[ea4f61d10b84890b]::rust_begin_unwind
[INFO] [stdout]   10:     0x6083696d8e9c - core[a373ad73a504971]::panicking::panic_fmt
[INFO] [stdout]   11:     0x6083692a55e7 - golden_tests_go_http[6816f6f8c192b679]::run_golden_test
[INFO] [stdout]   12:     0x6083692b1f99 - <golden_tests_go_http[6816f6f8c192b679]::test_type_aliases_intersection_with_nullable_reference_golden::{closure#0} as core[a373ad73a504971]::ops::function::FnOnce<()>>::call_once
[INFO] [stdout]   13:     0x6083692ec90b - test[aada8e7e76ba119b]::__rust_begin_short_backtrace::<core[a373ad73a504971]::result::Result<(), alloc[2e1b2a31b91974c5]::string::String>, fn() -> core[a373ad73a504971]::result::Result<(), alloc[2e1b2a31b91974c5]::string::String>>
[INFO] [stdout]   14:     0x6083692f9ae5 - test[aada8e7e76ba119b]::run_test::{closure#0}
[INFO] [stdout]   15:     0x6083692f33d4 - std[617be2ca0a6fd877]::sys::backtrace::__rust_begin_short_backtrace::<test[aada8e7e76ba119b]::run_test::{closure#1}, ()>
[INFO] [stdout]   16:     0x6083692fcb72 - <std[617be2ca0a6fd877]::thread::lifecycle::spawn_unchecked<test[aada8e7e76ba119b]::run_test::{closure#1}, ()>::{closure#1} as core[a373ad73a504971]::ops::function::FnOnce<()>>::call_once::{shim:vtable#0}
[INFO] [stdout]   17:     0x6083696c037f - <std[617be2ca0a6fd877]::sys::thread::unix::Thread>::new::thread_start
[INFO] [stdout]   18:     0x742e07d2fdfa - <unknown>
[INFO] [stdout]   19:     0x742e07dc33d4 - clone
[INFO] [stdout]   20:                0x0 - <unknown>
[INFO] [stdout] 
[INFO] [stdout] ---- test_type_aliases_simple_type_alias_golden stdout ----
[INFO] [stdout] 
[INFO] [stdout] thread 'test_type_aliases_simple_type_alias_golden' (2554) panicked at tests/golden_tests_go_http.rs:35:5:
[INFO] [stdout] Could not find fixture: valid/type-aliases/simple-type-alias.yaml
[INFO] [stdout] stack backtrace:
[INFO] [stdout]    0:     0x6083696c1091 - <<std[617be2ca0a6fd877]::sys::backtrace::BacktraceLock>::print::DisplayBacktrace as core[a373ad73a504971]::fmt::Display>::fmt
[INFO] [stdout]    1:     0x6083696d86ba - core[a373ad73a504971]::fmt::write
[INFO] [stdout]    2:     0x6083696c55bc - <alloc[2e1b2a31b91974c5]::vec::Vec<u8> as core[a373ad73a504971]::io::write::Write>::write_fmt
[INFO] [stdout]    3:     0x60836969b6e6 - std[617be2ca0a6fd877]::panicking::default_hook::{closure#0}
[INFO] [stdout]    4:     0x6083696b86f9 - std[617be2ca0a6fd877]::panicking::default_hook
[INFO] [stdout]    5:     0x6083692f94c0 - test[aada8e7e76ba119b]::test_main_inner::{closure#0}
[INFO] [stdout]    6:     0x6083696b88b2 - std[617be2ca0a6fd877]::panicking::panic_with_hook
[INFO] [stdout]    7:     0x60836969b792 - std[617be2ca0a6fd877]::panicking::panic_handler::{closure#0}
[INFO] [stdout]    8:     0x608369694159 - std[617be2ca0a6fd877]::sys::backtrace::__rust_end_short_backtrace::<std[617be2ca0a6fd877]::panicking::panic_handler::{closure#0}, !>
[INFO] [stdout]    9:     0x60836969c39d - __rustc[ea4f61d10b84890b]::rust_begin_unwind
[INFO] [stdout]   10:     0x6083696d8e9c - core[a373ad73a504971]::panicking::panic_fmt
[INFO] [stdout]   11:     0x6083692a55e7 - golden_tests_go_http[6816f6f8c192b679]::run_golden_test
[INFO] [stdout]   12:     0x6083692acd79 - <golden_tests_go_http[6816f6f8c192b679]::test_type_aliases_simple_type_alias_golden::{closure#0} as core[a373ad73a504971]::ops::function::FnOnce<()>>::call_once
[INFO] [stdout]   13:     0x6083692ec90b - test[aada8e7e76ba119b]::__rust_begin_short_backtrace::<core[a373ad73a504971]::result::Result<(), alloc[2e1b2a31b91974c5]::string::String>, fn() -> core[a373ad73a504971]::result::Result<(), alloc[2e1b2a31b91974c5]::string::String>>
[INFO] [stdout]   14:     0x6083692f9ae5 - test[aada8e7e76ba119b]::run_test::{closure#0}
[INFO] [stdout]   15:     0x6083692f33d4 - std[617be2ca0a6fd877]::sys::backtrace::__rust_begin_short_backtrace::<test[aada8e7e76ba119b]::run_test::{closure#1}, ()>
[INFO] [stdout]   16:     0x6083692fcb72 - <std[617be2ca0a6fd877]::thread::lifecycle::spawn_unchecked<test[aada8e7e76ba119b]::run_test::{closure#1}, ()>::{closure#1} as core[a373ad73a504971]::ops::function::FnOnce<()>>::call_once::{shim:vtable#0}
[INFO] [stdout]   17:     0x6083696c037f - <std[617be2ca0a6fd877]::sys::thread::unix::Thread>::new::thread_start
[INFO] [stdout]   18:     0x742e07d2fdfa - <unknown>
[INFO] [stdout]   19:     0x742e07dc33d4 - clone
[INFO] [stdout]   20:                0x0 - <unknown>
[INFO] [stdout] 
[INFO] [stdout] ---- test_recursive_json_optional_array_of_referenced_types_golden stdout ----
[INFO] [stdout] 
[INFO] [stdout] thread 'test_recursive_json_optional_array_of_referenced_types_golden' (2537) panicked at tests/golden_tests_go_http.rs:35:5:
[INFO] [stdout] Could not find fixture: valid/recursive-json/optional-array-of-referenced-types.yaml
[INFO] [stdout] stack backtrace:
[INFO] [stdout]    0:     0x6083696c1091 - <<std[617be2ca0a6fd877]::sys::backtrace::BacktraceLock>::print::DisplayBacktrace as core[a373ad73a504971]::fmt::Display>::fmt
[INFO] [stdout]    1:     0x6083696d86ba - core[a373ad73a504971]::fmt::write
[INFO] [stdout]    2:     0x6083696c55bc - <alloc[2e1b2a31b91974c5]::vec::Vec<u8> as core[a373ad73a504971]::io::write::Write>::write_fmt
[INFO] [stdout]    3:     0x60836969b6e6 - std[617be2ca0a6fd877]::panicking::default_hook::{closure#0}
[INFO] [stdout]    4:     0x6083696b86f9 - std[617be2ca0a6fd877]::panicking::default_hook
[INFO] [stdout]    5:     0x6083692f94c0 - test[aada8e7e76ba119b]::test_main_inner::{closure#0}
[INFO] [stdout]    6:     0x6083696b88b2 - std[617be2ca0a6fd877]::panicking::panic_with_hook
[INFO] [stdout]    7:     0x60836969b792 - std[617be2ca0a6fd877]::panicking::panic_handler::{closure#0}
[INFO] [stdout]    8:     0x608369694159 - std[617be2ca0a6fd877]::sys::backtrace::__rust_end_short_backtrace::<std[617be2ca0a6fd877]::panicking::panic_handler::{closure#0}, !>
[INFO] [stdout]    9:     0x60836969c39d - __rustc[ea4f61d10b84890b]::rust_begin_unwind
[INFO] [stdout]   10:     0x6083696d8e9c - core[a373ad73a504971]::panicking::panic_fmt
[INFO] [stdout]   11:     0x6083692a55e7 - golden_tests_go_http[6816f6f8c192b679]::run_golden_test
[INFO] [stdout]   12:     0x6083692b1bd9 - <golden_tests_go_http[6816f6f8c192b679]::test_recursive_json_optional_array_of_referenced_types_golden::{closure#0} as core[a373ad73a504971]::ops::function::FnOnce<()>>::call_once
[INFO] [stdout]   13:     0x6083692ec90b - test[aada8e7e76ba119b]::__rust_begin_short_backtrace::<core[a373ad73a504971]::result::Result<(), alloc[2e1b2a31b91974c5]::string::String>, fn() -> core[a373ad73a504971]::result::Result<(), alloc[2e1b2a31b91974c5]::string::String>>
[INFO] [stdout]   14:     0x6083692f9ae5 - test[aada8e7e76ba119b]::run_test::{closure#0}
[INFO] [stdout]   15:     0x6083692f33d4 - std[617be2ca0a6fd877]::sys::backtrace::__rust_begin_short_backtrace::<test[aada8e7e76ba119b]::run_test::{closure#1}, ()>
[INFO] [stdout]   16:     0x6083692fcb72 - <std[617be2ca0a6fd877]::thread::lifecycle::spawn_unchecked<test[aada8e7e76ba119b]::run_test::{closure#1}, ()>::{closure#1} as core[a373ad73a504971]::ops::function::FnOnce<()>>::call_once::{shim:vtable#0}
[INFO] [stdout]   17:     0x6083696c037f - <std[617be2ca0a6fd877]::sys::thread::unix::Thread>::new::thread_start
[INFO] [stdout]   18:     0x742e07d2fdfa - <unknown>
[INFO] [stdout]   19:     0x742e07dc33d4 - clone
[INFO] [stdout]   20:                0x0 - <unknown>
[INFO] [stdout] 
[INFO] [stdout] ---- test_type_aliases_nested_union_golden stdout ----
[INFO] [stdout] 
[INFO] [stdout] thread 'test_type_aliases_nested_union_golden' (2553) panicked at tests/golden_tests_go_http.rs:35:5:
[INFO] [stdout] Could not find fixture: valid/type-aliases/nested-union.yaml
[INFO] [stdout] stack backtrace:
[INFO] [stdout]    0:     0x6083696c1091 - <<std[617be2ca0a6fd877]::sys::backtrace::BacktraceLock>::print::DisplayBacktrace as core[a373ad73a504971]::fmt::Display>::fmt
[INFO] [stdout]    1:     0x6083696d86ba - core[a373ad73a504971]::fmt::write
[INFO] [stdout]    2:     0x6083696c55bc - <alloc[2e1b2a31b91974c5]::vec::Vec<u8> as core[a373ad73a504971]::io::write::Write>::write_fmt
[INFO] [stdout]    3:     0x60836969b6e6 - std[617be2ca0a6fd877]::panicking::default_hook::{closure#0}
[INFO] [stdout]    4:     0x6083696b86f9 - std[617be2ca0a6fd877]::panicking::default_hook
[INFO] [stdout]    5:     0x6083692f94c0 - test[aada8e7e76ba119b]::test_main_inner::{closure#0}
[INFO] [stdout]    6:     0x6083696b88b2 - std[617be2ca0a6fd877]::panicking::panic_with_hook
[INFO] [stdout]    7:     0x60836969b792 - std[617be2ca0a6fd877]::panicking::panic_handler::{closure#0}
[INFO] [stdout]    8:     0x608369694159 - std[617be2ca0a6fd877]::sys::backtrace::__rust_end_short_backtrace::<std[617be2ca0a6fd877]::panicking::panic_handler::{closure#0}, !>
[INFO] [stdout]    9:     0x60836969c39d - __rustc[ea4f61d10b84890b]::rust_begin_unwind
[INFO] [stdout]   10:     0x6083696d8e9c - core[a373ad73a504971]::panicking::panic_fmt
[INFO] [stdout]   11:     0x6083692a55e7 - golden_tests_go_http[6816f6f8c192b679]::run_golden_test
[INFO] [stdout]   12:     0x6083692aad69 - <golden_tests_go_http[6816f6f8c192b679]::test_type_aliases_nested_union_golden::{closure#0} as core[a373ad73a504971]::ops::function::FnOnce<()>>::call_once
[INFO] [stdout]   13:     0x6083692ec90b - test[aada8e7e76ba119b]::__rust_begin_short_backtrace::<core[a373ad73a504971]::result::Result<(), alloc[2e1b2a31b91974c5]::string::String>, fn() -> core[a373ad73a504971]::result::Result<(), alloc[2e1b2a31b91974c5]::string::String>>
[INFO] [stdout]   14:     0x6083692f9ae5 - test[aada8e7e76ba119b]::run_test::{closure#0}
[INFO] [stdout]   15:     0x6083692f33d4 - std[617be2ca0a6fd877]::sys::backtrace::__rust_begin_short_backtrace::<test[aada8e7e76ba119b]::run_test::{closure#1}, ()>
[INFO] [stdout]   16:     0x6083692fcb72 - <std[617be2ca0a6fd877]::thread::lifecycle::spawn_unchecked<test[aada8e7e76ba119b]::run_test::{closure#1}, ()>::{closure#1} as core[a373ad73a504971]::ops::function::FnOnce<()>>::call_once::{shim:vtable#0}
[INFO] [stdout]   17:     0x6083696c037f - <std[617be2ca0a6fd877]::sys::thread::unix::Thread>::new::thread_start
[INFO] [stdout]   18:     0x742e07d2fdfa - <unknown>
[INFO] [stdout]   19:     0x742e07dc33d4 - clone
[INFO] [stdout]   20:                0x0 - <unknown>
[INFO] [stdout] 
[INFO] [stdout] ---- test_type_aliases_discriminated_union_internally_tagged_golden stdout ----
[INFO] [stdout] 
[INFO] [stdout] thread 'test_type_aliases_discriminated_union_internally_tagged_golden' (2548) panicked at tests/golden_tests_go_http.rs:35:5:
[INFO] [stdout] Could not find fixture: valid/type-aliases/discriminated-union-internally-tagged.yaml
[INFO] [stdout] stack backtrace:
[INFO] [stdout]    0:     0x6083696c1091 - <<std[617be2ca0a6fd877]::sys::backtrace::BacktraceLock>::print::DisplayBacktrace as core[a373ad73a504971]::fmt::Display>::fmt
[INFO] [stdout]    1:     0x6083696d86ba - core[a373ad73a504971]::fmt::write
[INFO] [stdout]    2:     0x6083696c55bc - <alloc[2e1b2a31b91974c5]::vec::Vec<u8> as core[a373ad73a504971]::io::write::Write>::write_fmt
[INFO] [stdout]    3:     0x60836969b6e6 - std[617be2ca0a6fd877]::panicking::default_hook::{closure#0}
[INFO] [stdout]    4:     0x6083696b86f9 - std[617be2ca0a6fd877]::panicking::default_hook
[INFO] [stdout]    5:     0x6083692f94c0 - test[aada8e7e76ba119b]::test_main_inner::{closure#0}
[INFO] [stdout]    6:     0x6083696b88b2 - std[617be2ca0a6fd877]::panicking::panic_with_hook
[INFO] [stdout]    7:     0x60836969b792 - std[617be2ca0a6fd877]::panicking::panic_handler::{closure#0}
[INFO] [stdout]    8:     0x608369694159 - std[617be2ca0a6fd877]::sys::backtrace::__rust_end_short_backtrace::<std[617be2ca0a6fd877]::panicking::panic_handler::{closure#0}, !>
[INFO] [stdout]    9:     0x60836969c39d - __rustc[ea4f61d10b84890b]::rust_begin_unwind
[INFO] [stdout]   10:     0x6083696d8e9c - core[a373ad73a504971]::panicking::panic_fmt
[INFO] [stdout]   11:     0x6083692a55e7 - golden_tests_go_http[6816f6f8c192b679]::run_golden_test
[INFO] [stdout]   12:     0x6083692b2359 - <golden_tests_go_http[6816f6f8c192b679]::test_type_aliases_discriminated_union_internally_tagged_golden::{closure#0} as core[a373ad73a504971]::ops::function::FnOnce<()>>::call_once
[INFO] [stdout]   13:     0x6083692ec90b - test[aada8e7e76ba119b]::__rust_begin_short_backtrace::<core[a373ad73a504971]::result::Result<(), alloc[2e1b2a31b91974c5]::string::String>, fn() -> core[a373ad73a504971]::result::Result<(), alloc[2e1b2a31b91974c5]::string::String>>
[INFO] [stdout]   14:     0x6083692f9ae5 - test[aada8e7e76ba119b]::run_test::{closure#0}
[INFO] [stdout]   15:     0x6083692f33d4 - std[617be2ca0a6fd877]::sys::backtrace::__rust_begin_short_backtrace::<test[aada8e7e76ba119b]::run_test::{closure#1}, ()>
[INFO] [stdout]   16:     0x6083692fcb72 - <std[617be2ca0a6fd877]::thread::lifecycle::spawn_unchecked<test[aada8e7e76ba119b]::run_test::{closure#1}, ()>::{closure#1} as core[a373ad73a504971]::ops::function::FnOnce<()>>::call_once::{shim:vtable#0}
[INFO] [stdout]   17:     0x6083696c037f - <std[617be2ca0a6fd877]::sys::thread::unix::Thread>::new::thread_start
[INFO] [stdout]   18:     0x742e07d2fdfa - <unknown>
[INFO] [stdout]   19:     0x742e07dc33d4 - clone
[INFO] [stdout]   20:                0x0 - <unknown>
[INFO] [stdout] 
[INFO] [stdout] ---- test_type_aliases_union_with_primitives_golden stdout ----
[INFO] [stdout] 
[INFO] [stdout] thread 'test_type_aliases_union_with_primitives_golden' (2559) panicked at tests/golden_tests_go_http.rs:35:5:
[INFO] [stdout] Could not find fixture: valid/type-aliases/union-with-primitives.yaml
[INFO] [stdout] stack backtrace:
[INFO] [stdout]    0:     0x6083696c1091 - <<std[617be2ca0a6fd877]::sys::backtrace::BacktraceLock>::print::DisplayBacktrace as core[a373ad73a504971]::fmt::Display>::fmt
[INFO] [stdout]    1:     0x6083696d86ba - core[a373ad73a504971]::fmt::write
[INFO] [stdout]    2:     0x6083696c55bc - <alloc[2e1b2a31b91974c5]::vec::Vec<u8> as core[a373ad73a504971]::io::write::Write>::write_fmt
[INFO] [stdout]    3:     0x60836969b6e6 - std[617be2ca0a6fd877]::panicking::default_hook::{closure#0}
[INFO] [stdout]    4:     0x6083696b86f9 - std[617be2ca0a6fd877]::panicking::default_hook
[INFO] [stdout]    5:     0x6083692f94c0 - test[aada8e7e76ba119b]::test_main_inner::{closure#0}
[INFO] [stdout]    6:     0x6083696b88b2 - std[617be2ca0a6fd877]::panicking::panic_with_hook
[INFO] [stdout]    7:     0x60836969b792 - std[617be2ca0a6fd877]::panicking::panic_handler::{closure#0}
[INFO] [stdout]    8:     0x608369694159 - std[617be2ca0a6fd877]::sys::backtrace::__rust_end_short_backtrace::<std[617be2ca0a6fd877]::panicking::panic_handler::{closure#0}, !>
[INFO] [stdout]    9:     0x60836969c39d - __rustc[ea4f61d10b84890b]::rust_begin_unwind
[INFO] [stdout]   10:     0x6083696d8e9c - core[a373ad73a504971]::panicking::panic_fmt
[INFO] [stdout]   11:     0x6083692a55e7 - golden_tests_go_http[6816f6f8c192b679]::run_golden_test
[INFO] [stdout]   12:     0x6083692adc19 - <golden_tests_go_http[6816f6f8c192b679]::test_type_aliases_union_with_primitives_golden::{closure#0} as core[a373ad73a504971]::ops::function::FnOnce<()>>::call_once
[INFO] [stdout]   13:     0x6083692ec90b - test[aada8e7e76ba119b]::__rust_begin_short_backtrace::<core[a373ad73a504971]::result::Result<(), alloc[2e1b2a31b91974c5]::string::String>, fn() -> core[a373ad73a504971]::result::Result<(), alloc[2e1b2a31b91974c5]::string::String>>
[INFO] [stdout]   14:     0x6083692f9ae5 - test[aada8e7e76ba119b]::run_test::{closure#0}
[INFO] [stdout]   15:     0x6083692f33d4 - std[617be2ca0a6fd877]::sys::backtrace::__rust_begin_short_backtrace::<test[aada8e7e76ba119b]::run_test::{closure#1}, ()>
[INFO] [stdout]   16:     0x6083692fcb72 - <std[617be2ca0a6fd877]::thread::lifecycle::spawn_unchecked<test[aada8e7e76ba119b]::run_test::{closure#1}, ()>::{closure#1} as core[a373ad73a504971]::ops::function::FnOnce<()>>::call_once::{shim:vtable#0}
[INFO] [stdout]   17:     0x6083696c037f - <std[617be2ca0a6fd877]::sys::thread::unix::Thread>::new::thread_start
[INFO] [stdout]   18:     0x742e07d2fdfa - <unknown>
[INFO] [stdout]   19:     0x742e07dc33d4 - clone
[INFO] [stdout]   20:                0x0 - <unknown>
[INFO] [stdout] 
[INFO] [stdout] ---- test_response_body_default_and_exact_golden stdout ----
[INFO] [stdout] 
[INFO] [stdout] thread 'test_response_body_default_and_exact_golden' (2541) panicked at tests/golden_tests_go_http.rs:35:5:
[INFO] [stdout] Could not find fixture: valid/response-body/default-and-exact.yaml
[INFO] [stdout] stack backtrace:
[INFO] [stdout]    0:     0x6083696c1091 - <<std[617be2ca0a6fd877]::sys::backtrace::BacktraceLock>::print::DisplayBacktrace as core[a373ad73a504971]::fmt::Display>::fmt
[INFO] [stdout]    1:     0x6083696d86ba - core[a373ad73a504971]::fmt::write
[INFO] [stdout]    2:     0x6083696c55bc - <alloc[2e1b2a31b91974c5]::vec::Vec<u8> as core[a373ad73a504971]::io::write::Write>::write_fmt
[INFO] [stdout]    3:     0x60836969b6e6 - std[617be2ca0a6fd877]::panicking::default_hook::{closure#0}
[INFO] [stdout]    4:     0x6083696b86f9 - std[617be2ca0a6fd877]::panicking::default_hook
[INFO] [stdout]    5:     0x6083692f94c0 - test[aada8e7e76ba119b]::test_main_inner::{closure#0}
[INFO] [stdout]    6:     0x6083696b88b2 - std[617be2ca0a6fd877]::panicking::panic_with_hook
[INFO] [stdout]    7:     0x60836969b792 - std[617be2ca0a6fd877]::panicking::panic_handler::{closure#0}
[INFO] [stdout]    8:     0x608369694159 - std[617be2ca0a6fd877]::sys::backtrace::__rust_end_short_backtrace::<std[617be2ca0a6fd877]::panicking::panic_handler::{closure#0}, !>
[INFO] [stdout]    9:     0x60836969c39d - __rustc[ea4f61d10b84890b]::rust_begin_unwind
[INFO] [stdout]   10:     0x6083696d8e9c - core[a373ad73a504971]::panicking::panic_fmt
[INFO] [stdout]   11:     0x6083692a55e7 - golden_tests_go_http[6816f6f8c192b679]::run_golden_test
[INFO] [stdout]   12:     0x6083692ad109 - <golden_tests_go_http[6816f6f8c192b679]::test_response_body_default_and_exact_golden::{closure#0} as core[a373ad73a504971]::ops::function::FnOnce<()>>::call_once
[INFO] [stdout]   13:     0x6083692ec90b - test[aada8e7e76ba119b]::__rust_begin_short_backtrace::<core[a373ad73a504971]::result::Result<(), alloc[2e1b2a31b91974c5]::string::String>, fn() -> core[a373ad73a504971]::result::Result<(), alloc[2e1b2a31b91974c5]::string::String>>
[INFO] [stdout]   14:     0x6083692f9ae5 - test[aada8e7e76ba119b]::run_test::{closure#0}
[INFO] [stdout]   15:     0x6083692f33d4 - std[617be2ca0a6fd877]::sys::backtrace::__rust_begin_short_backtrace::<test[aada8e7e76ba119b]::run_test::{closure#1}, ()>
[INFO] [stdout]   16:     0x6083692fcb72 - <std[617be2ca0a6fd877]::thread::lifecycle::spawn_unchecked<test[aada8e7e76ba119b]::run_test::{closure#1}, ()>::{closure#1} as core[a373ad73a504971]::ops::function::FnOnce<()>>::call_once::{shim:vtable#0}
[INFO] [stdout]   17:     0x6083696c037f - <std[617be2ca0a6fd877]::sys::thread::unix::Thread>::new::thread_start
[INFO] [stdout]   18:     0x742e07d2fdfa - <unknown>
[INFO] [stdout]   19:     0x742e07dc33d4 - clone
[INFO] [stdout]   20:                0x0 - <unknown>
[INFO] [stdout] 
[INFO] [stdout] ---- test_type_aliases_union_mixed_golden stdout ----
[INFO] [stdout] 
[INFO] [stdout] thread 'test_type_aliases_union_mixed_golden' (2555) panicked at tests/golden_tests_go_http.rs:35:5:
[INFO] [stdout] Could not find fixture: valid/type-aliases/union-mixed.yaml
[INFO] [stdout] stack backtrace:
[INFO] [stdout]    0:     0x6083696c1091 - <<std[617be2ca0a6fd877]::sys::backtrace::BacktraceLock>::print::DisplayBacktrace as core[a373ad73a504971]::fmt::Display>::fmt
[INFO] [stdout]    1:     0x6083696d86ba - core[a373ad73a504971]::fmt::write
[INFO] [stdout]    2:     0x6083696c55bc - <alloc[2e1b2a31b91974c5]::vec::Vec<u8> as core[a373ad73a504971]::io::write::Write>::write_fmt
[INFO] [stdout]    3:     0x60836969b6e6 - std[617be2ca0a6fd877]::panicking::default_hook::{closure#0}
[INFO] [stdout]    4:     0x6083696b86f9 - std[617be2ca0a6fd877]::panicking::default_hook
[INFO] [stdout]    5:     0x6083692f94c0 - test[aada8e7e76ba119b]::test_main_inner::{closure#0}
[INFO] [stdout]    6:     0x6083696b88b2 - std[617be2ca0a6fd877]::panicking::panic_with_hook
[INFO] [stdout]    7:     0x60836969b792 - std[617be2ca0a6fd877]::panicking::panic_handler::{closure#0}
[INFO] [stdout]    8:     0x608369694159 - std[617be2ca0a6fd877]::sys::backtrace::__rust_end_short_backtrace::<std[617be2ca0a6fd877]::panicking::panic_handler::{closure#0}, !>
[INFO] [stdout]    9:     0x60836969c39d - __rustc[ea4f61d10b84890b]::rust_begin_unwind
[INFO] [stdout]   10:     0x6083696d8e9c - core[a373ad73a504971]::panicking::panic_fmt
[INFO] [stdout]   11:     0x6083692a55e7 - golden_tests_go_http[6816f6f8c192b679]::run_golden_test
[INFO] [stdout]   12:     0x6083692aa9d9 - <golden_tests_go_http[6816f6f8c192b679]::test_type_aliases_union_mixed_golden::{closure#0} as core[a373ad73a504971]::ops::function::FnOnce<()>>::call_once
[INFO] [stdout]   13:     0x6083692ec90b - test[aada8e7e76ba119b]::__rust_begin_short_backtrace::<core[a373ad73a504971]::result::Result<(), alloc[2e1b2a31b91974c5]::string::String>, fn() -> core[a373ad73a504971]::result::Result<(), alloc[2e1b2a31b91974c5]::string::String>>
[INFO] [stdout]   14:     0x6083692f9ae5 - test[aada8e7e76ba119b]::run_test::{closure#0}
[INFO] [stdout]   15:     0x6083692f33d4 - std[617be2ca0a6fd877]::sys::backtrace::__rust_begin_short_backtrace::<test[aada8e7e76ba119b]::run_test::{closure#1}, ()>
[INFO] [stdout]   16:     0x6083692fcb72 - <std[617be2ca0a6fd877]::thread::lifecycle::spawn_unchecked<test[aada8e7e76ba119b]::run_test::{closure#1}, ()>::{closure#1} as core[a373ad73a504971]::ops::function::FnOnce<()>>::call_once::{shim:vtable#0}
[INFO] [stdout]   17:     0x6083696c037f - <std[617be2ca0a6fd877]::sys::thread::unix::Thread>::new::thread_start
[INFO] [stdout]   18:     0x742e07d2fdfa - <unknown>
[INFO] [stdout]   19:     0x742e07dc33d4 - clone
[INFO] [stdout]   20:                0x0 - <unknown>
[INFO] [stdout] 
[INFO] [stdout] ---- test_recursive_json_inline_object_with_array_golden stdout ----
[INFO] [stdout] 
[INFO] [stdout] thread 'test_recursive_json_inline_object_with_array_golden' (2533) panicked at tests/golden_tests_go_http.rs:35:5:
[INFO] [stdout] Could not find fixture: valid/recursive-json/inline-object-with-array.yaml
[INFO] [stdout] stack backtrace:
[INFO] [stdout]    0:     0x6083696c1091 - <<std[617be2ca0a6fd877]::sys::backtrace::BacktraceLock>::print::DisplayBacktrace as core[a373ad73a504971]::fmt::Display>::fmt
[INFO] [stdout]    1:     0x6083696d86ba - core[a373ad73a504971]::fmt::write
[INFO] [stdout]    2:     0x6083696c55bc - <alloc[2e1b2a31b91974c5]::vec::Vec<u8> as core[a373ad73a504971]::io::write::Write>::write_fmt
[INFO] [stdout]    3:     0x60836969b6e6 - std[617be2ca0a6fd877]::panicking::default_hook::{closure#0}
[INFO] [stdout]    4:     0x6083696b86f9 - std[617be2ca0a6fd877]::panicking::default_hook
[INFO] [stdout]    5:     0x6083692f94c0 - test[aada8e7e76ba119b]::test_main_inner::{closure#0}
[INFO] [stdout]    6:     0x6083696b88b2 - std[617be2ca0a6fd877]::panicking::panic_with_hook
[INFO] [stdout]    7:     0x60836969b792 - std[617be2ca0a6fd877]::panicking::panic_handler::{closure#0}
[INFO] [stdout]    8:     0x608369694159 - std[617be2ca0a6fd877]::sys::backtrace::__rust_end_short_backtrace::<std[617be2ca0a6fd877]::panicking::panic_handler::{closure#0}, !>
[INFO] [stdout]    9:     0x60836969c39d - __rustc[ea4f61d10b84890b]::rust_begin_unwind
[INFO] [stdout]   10:     0x6083696d8e9c - core[a373ad73a504971]::panicking::panic_fmt
[INFO] [stdout]   11:     0x6083692a55e7 - golden_tests_go_http[6816f6f8c192b679]::run_golden_test
[INFO] [stdout]   12:     0x6083692b0199 - <golden_tests_go_http[6816f6f8c192b679]::test_recursive_json_inline_object_with_array_golden::{closure#0} as core[a373ad73a504971]::ops::function::FnOnce<()>>::call_once
[INFO] [stdout]   13:     0x6083692ec90b - test[aada8e7e76ba119b]::__rust_begin_short_backtrace::<core[a373ad73a504971]::result::Result<(), alloc[2e1b2a31b91974c5]::string::String>, fn() -> core[a373ad73a504971]::result::Result<(), alloc[2e1b2a31b91974c5]::string::String>>
[INFO] [stdout]   14:     0x6083692f9ae5 - test[aada8e7e76ba119b]::run_test::{closure#0}
[INFO] [stdout]   15:     0x6083692f33d4 - std[617be2ca0a6fd877]::sys::backtrace::__rust_begin_short_backtrace::<test[aada8e7e76ba119b]::run_test::{closure#1}, ()>
[INFO] [stdout]   16:     0x6083692fcb72 - <std[617be2ca0a6fd877]::thread::lifecycle::spawn_unchecked<test[aada8e7e76ba119b]::run_test::{closure#1}, ()>::{closure#1} as core[a373ad73a504971]::ops::function::FnOnce<()>>::call_once::{shim:vtable#0}
[INFO] [stdout]   17:     0x6083696c037f - <std[617be2ca0a6fd877]::sys::thread::unix::Thread>::new::thread_start
[INFO] [stdout]   18:     0x742e07d2fdfa - <unknown>
[INFO] [stdout]   19:     0x742e07dc33d4 - clone
[INFO] [stdout]   20:                0x0 - <unknown>
[INFO] [stdout] 
[INFO] [stdout] ---- test_recursive_json_primitive_array_golden stdout ----
[INFO] [stdout] 
[INFO] [stdout] thread 'test_recursive_json_primitive_array_golden' (2540) panicked at tests/golden_tests_go_http.rs:35:5:
[INFO] [stdout] Could not find fixture: valid/recursive-json/primitive-array.yaml
[INFO] [stdout] stack backtrace:
[INFO] [stdout]    0:     0x6083696c1091 - <<std[617be2ca0a6fd877]::sys::backtrace::BacktraceLock>::print::DisplayBacktrace as core[a373ad73a504971]::fmt::Display>::fmt
[INFO] [stdout]    1:     0x6083696d86ba - core[a373ad73a504971]::fmt::write
[INFO] [stdout]    2:     0x6083696c55bc - <alloc[2e1b2a31b91974c5]::vec::Vec<u8> as core[a373ad73a504971]::io::write::Write>::write_fmt
[INFO] [stdout]    3:     0x60836969b6e6 - std[617be2ca0a6fd877]::panicking::default_hook::{closure#0}
[INFO] [stdout]    4:     0x6083696b86f9 - std[617be2ca0a6fd877]::panicking::default_hook
[INFO] [stdout]    5:     0x6083692f94c0 - test[aada8e7e76ba119b]::test_main_inner::{closure#0}
[INFO] [stdout]    6:     0x6083696b88b2 - std[617be2ca0a6fd877]::panicking::panic_with_hook
[INFO] [stdout]    7:     0x60836969b792 - std[617be2ca0a6fd877]::panicking::panic_handler::{closure#0}
[INFO] [stdout]    8:     0x608369694159 - std[617be2ca0a6fd877]::sys::backtrace::__rust_end_short_backtrace::<std[617be2ca0a6fd877]::panicking::panic_handler::{closure#0}, !>
[INFO] [stdout]    9:     0x60836969c39d - __rustc[ea4f61d10b84890b]::rust_begin_unwind
[INFO] [stdout]   10:     0x6083696d8e9c - core[a373ad73a504971]::panicking::panic_fmt
[INFO] [stdout]   11:     0x6083692a55e7 - golden_tests_go_http[6816f6f8c192b679]::run_golden_test
[INFO] [stdout]   12:     0x6083692ac659 - <golden_tests_go_http[6816f6f8c192b679]::test_recursive_json_primitive_array_golden::{closure#0} as core[a373ad73a504971]::ops::function::FnOnce<()>>::call_once
[INFO] [stdout]   13:     0x6083692ec90b - test[aada8e7e76ba119b]::__rust_begin_short_backtrace::<core[a373ad73a504971]::result::Result<(), alloc[2e1b2a31b91974c5]::string::String>, fn() -> core[a373ad73a504971]::result::Result<(), alloc[2e1b2a31b91974c5]::string::String>>
[INFO] [stdout]   14:     0x6083692f9ae5 - test[aada8e7e76ba119b]::run_test::{closure#0}
[INFO] [stdout]   15:     0x6083692f33d4 - std[617be2ca0a6fd877]::sys::backtrace::__rust_begin_short_backtrace::<test[aada8e7e76ba119b]::run_test::{closure#1}, ()>
[INFO] [stdout]   16:     0x6083692fcb72 - <std[617be2ca0a6fd877]::thread::lifecycle::spawn_unchecked<test[aada8e7e76ba119b]::run_test::{closure#1}, ()>::{closure#1} as core[a373ad73a504971]::ops::function::FnOnce<()>>::call_once::{shim:vtable#0}
[INFO] [stdout]   17:     0x6083696c037f - <std[617be2ca0a6fd877]::sys::thread::unix::Thread>::new::thread_start
[INFO] [stdout]   18:     0x742e07d2fdfa - <unknown>
[INFO] [stdout]   19:     0x742e07dc33d4 - clone
[INFO] [stdout]   20:                0x0 - <unknown>
[INFO] [stdout] 
[INFO] [stdout] ---- test_type_aliases_discriminated_union_with_refs_golden stdout ----
[INFO] [stdout] 
[INFO] [stdout] thread 'test_type_aliases_discriminated_union_with_refs_golden' (2550) panicked at tests/golden_tests_go_http.rs:35:5:
[INFO] [stdout] Could not find fixture: valid/type-aliases/discriminated-union-with-refs.yaml
[INFO] [stdout] stack backtrace:
[INFO] [stdout]    0:     0x6083696c1091 - <<std[617be2ca0a6fd877]::sys::backtrace::BacktraceLock>::print::DisplayBacktrace as core[a373ad73a504971]::fmt::Display>::fmt
[INFO] [stdout]    1:     0x6083696d86ba - core[a373ad73a504971]::fmt::write
[INFO] [stdout]    2:     0x6083696c55bc - <alloc[2e1b2a31b91974c5]::vec::Vec<u8> as core[a373ad73a504971]::io::write::Write>::write_fmt
[INFO] [stdout]    3:     0x60836969b6e6 - std[617be2ca0a6fd877]::panicking::default_hook::{closure#0}
[INFO] [stdout]    4:     0x6083696b86f9 - std[617be2ca0a6fd877]::panicking::default_hook
[INFO] [stdout]    5:     0x6083692f94c0 - test[aada8e7e76ba119b]::test_main_inner::{closure#0}
[INFO] [stdout]    6:     0x6083696b88b2 - std[617be2ca0a6fd877]::panicking::panic_with_hook
[INFO] [stdout]    7:     0x60836969b792 - std[617be2ca0a6fd877]::panicking::panic_handler::{closure#0}
[INFO] [stdout]    8:     0x608369694159 - std[617be2ca0a6fd877]::sys::backtrace::__rust_end_short_backtrace::<std[617be2ca0a6fd877]::panicking::panic_handler::{closure#0}, !>
[INFO] [stdout]    9:     0x60836969c39d - __rustc[ea4f61d10b84890b]::rust_begin_unwind
[INFO] [stdout]   10:     0x6083696d8e9c - core[a373ad73a504971]::panicking::panic_fmt
[INFO] [stdout]   11:     0x6083692a55e7 - golden_tests_go_http[6816f6f8c192b679]::run_golden_test
[INFO] [stdout]   12:     0x6083692b0cd9 - <golden_tests_go_http[6816f6f8c192b679]::test_type_aliases_discriminated_union_with_refs_golden::{closure#0} as core[a373ad73a504971]::ops::function::FnOnce<()>>::call_once
[INFO] [stdout]   13:     0x6083692ec90b - test[aada8e7e76ba119b]::__rust_begin_short_backtrace::<core[a373ad73a504971]::result::Result<(), alloc[2e1b2a31b91974c5]::string::String>, fn() -> core[a373ad73a504971]::result::Result<(), alloc[2e1b2a31b91974c5]::string::String>>
[INFO] [stdout]   14:     0x6083692f9ae5 - test[aada8e7e76ba119b]::run_test::{closure#0}
[INFO] [stdout]   15:     0x6083692f33d4 - std[617be2ca0a6fd877]::sys::backtrace::__rust_begin_short_backtrace::<test[aada8e7e76ba119b]::run_test::{closure#1}, ()>
[INFO] [stdout]   16:     0x6083692fcb72 - <std[617be2ca0a6fd877]::thread::lifecycle::spawn_unchecked<test[aada8e7e76ba119b]::run_test::{closure#1}, ()>::{closure#1} as core[a373ad73a504971]::ops::function::FnOnce<()>>::call_once::{shim:vtable#0}
[INFO] [stdout]   17:     0x6083696c037f - <std[617be2ca0a6fd877]::sys::thread::unix::Thread>::new::thread_start
[INFO] [stdout]   18:     0x742e07d2fdfa - <unknown>
[INFO] [stdout]   19:     0x742e07dc33d4 - clone
[INFO] [stdout]   20:                0x0 - <unknown>
[INFO] [stdout] 
[INFO] [stdout] ---- test_type_aliases_union_with_inline_objects_golden stdout ----
[INFO] [stdout] 
[INFO] [stdout] thread 'test_type_aliases_union_with_inline_objects_golden' (2557) panicked at tests/golden_tests_go_http.rs:35:5:
[INFO] [stdout] Could not find fixture: valid/type-aliases/union-with-inline-objects.yaml
[INFO] [stdout] stack backtrace:
[INFO] [stdout]    0:     0x6083696c1091 - <<std[617be2ca0a6fd877]::sys::backtrace::BacktraceLock>::print::DisplayBacktrace as core[a373ad73a504971]::fmt::Display>::fmt
[INFO] [stdout]    1:     0x6083696d86ba - core[a373ad73a504971]::fmt::write
[INFO] [stdout]    2:     0x6083696c55bc - <alloc[2e1b2a31b91974c5]::vec::Vec<u8> as core[a373ad73a504971]::io::write::Write>::write_fmt
[INFO] [stdout]    3:     0x60836969b6e6 - std[617be2ca0a6fd877]::panicking::default_hook::{closure#0}
[INFO] [stdout]    4:     0x6083696b86f9 - std[617be2ca0a6fd877]::panicking::default_hook
[INFO] [stdout]    5:     0x6083692f94c0 - test[aada8e7e76ba119b]::test_main_inner::{closure#0}
[INFO] [stdout]    6:     0x6083696b88b2 - std[617be2ca0a6fd877]::panicking::panic_with_hook
[INFO] [stdout]    7:     0x60836969b792 - std[617be2ca0a6fd877]::panicking::panic_handler::{closure#0}
[INFO] [stdout]    8:     0x608369694159 - std[617be2ca0a6fd877]::sys::backtrace::__rust_end_short_backtrace::<std[617be2ca0a6fd877]::panicking::panic_handler::{closure#0}, !>
[INFO] [stdout]    9:     0x60836969c39d - __rustc[ea4f61d10b84890b]::rust_begin_unwind
[INFO] [stdout]   10:     0x6083696d8e9c - core[a373ad73a504971]::panicking::panic_fmt
[INFO] [stdout]   11:     0x6083692a55e7 - golden_tests_go_http[6816f6f8c192b679]::run_golden_test
[INFO] [stdout]   12:     0x6083692afdd9 - <golden_tests_go_http[6816f6f8c192b679]::test_type_aliases_union_with_inline_objects_golden::{closure#0} as core[a373ad73a504971]::ops::function::FnOnce<()>>::call_once
[INFO] [stdout]   13:     0x6083692ec90b - test[aada8e7e76ba119b]::__rust_begin_short_backtrace::<core[a373ad73a504971]::result::Result<(), alloc[2e1b2a31b91974c5]::string::String>, fn() -> core[a373ad73a504971]::result::Result<(), alloc[2e1b2a31b91974c5]::string::String>>
[INFO] [stdout]   14:     0x6083692f9ae5 - test[aada8e7e76ba119b]::run_test::{closure#0}
[INFO] [stdout]   15:     0x6083692f33d4 - std[617be2ca0a6fd877]::sys::backtrace::__rust_begin_short_backtrace::<test[aada8e7e76ba119b]::run_test::{closure#1}, ()>
[INFO] [stdout]   16:     0x6083692fcb72 - <std[617be2ca0a6fd877]::thread::lifecycle::spawn_unchecked<test[aada8e7e76ba119b]::run_test::{closure#1}, ()>::{closure#1} as core[a373ad73a504971]::ops::function::FnOnce<()>>::call_once::{shim:vtable#0}
[INFO] [stdout]   17:     0x6083696c037f - <std[617be2ca0a6fd877]::sys::thread::unix::Thread>::new::thread_start
[INFO] [stdout]   18:     0x742e07d2fdfa - <unknown>
[INFO] [stdout]   19:     0x742e07dc33d4 - clone
[INFO] [stdout]   20:                0x0 - <unknown>
[INFO] [stdout] 
[INFO] [stdout] ---- test_type_aliases_union_with_interfaces_golden stdout ----
[INFO] [stdout] 
[INFO] [stdout] thread 'test_type_aliases_union_with_interfaces_golden' (2558) panicked at tests/golden_tests_go_http.rs:35:5:
[INFO] [stdout] Could not find fixture: valid/type-aliases/union-with-interfaces.yaml
[INFO] [stdout] stack backtrace:
[INFO] [stdout]    0:     0x6083696c1091 - <<std[617be2ca0a6fd877]::sys::backtrace::BacktraceLock>::print::DisplayBacktrace as core[a373ad73a504971]::fmt::Display>::fmt
[INFO] [stdout]    1:     0x6083696d86ba - core[a373ad73a504971]::fmt::write
[INFO] [stdout]    2:     0x6083696c55bc - <alloc[2e1b2a31b91974c5]::vec::Vec<u8> as core[a373ad73a504971]::io::write::Write>::write_fmt
[INFO] [stdout]    3:     0x60836969b6e6 - std[617be2ca0a6fd877]::panicking::default_hook::{closure#0}
[INFO] [stdout]    4:     0x6083696b86f9 - std[617be2ca0a6fd877]::panicking::default_hook
[INFO] [stdout]    5:     0x6083692f94c0 - test[aada8e7e76ba119b]::test_main_inner::{closure#0}
[INFO] [stdout]    6:     0x6083696b88b2 - std[617be2ca0a6fd877]::panicking::panic_with_hook
[INFO] [stdout]    7:     0x60836969b792 - std[617be2ca0a6fd877]::panicking::panic_handler::{closure#0}
[INFO] [stdout]    8:     0x608369694159 - std[617be2ca0a6fd877]::sys::backtrace::__rust_end_short_backtrace::<std[617be2ca0a6fd877]::panicking::panic_handler::{closure#0}, !>
[INFO] [stdout]    9:     0x60836969c39d - __rustc[ea4f61d10b84890b]::rust_begin_unwind
[INFO] [stdout]   10:     0x6083696d8e9c - core[a373ad73a504971]::panicking::panic_fmt
[INFO] [stdout]   11:     0x6083692a55e7 - golden_tests_go_http[6816f6f8c192b679]::run_golden_test
[INFO] [stdout]   12:     0x6083692ad859 - <golden_tests_go_http[6816f6f8c192b679]::test_type_aliases_union_with_interfaces_golden::{closure#0} as core[a373ad73a504971]::ops::function::FnOnce<()>>::call_once
[INFO] [stdout]   13:     0x6083692ec90b - test[aada8e7e76ba119b]::__rust_begin_short_backtrace::<core[a373ad73a504971]::result::Result<(), alloc[2e1b2a31b91974c5]::string::String>, fn() -> core[a373ad73a504971]::result::Result<(), alloc[2e1b2a31b91974c5]::string::String>>
[INFO] [stdout]   14:     0x6083692f9ae5 - test[aada8e7e76ba119b]::run_test::{closure#0}
[INFO] [stdout]   15:     0x6083692f33d4 - std[617be2ca0a6fd877]::sys::backtrace::__rust_begin_short_backtrace::<test[aada8e7e76ba119b]::run_test::{closure#1}, ()>
[INFO] [stdout]   16:     0x6083692fcb72 - <std[617be2ca0a6fd877]::thread::lifecycle::spawn_unchecked<test[aada8e7e76ba119b]::run_test::{closure#1}, ()>::{closure#1} as core[a373ad73a504971]::ops::function::FnOnce<()>>::call_once::{shim:vtable#0}
[INFO] [stdout]   17:     0x6083696c037f - <std[617be2ca0a6fd877]::sys::thread::unix::Thread>::new::thread_start
[INFO] [stdout]   18:     0x742e07d2fdfa - <unknown>
[INFO] [stdout]   19:     0x742e07dc33d4 - clone
[INFO] [stdout]   20:                0x0 - <unknown>
[INFO] [stdout] 
[INFO] [stdout] 
[INFO] [stdout] failures:
[INFO] [stdout]     test_additional_properties_golden
[INFO] [stdout]     test_comprehensive_schemas_golden
[INFO] [stdout]     test_delete_with_response_schema_golden
[INFO] [stdout]     test_duplicate_param_names_golden
[INFO] [stdout]     test_enum_repr_golden
[INFO] [stdout]     test_interface_with_enum_reference_golden
[INFO] [stdout]     test_minimal_golden
[INFO] [stdout]     test_naming_conventions_golden
[INFO] [stdout]     test_petstore_golden
[INFO] [stdout]     test_query_param_enum_golden
[INFO] [stdout]     test_recursive_json_all_optional_properties_golden
[INFO] [stdout]     test_recursive_json_array_of_inline_objects_golden
[INFO] [stdout]     test_recursive_json_array_of_referenced_types_golden
[INFO] [stdout]     test_recursive_json_array_with_reference_property_golden
[INFO] [stdout]     test_recursive_json_complex_array_structure_golden
[INFO] [stdout]     test_recursive_json_deeply_nested_inline_golden
[INFO] [stdout]     test_recursive_json_empty_array_golden
[INFO] [stdout]     test_recursive_json_inline_object_golden
[INFO] [stdout]     test_recursive_json_inline_object_with_array_golden
[INFO] [stdout]     test_recursive_json_mixed_property_types_golden
[INFO] [stdout]     test_recursive_json_nested_object_reference_golden
[INFO] [stdout]     test_recursive_json_optional_array_of_inline_objects_golden
[INFO] [stdout]     test_recursive_json_optional_array_of_referenced_types_golden
[INFO] [stdout]     test_recursive_json_optional_inline_object_golden
[INFO] [stdout]     test_recursive_json_optional_nested_object_reference_golden
[INFO] [stdout]     test_recursive_json_primitive_array_golden
[INFO] [stdout]     test_response_body_default_and_exact_golden
[INFO] [stdout]     test_response_body_fallback_golden
[INFO] [stdout]     test_response_body_multi_status_responses_golden
[INFO] [stdout]     test_response_body_no_response_body_golden
[INFO] [stdout]     test_server_object_golden
[INFO] [stdout]     test_type_aliases_complex_union_golden
[INFO] [stdout]     test_type_aliases_discriminated_union_inline_discriminator_only_golden
[INFO] [stdout]     test_type_aliases_discriminated_union_internally_tagged_golden
[INFO] [stdout]     test_type_aliases_discriminated_union_multiple_golden
[INFO] [stdout]     test_type_aliases_discriminated_union_with_refs_golden
[INFO] [stdout]     test_type_aliases_intersection_allof_golden
[INFO] [stdout]     test_type_aliases_intersection_with_nullable_reference_golden
[INFO] [stdout]     test_type_aliases_nested_union_golden
[INFO] [stdout]     test_type_aliases_simple_type_alias_golden
[INFO] [stdout]     test_type_aliases_union_mixed_golden
[INFO] [stdout]     test_type_aliases_union_with_any_golden
[INFO] [stdout]     test_type_aliases_union_with_inline_objects_golden
[INFO] [stdout]     test_type_aliases_union_with_interfaces_golden
[INFO] [stdout]     test_type_aliases_union_with_primitives_golden
[INFO] [stdout] 
[INFO] [stdout] test result: FAILED. 0 passed; 45 failed; 0 ignored; 0 measured; 0 filtered out; finished in 0.02s
[INFO] [stdout] 
[INFO] running `Command { std: "docker" "inspect" "cb48d8331adf02aa31eed379d24845845b3eaca210514d73689103170ac6aaf8", kill_on_drop: false }`
[INFO] running `Command { std: "docker" "rm" "-f" "cb48d8331adf02aa31eed379d24845845b3eaca210514d73689103170ac6aaf8", kill_on_drop: false }`
[INFO] [stdout] cb48d8331adf02aa31eed379d24845845b3eaca210514d73689103170ac6aaf8
