[INFO] fetching crate open-payments 0.2.0...
[INFO] testing open-payments-0.2.0 against 1.100.0-beta.1+cargoflags=--release for beta-release-1.100-2
[INFO] extracting crate open-payments 0.2.0 into /workspace/builds/worker-6-tc2/source
[INFO] started tweaking crates.io crate open-payments 0.2.0
[INFO] removed 0 missing tests
[INFO] finished tweaking crates.io crate open-payments 0.2.0
[INFO] tweaked toml for crates.io crate open-payments 0.2.0 written to /workspace/builds/worker-6-tc2/source/Cargo.toml
[INFO] validating manifest of crates.io crate open-payments 0.2.0 on toolchain 1.100.0-beta.1
[INFO] running `Command { std: CARGO_HOME="/workspace/cargo-home" RUSTUP_HOME="/workspace/rustup-home" "/workspace/cargo-home/bin/cargo" "+1.100.0-beta.1" "metadata" "--manifest-path" "Cargo.toml" "--no-deps", kill_on_drop: false }`
[INFO] crate crates.io crate open-payments 0.2.0 already has a lockfile, it will not be regenerated
[INFO] running `Command { std: CARGO_HOME="/workspace/cargo-home" RUSTUP_HOME="/workspace/rustup-home" "/workspace/cargo-home/bin/cargo" "+1.100.0-beta.1" "fetch" "--manifest-path" "Cargo.toml", kill_on_drop: false }`
[INFO] [stderr] warning: `package.homepage` is redundant with `package.repository`
[INFO] [stderr]   --> Cargo.toml:92:12
[INFO] [stderr]    |
[INFO] [stderr] 92 | homepage = "https://github.com/interledger/open-payments-rust"
[INFO] [stderr]    |            ^^^^^^^^^^^^^^^^^^^^^^^^^^^^^^^^^^^^^^^^^^^^^^^^^^^
[INFO] [stderr] ...
[INFO] [stderr] 97 | repository = "https://github.com/interledger/open-payments-rust"
[INFO] [stderr]    |              ---------------------------------------------------
[INFO] [stderr]    |
[INFO] [stderr]    = note: `cargo::redundant_homepage` is set to `warn` by default
[INFO] [stderr] help: consider removing `package.homepage`
[INFO] [stderr] warning: `open-payments` (manifest) generated 1 warning
[INFO] running `Command { std: "docker" "create" "-v" "/var/lib/crater-agent-workspace/builds/worker-6-tc2/source:/opt/rustwide/workdir:ro,Z" "-v" "/var/lib/crater-agent-workspace/builds/worker-6-tc2/target:/opt/rustwide/target:rw,Z" "-v" "/var/lib/crater-agent-workspace/cargo-home:/opt/rustwide/cargo-home:ro,Z" "-v" "/var/lib/crater-agent-workspace/rustup-home:/opt/rustwide/rustup-home:ro,Z" "-m" "1610612736" "--network" "none" "ghcr.io/rust-lang/crates-build-env/linux@sha256:77db811e55d90add9212f6832c23229e3de5f1c1f9905e8cb07319ea15df73ac" "sleep" "infinity", kill_on_drop: false }`
[INFO] [stdout] eea1c0af14b4c3bf5758974e830e28e1587661b45b990adbd07d8e99c89c57e3
[INFO] running `Command { std: "docker" "start" "eea1c0af14b4c3bf5758974e830e28e1587661b45b990adbd07d8e99c89c57e3", kill_on_drop: false }`
[INFO] running `Command { std: "docker" "inspect" "eea1c0af14b4c3bf5758974e830e28e1587661b45b990adbd07d8e99c89c57e3", kill_on_drop: false }`
[INFO] running `Command { std: "docker" "exec" "-e" "SOURCE_DIR=/opt/rustwide/workdir" "-e" "CARGO_HOME=/opt/rustwide/cargo-home" "-e" "RUSTUP_HOME=/opt/rustwide/rustup-home" "-e" "CARGO_TARGET_DIR=/opt/rustwide/target" "-w" "/opt/rustwide/workdir" "--user" "0:0" "eea1c0af14b4c3bf5758974e830e28e1587661b45b990adbd07d8e99c89c57e3" "/opt/rustwide/cargo-home/bin/cargo" "+1.100.0-beta.1" "metadata" "--no-deps" "--format-version=1", kill_on_drop: false }`
[INFO] running `Command { std: "docker" "inspect" "eea1c0af14b4c3bf5758974e830e28e1587661b45b990adbd07d8e99c89c57e3", kill_on_drop: false }`
[INFO] running `Command { std: "docker" "exec" "-e" "SOURCE_DIR=/opt/rustwide/workdir" "-e" "CARGO_HOME=/opt/rustwide/cargo-home" "-e" "RUSTUP_HOME=/opt/rustwide/rustup-home" "-e" "CARGO_TARGET_DIR=/opt/rustwide/target" "-e" "CARGO_INCREMENTAL=0" "-e" "RUST_BACKTRACE=full" "-e" "RUSTFLAGS=--cap-lints=warn" "-e" "RUSTDOCFLAGS=--cap-lints=warn" "-w" "/opt/rustwide/workdir" "--user" "0:0" "eea1c0af14b4c3bf5758974e830e28e1587661b45b990adbd07d8e99c89c57e3" "/opt/rustwide/cargo-home/bin/cargo" "+1.100.0-beta.1" "build" "--frozen" "--message-format=json" "--release", kill_on_drop: false }`
[INFO] [stderr] warning: `package.homepage` is redundant with `package.repository`
[INFO] [stderr]   --> Cargo.toml:92:12
[INFO] [stderr]    |
[INFO] [stderr] 92 | homepage = "https://github.com/interledger/open-payments-rust"
[INFO] [stderr]    |            ^^^^^^^^^^^^^^^^^^^^^^^^^^^^^^^^^^^^^^^^^^^^^^^^^^^
[INFO] [stderr] ...
[INFO] [stderr] 97 | repository = "https://github.com/interledger/open-payments-rust"
[INFO] [stderr]    |              ---------------------------------------------------
[INFO] [stderr]    |
[INFO] [stderr]    = note: `cargo::redundant_homepage` is set to `warn` by default
[INFO] [stderr] help: consider removing `package.homepage`
[INFO] [stderr] warning: `open-payments` (manifest) generated 1 warning
[INFO] [stderr]    Compiling cc v1.4.4
[INFO] [stderr]    Compiling smallvec v1.15.2
[INFO] [stderr]    Compiling http v1.5.0
[INFO] [stderr]    Compiling futures-task v0.3.34
[INFO] [stderr]    Compiling syn v2.0.119
[INFO] [stderr]    Compiling syn v3.0.4
[INFO] [stderr]    Compiling indexmap v2.14.1
[INFO] [stderr]    Compiling tracing v0.1.44
[INFO] [stderr]    Compiling tokio v1.53.1
[INFO] [stderr]    Compiling zerocopy v0.8.56
[INFO] [stderr]    Compiling getrandom v0.2.17
[INFO] [stderr]    Compiling futures-channel v0.3.34
[INFO] [stderr]    Compiling zeroize v1.9.0
[INFO] [stderr]    Compiling sync_wrapper v1.0.2
[INFO] [stderr]    Compiling const-oid v0.9.6
[INFO] [stderr]    Compiling ipnet v2.12.1
[INFO] [stderr]    Compiling futures-util v0.3.34
[INFO] [stderr]    Compiling ryu v1.0.23
[INFO] [stderr]    Compiling rand_core v0.6.4
[INFO] [stderr]    Compiling der v0.7.10
[INFO] [stderr]    Compiling rustls-pki-types v1.15.1
[INFO] [stderr]    Compiling serde_json v1.0.151
[INFO] [stderr]    Compiling encoding_rs v0.8.35
[INFO] [stderr]    Compiling pem v3.0.6
[INFO] [stderr]    Compiling http-body v1.1.0
[INFO] [stderr]    Compiling http-body-util v0.1.5
[INFO] [stderr]    Compiling openssl-sys v0.9.117
[INFO] [stderr]    Compiling spki v0.7.3
[INFO] [stderr]    Compiling pkcs8 v0.10.2
[INFO] [stderr]    Compiling openssl v0.10.81
[INFO] [stderr]    Compiling native-tls v0.2.18
[INFO] [stderr]    Compiling zerovec-derive v0.11.6
[INFO] [stderr]    Compiling displaydoc v0.2.7
[INFO] [stderr]    Compiling serde_derive v1.0.229
[INFO] [stderr]    Compiling thiserror-impl v2.0.20
[INFO] [stderr]    Compiling thiserror v2.0.20
[INFO] [stderr]    Compiling tokio-util v0.7.19
[INFO] [stderr]    Compiling tower v0.5.3
[INFO] [stderr]    Compiling synstructure v0.13.2
[INFO] [stderr]    Compiling darling_core v0.23.0
[INFO] [stderr]    Compiling openssl-macros v0.1.1
[INFO] [stderr]    Compiling h2 v0.4.19
[INFO] [stderr]    Compiling curve25519-dalek-derive v0.1.1
[INFO] [stderr]    Compiling zerofrom-derive v0.1.7
[INFO] [stderr]    Compiling yoke-derive v0.8.2
[INFO] [stderr]    Compiling curve25519-dalek v4.1.3
[INFO] [stderr]    Compiling serde v1.0.229
[INFO] [stderr]    Compiling ppv-lite86 v0.2.21
[INFO] [stderr]    Compiling zerofrom v0.1.8
[INFO] [stderr]    Compiling serde_urlencoded v0.7.1
[INFO] [stderr]    Compiling chrono v0.4.45
[INFO] [stderr]    Compiling yoke v0.8.3
[INFO] [stderr]    Compiling rand_chacha v0.3.1
[INFO] [stderr]    Compiling zerovec v0.11.8
[INFO] [stderr]    Compiling zerotrie v0.2.5
[INFO] [stderr]    Compiling rand v0.8.8
[INFO] [stderr]    Compiling darling_macro v0.23.0
[INFO] [stderr]    Compiling ed25519-dalek v2.2.0
[INFO] [stderr]    Compiling tinystr v0.8.4
[INFO] [stderr]    Compiling potential_utf v0.1.6
[INFO] [stderr]    Compiling darling v0.23.0
[INFO] [stderr]    Compiling icu_collections v2.3.0
[INFO] [stderr]    Compiling serde_with_macros v3.22.0
[INFO] [stderr]    Compiling icu_locale_core v2.3.0
[INFO] [stderr]    Compiling serde_with v3.22.0
[INFO] [stderr]    Compiling icu_provider v2.3.1
[INFO] [stderr]    Compiling icu_normalizer v2.3.0
[INFO] [stderr]    Compiling icu_properties v2.3.0
[INFO] [stderr]    Compiling hyper v1.11.1
[INFO] [stderr]    Compiling idna_adapter v1.2.2
[INFO] [stderr]    Compiling idna v1.1.0
[INFO] [stderr]    Compiling tokio-native-tls v0.3.1
[INFO] [stderr]    Compiling url v2.5.8
[INFO] [stderr]    Compiling tower-http v0.6.11
[INFO] [stderr]    Compiling hyper-util v0.1.20
[INFO] [stderr]    Compiling hyper-tls v0.6.0
[INFO] [stderr]    Compiling reqwest v0.12.28
[INFO] [stderr]    Compiling open-payments v0.2.0 (/opt/rustwide/workdir)
[INFO] [stderr]     Finished `release` profile [optimized] target(s) in 37.68s
[INFO] running `Command { std: "docker" "inspect" "eea1c0af14b4c3bf5758974e830e28e1587661b45b990adbd07d8e99c89c57e3", kill_on_drop: false }`
[INFO] running `Command { std: "docker" "exec" "-e" "SOURCE_DIR=/opt/rustwide/workdir" "-e" "CARGO_HOME=/opt/rustwide/cargo-home" "-e" "RUSTUP_HOME=/opt/rustwide/rustup-home" "-e" "CARGO_TARGET_DIR=/opt/rustwide/target" "-e" "CARGO_INCREMENTAL=0" "-e" "RUST_BACKTRACE=full" "-e" "RUSTFLAGS=--cap-lints=warn" "-e" "RUSTDOCFLAGS=--cap-lints=warn" "-w" "/opt/rustwide/workdir" "--user" "0:0" "eea1c0af14b4c3bf5758974e830e28e1587661b45b990adbd07d8e99c89c57e3" "/opt/rustwide/cargo-home/bin/cargo" "+1.100.0-beta.1" "test" "--frozen" "--no-run" "--message-format=json" "--release", kill_on_drop: false }`
[INFO] [stderr] warning: `package.homepage` is redundant with `package.repository`
[INFO] [stderr]   --> Cargo.toml:92:12
[INFO] [stderr]    |
[INFO] [stderr] 92 | homepage = "https://github.com/interledger/open-payments-rust"
[INFO] [stderr]    |            ^^^^^^^^^^^^^^^^^^^^^^^^^^^^^^^^^^^^^^^^^^^^^^^^^^^
[INFO] [stderr] ...
[INFO] [stderr] 97 | repository = "https://github.com/interledger/open-payments-rust"
[INFO] [stderr]    |              ---------------------------------------------------
[INFO] [stderr]    |
[INFO] [stderr]    = note: `cargo::redundant_homepage` is set to `warn` by default
[INFO] [stderr] help: consider removing `package.homepage`
[INFO] [stderr] warning: `open-payments` (manifest) generated 1 warning
[INFO] [stderr]    Compiling syn v3.0.4
[INFO] [stderr]    Compiling ring v0.17.14
[INFO] [stderr]    Compiling bitflags v2.13.1
[INFO] [stderr]    Compiling parking_lot_core v0.9.12
[INFO] [stderr]    Compiling tracing v0.1.44
[INFO] [stderr]    Compiling openssl-macros v0.1.1
[INFO] [stderr]    Compiling serde_json v1.0.151
[INFO] [stderr]    Compiling rustls v0.23.43
[INFO] [stderr]    Compiling darling_core v0.23.0
[INFO] [stderr]    Compiling webpki-roots v1.0.9
[INFO] [stderr]    Compiling curve25519-dalek v4.1.3
[INFO] [stderr]    Compiling strum_macros v0.26.4
[INFO] [stderr]    Compiling getrandom v0.4.3
[INFO] [stderr]    Compiling num_cpus v1.17.0
[INFO] [stderr]    Compiling deadpool-runtime v0.1.4
[INFO] [stderr]    Compiling stringmatch v0.4.0
[INFO] [stderr]    Compiling arc-swap v1.9.2
[INFO] [stderr]    Compiling thirtyfour-macros v0.1.3
[INFO] [stderr]    Compiling dotenv v0.15.0
[INFO] [stderr]    Compiling parking_lot v0.12.5
[INFO] [stderr]    Compiling openssl v0.10.81
[INFO] [stderr]    Compiling rustix v1.1.4
[INFO] [stderr]    Compiling uuid v1.26.0
[INFO] [stderr]    Compiling ed25519-dalek v2.2.0
[INFO] [stderr]    Compiling strum v0.26.3
[INFO] [stderr]    Compiling tempfile v3.27.0
[INFO] [stderr]    Compiling darling_macro v0.23.0
[INFO] [stderr]    Compiling darling v0.23.0
[INFO] [stderr]    Compiling serde_with_macros v3.22.0
[INFO] [stderr]    Compiling serde_with v3.22.0
[INFO] [stderr]    Compiling native-tls v0.2.18
[INFO] [stderr]    Compiling zerovec-derive v0.11.6
[INFO] [stderr]    Compiling tokio-macros v2.7.2
[INFO] [stderr]    Compiling displaydoc v0.2.7
[INFO] [stderr]    Compiling futures-macro v0.3.34
[INFO] [stderr]    Compiling serde_derive v1.0.229
[INFO] [stderr]    Compiling thiserror-impl v2.0.20
[INFO] [stderr]    Compiling serde_repr v0.1.21
[INFO] [stderr]    Compiling async-trait v0.1.92
[INFO] [stderr]    Compiling zerotrie v0.2.5
[INFO] [stderr]    Compiling tokio v1.53.1
[INFO] [stderr]    Compiling futures-util v0.3.34
[INFO] [stderr]    Compiling thiserror v2.0.20
[INFO] [stderr]    Compiling zerovec v0.11.8
[INFO] [stderr]    Compiling tinystr v0.8.4
[INFO] [stderr]    Compiling potential_utf v0.1.6
[INFO] [stderr]    Compiling icu_collections v2.3.0
[INFO] [stderr]    Compiling icu_locale_core v2.3.0
[INFO] [stderr]    Compiling icu_provider v2.3.1
[INFO] [stderr]    Compiling serde v1.0.229
[INFO] [stderr]    Compiling icu_normalizer v2.3.0
[INFO] [stderr]    Compiling icu_properties v2.3.0
[INFO] [stderr]    Compiling serde_urlencoded v0.7.1
[INFO] [stderr]    Compiling chrono v0.4.45
[INFO] [stderr]    Compiling assert-json-diff v2.0.2
[INFO] [stderr]    Compiling futures-executor v0.3.34
[INFO] [stderr]    Compiling idna_adapter v1.2.2
[INFO] [stderr]    Compiling idna v1.1.0
[INFO] [stderr]    Compiling futures v0.3.34
[INFO] [stderr]    Compiling url v2.5.8
[INFO] [stderr]    Compiling tokio-util v0.7.19
[INFO] [stderr]    Compiling tokio-native-tls v0.3.1
[INFO] [stderr]    Compiling tower v0.5.3
[INFO] [stderr]    Compiling deadpool v0.12.3
[INFO] [stderr]    Compiling rustls-webpki v0.103.15
[INFO] [stderr]    Compiling tower-http v0.6.11
[INFO] [stderr]    Compiling h2 v0.4.19
[INFO] [stderr]    Compiling hyper v1.11.1
[INFO] [stderr]    Compiling tokio-rustls v0.26.4
[INFO] [stderr]    Compiling hyper-util v0.1.20
[INFO] [stderr]    Compiling hyper-tls v0.6.0
[INFO] [stderr]    Compiling hyper-rustls v0.27.9
[INFO] [stderr]    Compiling wiremock v0.6.5
[INFO] [stderr]    Compiling reqwest v0.12.28
[INFO] [stderr]    Compiling open-payments v0.2.0 (/opt/rustwide/workdir)
[INFO] [stderr]    Compiling thirtyfour v0.33.1
[INFO] [stderr]     Finished `release` profile [optimized] target(s) in 1m 24s
[INFO] running `Command { std: "docker" "inspect" "eea1c0af14b4c3bf5758974e830e28e1587661b45b990adbd07d8e99c89c57e3", kill_on_drop: false }`
[INFO] running `Command { std: "docker" "exec" "-e" "SOURCE_DIR=/opt/rustwide/workdir" "-e" "CARGO_HOME=/opt/rustwide/cargo-home" "-e" "RUSTUP_HOME=/opt/rustwide/rustup-home" "-e" "CARGO_TARGET_DIR=/opt/rustwide/target" "-e" "CARGO_INCREMENTAL=0" "-e" "RUST_BACKTRACE=full" "-e" "RUSTFLAGS=--cap-lints=warn" "-e" "RUSTDOCFLAGS=--cap-lints=warn" "-w" "/opt/rustwide/workdir" "--user" "0:0" "eea1c0af14b4c3bf5758974e830e28e1587661b45b990adbd07d8e99c89c57e3" "/opt/rustwide/cargo-home/bin/cargo" "+1.100.0-beta.1" "test" "--frozen" "--release", kill_on_drop: false }`
[INFO] [stderr] warning: `package.homepage` is redundant with `package.repository`
[INFO] [stderr]   --> Cargo.toml:92:12
[INFO] [stderr]    |
[INFO] [stderr] 92 | homepage = "https://github.com/interledger/open-payments-rust"
[INFO] [stderr]    |            ^^^^^^^^^^^^^^^^^^^^^^^^^^^^^^^^^^^^^^^^^^^^^^^^^^^
[INFO] [stderr] ...
[INFO] [stderr] 97 | repository = "https://github.com/interledger/open-payments-rust"
[INFO] [stderr]    |              ---------------------------------------------------
[INFO] [stderr]    |
[INFO] [stderr]    = note: `cargo::redundant_homepage` is set to `warn` by default
[INFO] [stderr] help: consider removing `package.homepage`
[INFO] [stderr] warning: `open-payments` (manifest) generated 1 warning
[INFO] [stderr]     Finished `release` profile [optimized] target(s) in 0.30s
[INFO] [stderr]      Running unittests src/lib.rs (/opt/rustwide/target/release/build/open-payments/1ed4ddf23de1712f/out/open_payments-1ed4ddf23de1712f)
[INFO] [stdout] 
[INFO] [stdout] running 19 tests
[INFO] [stdout] test client::grant::tests::accepts_incoming_payment_grant ... ok
[INFO] [stdout] test client::grant::tests::rejects_outgoing_limits_with_both_amounts ... ok
[INFO] [stdout] test http_signature::jwk::tests::test_empty_key_id ... ok
[INFO] [stdout] test http_signature::jwk::tests::test_jwk_generation ... ok
[INFO] [stdout] test http_signature::validation::tests::test_missing_signature_input_header ... ok
[INFO] [stdout] test http_signature::utils::tests::test_wrong_pem_tag ... ok
[INFO] [stdout] test http_signature::utils::tests::test_invalid_pem_format ... ok
[INFO] [stdout] test http_signature::utils::tests::test_invalid_utf8_after_base64_decode ... ok
[INFO] [stdout] test client::grant::tests::rejects_grant_without_access_token_or_subject ... ok
[INFO] [stdout] test http_signature::validation::tests::test_invalid_signature_length ... ok
[INFO] [stdout] test http_signature::validation::tests::test_signature_verification_failed ... ok
[INFO] [stdout] test http_signature::signatures::tests::test_signature_creation ... ok
[INFO] [stdout] test http_signature::validation::tests::test_missing_signature_header ... ok
[INFO] [stdout] test http_signature::utils::tests::test_generate_new_key ... ok
[INFO] [stdout] test http_signature::validation::tests::test_base64_decode_failed ... ok
[INFO] [stdout] test http_signature::validation::tests::test_signature_validation ... ok
[INFO] [stdout] test http_signature::utils::tests::test_key_persistence ... ok
[INFO] [stdout] test http_signature::utils::tests::test_load_existing_key ... ok
[INFO] [stdout] test http_signature::utils::tests::test_base64_encoded_pem ... ok
[INFO] [stdout] 
[INFO] [stdout] test result: ok. 19 passed; 0 failed; 0 ignored; 0 measured; 0 filtered out; finished in 0.01s
[INFO] [stdout] 
[INFO] [stderr]      Running unittests src/http_signature/examples/generate_signature.rs (/opt/rustwide/target/release/build/open-payments/d4dff23c0177d90b/out/http_signature_example-d4dff23c0177d90b)
[INFO] [stdout] 
[INFO] [stdout] running 0 tests
[INFO] [stdout] 
[INFO] [stdout] test result: ok. 0 passed; 0 failed; 0 ignored; 0 measured; 0 filtered out; finished in 0.00s
[INFO] [stdout] 
[INFO] [stderr]      Running tests/client_request_tests.rs (/opt/rustwide/target/release/build/open-payments/727d38cc00025c0c/out/client_request_tests-727d38cc00025c0c)
[INFO] [stdout] 
[INFO] [stdout] running 10 tests
[INFO] [stdout] test json_decode_error_maps_to_client_error_without_status ... ok
[INFO] [stdout] test header_parse_error_with_invalid_token ... ok
[INFO] [stdout] test error_includes_status_code_and_reason ... ok
[INFO] [stdout] test revoke_token_204_no_content_succeeds ... ok
[INFO] [stdout] test authenticated_outgoing_payment_create_from_quote ... ok
[INFO] [stdout] test authenticated_quote_create_and_get ... ok
[INFO] [stdout] test cancel_grant_204_no_content_succeeds ... ok
[INFO] [stdout] test error_propagates_http_status_and_message ... ok
[INFO] [stdout] test unauthenticated_wallet_address_get_builds_request ... ok
[INFO] [stdout] test authenticated_incoming_payment_create_sets_headers_and_body ... ok
[INFO] [stdout] 
[INFO] [stdout] test result: ok. 10 passed; 0 failed; 0 ignored; 0 measured; 0 filtered out; finished in 0.14s
[INFO] [stdout] 
[INFO] [stderr]      Running tests/main.rs (/opt/rustwide/target/release/build/open-payments/4dd9249e702d731a/out/main-4dd9249e702d731a)
[INFO] [stdout] 
[INFO] [stdout] running 6 tests
[INFO] [stdout] test integration::wallet_address::test_get_wallet_address_flows ... FAILED
[INFO] [stdout] test integration::incoming_payment::test_incoming_payment_flows ... FAILED
[INFO] [stdout] test integration::quote::test_quote_flows ... FAILED
[INFO] [stdout] test integration::grant::test_grant_flows ... FAILED
[INFO] [stdout] test integration::token::test_token_flows ... FAILED
[INFO] [stdout] test integration::outgoing_payment::test_outgoing_payment_flow_with_interaction ... ok
[INFO] [stdout] 
[INFO] [stdout] failures:
[INFO] [stdout] 
[INFO] [stdout] ---- integration::wallet_address::test_get_wallet_address_flows stdout ----
[INFO] [stdout] 
[INFO] [stdout] thread 'integration::wallet_address::test_get_wallet_address_flows' (3401) panicked at tests/integration/wallet_address.rs:6:45:
[INFO] [stdout] Failed to create test setup: OpClientError { description: ".env file not found in tests/integration directory", validation_errors: None, status: None, code: None, details: None }
[INFO] [stdout] stack backtrace:
[INFO] [stdout]    0:     0x63406892c9f1 - <<std[617be2ca0a6fd877]::sys::backtrace::BacktraceLock>::print::DisplayBacktrace as core[a373ad73a504971]::fmt::Display>::fmt
[INFO] [stdout]    1:     0x634068942eda - core[a373ad73a504971]::fmt::write
[INFO] [stdout]    2:     0x63406893135c - <alloc[2e1b2a31b91974c5]::vec::Vec<u8> as core[a373ad73a504971]::io::write::Write>::write_fmt
[INFO] [stdout]    3:     0x634068907236 - std[617be2ca0a6fd877]::panicking::default_hook::{closure#0}
[INFO] [stdout]    4:     0x6340689241e9 - std[617be2ca0a6fd877]::panicking::default_hook
[INFO] [stdout]    5:     0x634068602c70 - test[aada8e7e76ba119b]::test_main_inner::{closure#0}
[INFO] [stdout]    6:     0x634068924512 - std[617be2ca0a6fd877]::panicking::panic_with_hook
[INFO] [stdout]    7:     0x6340689072e2 - std[617be2ca0a6fd877]::panicking::panic_handler::{closure#0}
[INFO] [stdout]    8:     0x6340688ffb49 - std[617be2ca0a6fd877]::sys::backtrace::__rust_end_short_backtrace::<std[617be2ca0a6fd877]::panicking::panic_handler::{closure#0}, !>
[INFO] [stdout]    9:     0x63406890817d - __rustc[ea4f61d10b84890b]::rust_begin_unwind
[INFO] [stdout]   10:     0x63406894363c - core[a373ad73a504971]::panicking::panic_fmt
[INFO] [stdout]   11:     0x634068943412 - core[a373ad73a504971]::result::unwrap_failed
[INFO] [stdout]   12:     0x6340685d0d37 - main[390ed82494103610]::integration::wallet_address::test_get_wallet_address_flows::{closure#0}
[INFO] [stdout]   13:     0x6340685e0903 - <tokio[8fbf105d71a8d0c9]::runtime::scheduler::current_thread::Context>::enter::<core[a373ad73a504971]::task::poll::Poll<()>, <tokio[8fbf105d71a8d0c9]::runtime::scheduler::current_thread::CoreGuard>::block_on<core[a373ad73a504971]::pin::Pin<&mut core[a373ad73a504971]::pin::Pin<&mut dyn core[a373ad73a504971]::future::future::Future<Output = ()>>>>::{closure#0}::{closure#0}>
[INFO] [stdout]   14:     0x6340685ca9fc - <tokio[8fbf105d71a8d0c9]::runtime::context::scoped::Scoped<tokio[8fbf105d71a8d0c9]::runtime::scheduler::Context>>::set::<<tokio[8fbf105d71a8d0c9]::runtime::scheduler::current_thread::CoreGuard>::enter<<tokio[8fbf105d71a8d0c9]::runtime::scheduler::current_thread::CoreGuard>::block_on<core[a373ad73a504971]::pin::Pin<&mut core[a373ad73a504971]::pin::Pin<&mut dyn core[a373ad73a504971]::future::future::Future<Output = ()>>>>::{closure#0}, core[a373ad73a504971]::option::Option<()>>::{closure#0}, (alloc[2e1b2a31b91974c5]::boxed::Box<tokio[8fbf105d71a8d0c9]::runtime::scheduler::current_thread::Core>, core[a373ad73a504971]::option::Option<()>)>
[INFO] [stdout]   15:     0x6340685e0367 - <tokio[8fbf105d71a8d0c9]::runtime::runtime::Runtime>::block_on::<core[a373ad73a504971]::pin::Pin<&mut dyn core[a373ad73a504971]::future::future::Future<Output = ()>>>
[INFO] [stdout]   16:     0x6340685d1b8e - <main[390ed82494103610]::integration::wallet_address::test_get_wallet_address_flows::{closure#0} as core[a373ad73a504971]::ops::function::FnOnce<()>>::call_once
[INFO] [stdout]   17:     0x6340685f60bb - test[aada8e7e76ba119b]::__rust_begin_short_backtrace::<core[a373ad73a504971]::result::Result<(), alloc[2e1b2a31b91974c5]::string::String>, fn() -> core[a373ad73a504971]::result::Result<(), alloc[2e1b2a31b91974c5]::string::String>>
[INFO] [stdout]   18:     0x634068603295 - test[aada8e7e76ba119b]::run_test::{closure#0}
[INFO] [stdout]   19:     0x6340685fcb84 - std[617be2ca0a6fd877]::sys::backtrace::__rust_begin_short_backtrace::<test[aada8e7e76ba119b]::run_test::{closure#1}, ()>
[INFO] [stdout]   20:     0x634068606322 - <std[617be2ca0a6fd877]::thread::lifecycle::spawn_unchecked<test[aada8e7e76ba119b]::run_test::{closure#1}, ()>::{closure#1} as core[a373ad73a504971]::ops::function::FnOnce<()>>::call_once::{shim:vtable#0}
[INFO] [stdout]   21:     0x63406892b95f - <std[617be2ca0a6fd877]::sys::thread::unix::Thread>::new::thread_start
[INFO] [stdout]   22:     0x733097b07dfa - <unknown>
[INFO] [stdout]   23:     0x733097b9b3d4 - clone
[INFO] [stdout]   24:                0x0 - <unknown>
[INFO] [stdout] 
[INFO] [stdout] ---- integration::incoming_payment::test_incoming_payment_flows stdout ----
[INFO] [stdout] 
[INFO] [stdout] thread 'integration::incoming_payment::test_incoming_payment_flows' (3397) panicked at tests/integration/incoming_payment.rs:51:49:
[INFO] [stdout] Failed to create test setup: OpClientError { description: ".env file not found in tests/integration directory", validation_errors: None, status: None, code: None, details: None }
[INFO] [stdout] stack backtrace:
[INFO] [stdout]    0:     0x63406892c9f1 - <<std[617be2ca0a6fd877]::sys::backtrace::BacktraceLock>::print::DisplayBacktrace as core[a373ad73a504971]::fmt::Display>::fmt
[INFO] [stdout]    1:     0x634068942eda - core[a373ad73a504971]::fmt::write
[INFO] [stdout]    2:     0x63406893135c - <alloc[2e1b2a31b91974c5]::vec::Vec<u8> as core[a373ad73a504971]::io::write::Write>::write_fmt
[INFO] [stdout]    3:     0x634068907236 - std[617be2ca0a6fd877]::panicking::default_hook::{closure#0}
[INFO] [stdout]    4:     0x6340689241e9 - std[617be2ca0a6fd877]::panicking::default_hook
[INFO] [stdout]    5:     0x634068602c70 - test[aada8e7e76ba119b]::test_main_inner::{closure#0}
[INFO] [stdout]    6:     0x634068924512 - std[617be2ca0a6fd877]::panicking::panic_with_hook
[INFO] [stdout]    7:     0x6340689072e2 - std[617be2ca0a6fd877]::panicking::panic_handler::{closure#0}
[INFO] [stdout]    8:     0x6340688ffb49 - std[617be2ca0a6fd877]::sys::backtrace::__rust_end_short_backtrace::<std[617be2ca0a6fd877]::panicking::panic_handler::{closure#0}, !>
[INFO] [stdout]    9:     0x63406890817d - __rustc[ea4f61d10b84890b]::rust_begin_unwind
[INFO] [stdout]   10:     0x63406894363c - core[a373ad73a504971]::panicking::panic_fmt
[INFO] [stdout]   11:     0x634068943412 - core[a373ad73a504971]::result::unwrap_failed
[INFO] [stdout]   12:     0x634068599ebc - main[390ed82494103610]::integration::incoming_payment::test_incoming_payment_flows::{closure#0}
[INFO] [stdout]   13:     0x6340685e0903 - <tokio[8fbf105d71a8d0c9]::runtime::scheduler::current_thread::Context>::enter::<core[a373ad73a504971]::task::poll::Poll<()>, <tokio[8fbf105d71a8d0c9]::runtime::scheduler::current_thread::CoreGuard>::block_on<core[a373ad73a504971]::pin::Pin<&mut core[a373ad73a504971]::pin::Pin<&mut dyn core[a373ad73a504971]::future::future::Future<Output = ()>>>>::{closure#0}::{closure#0}>
[INFO] [stdout]   14:     0x6340685ca9fc - <tokio[8fbf105d71a8d0c9]::runtime::context::scoped::Scoped<tokio[8fbf105d71a8d0c9]::runtime::scheduler::Context>>::set::<<tokio[8fbf105d71a8d0c9]::runtime::scheduler::current_thread::CoreGuard>::enter<<tokio[8fbf105d71a8d0c9]::runtime::scheduler::current_thread::CoreGuard>::block_on<core[a373ad73a504971]::pin::Pin<&mut core[a373ad73a504971]::pin::Pin<&mut dyn core[a373ad73a504971]::future::future::Future<Output = ()>>>>::{closure#0}, core[a373ad73a504971]::option::Option<()>>::{closure#0}, (alloc[2e1b2a31b91974c5]::boxed::Box<tokio[8fbf105d71a8d0c9]::runtime::scheduler::current_thread::Core>, core[a373ad73a504971]::option::Option<()>)>
[INFO] [stdout]   15:     0x6340685e0367 - <tokio[8fbf105d71a8d0c9]::runtime::runtime::Runtime>::block_on::<core[a373ad73a504971]::pin::Pin<&mut dyn core[a373ad73a504971]::future::future::Future<Output = ()>>>
[INFO] [stdout]   16:     0x63406859cdfe - <main[390ed82494103610]::integration::incoming_payment::test_incoming_payment_flows::{closure#0} as core[a373ad73a504971]::ops::function::FnOnce<()>>::call_once
[INFO] [stdout]   17:     0x6340685f60bb - test[aada8e7e76ba119b]::__rust_begin_short_backtrace::<core[a373ad73a504971]::result::Result<(), alloc[2e1b2a31b91974c5]::string::String>, fn() -> core[a373ad73a504971]::result::Result<(), alloc[2e1b2a31b91974c5]::string::String>>
[INFO] [stdout]   18:     0x634068603295 - test[aada8e7e76ba119b]::run_test::{closure#0}
[INFO] [stdout]   19:     0x6340685fcb84 - std[617be2ca0a6fd877]::sys::backtrace::__rust_begin_short_backtrace::<test[aada8e7e76ba119b]::run_test::{closure#1}, ()>
[INFO] [stdout]   20:     0x634068606322 - <std[617be2ca0a6fd877]::thread::lifecycle::spawn_unchecked<test[aada8e7e76ba119b]::run_test::{closure#1}, ()>::{closure#1} as core[a373ad73a504971]::ops::function::FnOnce<()>>::call_once::{shim:vtable#0}
[INFO] [stdout]   21:     0x63406892b95f - <std[617be2ca0a6fd877]::sys::thread::unix::Thread>::new::thread_start
[INFO] [stdout]   22:     0x733097b07dfa - <unknown>
[INFO] [stdout]   23:     0x733097b9b3d4 - clone
[INFO] [stdout]   24:                0x0 - <unknown>
[INFO] [stdout] 
[INFO] [stdout] ---- integration::quote::test_quote_flows stdout ----
[INFO] [stdout] 
[INFO] [stdout] thread 'integration::quote::test_quote_flows' (3399) panicked at tests/integration/quote.rs:76:49:
[INFO] [stdout] Failed to create test setup: OpClientError { description: ".env file not found in tests/integration directory", validation_errors: None, status: None, code: None, details: None }
[INFO] [stdout] stack backtrace:
[INFO] [stdout]    0:     0x63406892c9f1 - <<std[617be2ca0a6fd877]::sys::backtrace::BacktraceLock>::print::DisplayBacktrace as core[a373ad73a504971]::fmt::Display>::fmt
[INFO] [stdout]    1:     0x634068942eda - core[a373ad73a504971]::fmt::write
[INFO] [stdout]    2:     0x63406893135c - <alloc[2e1b2a31b91974c5]::vec::Vec<u8> as core[a373ad73a504971]::io::write::Write>::write_fmt
[INFO] [stdout]    3:     0x634068907236 - std[617be2ca0a6fd877]::panicking::default_hook::{closure#0}
[INFO] [stdout]    4:     0x6340689241e9 - std[617be2ca0a6fd877]::panicking::default_hook
[INFO] [stdout]    5:     0x634068602c70 - test[aada8e7e76ba119b]::test_main_inner::{closure#0}
[INFO] [stdout]    6:     0x634068924512 - std[617be2ca0a6fd877]::panicking::panic_with_hook
[INFO] [stdout]    7:     0x6340689072e2 - std[617be2ca0a6fd877]::panicking::panic_handler::{closure#0}
[INFO] [stdout]    8:     0x6340688ffb49 - std[617be2ca0a6fd877]::sys::backtrace::__rust_end_short_backtrace::<std[617be2ca0a6fd877]::panicking::panic_handler::{closure#0}, !>
[INFO] [stdout]    9:     0x63406890817d - __rustc[ea4f61d10b84890b]::rust_begin_unwind
[INFO] [stdout]   10:     0x63406894363c - core[a373ad73a504971]::panicking::panic_fmt
[INFO] [stdout]   11:     0x634068943412 - core[a373ad73a504971]::result::unwrap_failed
[INFO] [stdout]   12:     0x6340685ab103 - main[390ed82494103610]::integration::quote::test_quote_flows::{closure#0}
[INFO] [stdout]   13:     0x6340685e0903 - <tokio[8fbf105d71a8d0c9]::runtime::scheduler::current_thread::Context>::enter::<core[a373ad73a504971]::task::poll::Poll<()>, <tokio[8fbf105d71a8d0c9]::runtime::scheduler::current_thread::CoreGuard>::block_on<core[a373ad73a504971]::pin::Pin<&mut core[a373ad73a504971]::pin::Pin<&mut dyn core[a373ad73a504971]::future::future::Future<Output = ()>>>>::{closure#0}::{closure#0}>
[INFO] [stdout]   14:     0x6340685ca9fc - <tokio[8fbf105d71a8d0c9]::runtime::context::scoped::Scoped<tokio[8fbf105d71a8d0c9]::runtime::scheduler::Context>>::set::<<tokio[8fbf105d71a8d0c9]::runtime::scheduler::current_thread::CoreGuard>::enter<<tokio[8fbf105d71a8d0c9]::runtime::scheduler::current_thread::CoreGuard>::block_on<core[a373ad73a504971]::pin::Pin<&mut core[a373ad73a504971]::pin::Pin<&mut dyn core[a373ad73a504971]::future::future::Future<Output = ()>>>>::{closure#0}, core[a373ad73a504971]::option::Option<()>>::{closure#0}, (alloc[2e1b2a31b91974c5]::boxed::Box<tokio[8fbf105d71a8d0c9]::runtime::scheduler::current_thread::Core>, core[a373ad73a504971]::option::Option<()>)>
[INFO] [stdout]   15:     0x6340685e0367 - <tokio[8fbf105d71a8d0c9]::runtime::runtime::Runtime>::block_on::<core[a373ad73a504971]::pin::Pin<&mut dyn core[a373ad73a504971]::future::future::Future<Output = ()>>>
[INFO] [stdout]   16:     0x6340685adf6e - <main[390ed82494103610]::integration::quote::test_quote_flows::{closure#0} as core[a373ad73a504971]::ops::function::FnOnce<()>>::call_once
[INFO] [stdout]   17:     0x6340685f60bb - test[aada8e7e76ba119b]::__rust_begin_short_backtrace::<core[a373ad73a504971]::result::Result<(), alloc[2e1b2a31b91974c5]::string::String>, fn() -> core[a373ad73a504971]::result::Result<(), alloc[2e1b2a31b91974c5]::string::String>>
[INFO] [stdout]   18:     0x634068603295 - test[aada8e7e76ba119b]::run_test::{closure#0}
[INFO] [stdout]   19:     0x6340685fcb84 - std[617be2ca0a6fd877]::sys::backtrace::__rust_begin_short_backtrace::<test[aada8e7e76ba119b]::run_test::{closure#1}, ()>
[INFO] [stdout]   20:     0x634068606322 - <std[617be2ca0a6fd877]::thread::lifecycle::spawn_unchecked<test[aada8e7e76ba119b]::run_test::{closure#1}, ()>::{closure#1} as core[a373ad73a504971]::ops::function::FnOnce<()>>::call_once::{shim:vtable#0}
[INFO] [stdout]   21:     0x63406892b95f - <std[617be2ca0a6fd877]::sys::thread::unix::Thread>::new::thread_start
[INFO] [stdout]   22:     0x733097b07dfa - <unknown>
[INFO] [stdout]   23:     0x733097b9b3d4 - clone
[INFO] [stdout]   24:                0x0 - <unknown>
[INFO] [stdout] 
[INFO] [stdout] ---- integration::grant::test_grant_flows stdout ----
[INFO] [stdout] 
[INFO] [stdout] thread 'integration::grant::test_grant_flows' (3396) panicked at tests/integration/grant.rs:9:45:
[INFO] [stdout] Failed to create test setup: OpClientError { description: ".env file not found in tests/integration directory", validation_errors: None, status: None, code: None, details: None }
[INFO] [stdout] stack backtrace:
[INFO] [stdout]    0:     0x63406892c9f1 - <<std[617be2ca0a6fd877]::sys::backtrace::BacktraceLock>::print::DisplayBacktrace as core[a373ad73a504971]::fmt::Display>::fmt
[INFO] [stdout]    1:     0x634068942eda - core[a373ad73a504971]::fmt::write
[INFO] [stdout]    2:     0x63406893135c - <alloc[2e1b2a31b91974c5]::vec::Vec<u8> as core[a373ad73a504971]::io::write::Write>::write_fmt
[INFO] [stdout]    3:     0x634068907236 - std[617be2ca0a6fd877]::panicking::default_hook::{closure#0}
[INFO] [stdout]    4:     0x6340689241e9 - std[617be2ca0a6fd877]::panicking::default_hook
[INFO] [stdout]    5:     0x634068602c70 - test[aada8e7e76ba119b]::test_main_inner::{closure#0}
[INFO] [stdout]    6:     0x634068924512 - std[617be2ca0a6fd877]::panicking::panic_with_hook
[INFO] [stdout]    7:     0x6340689072e2 - std[617be2ca0a6fd877]::panicking::panic_handler::{closure#0}
[INFO] [stdout]    8:     0x6340688ffb49 - std[617be2ca0a6fd877]::sys::backtrace::__rust_end_short_backtrace::<std[617be2ca0a6fd877]::panicking::panic_handler::{closure#0}, !>
[INFO] [stdout]    9:     0x63406890817d - __rustc[ea4f61d10b84890b]::rust_begin_unwind
[INFO] [stdout]   10:     0x63406894363c - core[a373ad73a504971]::panicking::panic_fmt
[INFO] [stdout]   11:     0x634068943412 - core[a373ad73a504971]::result::unwrap_failed
[INFO] [stdout]   12:     0x6340685c81b4 - main[390ed82494103610]::integration::grant::test_grant_flows::{closure#0}
[INFO] [stdout]   13:     0x6340685e0903 - <tokio[8fbf105d71a8d0c9]::runtime::scheduler::current_thread::Context>::enter::<core[a373ad73a504971]::task::poll::Poll<()>, <tokio[8fbf105d71a8d0c9]::runtime::scheduler::current_thread::CoreGuard>::block_on<core[a373ad73a504971]::pin::Pin<&mut core[a373ad73a504971]::pin::Pin<&mut dyn core[a373ad73a504971]::future::future::Future<Output = ()>>>>::{closure#0}::{closure#0}>
[INFO] [stdout]   14:     0x6340685ca9fc - <tokio[8fbf105d71a8d0c9]::runtime::context::scoped::Scoped<tokio[8fbf105d71a8d0c9]::runtime::scheduler::Context>>::set::<<tokio[8fbf105d71a8d0c9]::runtime::scheduler::current_thread::CoreGuard>::enter<<tokio[8fbf105d71a8d0c9]::runtime::scheduler::current_thread::CoreGuard>::block_on<core[a373ad73a504971]::pin::Pin<&mut core[a373ad73a504971]::pin::Pin<&mut dyn core[a373ad73a504971]::future::future::Future<Output = ()>>>>::{closure#0}, core[a373ad73a504971]::option::Option<()>>::{closure#0}, (alloc[2e1b2a31b91974c5]::boxed::Box<tokio[8fbf105d71a8d0c9]::runtime::scheduler::current_thread::Core>, core[a373ad73a504971]::option::Option<()>)>
[INFO] [stdout]   15:     0x6340685e0367 - <tokio[8fbf105d71a8d0c9]::runtime::runtime::Runtime>::block_on::<core[a373ad73a504971]::pin::Pin<&mut dyn core[a373ad73a504971]::future::future::Future<Output = ()>>>
[INFO] [stdout]   16:     0x6340685ca89e - <main[390ed82494103610]::integration::grant::test_grant_flows::{closure#0} as core[a373ad73a504971]::ops::function::FnOnce<()>>::call_once
[INFO] [stdout]   17:     0x6340685f60bb - test[aada8e7e76ba119b]::__rust_begin_short_backtrace::<core[a373ad73a504971]::result::Result<(), alloc[2e1b2a31b91974c5]::string::String>, fn() -> core[a373ad73a504971]::result::Result<(), alloc[2e1b2a31b91974c5]::string::String>>
[INFO] [stdout]   18:     0x634068603295 - test[aada8e7e76ba119b]::run_test::{closure#0}
[INFO] [stdout]   19:     0x6340685fcb84 - std[617be2ca0a6fd877]::sys::backtrace::__rust_begin_short_backtrace::<test[aada8e7e76ba119b]::run_test::{closure#1}, ()>
[INFO] [stdout]   20:     0x634068606322 - <std[617be2ca0a6fd877]::thread::lifecycle::spawn_unchecked<test[aada8e7e76ba119b]::run_test::{closure#1}, ()>::{closure#1} as core[a373ad73a504971]::ops::function::FnOnce<()>>::call_once::{shim:vtable#0}
[INFO] [stdout]   21:     0x63406892b95f - <std[617be2ca0a6fd877]::sys::thread::unix::Thread>::new::thread_start
[INFO] [stdout]   22:     0x733097b07dfa - <unknown>
[INFO] [stdout]   23:     0x733097b9b3d4 - clone
[INFO] [stdout]   24:                0x0 - <unknown>
[INFO] [stdout] 
[INFO] [stdout] ---- integration::token::test_token_flows stdout ----
[INFO] [stdout] 
[INFO] [stdout] thread 'integration::token::test_token_flows' (3400) panicked at tests/integration/token.rs:42:49:
[INFO] [stdout] Failed to create test setup: OpClientError { description: ".env file not found in tests/integration directory", validation_errors: None, status: None, code: None, details: None }
[INFO] [stdout] stack backtrace:
[INFO] [stdout]    0:     0x63406892c9f1 - <<std[617be2ca0a6fd877]::sys::backtrace::BacktraceLock>::print::DisplayBacktrace as core[a373ad73a504971]::fmt::Display>::fmt
[INFO] [stdout]    1:     0x634068942eda - core[a373ad73a504971]::fmt::write
[INFO] [stdout]    2:     0x63406893135c - <alloc[2e1b2a31b91974c5]::vec::Vec<u8> as core[a373ad73a504971]::io::write::Write>::write_fmt
[INFO] [stdout]    3:     0x634068907236 - std[617be2ca0a6fd877]::panicking::default_hook::{closure#0}
[INFO] [stdout]    4:     0x6340689241e9 - std[617be2ca0a6fd877]::panicking::default_hook
[INFO] [stdout]    5:     0x634068602c70 - test[aada8e7e76ba119b]::test_main_inner::{closure#0}
[INFO] [stdout]    6:     0x634068924512 - std[617be2ca0a6fd877]::panicking::panic_with_hook
[INFO] [stdout]    7:     0x6340689072e2 - std[617be2ca0a6fd877]::panicking::panic_handler::{closure#0}
[INFO] [stdout]    8:     0x6340688ffb49 - std[617be2ca0a6fd877]::sys::backtrace::__rust_end_short_backtrace::<std[617be2ca0a6fd877]::panicking::panic_handler::{closure#0}, !>
[INFO] [stdout]    9:     0x63406890817d - __rustc[ea4f61d10b84890b]::rust_begin_unwind
[INFO] [stdout]   10:     0x63406894363c - core[a373ad73a504971]::panicking::panic_fmt
[INFO] [stdout]   11:     0x634068943412 - core[a373ad73a504971]::result::unwrap_failed
[INFO] [stdout]   12:     0x6340685baf48 - main[390ed82494103610]::integration::token::test_token_flows::{closure#0}
[INFO] [stdout]   13:     0x6340685e0903 - <tokio[8fbf105d71a8d0c9]::runtime::scheduler::current_thread::Context>::enter::<core[a373ad73a504971]::task::poll::Poll<()>, <tokio[8fbf105d71a8d0c9]::runtime::scheduler::current_thread::CoreGuard>::block_on<core[a373ad73a504971]::pin::Pin<&mut core[a373ad73a504971]::pin::Pin<&mut dyn core[a373ad73a504971]::future::future::Future<Output = ()>>>>::{closure#0}::{closure#0}>
[INFO] [stdout]   14:     0x6340685ca9fc - <tokio[8fbf105d71a8d0c9]::runtime::context::scoped::Scoped<tokio[8fbf105d71a8d0c9]::runtime::scheduler::Context>>::set::<<tokio[8fbf105d71a8d0c9]::runtime::scheduler::current_thread::CoreGuard>::enter<<tokio[8fbf105d71a8d0c9]::runtime::scheduler::current_thread::CoreGuard>::block_on<core[a373ad73a504971]::pin::Pin<&mut core[a373ad73a504971]::pin::Pin<&mut dyn core[a373ad73a504971]::future::future::Future<Output = ()>>>>::{closure#0}, core[a373ad73a504971]::option::Option<()>>::{closure#0}, (alloc[2e1b2a31b91974c5]::boxed::Box<tokio[8fbf105d71a8d0c9]::runtime::scheduler::current_thread::Core>, core[a373ad73a504971]::option::Option<()>)>
[INFO] [stdout]   15:     0x6340685e0367 - <tokio[8fbf105d71a8d0c9]::runtime::runtime::Runtime>::block_on::<core[a373ad73a504971]::pin::Pin<&mut dyn core[a373ad73a504971]::future::future::Future<Output = ()>>>
[INFO] [stdout]   16:     0x6340685be09e - <main[390ed82494103610]::integration::token::test_token_flows::{closure#0} as core[a373ad73a504971]::ops::function::FnOnce<()>>::call_once
[INFO] [stdout]   17:     0x6340685f60bb - test[aada8e7e76ba119b]::__rust_begin_short_backtrace::<core[a373ad73a504971]::result::Result<(), alloc[2e1b2a31b91974c5]::string::String>, fn() -> core[a373ad73a504971]::result::Result<(), alloc[2e1b2a31b91974c5]::string::String>>
[INFO] [stdout]   18:     0x634068603295 - test[aada8e7e76ba119b]::run_test::{closure#0}
[INFO] [stdout]   19:     0x6340685fcb84 - std[617be2ca0a6fd877]::sys::backtrace::__rust_begin_short_backtrace::<test[aada8e7e76ba119b]::run_test::{closure#1}, ()>
[INFO] [stdout]   20:     0x634068606322 - <std[617be2ca0a6fd877]::thread::lifecycle::spawn_unchecked<test[aada8e7e76ba119b]::run_test::{closure#1}, ()>::{closure#1} as core[a373ad73a504971]::ops::function::FnOnce<()>>::call_once::{shim:vtable#0}
[INFO] [stdout]   21:     0x63406892b95f - <std[617be2ca0a6fd877]::sys::thread::unix::Thread>::new::thread_start
[INFO] [stdout]   22:     0x733097b07dfa - <unknown>
[INFO] [stdout]   23:     0x733097b9b3d4 - clone
[INFO] [stdout]   24:                0x0 - <unknown>
[INFO] [stdout] 
[INFO] [stdout] 
[INFO] [stdout] failures:
[INFO] [stdout]     integration::grant::test_grant_flows
[INFO] [stdout]     integration::incoming_payment::test_incoming_payment_flows
[INFO] [stdout]     integration::quote::test_quote_flows
[INFO] [stdout]     integration::token::test_token_flows
[INFO] [stdout]     integration::wallet_address::test_get_wallet_address_flows
[INFO] [stdout] 
[INFO] [stdout] test result: FAILED. 1 passed; 5 failed; 0 ignored; 0 measured; 0 filtered out; finished in 0.05s
[INFO] [stdout] 
[INFO] [stderr] error: test failed, to rerun pass `--test main`
[INFO] running `Command { std: "docker" "inspect" "eea1c0af14b4c3bf5758974e830e28e1587661b45b990adbd07d8e99c89c57e3", kill_on_drop: false }`
[INFO] running `Command { std: "docker" "rm" "-f" "eea1c0af14b4c3bf5758974e830e28e1587661b45b990adbd07d8e99c89c57e3", kill_on_drop: false }`
[INFO] [stdout] eea1c0af14b4c3bf5758974e830e28e1587661b45b990adbd07d8e99c89c57e3
