[INFO] fetching crate open-kioku-ingest 4.0.0...
[INFO] testing open-kioku-ingest-4.0.0 against 1.99.0-beta.8+cargoflags=--release for beta-release-1.100-2
[INFO] extracting crate open-kioku-ingest 4.0.0 into /workspace/builds/worker-6-tc1/source
[INFO] started tweaking crates.io crate open-kioku-ingest 4.0.0
[INFO] removed 0 missing tests
[INFO] finished tweaking crates.io crate open-kioku-ingest 4.0.0
[INFO] tweaked toml for crates.io crate open-kioku-ingest 4.0.0 written to /workspace/builds/worker-6-tc1/source/Cargo.toml
[INFO] validating manifest of crates.io crate open-kioku-ingest 4.0.0 on toolchain 1.99.0-beta.8
[INFO] running `Command { std: CARGO_HOME="/workspace/cargo-home" RUSTUP_HOME="/workspace/rustup-home" "/workspace/cargo-home/bin/cargo" "+1.99.0-beta.8" "metadata" "--manifest-path" "Cargo.toml" "--no-deps", kill_on_drop: false }`
[INFO] crate crates.io crate open-kioku-ingest 4.0.0 already has a lockfile, it will not be regenerated
[INFO] running `Command { std: CARGO_HOME="/workspace/cargo-home" RUSTUP_HOME="/workspace/rustup-home" "/workspace/cargo-home/bin/cargo" "+1.99.0-beta.8" "fetch" "--manifest-path" "Cargo.toml", kill_on_drop: false }`
[INFO] [stderr]     Updating crates.io index
[INFO] [stderr]  Downloading crates ...
[INFO] [stderr]   Downloaded open-kioku-errors v4.0.0
[INFO] [stderr]   Downloaded open-kioku-scip v4.0.0
[INFO] [stderr]   Downloaded open-kioku-semantic-model v4.0.0
[INFO] [stderr]   Downloaded scip v0.5.2
[INFO] [stderr]   Downloaded open-kioku-core v4.0.0
[INFO] [stderr]   Downloaded open-kioku-git v4.0.0
[INFO] [stderr]   Downloaded open-kioku-architecture v4.0.0
[INFO] [stderr]   Downloaded open-kioku-languages v4.0.0
[INFO] [stderr]   Downloaded open-kioku-config v4.0.0
[INFO] [stderr]   Downloaded open-kioku-resolution v4.0.0
[INFO] [stderr]   Downloaded open-kioku-parse v4.0.0
[INFO] [stderr]   Downloaded open-kioku-tree-sitter v4.0.0
[INFO] [stderr]   Downloaded open-kioku-storage v4.0.0
[INFO] [stderr]   Downloaded protobuf-support v3.7.1
[INFO] [stderr]   Downloaded protobuf v3.7.1
[INFO] running `Command { std: "docker" "create" "-v" "/var/lib/crater-agent-workspace/builds/worker-6-tc1/source:/opt/rustwide/workdir:ro,Z" "-v" "/var/lib/crater-agent-workspace/builds/worker-6-tc1/target:/opt/rustwide/target:rw,Z" "-v" "/var/lib/crater-agent-workspace/cargo-home:/opt/rustwide/cargo-home:ro,Z" "-v" "/var/lib/crater-agent-workspace/rustup-home:/opt/rustwide/rustup-home:ro,Z" "-m" "1610612736" "--network" "none" "ghcr.io/rust-lang/crates-build-env/linux@sha256:77db811e55d90add9212f6832c23229e3de5f1c1f9905e8cb07319ea15df73ac" "sleep" "infinity", kill_on_drop: false }`
[INFO] [stdout] 2c652a95bd3eb87372a1c296b32bcbaea2267b3c32f1ae09183ce3b22f77555a
[INFO] running `Command { std: "docker" "start" "2c652a95bd3eb87372a1c296b32bcbaea2267b3c32f1ae09183ce3b22f77555a", kill_on_drop: false }`
[INFO] running `Command { std: "docker" "inspect" "2c652a95bd3eb87372a1c296b32bcbaea2267b3c32f1ae09183ce3b22f77555a", kill_on_drop: false }`
[INFO] running `Command { std: "docker" "exec" "-e" "SOURCE_DIR=/opt/rustwide/workdir" "-e" "CARGO_HOME=/opt/rustwide/cargo-home" "-e" "RUSTUP_HOME=/opt/rustwide/rustup-home" "-e" "CARGO_TARGET_DIR=/opt/rustwide/target" "-w" "/opt/rustwide/workdir" "--user" "0:0" "2c652a95bd3eb87372a1c296b32bcbaea2267b3c32f1ae09183ce3b22f77555a" "/opt/rustwide/cargo-home/bin/cargo" "+1.99.0-beta.8" "metadata" "--no-deps" "--format-version=1", kill_on_drop: false }`
[INFO] running `Command { std: "docker" "inspect" "2c652a95bd3eb87372a1c296b32bcbaea2267b3c32f1ae09183ce3b22f77555a", kill_on_drop: false }`
[INFO] running `Command { std: "docker" "exec" "-e" "SOURCE_DIR=/opt/rustwide/workdir" "-e" "CARGO_HOME=/opt/rustwide/cargo-home" "-e" "RUSTUP_HOME=/opt/rustwide/rustup-home" "-e" "CARGO_TARGET_DIR=/opt/rustwide/target" "-e" "CARGO_INCREMENTAL=0" "-e" "RUST_BACKTRACE=full" "-e" "RUSTFLAGS=--cap-lints=warn" "-e" "RUSTDOCFLAGS=--cap-lints=warn" "-w" "/opt/rustwide/workdir" "--user" "0:0" "2c652a95bd3eb87372a1c296b32bcbaea2267b3c32f1ae09183ce3b22f77555a" "/opt/rustwide/cargo-home/bin/cargo" "+1.99.0-beta.8" "build" "--frozen" "--message-format=json" "--release", kill_on_drop: false }`
[INFO] [stderr]    Compiling tree-sitter-language v0.1.7
[INFO] [stderr]    Compiling cc v1.4.3
[INFO] [stderr]    Compiling schemars v0.8.22
[INFO] [stderr]    Compiling aho-corasick v1.1.5
[INFO] [stderr]    Compiling zmij v1.0.23
[INFO] [stderr]    Compiling syn v2.0.119
[INFO] [stderr]    Compiling syn v3.0.3
[INFO] [stderr]    Compiling serde_json v1.0.151
[INFO] [stderr]    Compiling serde_core v1.0.229
[INFO] [stderr]    Compiling bstr v1.13.1
[INFO] [stderr]    Compiling log v0.4.33
[INFO] [stderr]    Compiling protobuf v3.7.1
[INFO] [stderr]    Compiling streaming-iterator v0.1.9
[INFO] [stderr]    Compiling smallvec v1.15.2
[INFO] [stderr]    Compiling tree-sitter-yaml v0.7.2
[INFO] [stderr]    Compiling tree-sitter-typescript v0.23.2
[INFO] [stderr]    Compiling tree-sitter-rust v0.24.2
[INFO] [stderr]    Compiling tree-sitter-python v0.25.0
[INFO] [stderr]    Compiling tree-sitter-go v0.25.0
[INFO] [stderr]    Compiling tree-sitter-javascript v0.25.0
[INFO] [stderr]    Compiling tree-sitter-json v0.24.8
[INFO] [stderr]    Compiling tree-sitter-java v0.23.5
[INFO] [stderr]    Compiling regex-automata v0.4.18
[INFO] [stderr]    Compiling serde_derive v1.0.229
[INFO] [stderr]    Compiling serde_derive_internals v0.29.1
[INFO] [stderr]    Compiling tree-sitter v0.25.10
[INFO] [stderr]    Compiling thiserror-impl v1.0.69
[INFO] [stderr]    Compiling tracing-attributes v0.1.31
[INFO] [stderr]    Compiling schemars_derive v0.8.22
[INFO] [stderr]    Compiling globset v0.4.20
[INFO] [stderr]    Compiling regex v1.13.1
[INFO] [stderr]    Compiling ignore v0.4.33
[INFO] [stderr]    Compiling serde v1.0.229
[INFO] [stderr]    Compiling thiserror v1.0.69
[INFO] [stderr]    Compiling open-kioku-errors v4.0.0
[INFO] [stderr]    Compiling protobuf-support v3.7.1
[INFO] [stderr]    Compiling tracing v0.1.44
[INFO] [stderr]    Compiling chrono v0.4.45
[INFO] [stderr]    Compiling toml_datetime v0.6.11
[INFO] [stderr]    Compiling serde_spanned v0.6.9
[INFO] [stderr]    Compiling toml_edit v0.22.27
[INFO] [stderr]    Compiling open-kioku-core v4.0.0
[INFO] [stderr]    Compiling toml v0.8.23
[INFO] [stderr]    Compiling open-kioku-config v4.0.0
[INFO] [stderr]    Compiling scip v0.5.2
[INFO] [stderr]    Compiling open-kioku-languages v4.0.0
[INFO] [stderr]    Compiling open-kioku-storage v4.0.0
[INFO] [stderr]    Compiling open-kioku-semantic-model v4.0.0
[INFO] [stderr]    Compiling open-kioku-scip v4.0.0
[INFO] [stderr]    Compiling open-kioku-tree-sitter v4.0.0
[INFO] [stderr]    Compiling open-kioku-resolution v4.0.0
[INFO] [stderr]    Compiling open-kioku-git v4.0.0
[INFO] [stderr]    Compiling open-kioku-architecture v4.0.0
[INFO] [stderr]    Compiling open-kioku-parse v4.0.0
[INFO] [stderr]    Compiling open-kioku-ingest v4.0.0 (/opt/rustwide/workdir)
[INFO] [stderr]     Finished `release` profile [optimized] target(s) in 52.72s
[INFO] running `Command { std: "docker" "inspect" "2c652a95bd3eb87372a1c296b32bcbaea2267b3c32f1ae09183ce3b22f77555a", kill_on_drop: false }`
[INFO] running `Command { std: "docker" "exec" "-e" "SOURCE_DIR=/opt/rustwide/workdir" "-e" "CARGO_HOME=/opt/rustwide/cargo-home" "-e" "RUSTUP_HOME=/opt/rustwide/rustup-home" "-e" "CARGO_TARGET_DIR=/opt/rustwide/target" "-e" "CARGO_INCREMENTAL=0" "-e" "RUST_BACKTRACE=full" "-e" "RUSTFLAGS=--cap-lints=warn" "-e" "RUSTDOCFLAGS=--cap-lints=warn" "-w" "/opt/rustwide/workdir" "--user" "0:0" "2c652a95bd3eb87372a1c296b32bcbaea2267b3c32f1ae09183ce3b22f77555a" "/opt/rustwide/cargo-home/bin/cargo" "+1.99.0-beta.8" "test" "--frozen" "--no-run" "--message-format=json" "--release", kill_on_drop: false }`
[INFO] [stderr]    Compiling tempfile v3.27.0
[INFO] [stderr]    Compiling open-kioku-ingest v4.0.0 (/opt/rustwide/workdir)
[INFO] [stderr]     Finished `release` profile [optimized] target(s) in 14.19s
[INFO] running `Command { std: "docker" "inspect" "2c652a95bd3eb87372a1c296b32bcbaea2267b3c32f1ae09183ce3b22f77555a", kill_on_drop: false }`
[INFO] running `Command { std: "docker" "exec" "-e" "SOURCE_DIR=/opt/rustwide/workdir" "-e" "CARGO_HOME=/opt/rustwide/cargo-home" "-e" "RUSTUP_HOME=/opt/rustwide/rustup-home" "-e" "CARGO_TARGET_DIR=/opt/rustwide/target" "-e" "CARGO_INCREMENTAL=0" "-e" "RUST_BACKTRACE=full" "-e" "RUSTFLAGS=--cap-lints=warn" "-e" "RUSTDOCFLAGS=--cap-lints=warn" "-w" "/opt/rustwide/workdir" "--user" "0:0" "2c652a95bd3eb87372a1c296b32bcbaea2267b3c32f1ae09183ce3b22f77555a" "/opt/rustwide/cargo-home/bin/cargo" "+1.99.0-beta.8" "test" "--frozen" "--release", kill_on_drop: false }`
[INFO] [stderr]     Finished `release` profile [optimized] target(s) in 0.11s
[INFO] [stderr]      Running unittests src/lib.rs (/opt/rustwide/target/release/deps/open_kioku_ingest-15432a6a970da29e)
[INFO] [stdout] 
[INFO] [stdout] running 70 tests
[INFO] [stdout] test derived::tests::a_generated_file_without_a_banner_origin_is_not_paired_by_guesswork ... ok
[INFO] [stdout] test derived::tests::an_ambiguous_convention_pairs_nothing_and_a_subject_is_never_a_test ... ok
[INFO] [stdout] test document_corpus_acceptance_hardening_tests::plain_text_is_opt_in_and_readme_code_is_not_a_document ... ok
[INFO] [stdout] test derived::tests::fact_identity_is_stable_across_runs ... ok
[INFO] [stdout] test derived::tests::tests_pair_with_their_subject_by_language_convention ... ok
[INFO] [stdout] test derived::tests::a_banner_naming_a_path_that_does_not_resolve_binds_to_nothing ... ok
[INFO] [stdout] test imports::tests::ambiguous_internal_module_key_fails_closed ... ok
[INFO] [stdout] test document_corpus_acceptance_hardening_tests::fenced_markdown_heading_is_not_document_structure ... ok
[INFO] [stdout] test derived::tests::a_banner_origin_that_climbs_past_the_root_binds_to_nothing ... ok
[INFO] [stdout] test derived::tests::a_banner_origin_resolves_relative_to_the_generated_file ... ok
[INFO] [stdout] test imports::tests::unresolved_external_import_with_unique_internal_type_remains_unresolved ... ok
[INFO] [stdout] test derived::tests::a_declaration_file_pairs_with_the_implementation_beside_it ... ok
[INFO] [stdout] test imports::tests::legacy_single_value_map_remains_supported_during_indexer_migration ... ok
[INFO] [stdout] test git_ignore::tests::plain_directory_does_not_require_git ... ok
[INFO] [stdout] test derived::tests::a_generation_banner_pairs_the_file_with_the_origin_it_names ... ok
[INFO] [stdout] test document_corpus_tests::markdown_sections_preserve_heading_paths_and_are_bounded ... ok
[INFO] [stdout] test imports::tests::resolves_internal_and_external_imports ... ok
[INFO] [stdout] test project_model::tests::computes_semantic_module_paths ... ok
[INFO] [stdout] test relationships::tests::computes_complexity_metrics ... ok
[INFO] [stdout] test project_model::tests::nested_go_module_uses_owner_relative_directory ... ok
[INFO] [stdout] test relationships::tests::loop_segments_handles_a_multibyte_character_immediately_after_the_marker ... ok
[INFO] [stdout] test relationships::tests::detects_recursive_call_cycle_from_calls_edges ... ok
[INFO] [stdout] test relationships::tests::emits_similarity_for_true_positive_and_skips_fast_mode ... ok
[INFO] [stdout] test per_file_failure_tests::file_removed_between_discovery_and_parse_is_a_filesystem_skip ... ok
[INFO] [stdout] test document_corpus_acceptance_hardening_tests::corpus_inherits_okignore_and_can_be_disabled ... ok
[INFO] [stdout] test resolver::tests::package_and_builtin_imports_become_dependencies ... ok
[INFO] [stdout] test project_model::tests::discovered_nested_roots_are_repo_relative_and_nearest_root_wins ... ok
[INFO] [stdout] test document_corpus_tests::fast_mode_document_corpus_uses_common_security_and_ignore_policy ... ok
[INFO] [stdout] test document_corpus_tests::document_classifier_requires_plain_text_opt_in_and_rejects_readme_code ... ok
[INFO] [stdout] test resolver::tests::deepest_nested_ts_config_wins ... ok
[INFO] [stdout] test resolver::tests::resolves_go_module_directory_import ... ok
[INFO] [stdout] test relationships::tests::propagates_nested_loop_depth_over_calls ... ok
[INFO] [stdout] test relationships::tests::semantic_relationships_are_disabled_by_default ... ok
[INFO] [stdout] test relationships::tests::similarity_threshold_filters_false_positive ... ok
[INFO] [stdout] test per_file_failure_tests::parser_panic_on_one_file_is_recorded_and_the_index_completes ... ok
[INFO] [stdout] test relationships::tests::loop_segments_survives_multibyte_characters_at_the_window_edge ... ok
[INFO] [stdout] test resolver::tests::ambiguous_candidates_are_low_confidence_caveats ... ok
[INFO] [stdout] test runtime::tests::parses_runtime_jsonl_and_aggregates_routes_symbols_and_sql ... ok
[INFO] [stdout] test runtime::tests::percentile_uses_nearest_rank ... ok
[INFO] [stdout] test runtime::tests::redacts_secret_like_message_tokens ... ok
[INFO] [stdout] test resolver::tests::resolves_js_base_url_import ... ok
[INFO] [stdout] test resolver::tests::resolves_java_maven_package_import ... ok
[INFO] [stdout] test resolver::tests::resolves_python_package_import ... ok
[INFO] [stdout] test symbol_registry::tests::suffix_ambiguity_and_common_name_caps_surface_caveats ... ok
[INFO] [stdout] test symbol_registry::tests::unique_project_name_is_medium_confidence ... ok
[INFO] [stdout] test symbol_registry::tests::unresolved_calls_surface_low_confidence_notes ... ok
[INFO] [stdout] test runtime::tests::runtime_freshness_marks_old_observations_stale ... ok
[INFO] [stdout] test symbol_registry::tests::direct_import_resolves_call ... ok
[INFO] [stdout] test symbol_registry::tests::same_file_and_same_module_resolution ... ok
[INFO] [stdout] test symbol_registry::tests::scip_availability_is_recorded_without_claiming_exactness ... ok
[INFO] [stdout] test tests::candidate_cap_hits_are_visible_in_index_quality ... ok
[INFO] [stdout] test tests::cross_project_mode_records_status_without_parsing_source ... ok
[INFO] [stdout] test tests::derive_occurrences_records_definitions_only_for_heuristic_indexing ... ok
[INFO] [stdout] test tests::secret_path_rule_blocks_data_files_by_name_but_not_programming_source ... ok
[INFO] [stdout] test tests::symbol_mapping_marks_ambiguous_historical_ranges_as_uncertain ... ok
[INFO] [stdout] test resolver::tests::config_cap_hit_is_reported ... ok
[INFO] [stdout] test validation::tests::parses_junit_failures_as_validation_facts ... ok
[INFO] [stdout] test validation::tests::parses_lcov_and_maps_lines_to_symbols_and_tests ... ok
[INFO] [stdout] test validation::tests::parses_cobertura_jacoco_and_coverage_json ... ok
[INFO] [stdout] test tests::balanced_mode_keeps_trust_critical_passes_visible ... ok
[INFO] [stdout] test tests::discovery_reports_typed_skipped_paths_without_reading_secret_content ... ok
[INFO] [stderr] hint: Using 'master' as the name for the initial branch. This default branch name
[INFO] [stdout] test resolver::tests::resolves_rust_current_crate_symbol_imports_at_the_crate_root ... ok
[INFO] [stderr] hint: will change to "main" in Git 3.0. To configure the initial branch name
[INFO] [stdout] Initialized empty Git repository in /tmp/.tmpy4Nn9t/.git/
[INFO] [stderr] hint: to use in all of your new repositories, which will suppress this warning,
[INFO] [stdout] test resolver::tests::resolves_rust_workspace_module_import ... ok
[INFO] [stderr] hint: call:
[INFO] [stdout] test resolver::tests::resolves_ts_path_alias_with_longest_prefix ... ok
[INFO] [stderr] hint:
[INFO] [stdout] test tests::index_manifest_records_build_and_analysis_provider_signals ... ok
[INFO] [stderr] hint: 	git config --global init.defaultBranch <name>
[INFO] [stderr] hint:
[INFO] [stderr] hint: Names commonly chosen instead of 'master' are 'main', 'trunk' and
[INFO] [stderr] hint: 'development'. The just-created branch can be renamed via this command:
[INFO] [stderr] hint:
[INFO] [stderr] hint: 	git branch -m <name>
[INFO] [stderr] hint:
[INFO] [stderr] hint: Disable this message with "git config set advice.defaultBranchName false"
[INFO] [stdout] test tests::index_modes_are_stored_with_phase_reports_and_caveats ... ok
[INFO] [stdout] [master (root-commit) 495f484] auth with tests
[INFO] [stdout]  2 files changed, 2 insertions(+)
[INFO] [stdout]  create mode 100644 src/auth.rs
[INFO] [stdout]  create mode 100644 tests/auth_test.rs
[INFO] [stdout] test git_ignore::tests::git_is_authoritative_for_nested_scope_and_tracked_files ... ok
[INFO] [stdout] test tests::index_git_history_facts_can_be_disabled ... ok
[INFO] [stdout] test git_ignore::tests::batched_check_drains_large_git_output_without_deadlocking ... ok
[INFO] [stdout] test runtime::tests::caps_large_runtime_inputs ... ok
[INFO] [stdout] 
[INFO] [stdout] test result: ok. 70 passed; 0 failed; 0 ignored; 0 measured; 0 filtered out; finished in 0.25s
[INFO] [stdout] 
[INFO] [stderr]      Running tests/coverage.rs (/opt/rustwide/target/release/deps/coverage-d2072641fea27a89)
[INFO] [stdout] 
[INFO] [stdout] running 1 test
[INFO] [stderr]      Running tests/ignore_discovery.rs (/opt/rustwide/target/release/deps/ignore_discovery-7624b20bfa965679)
[INFO] [stdout] test coverage_attributes_every_source_file_to_indexed_or_a_skip_reason ... ok
[INFO] [stdout] 
[INFO] [stdout] test result: ok. 1 passed; 0 failed; 0 ignored; 0 measured; 0 filtered out; finished in 0.02s
[INFO] [stdout] 
[INFO] [stdout] 
[INFO] [stdout] running 4 tests
[INFO] [stdout] test nested_okignore_is_scoped_to_its_directory ... ok
[INFO] [stdout] test zero_index_after_ignore_filter_emits_discovery_warning ... ok
[INFO] [stdout] test nested_gitignore_is_scoped_to_its_directory ... ok
[INFO] [stdout] test tracked_file_is_not_skipped_when_gitignore_pattern_matches_it ... ok
[INFO] [stdout] 
[INFO] [stdout] test result: ok. 4 passed; 0 failed; 0 ignored; 0 measured; 0 filtered out; finished in 0.10s
[INFO] [stdout] 
[INFO] [stderr]      Running tests/index_fixture.rs (/opt/rustwide/target/release/deps/index_fixture-e5369f2a964c77ca)
[INFO] [stdout] 
[INFO] [stdout] running 1 test
[INFO] [stdout] test indexes_fixture_repo ... FAILED
[INFO] [stdout] 
[INFO] [stdout] failures:
[INFO] [stdout] 
[INFO] [stdout] ---- indexes_fixture_repo stdout ----
[INFO] [stdout] 
[INFO] [stdout] thread 'indexes_fixture_repo' (2295) panicked at tests/index_fixture.rs:8:65:
[INFO] [stdout] called `Result::unwrap()` on an `Err` value: Io(Os { code: 2, kind: NotFound, message: "No such file or directory" })
[INFO] [stdout] stack backtrace:
[INFO] [stdout]    0:     0x60b2beb47cc1 - <<std[70759c8f55707aa4]::sys::backtrace::BacktraceLock>::print::DisplayBacktrace as core[df12db4294e9bfd3]::fmt::Display>::fmt
[INFO] [stdout]    1:     0x60b2beb5ed1a - core[df12db4294e9bfd3]::fmt::write
[INFO] [stdout]    2:     0x60b2beb4c7bc - <alloc[2182bb758b4b3781]::vec::Vec<u8> as core[df12db4294e9bfd3]::io::write::Write>::write_fmt
[INFO] [stdout]    3:     0x60b2beb21446 - std[70759c8f55707aa4]::panicking::default_hook::{closure#0}
[INFO] [stdout]    4:     0x60b2beb3f739 - std[70759c8f55707aa4]::panicking::default_hook
[INFO] [stdout]    5:     0x60b2be788a70 - test[9d35eded1c95d3be]::test_main_inner::<test[9d35eded1c95d3be]::test_main_static::{closure#0}>::{closure#0}
[INFO] [stdout]    6:     0x60b2beb3fa62 - std[70759c8f55707aa4]::panicking::panic_with_hook
[INFO] [stdout]    7:     0x60b2beb214f2 - std[70759c8f55707aa4]::panicking::panic_handler::{closure#0}
[INFO] [stdout]    8:     0x60b2beb19f29 - std[70759c8f55707aa4]::sys::backtrace::__rust_end_short_backtrace::<std[70759c8f55707aa4]::panicking::panic_handler::{closure#0}, !>
[INFO] [stdout]    9:     0x60b2beb220ed - __rustc[8fa7c3cbc660c2b3]::rust_begin_unwind
[INFO] [stdout]   10:     0x60b2beb5f4fc - core[df12db4294e9bfd3]::panicking::panic_fmt
[INFO] [stdout]   11:     0x60b2beb5f2d2 - core[df12db4294e9bfd3]::result::unwrap_failed
[INFO] [stdout]   12:     0x60b2be774abf - <index_fixture[97d51074975c9814]::indexes_fixture_repo::{closure#0} as core[df12db4294e9bfd3]::ops::function::FnOnce<()>>::call_once
[INFO] [stdout]   13:     0x60b2be77bd5b - test[9d35eded1c95d3be]::__rust_begin_short_backtrace::<core[df12db4294e9bfd3]::result::Result<(), alloc[2182bb758b4b3781]::string::String>, fn() -> core[df12db4294e9bfd3]::result::Result<(), alloc[2182bb758b4b3781]::string::String>>
[INFO] [stdout]   14:     0x60b2be7893c5 - test[9d35eded1c95d3be]::run_test::{closure#0}
[INFO] [stdout]   15:     0x60b2be782c84 - std[70759c8f55707aa4]::sys::backtrace::__rust_begin_short_backtrace::<test[9d35eded1c95d3be]::run_test::{closure#1}, ()>
[INFO] [stdout]   16:     0x60b2be78c522 - <std[70759c8f55707aa4]::thread::lifecycle::spawn_unchecked<test[9d35eded1c95d3be]::run_test::{closure#1}, ()>::{closure#1} as core[df12db4294e9bfd3]::ops::function::FnOnce<()>>::call_once::{shim:vtable#0}
[INFO] [stdout]   17:     0x60b2beb46ef9 - <std[70759c8f55707aa4]::sys::thread::unix::Thread>::new::thread_start
[INFO] [stdout]   18:     0x76cfe6e1cdfa - <unknown>
[INFO] [stdout]   19:     0x76cfe6eb03d4 - clone
[INFO] [stdout]   20:                0x0 - <unknown>
[INFO] [stdout] 
[INFO] [stdout] 
[INFO] [stdout] failures:
[INFO] [stdout]     indexes_fixture_repo
[INFO] [stdout] 
[INFO] [stdout] test result: FAILED. 0 passed; 1 failed; 0 ignored; 0 measured; 0 filtered out; finished in 0.00s
[INFO] [stdout] 
[INFO] [stderr] error: test failed, to rerun pass `--test index_fixture`
[INFO] running `Command { std: "docker" "inspect" "2c652a95bd3eb87372a1c296b32bcbaea2267b3c32f1ae09183ce3b22f77555a", kill_on_drop: false }`
[INFO] running `Command { std: "docker" "rm" "-f" "2c652a95bd3eb87372a1c296b32bcbaea2267b3c32f1ae09183ce3b22f77555a", kill_on_drop: false }`
[INFO] [stdout] 2c652a95bd3eb87372a1c296b32bcbaea2267b3c32f1ae09183ce3b22f77555a
