[INFO] fetching crate open-gpui-motion 0.2.0...
[INFO] testing open-gpui-motion-0.2.0 against 1.99.0-beta.8+cargoflags=--release for beta-release-1.100-2
[INFO] extracting crate open-gpui-motion 0.2.0 into /workspace/builds/worker-1-tc1/source
[INFO] started tweaking crates.io crate open-gpui-motion 0.2.0
[INFO] removed 0 missing tests
[INFO] finished tweaking crates.io crate open-gpui-motion 0.2.0
[INFO] tweaked toml for crates.io crate open-gpui-motion 0.2.0 written to /workspace/builds/worker-1-tc1/source/Cargo.toml
[INFO] validating manifest of crates.io crate open-gpui-motion 0.2.0 on toolchain 1.99.0-beta.8
[INFO] running `Command { std: CARGO_HOME="/workspace/cargo-home" RUSTUP_HOME="/workspace/rustup-home" "/workspace/cargo-home/bin/cargo" "+1.99.0-beta.8" "metadata" "--manifest-path" "Cargo.toml" "--no-deps", kill_on_drop: false }`
[INFO] crate crates.io crate open-gpui-motion 0.2.0 already has a lockfile, it will not be regenerated
[INFO] running `Command { std: CARGO_HOME="/workspace/cargo-home" RUSTUP_HOME="/workspace/rustup-home" "/workspace/cargo-home/bin/cargo" "+1.99.0-beta.8" "fetch" "--manifest-path" "Cargo.toml", kill_on_drop: false }`
[INFO] running `Command { std: "docker" "create" "-v" "/var/lib/crater-agent-workspace/builds/worker-1-tc1/source:/opt/rustwide/workdir:ro,Z" "-v" "/var/lib/crater-agent-workspace/builds/worker-1-tc1/target:/opt/rustwide/target:rw,Z" "-v" "/var/lib/crater-agent-workspace/cargo-home:/opt/rustwide/cargo-home:ro,Z" "-v" "/var/lib/crater-agent-workspace/rustup-home:/opt/rustwide/rustup-home:ro,Z" "-m" "1610612736" "--network" "none" "ghcr.io/rust-lang/crates-build-env/linux@sha256:77db811e55d90add9212f6832c23229e3de5f1c1f9905e8cb07319ea15df73ac" "sleep" "infinity", kill_on_drop: false }`
[INFO] [stdout] ed49eb25471ca1b6ea4a2fa6dbbbec968eeaf000f2a5ced29dcdba173e2920df
[INFO] running `Command { std: "docker" "start" "ed49eb25471ca1b6ea4a2fa6dbbbec968eeaf000f2a5ced29dcdba173e2920df", kill_on_drop: false }`
[INFO] running `Command { std: "docker" "inspect" "ed49eb25471ca1b6ea4a2fa6dbbbec968eeaf000f2a5ced29dcdba173e2920df", kill_on_drop: false }`
[INFO] running `Command { std: "docker" "exec" "-e" "SOURCE_DIR=/opt/rustwide/workdir" "-e" "CARGO_HOME=/opt/rustwide/cargo-home" "-e" "RUSTUP_HOME=/opt/rustwide/rustup-home" "-e" "CARGO_TARGET_DIR=/opt/rustwide/target" "-w" "/opt/rustwide/workdir" "--user" "0:0" "ed49eb25471ca1b6ea4a2fa6dbbbec968eeaf000f2a5ced29dcdba173e2920df" "/opt/rustwide/cargo-home/bin/cargo" "+1.99.0-beta.8" "metadata" "--no-deps" "--format-version=1", kill_on_drop: false }`
[INFO] running `Command { std: "docker" "inspect" "ed49eb25471ca1b6ea4a2fa6dbbbec968eeaf000f2a5ced29dcdba173e2920df", kill_on_drop: false }`
[INFO] running `Command { std: "docker" "exec" "-e" "SOURCE_DIR=/opt/rustwide/workdir" "-e" "CARGO_HOME=/opt/rustwide/cargo-home" "-e" "RUSTUP_HOME=/opt/rustwide/rustup-home" "-e" "CARGO_TARGET_DIR=/opt/rustwide/target" "-e" "CARGO_INCREMENTAL=0" "-e" "RUST_BACKTRACE=full" "-e" "RUSTFLAGS=--cap-lints=warn" "-e" "RUSTDOCFLAGS=--cap-lints=warn" "-w" "/opt/rustwide/workdir" "--user" "0:0" "ed49eb25471ca1b6ea4a2fa6dbbbec968eeaf000f2a5ced29dcdba173e2920df" "/opt/rustwide/cargo-home/bin/cargo" "+1.99.0-beta.8" "build" "--frozen" "--message-format=json" "--release", kill_on_drop: false }`
[INFO] [stderr]    Compiling open-gpui-motion v0.2.0 (/opt/rustwide/workdir)
[INFO] [stderr]     Finished `release` profile [optimized] target(s) in 0.57s
[INFO] running `Command { std: "docker" "inspect" "ed49eb25471ca1b6ea4a2fa6dbbbec968eeaf000f2a5ced29dcdba173e2920df", kill_on_drop: false }`
[INFO] running `Command { std: "docker" "exec" "-e" "SOURCE_DIR=/opt/rustwide/workdir" "-e" "CARGO_HOME=/opt/rustwide/cargo-home" "-e" "RUSTUP_HOME=/opt/rustwide/rustup-home" "-e" "CARGO_TARGET_DIR=/opt/rustwide/target" "-e" "CARGO_INCREMENTAL=0" "-e" "RUST_BACKTRACE=full" "-e" "RUSTFLAGS=--cap-lints=warn" "-e" "RUSTDOCFLAGS=--cap-lints=warn" "-w" "/opt/rustwide/workdir" "--user" "0:0" "ed49eb25471ca1b6ea4a2fa6dbbbec968eeaf000f2a5ced29dcdba173e2920df" "/opt/rustwide/cargo-home/bin/cargo" "+1.99.0-beta.8" "test" "--frozen" "--no-run" "--message-format=json" "--release", kill_on_drop: false }`
[INFO] [stderr]    Compiling open-gpui-motion v0.2.0 (/opt/rustwide/workdir)
[INFO] [stderr]     Finished `release` profile [optimized] target(s) in 1.19s
[INFO] running `Command { std: "docker" "inspect" "ed49eb25471ca1b6ea4a2fa6dbbbec968eeaf000f2a5ced29dcdba173e2920df", kill_on_drop: false }`
[INFO] running `Command { std: "docker" "exec" "-e" "SOURCE_DIR=/opt/rustwide/workdir" "-e" "CARGO_HOME=/opt/rustwide/cargo-home" "-e" "RUSTUP_HOME=/opt/rustwide/rustup-home" "-e" "CARGO_TARGET_DIR=/opt/rustwide/target" "-e" "CARGO_INCREMENTAL=0" "-e" "RUST_BACKTRACE=full" "-e" "RUSTFLAGS=--cap-lints=warn" "-e" "RUSTDOCFLAGS=--cap-lints=warn" "-w" "/opt/rustwide/workdir" "--user" "0:0" "ed49eb25471ca1b6ea4a2fa6dbbbec968eeaf000f2a5ced29dcdba173e2920df" "/opt/rustwide/cargo-home/bin/cargo" "+1.99.0-beta.8" "test" "--frozen" "--release", kill_on_drop: false }`
[INFO] [stderr]     Finished `release` profile [optimized] target(s) in 0.01s
[INFO] [stderr]      Running unittests src/lib.rs (/opt/rustwide/target/release/deps/open_gpui_motion-4ecd3283e10dfc1c)
[INFO] [stdout] 
[INFO] [stdout] running 59 tests
[INFO] [stdout] test controller::tests::clock_sample_clamps_non_monotonic_elapsed_time ... ok
[INFO] [stdout] test controller::tests::cancelling_track_is_terminal_without_reaching_final_state ... ok
[INFO] [stdout] test controller::tests::progress_execution_samples_normalized_lifecycle ... ok
[INFO] [stdout] test controller::tests::scalar_execution_reports_completion_and_frame_demand_from_one_sample ... ok
[INFO] [stdout] test controller::tests::grouped_tracks_report_frame_demand_until_every_track_completes ... ok
[INFO] [stdout] test motion::tests::animated_motion_preserves_duration_and_easing ... ok
[INFO] [stdout] test frame_host::tests::active_demand_requests_frame_and_records_count ... ok
[INFO] [stdout] test controller::tests::reduced_motion_execution_publishes_final_value_without_frame_demand ... ok
[INFO] [stdout] test frame_host::tests::sampling_clamps_non_monotonic_elapsed_time ... ok
[INFO] [stdout] test frame_host::tests::combines_many_demands_into_one_adapter_decision ... ok
[INFO] [stdout] test controller::tests::controller_prunes_terminal_tracks_after_cancel_and_finish ... ok
[INFO] [stdout] test controller::tests::retarget_preserves_sampled_value_and_velocity_for_one_track ... ok
[INFO] [stdout] test controller::tests::execution_plan_downgrades_policy_failures_to_immediate_motion ... ok
[INFO] [stdout] test controller::tests::finishing_track_jumps_to_target_and_stops_frame_demand ... ok
[INFO] [stdout] test controller::tests::frame_demand_combines_idle_and_active_with_stable_reason ... ok
[INFO] [stdout] test controller::tests::immediate_track_never_requests_a_frame ... ok
[INFO] [stdout] test frame_host::tests::idle_demand_does_not_request_frame ... ok
[INFO] [stdout] test policy::tests::excessive_bounce_is_rejected ... ok
[INFO] [stdout] test policy::tests::keyboard_focus_spatial_motion_is_rejected ... ok
[INFO] [stdout] test policy::tests::overlong_ui_motion_without_continuity_reason_is_rejected ... ok
[INFO] [stdout] test projection::tests::projection_visual_bounds_move_without_mutating_target_bounds ... ok
[INFO] [stdout] test motion::tests::reduced_motion_disables_spatial_motion ... ok
[INFO] [stdout] test policy::tests::committed_layout_motion_under_budget_passes_policy ... ok
[INFO] [stdout] test policy::tests::pointer_drag_spatial_motion_is_rejected ... ok
[INFO] [stdout] test policy::tests::reduced_motion_final_semantics_without_spatial_motion_pass ... ok
[INFO] [stdout] test runtime::tests::cancelled_timeline_reports_cancelled_sampled_progress ... ok
[INFO] [stdout] test motion::tests::reduced_motion_forces_immediate_duration ... ok
[INFO] [stdout] test projection::tests::projection_clip_keeps_final_content_bounds_and_samples_visible_bounds ... ok
[INFO] [stdout] test projection::tests::public_visual_bounds_helper_exposes_consumed_projection_capability ... ok
[INFO] [stdout] test motion::tests::strong_motion_curves_are_monotonic_and_complete ... ok
[INFO] [stdout] test runtime::tests::motion_source_rect_places_rect_outside_container_edge ... ok
[INFO] [stdout] test motion::tests::progress_at_samples_duration_and_curve ... ok
[INFO] [stdout] test runtime::tests::preferred_motion_edge_prefers_touching_edge_before_distance ... ok
[INFO] [stdout] test policy::tests::unrelated_target_preview_interpolation_is_rejected ... ok
[INFO] [stdout] test projection::tests::reveal_clip_samples_visible_bounds_inside_final_content ... ok
[INFO] [stdout] test motion::tests::named_layout_specs_use_stronger_curves_without_changing_layout_default ... ok
[INFO] [stdout] test projection::tests::reveal_sample_uses_final_bounds_as_the_semantic_rect ... ok
[INFO] [stdout] test projection::tests::reduced_motion_projection_samples_final_state_without_spatial_movement ... ok
[INFO] [stdout] test projection::tests::near_identity_projection_snaps_to_neutral_values ... ok
[INFO] [stdout] test runtime::tests::reveal_and_lerp_rect_clamp_progress ... ok
[INFO] [stdout] test runtime::tests::timeline_samples_start_midpoint_and_completion ... ok
[INFO] [stdout] test runtime::tests::retarget_snapshots_match_by_identity_and_report_missing_items ... ok
[INFO] [stdout] test sequence::tests::sequence_positions_append_with_previous_and_after_previous ... ok
[INFO] [stdout] test runtime::tests::reduced_motion_samples_as_immediate ... ok
[INFO] [stdout] test sequence::tests::spring_sequence_duration_hint_uses_review_duration ... ok
[INFO] [stdout] test spring::tests::invalid_physics_parameters_are_sanitized ... ok
[INFO] [stdout] test sequence::tests::reduced_motion_step_completes_without_frame_demand_at_start ... ok
[INFO] [stdout] test sequence::tests::sequence_samples_pending_active_and_completed_steps ... ok
[INFO] [stdout] test spring::tests::layout_spring_samples_active_motion_and_reaches_exact_target_at_rest ... ok
[INFO] [stdout] test spring::tests::motion_model_wraps_timeline_and_spring_specs ... ok
[INFO] [stdout] test spring::tests::retargeted_spring_preserves_current_position_and_velocity ... ok
[INFO] [stdout] test value::tests::scalar_value_keeps_finite_current_value ... ok
[INFO] [stdout] test sequence::tests::staggered_steps_preserve_start_offsets ... ok
[INFO] [stdout] test spring::tests::tiny_delta_uses_rest_thresholds_without_oscillating_forever ... ok
[INFO] [stdout] test spring::tests::spring_bounce_defaults_are_subtle_and_clamped ... ok
[INFO] [stdout] test value::tests::scalar_value_replaces_non_finite_current_value_with_zero ... ok
[INFO] [stdout] test spring::tests::motion_preset_resolves_default_springs_explicitly ... ok
[INFO] [stdout] test spring::tests::reduced_motion_spring_returns_final_semantic_sample ... ok
[INFO] [stdout] test spring::tests::motion_model_samples_timeline_and_spring_as_scalar_values ... ok
[INFO] [stdout] 
[INFO] [stdout] test result: ok. 59 passed; 0 failed; 0 ignored; 0 measured; 0 filtered out; finished in 0.02s
[INFO] [stdout] 
[INFO] [stderr]      Running tests/public_contracts.rs (/opt/rustwide/target/release/deps/public_contracts-bad44b8d0246e45e)
[INFO] [stdout] 
[INFO] [stdout] running 8 tests
[INFO] [stdout] test frame_host_is_a_public_adapter_contract ... ok
[INFO] [stdout] test frame_demand_and_clock_samples_are_public_adapter_contracts ... ok
[INFO] [stdout] test progress_execution_is_public_adapter_lifecycle_contract ... ok
[INFO] [stdout] test scalar_controller_lifecycle_is_public_and_demand_driven ... ok
[INFO] [stdout] test scalar_execution_samples_by_explicit_elapsed_controller_time ... ok
[INFO] [stdout] test sequence_plan_is_public_renderer_neutral_motion_composition ... ok
[INFO] [stdout] test reduced_projection_clip_publishes_final_semantic_bounds_immediately ... ok
[INFO] [stdout] test motion_manifest_has_no_ui_domain_or_platform_dependencies ... FAILED
[INFO] [stdout] 
[INFO] [stdout] failures:
[INFO] [stdout] 
[INFO] [stdout] ---- motion_manifest_has_no_ui_domain_or_platform_dependencies stdout ----
[INFO] [stdout] 
[INFO] [stdout] thread 'motion_manifest_has_no_ui_domain_or_platform_dependencies' (247) panicked at tests/public_contracts.rs:222:9:
[INFO] [stdout] motion crate manifest must not depend on open_gpui
[INFO] [stdout] stack backtrace:
[INFO] [stdout]    0:     0x5ddff89bf421 - <<std[70759c8f55707aa4]::sys::backtrace::BacktraceLock>::print::DisplayBacktrace as core[df12db4294e9bfd3]::fmt::Display>::fmt
[INFO] [stdout]    1:     0x5ddff89d41da - core[df12db4294e9bfd3]::fmt::write
[INFO] [stdout]    2:     0x5ddff89c38bc - <alloc[2182bb758b4b3781]::vec::Vec<u8> as core[df12db4294e9bfd3]::io::write::Write>::write_fmt
[INFO] [stdout]    3:     0x5ddff899b9d6 - std[70759c8f55707aa4]::panicking::default_hook::{closure#0}
[INFO] [stdout]    4:     0x5ddff89b7b89 - std[70759c8f55707aa4]::panicking::default_hook
[INFO] [stdout]    5:     0x5ddff8952aa0 - test[9d35eded1c95d3be]::test_main_inner::<test[9d35eded1c95d3be]::test_main_static::{closure#0}>::{closure#0}
[INFO] [stdout]    6:     0x5ddff89b7d42 - std[70759c8f55707aa4]::panicking::panic_with_hook
[INFO] [stdout]    7:     0x5ddff899ba82 - std[70759c8f55707aa4]::panicking::panic_handler::{closure#0}
[INFO] [stdout]    8:     0x5ddff8994809 - std[70759c8f55707aa4]::sys::backtrace::__rust_end_short_backtrace::<std[70759c8f55707aa4]::panicking::panic_handler::{closure#0}, !>
[INFO] [stdout]    9:     0x5ddff899c67d - __rustc[8fa7c3cbc660c2b3]::rust_begin_unwind
[INFO] [stdout]   10:     0x5ddff89d490c - core[df12db4294e9bfd3]::panicking::panic_fmt
[INFO] [stdout]   11:     0x5ddff894509c - <public_contracts[75f0dc6fa6123f2e]::motion_manifest_has_no_ui_domain_or_platform_dependencies::{closure#0} as core[df12db4294e9bfd3]::ops::function::FnOnce<()>>::call_once
[INFO] [stdout]   12:     0x5ddff8945d8b - test[9d35eded1c95d3be]::__rust_begin_short_backtrace::<core[df12db4294e9bfd3]::result::Result<(), alloc[2182bb758b4b3781]::string::String>, fn() -> core[df12db4294e9bfd3]::result::Result<(), alloc[2182bb758b4b3781]::string::String>>
[INFO] [stdout]   13:     0x5ddff89533f5 - test[9d35eded1c95d3be]::run_test::{closure#0}
[INFO] [stdout]   14:     0x5ddff894ccb4 - std[70759c8f55707aa4]::sys::backtrace::__rust_begin_short_backtrace::<test[9d35eded1c95d3be]::run_test::{closure#1}, ()>
[INFO] [stderr] error: test failed, to rerun pass `--test public_contracts`
[INFO] [stdout]   15:     0x5ddff8956552 - <std[70759c8f55707aa4]::thread::lifecycle::spawn_unchecked<test[9d35eded1c95d3be]::run_test::{closure#1}, ()>::{closure#1} as core[df12db4294e9bfd3]::ops::function::FnOnce<()>>::call_once::{shim:vtable#0}
[INFO] [stdout]   16:     0x5ddff89becf9 - <std[70759c8f55707aa4]::sys::thread::unix::Thread>::new::thread_start
[INFO] [stdout]   17:     0x7c6190b9edfa - <unknown>
[INFO] [stdout]   18:     0x7c6190c323d4 - clone
[INFO] [stdout]   19:                0x0 - <unknown>
[INFO] [stdout] 
[INFO] [stdout] 
[INFO] [stdout] failures:
[INFO] [stdout]     motion_manifest_has_no_ui_domain_or_platform_dependencies
[INFO] [stdout] 
[INFO] [stdout] test result: FAILED. 7 passed; 1 failed; 0 ignored; 0 measured; 0 filtered out; finished in 0.00s
[INFO] [stdout] 
[INFO] running `Command { std: "docker" "inspect" "ed49eb25471ca1b6ea4a2fa6dbbbec968eeaf000f2a5ced29dcdba173e2920df", kill_on_drop: false }`
[INFO] running `Command { std: "docker" "rm" "-f" "ed49eb25471ca1b6ea4a2fa6dbbbec968eeaf000f2a5ced29dcdba173e2920df", kill_on_drop: false }`
[INFO] [stdout] ed49eb25471ca1b6ea4a2fa6dbbbec968eeaf000f2a5ced29dcdba173e2920df
