[INFO] fetching crate open-gpui-macros 0.2.0...
[INFO] testing open-gpui-macros-0.2.0 against 1.99.0-beta.8+cargoflags=--release for beta-release-1.100-2
[INFO] extracting crate open-gpui-macros 0.2.0 into /workspace/builds/worker-1-tc1/source
[INFO] started tweaking crates.io crate open-gpui-macros 0.2.0
[INFO] finished tweaking crates.io crate open-gpui-macros 0.2.0
[INFO] tweaked toml for crates.io crate open-gpui-macros 0.2.0 written to /workspace/builds/worker-1-tc1/source/Cargo.toml
[INFO] validating manifest of crates.io crate open-gpui-macros 0.2.0 on toolchain 1.99.0-beta.8
[INFO] running `Command { std: CARGO_HOME="/workspace/cargo-home" RUSTUP_HOME="/workspace/rustup-home" "/workspace/cargo-home/bin/cargo" "+1.99.0-beta.8" "metadata" "--manifest-path" "Cargo.toml" "--no-deps", kill_on_drop: false }`
[INFO] crate crates.io crate open-gpui-macros 0.2.0 already has a lockfile, it will not be regenerated
[INFO] running `Command { std: CARGO_HOME="/workspace/cargo-home" RUSTUP_HOME="/workspace/rustup-home" "/workspace/cargo-home/bin/cargo" "+1.99.0-beta.8" "fetch" "--manifest-path" "Cargo.toml", kill_on_drop: false }`
[INFO] running `Command { std: "docker" "create" "-v" "/var/lib/crater-agent-workspace/builds/worker-1-tc1/source:/opt/rustwide/workdir:ro,Z" "-v" "/var/lib/crater-agent-workspace/builds/worker-1-tc1/target:/opt/rustwide/target:rw,Z" "-v" "/var/lib/crater-agent-workspace/cargo-home:/opt/rustwide/cargo-home:ro,Z" "-v" "/var/lib/crater-agent-workspace/rustup-home:/opt/rustwide/rustup-home:ro,Z" "-m" "1610612736" "--network" "none" "ghcr.io/rust-lang/crates-build-env/linux@sha256:77db811e55d90add9212f6832c23229e3de5f1c1f9905e8cb07319ea15df73ac" "sleep" "infinity", kill_on_drop: false }`
[INFO] [stdout] 48f586977ad594f1ccdaf91856477743689cb75c51f17bc14d7ccd4c203f7a96
[INFO] running `Command { std: "docker" "start" "48f586977ad594f1ccdaf91856477743689cb75c51f17bc14d7ccd4c203f7a96", kill_on_drop: false }`
[INFO] running `Command { std: "docker" "inspect" "48f586977ad594f1ccdaf91856477743689cb75c51f17bc14d7ccd4c203f7a96", kill_on_drop: false }`
[INFO] running `Command { std: "docker" "exec" "-e" "SOURCE_DIR=/opt/rustwide/workdir" "-e" "CARGO_HOME=/opt/rustwide/cargo-home" "-e" "RUSTUP_HOME=/opt/rustwide/rustup-home" "-e" "CARGO_TARGET_DIR=/opt/rustwide/target" "-w" "/opt/rustwide/workdir" "--user" "0:0" "48f586977ad594f1ccdaf91856477743689cb75c51f17bc14d7ccd4c203f7a96" "/opt/rustwide/cargo-home/bin/cargo" "+1.99.0-beta.8" "metadata" "--no-deps" "--format-version=1", kill_on_drop: false }`
[INFO] running `Command { std: "docker" "inspect" "48f586977ad594f1ccdaf91856477743689cb75c51f17bc14d7ccd4c203f7a96", kill_on_drop: false }`
[INFO] running `Command { std: "docker" "exec" "-e" "SOURCE_DIR=/opt/rustwide/workdir" "-e" "CARGO_HOME=/opt/rustwide/cargo-home" "-e" "RUSTUP_HOME=/opt/rustwide/rustup-home" "-e" "CARGO_TARGET_DIR=/opt/rustwide/target" "-e" "CARGO_INCREMENTAL=0" "-e" "RUST_BACKTRACE=full" "-e" "RUSTFLAGS=--cap-lints=warn" "-e" "RUSTDOCFLAGS=--cap-lints=warn" "-w" "/opt/rustwide/workdir" "--user" "0:0" "48f586977ad594f1ccdaf91856477743689cb75c51f17bc14d7ccd4c203f7a96" "/opt/rustwide/cargo-home/bin/cargo" "+1.99.0-beta.8" "build" "--frozen" "--message-format=json" "--release", kill_on_drop: false }`
[INFO] [stderr]    Compiling open-gpui-macros v0.2.0 (/opt/rustwide/workdir)
[INFO] [stderr]     Finished `release` profile [optimized] target(s) in 9.15s
[INFO] running `Command { std: "docker" "inspect" "48f586977ad594f1ccdaf91856477743689cb75c51f17bc14d7ccd4c203f7a96", kill_on_drop: false }`
[INFO] running `Command { std: "docker" "exec" "-e" "SOURCE_DIR=/opt/rustwide/workdir" "-e" "CARGO_HOME=/opt/rustwide/cargo-home" "-e" "RUSTUP_HOME=/opt/rustwide/rustup-home" "-e" "CARGO_TARGET_DIR=/opt/rustwide/target" "-e" "CARGO_INCREMENTAL=0" "-e" "RUST_BACKTRACE=full" "-e" "RUSTFLAGS=--cap-lints=warn" "-e" "RUSTDOCFLAGS=--cap-lints=warn" "-w" "/opt/rustwide/workdir" "--user" "0:0" "48f586977ad594f1ccdaf91856477743689cb75c51f17bc14d7ccd4c203f7a96" "/opt/rustwide/cargo-home/bin/cargo" "+1.99.0-beta.8" "test" "--frozen" "--no-run" "--message-format=json" "--release", kill_on_drop: false }`
[INFO] [stderr]    Compiling open-gpui-macros v0.2.0 (/opt/rustwide/workdir)
[INFO] [stderr]     Finished `release` profile [optimized] target(s) in 1.89s
[INFO] running `Command { std: "docker" "inspect" "48f586977ad594f1ccdaf91856477743689cb75c51f17bc14d7ccd4c203f7a96", kill_on_drop: false }`
[INFO] running `Command { std: "docker" "exec" "-e" "SOURCE_DIR=/opt/rustwide/workdir" "-e" "CARGO_HOME=/opt/rustwide/cargo-home" "-e" "RUSTUP_HOME=/opt/rustwide/rustup-home" "-e" "CARGO_TARGET_DIR=/opt/rustwide/target" "-e" "CARGO_INCREMENTAL=0" "-e" "RUST_BACKTRACE=full" "-e" "RUSTFLAGS=--cap-lints=warn" "-e" "RUSTDOCFLAGS=--cap-lints=warn" "-w" "/opt/rustwide/workdir" "--user" "0:0" "48f586977ad594f1ccdaf91856477743689cb75c51f17bc14d7ccd4c203f7a96" "/opt/rustwide/cargo-home/bin/cargo" "+1.99.0-beta.8" "test" "--frozen" "--release", kill_on_drop: false }`
[INFO] [stderr]     Finished `release` profile [optimized] target(s) in 0.03s
[INFO] [stderr]      Running unittests src/gpui_macros.rs (/opt/rustwide/target/release/deps/open_gpui_macros-bafc0c55f3c84182)
[INFO] [stdout] 
[INFO] [stdout] running 0 tests
[INFO] [stdout] 
[INFO] [stdout] test result: ok. 0 passed; 0 failed; 0 ignored; 0 measured; 0 filtered out; finished in 0.00s
[INFO] [stdout] 
[INFO] [stderr]    Doc-tests open_gpui_macros
[INFO] [stdout] 
[INFO] [stdout] running 7 tests
[INFO] [stdout] test src/gpui_macros.rs - derive_inspector_reflection (line 280) ... ignored
[INFO] [stdout] test src/gpui_macros.rs - derive_visual_context (line 81) - compile fail ... ok
[INFO] [stdout] test src/gpui_macros.rs - derive_visual_context (line 70) - compile fail ... ok
[INFO] [stdout] test src/gpui_macros.rs - derive_app_context (line 50) - compile fail ... ok
[INFO] [stdout] test src/gpui_macros.rs - property_test (line 203) ... FAILED
[INFO] [stdout] test src/gpui_macros.rs - property_test (line 246) ... FAILED
[INFO] [stdout] test src/gpui_macros.rs - test (line 158) ... FAILED
[INFO] [stdout] 
[INFO] [stdout] failures:
[INFO] [stdout] 
[INFO] [stdout] ---- src/gpui_macros.rs - property_test (line 203) stdout ----
[INFO] [stdout] error[E0433]: cannot find module or crate `open_gpui` in this scope
[INFO] [stdout]    --> src/gpui_macros.rs:204:3
[INFO] [stdout]     |
[INFO] [stdout] 204 | #[open_gpui::property_test]
[INFO] [stdout]     |   ^^^^^^^^^ use of unresolved module or unlinked crate `open_gpui`
[INFO] [stdout] 
[INFO] [stdout] error: aborting due to 1 previous error
[INFO] [stdout] 
[INFO] [stdout] For more information about this error, try `rustc --explain E0433`.
[INFO] [stdout] Couldn't compile the test.
[INFO] [stdout] ---- src/gpui_macros.rs - property_test (line 246) stdout ----
[INFO] [stdout] error: attribute value must be a literal
[INFO] [stdout]    --> src/gpui_macros.rs:248:26
[INFO] [stdout]     |
[INFO] [stdout] 248 | fn int_test(#[strategy = 1..10] x: i32, #[strategy = "[a-zA-Z0-9]{20}"] s: String) {
[INFO] [stdout]     |                          ^^^^^
[INFO] [stdout] 
[INFO] [stdout] error[E0433]: cannot find module or crate `open_gpui` in this scope
[INFO] [stdout]    --> src/gpui_macros.rs:247:3
[INFO] [stdout]     |
[INFO] [stdout] 247 | #[open_gpui::property_test]
[INFO] [stdout]     |   ^^^^^^^^^ use of unresolved module or unlinked crate `open_gpui`
[INFO] [stdout] 
[INFO] [stdout] error: cannot find attribute `strategy` in this scope
[INFO] [stdout]    --> src/gpui_macros.rs:248:15
[INFO] [stdout]     |
[INFO] [stdout] 248 | fn int_test(#[strategy = 1..10] x: i32, #[strategy = "[a-zA-Z0-9]{20}"] s: String) {
[INFO] [stdout]     |               ^^^^^^^^
[INFO] [stdout] 
[INFO] [stdout] error: cannot find attribute `strategy` in this scope
[INFO] [stdout]    --> src/gpui_macros.rs:248:43
[INFO] [stdout]     |
[INFO] [stdout] 248 | fn int_test(#[strategy = 1..10] x: i32, #[strategy = "[a-zA-Z0-9]{20}"] s: String) {
[INFO] [stdout]     |                                           ^^^^^^^^
[INFO] [stdout] 
[INFO] [stdout] error: aborting due to 4 previous errors
[INFO] [stdout] 
[INFO] [stdout] For more information about this error, try `rustc --explain E0433`.
[INFO] [stdout] Couldn't compile the test.
[INFO] [stdout] ---- src/gpui_macros.rs - test (line 158) stdout ----
[INFO] [stdout] error[E0433]: cannot find module or crate `open_gpui` in this scope
[INFO] [stdout]    --> src/gpui_macros.rs:159:3
[INFO] [stdout]     |
[INFO] [stdout] 159 | #[open_gpui::test]
[INFO] [stdout]     |   ^^^^^^^^^ use of unresolved module or unlinked crate `open_gpui`
[INFO] [stdout] 
[INFO] [stdout] error[E0425]: cannot find type `TestAppContext` in this scope
[INFO] [stdout]    --> src/gpui_macros.rs:160:28
[INFO] [stdout]     |
[INFO] [stdout] 160 | async fn test_foo(mut cx: &TestAppContext) { }
[INFO] [stdout]     |                            ^^^^^^^^^^^^^^ not found in this scope
[INFO] [stdout] 
[INFO] [stdout] error: aborting due to 2 previous errors
[INFO] [stdout] 
[INFO] [stdout] Some errors have detailed explanations: E0425, E0433.
[INFO] [stdout] For more information about an error, try `rustc --explain E0425`.
[INFO] [stdout] Couldn't compile the test.
[INFO] [stdout] 
[INFO] [stdout] failures:
[INFO] [stdout]     src/gpui_macros.rs - property_test (line 203)
[INFO] [stdout]     src/gpui_macros.rs - property_test (line 246)
[INFO] [stdout]     src/gpui_macros.rs - test (line 158)
[INFO] [stdout] 
[INFO] [stdout] test result: FAILED. 3 passed; 3 failed; 1 ignored; 0 measured; 0 filtered out; finished in 0.19s
[INFO] [stdout] 
[INFO] [stdout] all doctests ran in 0.29s; merged doctests compilation took 0.10s
[INFO] [stderr] error: doctest failed, to rerun pass `--doc`
[INFO] running `Command { std: "docker" "inspect" "48f586977ad594f1ccdaf91856477743689cb75c51f17bc14d7ccd4c203f7a96", kill_on_drop: false }`
[INFO] running `Command { std: "docker" "rm" "-f" "48f586977ad594f1ccdaf91856477743689cb75c51f17bc14d7ccd4c203f7a96", kill_on_drop: false }`
[INFO] [stdout] 48f586977ad594f1ccdaf91856477743689cb75c51f17bc14d7ccd4c203f7a96
