[INFO] fetching crate open-block-ei-open-roles-near-core 0.1.0...
[INFO] testing open-block-ei-open-roles-near-core-0.1.0 against 1.100.0-beta.1+cargoflags=--release for beta-release-1.100-2
[INFO] extracting crate open-block-ei-open-roles-near-core 0.1.0 into /workspace/builds/worker-1-tc2/source
[INFO] started tweaking crates.io crate open-block-ei-open-roles-near-core 0.1.0
[INFO] finished tweaking crates.io crate open-block-ei-open-roles-near-core 0.1.0
[INFO] tweaked toml for crates.io crate open-block-ei-open-roles-near-core 0.1.0 written to /workspace/builds/worker-1-tc2/source/Cargo.toml
[INFO] validating manifest of crates.io crate open-block-ei-open-roles-near-core 0.1.0 on toolchain 1.100.0-beta.1
[INFO] running `Command { std: CARGO_HOME="/workspace/cargo-home" RUSTUP_HOME="/workspace/rustup-home" "/workspace/cargo-home/bin/cargo" "+1.100.0-beta.1" "metadata" "--manifest-path" "Cargo.toml" "--no-deps", kill_on_drop: false }`
[INFO] running `Command { std: CARGO_HOME="/workspace/cargo-home" RUSTUP_HOME="/workspace/rustup-home" "/workspace/cargo-home/bin/cargo" "+1.100.0-beta.1" "generate-lockfile" "--manifest-path" "Cargo.toml", kill_on_drop: false }`
[INFO] [stderr]     Updating crates.io index
[INFO] [stderr]      Locking 102 packages to highest compatible versions
[INFO] [stderr]       Adding near-contract-standards v3.2.0 (available: v5.29.1)
[INFO] [stderr]       Adding near-sdk v3.1.0 (available: v5.29.1)
[INFO] [stderr]       Adding syn v1.0.57 (available: v1.0.109)
[INFO] running `Command { std: CARGO_HOME="/workspace/cargo-home" RUSTUP_HOME="/workspace/rustup-home" "/workspace/cargo-home/bin/cargo" "+1.100.0-beta.1" "fetch" "--manifest-path" "Cargo.toml", kill_on_drop: false }`
[INFO] running `Command { std: "docker" "create" "-v" "/var/lib/crater-agent-workspace/builds/worker-1-tc2/source:/opt/rustwide/workdir:ro,Z" "-v" "/var/lib/crater-agent-workspace/builds/worker-1-tc2/target:/opt/rustwide/target:rw,Z" "-v" "/var/lib/crater-agent-workspace/cargo-home:/opt/rustwide/cargo-home:ro,Z" "-v" "/var/lib/crater-agent-workspace/rustup-home:/opt/rustwide/rustup-home:ro,Z" "-m" "1610612736" "--network" "none" "ghcr.io/rust-lang/crates-build-env/linux@sha256:77db811e55d90add9212f6832c23229e3de5f1c1f9905e8cb07319ea15df73ac" "sleep" "infinity", kill_on_drop: false }`
[INFO] [stdout] e4b83c99a08fa4ae0163bd5e67766a722f0af7c15bf1a8794d0ad44254e938c6
[INFO] running `Command { std: "docker" "start" "e4b83c99a08fa4ae0163bd5e67766a722f0af7c15bf1a8794d0ad44254e938c6", kill_on_drop: false }`
[INFO] running `Command { std: "docker" "inspect" "e4b83c99a08fa4ae0163bd5e67766a722f0af7c15bf1a8794d0ad44254e938c6", kill_on_drop: false }`
[INFO] running `Command { std: "docker" "exec" "-e" "SOURCE_DIR=/opt/rustwide/workdir" "-e" "CARGO_HOME=/opt/rustwide/cargo-home" "-e" "RUSTUP_HOME=/opt/rustwide/rustup-home" "-e" "CARGO_TARGET_DIR=/opt/rustwide/target" "-w" "/opt/rustwide/workdir" "--user" "0:0" "e4b83c99a08fa4ae0163bd5e67766a722f0af7c15bf1a8794d0ad44254e938c6" "/opt/rustwide/cargo-home/bin/cargo" "+1.100.0-beta.1" "metadata" "--no-deps" "--format-version=1", kill_on_drop: false }`
[INFO] running `Command { std: "docker" "inspect" "e4b83c99a08fa4ae0163bd5e67766a722f0af7c15bf1a8794d0ad44254e938c6", kill_on_drop: false }`
[INFO] running `Command { std: "docker" "exec" "-e" "SOURCE_DIR=/opt/rustwide/workdir" "-e" "CARGO_HOME=/opt/rustwide/cargo-home" "-e" "RUSTUP_HOME=/opt/rustwide/rustup-home" "-e" "CARGO_TARGET_DIR=/opt/rustwide/target" "-e" "CARGO_INCREMENTAL=0" "-e" "RUST_BACKTRACE=full" "-e" "RUSTFLAGS=--cap-lints=warn" "-e" "RUSTDOCFLAGS=--cap-lints=warn" "-w" "/opt/rustwide/workdir" "--user" "0:0" "e4b83c99a08fa4ae0163bd5e67766a722f0af7c15bf1a8794d0ad44254e938c6" "/opt/rustwide/cargo-home/bin/cargo" "+1.100.0-beta.1" "build" "--frozen" "--message-format=json" "--release", kill_on_drop: false }`
[INFO] [stderr]    Compiling proc-macro2 v1.0.107
[INFO] [stderr]    Compiling quote v1.0.47
[INFO] [stderr]    Compiling unicode-ident v1.0.27
[INFO] [stderr]    Compiling serde_core v1.0.229
[INFO] [stderr]    Compiling serde v1.0.229
[INFO] [stderr]    Compiling autocfg v1.5.1
[INFO] [stderr]    Compiling syn v1.0.57
[INFO] [stderr]    Compiling unicode-xid v0.2.6
[INFO] [stderr]    Compiling zmij v1.0.23
[INFO] [stderr]    Compiling serde_json v1.0.154
[INFO] [stderr]    Compiling version_check v0.9.5
[INFO] [stderr]    Compiling memchr v2.8.3
[INFO] [stderr]    Compiling typenum v1.20.1
[INFO] [stderr]    Compiling hashbrown v0.17.1
[INFO] [stderr]    Compiling generic-array v0.14.9
[INFO] [stderr]    Compiling num-traits v0.2.19
[INFO] [stderr]    Compiling equivalent v1.0.3
[INFO] [stderr]    Compiling num-bigint v0.3.3
[INFO] [stderr]    Compiling indexmap v2.14.2
[INFO] [stderr]    Compiling foldhash v0.2.0
[INFO] [stderr]    Compiling syn v3.0.9
[INFO] [stderr]    Compiling block-padding v0.2.1
[INFO] [stderr]    Compiling itoa v1.0.18
[INFO] [stderr]    Compiling ahash v0.4.8
[INFO] [stderr]    Compiling block-buffer v0.9.0
[INFO] [stderr]    Compiling num-integer v0.1.47
[INFO] [stderr]    Compiling hashbrown v0.9.1
[INFO] [stderr]    Compiling digest v0.9.0
[INFO] [stderr]    Compiling aho-corasick v1.1.5
[INFO] [stderr]    Compiling num-rational v0.3.2
[INFO] [stderr]    Compiling regex-syntax v0.8.11
[INFO] [stderr]    Compiling opaque-debug v0.3.1
[INFO] [stderr]    Compiling syn v2.0.119
[INFO] [stderr]    Compiling cfg-if v1.0.5
[INFO] [stderr]    Compiling convert_case v0.4.0
[INFO] [stderr]    Compiling regex-automata v0.4.18
[INFO] [stderr]    Compiling hex v0.4.3
[INFO] [stderr]    Compiling cpufeatures v0.2.17
[INFO] [stderr]    Compiling libc v0.2.191
[INFO] [stderr]    Compiling lazy_static v1.5.1
[INFO] [stderr]    Compiling sha2 v0.9.9
[INFO] [stderr]    Compiling borsh-derive-internal v0.8.2
[INFO] [stderr]    Compiling borsh-schema-derive-internal v0.8.2
[INFO] [stderr]    Compiling base64 v0.13.1
[INFO] [stderr]    Compiling wee_alloc v0.4.5
[INFO] [stderr]    Compiling bs58 v0.4.0
[INFO] [stderr]    Compiling keccak v0.1.6
[INFO] [stderr]    Compiling Inflector v0.11.4
[INFO] [stderr]    Compiling sha3 v0.9.1
[INFO] [stderr]    Compiling near-sdk-core v3.1.0
[INFO] [stderr]    Compiling regex v1.13.1
[INFO] [stderr]    Compiling byteorder v1.5.0
[INFO] [stderr]    Compiling memory_units v0.4.0
[INFO] [stderr]    Compiling cfg-if v0.1.10
[INFO] [stderr]    Compiling iana-time-zone v0.1.65
[INFO] [stderr]    Compiling near-sdk-macros v3.1.0
[INFO] [stderr]    Compiling near-runtime-utils v4.0.0-pre.1
[INFO] [stderr]    Compiling serde_derive v1.0.229
[INFO] [stderr]    Compiling chrono v0.4.45
[INFO] [stderr]    Compiling derive_more v0.99.20
[INFO] [stderr]    Compiling toml v0.5.11
[INFO] [stderr]    Compiling near-rpc-error-core v0.1.0
[INFO] [stderr]    Compiling near-rpc-error-macro v0.1.0
[INFO] [stderr]    Compiling proc-macro-crate v0.1.5
[INFO] [stderr]    Compiling borsh-derive v0.8.2
[INFO] [stderr]    Compiling borsh v0.8.2
[INFO] [stderr]    Compiling near-primitives-core v0.4.0
[INFO] [stderr]    Compiling near-vm-errors v4.0.0-pre.1
[INFO] [stderr]    Compiling near-vm-logic v4.0.0-pre.1
[INFO] [stderr]    Compiling near-sdk v3.1.0
[INFO] [stderr]    Compiling near-contract-standards v3.2.0
[INFO] [stderr]    Compiling open-block-ei-open-roles-near-core v0.1.0 (/opt/rustwide/workdir)
[INFO] [stderr] warning: unused dependency `near-contract-standards`
[INFO] [stderr]  --> Cargo.toml:4:15
[INFO] [stderr]   |
[INFO] [stderr] 4 | [dependencies.near-contract-standards]
[INFO] [stderr]   |               ^^^^^^^^^^^^^^^^^^^^^^^^
[INFO] [stderr]   |
[INFO] [stderr]   = note: `cargo::unused_dependencies` is set to `warn` by default
[INFO] [stderr] help: consider removing the dependency on `near-contract-standards`
[INFO] [stderr] warning: `open-block-ei-open-roles-near-core` (manifest) generated 1 warning
[INFO] [stderr]     Finished `release` profile [optimized] target(s) in 57.44s
[INFO] running `Command { std: "docker" "inspect" "e4b83c99a08fa4ae0163bd5e67766a722f0af7c15bf1a8794d0ad44254e938c6", kill_on_drop: false }`
[INFO] running `Command { std: "docker" "exec" "-e" "SOURCE_DIR=/opt/rustwide/workdir" "-e" "CARGO_HOME=/opt/rustwide/cargo-home" "-e" "RUSTUP_HOME=/opt/rustwide/rustup-home" "-e" "CARGO_TARGET_DIR=/opt/rustwide/target" "-e" "CARGO_INCREMENTAL=0" "-e" "RUST_BACKTRACE=full" "-e" "RUSTFLAGS=--cap-lints=warn" "-e" "RUSTDOCFLAGS=--cap-lints=warn" "-w" "/opt/rustwide/workdir" "--user" "0:0" "e4b83c99a08fa4ae0163bd5e67766a722f0af7c15bf1a8794d0ad44254e938c6" "/opt/rustwide/cargo-home/bin/cargo" "+1.100.0-beta.1" "test" "--frozen" "--no-run" "--message-format=json" "--release", kill_on_drop: false }`
[INFO] [stderr]    Compiling typenum v1.20.1
[INFO] [stderr]    Compiling memchr v2.8.3
[INFO] [stderr]    Compiling serde_core v1.0.229
[INFO] [stderr]    Compiling num-traits v0.2.19
[INFO] [stderr]    Compiling ahash v0.4.8
[INFO] [stderr]    Compiling block-padding v0.2.1
[INFO] [stderr]    Compiling regex-syntax v0.8.11
[INFO] [stderr]    Compiling opaque-debug v0.3.1
[INFO] [stderr]    Compiling equivalent v1.0.3
[INFO] [stderr]    Compiling hashbrown v0.17.1
[INFO] [stderr]    Compiling zmij v1.0.23
[INFO] [stderr]    Compiling hashbrown v0.9.1
[INFO] [stderr]    Compiling lazy_static v1.5.1
[INFO] [stderr]    Compiling foldhash v0.2.0
[INFO] [stderr]    Compiling aho-corasick v1.1.5
[INFO] [stderr]    Compiling borsh v0.8.2
[INFO] [stderr]    Compiling generic-array v0.14.9
[INFO] [stderr]    Compiling indexmap v2.14.2
[INFO] [stderr]    Compiling num-integer v0.1.47
[INFO] [stderr]    Compiling itoa v1.0.18
[INFO] [stderr]    Compiling block-buffer v0.9.0
[INFO] [stderr]    Compiling digest v0.9.0
[INFO] [stderr]    Compiling cfg-if v1.0.5
[INFO] [stderr]    Compiling hex v0.4.3
[INFO] [stderr]    Compiling cpufeatures v0.2.17
[INFO] [stderr]    Compiling sha2 v0.9.9
[INFO] [stderr]    Compiling num-bigint v0.3.3
[INFO] [stderr]    Compiling bs58 v0.4.0
[INFO] [stderr]    Compiling keccak v0.1.6
[INFO] [stderr]    Compiling base64 v0.13.1
[INFO] [stderr]    Compiling sha3 v0.9.1
[INFO] [stderr]    Compiling libc v0.2.191
[INFO] [stderr]    Compiling cfg-if v0.1.10
[INFO] [stderr]    Compiling memory_units v0.4.0
[INFO] [stderr]    Compiling regex-automata v0.4.18
[INFO] [stderr]    Compiling byteorder v1.5.0
[INFO] [stderr]    Compiling iana-time-zone v0.1.65
[INFO] [stderr]    Compiling chrono v0.4.45
[INFO] [stderr]    Compiling serde v1.0.229
[INFO] [stderr]    Compiling serde_json v1.0.154
[INFO] [stderr]    Compiling wee_alloc v0.4.5
[INFO] [stderr]    Compiling num-rational v0.3.2
[INFO] [stderr]    Compiling near-vm-errors v4.0.0-pre.1
[INFO] [stderr]    Compiling near-primitives-core v0.4.0
[INFO] [stderr]    Compiling regex v1.13.1
[INFO] [stderr]    Compiling near-runtime-utils v4.0.0-pre.1
[INFO] [stderr]    Compiling near-vm-logic v4.0.0-pre.1
[INFO] [stderr]    Compiling near-sdk v3.1.0
[INFO] [stderr]    Compiling near-contract-standards v3.2.0
[INFO] [stderr]    Compiling open-block-ei-open-roles-near-core v0.1.0 (/opt/rustwide/workdir)
[INFO] [stderr] warning: unused dependency `near-contract-standards`
[INFO] [stderr]  --> Cargo.toml:4:15
[INFO] [stderr]   |
[INFO] [stderr] 4 | [dependencies.near-contract-standards]
[INFO] [stderr]   |               ^^^^^^^^^^^^^^^^^^^^^^^^
[INFO] [stderr]   |
[INFO] [stderr]   = note: `cargo::unused_dependencies` is set to `warn` by default
[INFO] [stderr] help: consider removing the dependency on `near-contract-standards`
[INFO] [stderr] warning: `open-block-ei-open-roles-near-core` (manifest) generated 1 warning
[INFO] [stderr]     Finished `release` profile [optimized] target(s) in 48.21s
[INFO] running `Command { std: "docker" "inspect" "e4b83c99a08fa4ae0163bd5e67766a722f0af7c15bf1a8794d0ad44254e938c6", kill_on_drop: false }`
[INFO] running `Command { std: "docker" "exec" "-e" "SOURCE_DIR=/opt/rustwide/workdir" "-e" "CARGO_HOME=/opt/rustwide/cargo-home" "-e" "RUSTUP_HOME=/opt/rustwide/rustup-home" "-e" "CARGO_TARGET_DIR=/opt/rustwide/target" "-e" "CARGO_INCREMENTAL=0" "-e" "RUST_BACKTRACE=full" "-e" "RUSTFLAGS=--cap-lints=warn" "-e" "RUSTDOCFLAGS=--cap-lints=warn" "-w" "/opt/rustwide/workdir" "--user" "0:0" "e4b83c99a08fa4ae0163bd5e67766a722f0af7c15bf1a8794d0ad44254e938c6" "/opt/rustwide/cargo-home/bin/cargo" "+1.100.0-beta.1" "test" "--frozen" "--release", kill_on_drop: false }`
[INFO] [stderr] warning: unused dependency `near-contract-standards`
[INFO] [stderr]  --> Cargo.toml:4:15
[INFO] [stderr]   |
[INFO] [stderr] 4 | [dependencies.near-contract-standards]
[INFO] [stderr]   |               ^^^^^^^^^^^^^^^^^^^^^^^^
[INFO] [stderr]   |
[INFO] [stderr]   = note: `cargo::unused_dependencies` is set to `warn` by default
[INFO] [stderr] help: consider removing the dependency on `near-contract-standards`
[INFO] [stderr] warning: `open-block-ei-open-roles-near-core` (manifest) generated 1 warning
[INFO] [stderr]     Finished `release` profile [optimized] target(s) in 0.12s
[INFO] [stderr]      Running unittests src/lib.rs (/opt/rustwide/target/release/build/open-block-ei-open-roles-near-core/d962943212dcda01/out/open_block_ei_open_roles_near_core-d962943212dcda01)
[INFO] [stdout] 
[INFO] [stdout] running 16 tests
[INFO] [stdout] test tests::test_create_list ... FAILED
[INFO] [stdout] test tests::test_deregister_contract ... FAILED
[INFO] [stdout] test tests::test_delete_list ... FAILED
[INFO] [stdout] test tests::test_assign_list_to_operation ... FAILED
[INFO] [stdout] test tests::test_is_barred ... FAILED
[INFO] [stdout] test tests::test_is_allowed ... FAILED
[INFO] [stdout] test tests::test_view_list ... FAILED
[INFO] [stdout] test tests::test_view_list_assignments ... FAILED
[INFO] [stdout] test tests::test_remove_list_from_operation ... FAILED
[INFO] [stdout] test tests::test_set_role_administrator ... FAILED
[INFO] [stdout] test tests::test_view_list_names ... FAILED
[INFO] [stdout] test tests::test_view_role_administrator ... FAILED
[INFO] [stdout] test tests::test_remove_account_from_list ... FAILED
[INFO] [stdout] test tests::test_register_contract ... FAILED
[INFO] [stdout] test tests::test_add_account_id_to_list ... FAILED
[INFO] [stdout] test tests::test_is_registered ... FAILED
[INFO] [stdout] 
[INFO] [stdout] failures:
[INFO] [stdout] 
[INFO] [stdout] ---- tests::test_create_list stdout ----
[INFO] [stdout] 
[INFO] [stdout] thread 'tests::test_create_list' (1595) panicked at src/lib.rs:413:9:
[INFO] [stdout] ROLE ADMINISTRATOR ONLY
[INFO] [stdout] stack backtrace:
[INFO] [stdout]    0:     0x60cc59ea6627 - <<std[617be2ca0a6fd877]::sys::backtrace::BacktraceLock>::print::DisplayBacktrace as core[a373ad73a504971]::fmt::Display>::fmt
[INFO] [stdout]    1:     0x60cc59e80064 - core[a373ad73a504971]::fmt::write
[INFO] [stdout]    2:     0x60cc59ea5beb - <alloc[2e1b2a31b91974c5]::vec::Vec<u8> as core[a373ad73a504971]::io::write::Write>::write_fmt
[INFO] [stdout]    3:     0x60cc59ea57e9 - std[617be2ca0a6fd877]::panicking::default_hook::{closure#0}
[INFO] [stdout]    4:     0x60cc59ea546a - std[617be2ca0a6fd877]::panicking::default_hook
[INFO] [stdout]    5:     0x60cc59ea4f9b - std[617be2ca0a6fd877]::panicking::panic_with_hook
[INFO] [stdout]    6:     0x60cc59ea4844 - std[617be2ca0a6fd877]::panicking::begin_panic::<&str>::{closure#0}
[INFO] [stdout]    7:     0x60cc59ea4819 - std[617be2ca0a6fd877]::sys::backtrace::__rust_end_short_backtrace::<std[617be2ca0a6fd877]::panicking::begin_panic<&str>::{closure#0}, !>
[INFO] [stdout]    8:     0x60cc59ea4804 - std[617be2ca0a6fd877]::panicking::begin_panic::<&str>
[INFO] [stdout]    9:     0x60cc59e77d1e - <open_block_ei_open_roles_near_core[2a2c2a50902dbdeb]::OpenRoles>::administrator_only
[INFO] [stdout]   10:     0x60cc59e76ea8 - <open_block_ei_open_roles_near_core[2a2c2a50902dbdeb]::OpenRoles>::create_list
[INFO] [stdout]   11:     0x60cc59e798f7 - open_block_ei_open_roles_near_core[2a2c2a50902dbdeb]::tests::get_default_or
[INFO] [stdout]   12:     0x60cc59e7b2a1 - <open_block_ei_open_roles_near_core[2a2c2a50902dbdeb]::tests::test_create_list::{closure#0} as core[a373ad73a504971]::ops::function::FnOnce<()>>::call_once
[INFO] [stdout]   13:     0x60cc59ee17db - test[aada8e7e76ba119b]::__rust_begin_short_backtrace::<core[a373ad73a504971]::result::Result<(), alloc[2e1b2a31b91974c5]::string::String>, fn() -> core[a373ad73a504971]::result::Result<(), alloc[2e1b2a31b91974c5]::string::String>>
[INFO] [stdout]   14:     0x60cc59edce92 - test[aada8e7e76ba119b]::run_test::{closure#0}
[INFO] [stdout]   15:     0x60cc59edc93c - std[617be2ca0a6fd877]::sys::backtrace::__rust_begin_short_backtrace::<test[aada8e7e76ba119b]::run_test::{closure#1}, ()>
[INFO] [stdout]   16:     0x60cc59efb6bc - <std[617be2ca0a6fd877]::thread::lifecycle::spawn_unchecked<test[aada8e7e76ba119b]::run_test::{closure#1}, ()>::{closure#1} as core[a373ad73a504971]::ops::function::FnOnce<()>>::call_once::{shim:vtable#0}
[INFO] [stdout]   17:     0x60cc59ecc9d8 - <std[617be2ca0a6fd877]::sys::thread::unix::Thread>::new::thread_start
[INFO] [stdout]   18:     0x71f57ce40dfa - <unknown>
[INFO] [stdout]   19:     0x71f57ced43d4 - clone
[INFO] [stdout]   20:                0x0 - <unknown>
[INFO] [stdout] 
[INFO] [stdout] ---- tests::test_deregister_contract stdout ----
[INFO] [stdout] 
[INFO] [stdout] thread 'tests::test_deregister_contract' (1597) panicked at src/lib.rs:413:9:
[INFO] [stdout] ROLE ADMINISTRATOR ONLY
[INFO] [stdout] stack backtrace:
[INFO] [stdout]    0:     0x60cc59ea6627 - <<std[617be2ca0a6fd877]::sys::backtrace::BacktraceLock>::print::DisplayBacktrace as core[a373ad73a504971]::fmt::Display>::fmt
[INFO] [stdout]    1:     0x60cc59e80064 - core[a373ad73a504971]::fmt::write
[INFO] [stdout]    2:     0x60cc59ea5beb - <alloc[2e1b2a31b91974c5]::vec::Vec<u8> as core[a373ad73a504971]::io::write::Write>::write_fmt
[INFO] [stdout]    3:     0x60cc59ea57e9 - std[617be2ca0a6fd877]::panicking::default_hook::{closure#0}
[INFO] [stdout]    4:     0x60cc59ea546a - std[617be2ca0a6fd877]::panicking::default_hook
[INFO] [stdout]    5:     0x60cc59ea4f9b - std[617be2ca0a6fd877]::panicking::panic_with_hook
[INFO] [stdout]    6:     0x60cc59ea4844 - std[617be2ca0a6fd877]::panicking::begin_panic::<&str>::{closure#0}
[INFO] [stdout]    7:     0x60cc59ea4819 - std[617be2ca0a6fd877]::sys::backtrace::__rust_end_short_backtrace::<std[617be2ca0a6fd877]::panicking::begin_panic<&str>::{closure#0}, !>
[INFO] [stdout]    8:     0x60cc59ea4804 - std[617be2ca0a6fd877]::panicking::begin_panic::<&str>
[INFO] [stdout]    9:     0x60cc59e77d1e - <open_block_ei_open_roles_near_core[2a2c2a50902dbdeb]::OpenRoles>::administrator_only
[INFO] [stdout]   10:     0x60cc59e76ea8 - <open_block_ei_open_roles_near_core[2a2c2a50902dbdeb]::OpenRoles>::create_list
[INFO] [stdout]   11:     0x60cc59e798f7 - open_block_ei_open_roles_near_core[2a2c2a50902dbdeb]::tests::get_default_or
[INFO] [stdout]   12:     0x60cc59e7c323 - <open_block_ei_open_roles_near_core[2a2c2a50902dbdeb]::tests::test_deregister_contract::{closure#0} as core[a373ad73a504971]::ops::function::FnOnce<()>>::call_once
[INFO] [stdout]   13:     0x60cc59ee17db - test[aada8e7e76ba119b]::__rust_begin_short_backtrace::<core[a373ad73a504971]::result::Result<(), alloc[2e1b2a31b91974c5]::string::String>, fn() -> core[a373ad73a504971]::result::Result<(), alloc[2e1b2a31b91974c5]::string::String>>
[INFO] [stdout]   14:     0x60cc59edce92 - test[aada8e7e76ba119b]::run_test::{closure#0}
[INFO] [stdout]   15:     0x60cc59edc93c - std[617be2ca0a6fd877]::sys::backtrace::__rust_begin_short_backtrace::<test[aada8e7e76ba119b]::run_test::{closure#1}, ()>
[INFO] [stdout]   16:     0x60cc59efb6bc - <std[617be2ca0a6fd877]::thread::lifecycle::spawn_unchecked<test[aada8e7e76ba119b]::run_test::{closure#1}, ()>::{closure#1} as core[a373ad73a504971]::ops::function::FnOnce<()>>::call_once::{shim:vtable#0}
[INFO] [stdout]   17:     0x60cc59ecc9d8 - <std[617be2ca0a6fd877]::sys::thread::unix::Thread>::new::thread_start
[INFO] [stdout]   18:     0x71f57ce40dfa - <unknown>
[INFO] [stdout]   19:     0x71f57ced43d4 - clone
[INFO] [stdout]   20:                0x0 - <unknown>
[INFO] [stdout] 
[INFO] [stdout] ---- tests::test_delete_list stdout ----
[INFO] [stdout] 
[INFO] [stdout] thread 'tests::test_delete_list' (1596) panicked at src/lib.rs:413:9:
[INFO] [stdout] ROLE ADMINISTRATOR ONLY
[INFO] [stdout] stack backtrace:
[INFO] [stdout]    0:     0x60cc59ea6627 - <<std[617be2ca0a6fd877]::sys::backtrace::BacktraceLock>::print::DisplayBacktrace as core[a373ad73a504971]::fmt::Display>::fmt
[INFO] [stdout]    1:     0x60cc59e80064 - core[a373ad73a504971]::fmt::write
[INFO] [stdout]    2:     0x60cc59ea5beb - <alloc[2e1b2a31b91974c5]::vec::Vec<u8> as core[a373ad73a504971]::io::write::Write>::write_fmt
[INFO] [stdout]    3:     0x60cc59ea57e9 - std[617be2ca0a6fd877]::panicking::default_hook::{closure#0}
[INFO] [stdout]    4:     0x60cc59ea546a - std[617be2ca0a6fd877]::panicking::default_hook
[INFO] [stdout]    5:     0x60cc59ea4f9b - std[617be2ca0a6fd877]::panicking::panic_with_hook
[INFO] [stdout]    6:     0x60cc59ea4844 - std[617be2ca0a6fd877]::panicking::begin_panic::<&str>::{closure#0}
[INFO] [stdout]    7:     0x60cc59ea4819 - std[617be2ca0a6fd877]::sys::backtrace::__rust_end_short_backtrace::<std[617be2ca0a6fd877]::panicking::begin_panic<&str>::{closure#0}, !>
[INFO] [stdout]    8:     0x60cc59ea4804 - std[617be2ca0a6fd877]::panicking::begin_panic::<&str>
[INFO] [stdout]    9:     0x60cc59e77d1e - <open_block_ei_open_roles_near_core[2a2c2a50902dbdeb]::OpenRoles>::administrator_only
[INFO] [stdout]   10:     0x60cc59e76ea8 - <open_block_ei_open_roles_near_core[2a2c2a50902dbdeb]::OpenRoles>::create_list
[INFO] [stdout]   11:     0x60cc59e798f7 - open_block_ei_open_roles_near_core[2a2c2a50902dbdeb]::tests::get_default_or
[INFO] [stdout]   12:     0x60cc59e7b5b7 - <open_block_ei_open_roles_near_core[2a2c2a50902dbdeb]::tests::test_delete_list::{closure#0} as core[a373ad73a504971]::ops::function::FnOnce<()>>::call_once
[INFO] [stdout]   13:     0x60cc59ee17db - test[aada8e7e76ba119b]::__rust_begin_short_backtrace::<core[a373ad73a504971]::result::Result<(), alloc[2e1b2a31b91974c5]::string::String>, fn() -> core[a373ad73a504971]::result::Result<(), alloc[2e1b2a31b91974c5]::string::String>>
[INFO] [stdout]   14:     0x60cc59edce92 - test[aada8e7e76ba119b]::run_test::{closure#0}
[INFO] [stdout]   15:     0x60cc59edc93c - std[617be2ca0a6fd877]::sys::backtrace::__rust_begin_short_backtrace::<test[aada8e7e76ba119b]::run_test::{closure#1}, ()>
[INFO] [stdout]   16:     0x60cc59efb6bc - <std[617be2ca0a6fd877]::thread::lifecycle::spawn_unchecked<test[aada8e7e76ba119b]::run_test::{closure#1}, ()>::{closure#1} as core[a373ad73a504971]::ops::function::FnOnce<()>>::call_once::{shim:vtable#0}
[INFO] [stdout]   17:     0x60cc59ecc9d8 - <std[617be2ca0a6fd877]::sys::thread::unix::Thread>::new::thread_start
[INFO] [stdout]   18:     0x71f57ce40dfa - <unknown>
[INFO] [stdout]   19:     0x71f57ced43d4 - clone
[INFO] [stdout]   20:                0x0 - <unknown>
[INFO] [stdout] 
[INFO] [stdout] ---- tests::test_assign_list_to_operation stdout ----
[INFO] [stdout] 
[INFO] [stdout] thread 'tests::test_assign_list_to_operation' (1594) panicked at src/lib.rs:413:9:
[INFO] [stdout] ROLE ADMINISTRATOR ONLY
[INFO] [stdout] stack backtrace:
[INFO] [stdout]    0:     0x60cc59ea6627 - <<std[617be2ca0a6fd877]::sys::backtrace::BacktraceLock>::print::DisplayBacktrace as core[a373ad73a504971]::fmt::Display>::fmt
[INFO] [stdout]    1:     0x60cc59e80064 - core[a373ad73a504971]::fmt::write
[INFO] [stdout]    2:     0x60cc59ea5beb - <alloc[2e1b2a31b91974c5]::vec::Vec<u8> as core[a373ad73a504971]::io::write::Write>::write_fmt
[INFO] [stdout]    3:     0x60cc59ea57e9 - std[617be2ca0a6fd877]::panicking::default_hook::{closure#0}
[INFO] [stdout]    4:     0x60cc59ea546a - std[617be2ca0a6fd877]::panicking::default_hook
[INFO] [stdout]    5:     0x60cc59ea4f9b - std[617be2ca0a6fd877]::panicking::panic_with_hook
[INFO] [stdout]    6:     0x60cc59ea4844 - std[617be2ca0a6fd877]::panicking::begin_panic::<&str>::{closure#0}
[INFO] [stdout]    7:     0x60cc59ea4819 - std[617be2ca0a6fd877]::sys::backtrace::__rust_end_short_backtrace::<std[617be2ca0a6fd877]::panicking::begin_panic<&str>::{closure#0}, !>
[INFO] [stdout]    8:     0x60cc59ea4804 - std[617be2ca0a6fd877]::panicking::begin_panic::<&str>
[INFO] [stdout]    9:     0x60cc59e77d1e - <open_block_ei_open_roles_near_core[2a2c2a50902dbdeb]::OpenRoles>::administrator_only
[INFO] [stdout]   10:     0x60cc59e76ea8 - <open_block_ei_open_roles_near_core[2a2c2a50902dbdeb]::OpenRoles>::create_list
[INFO] [stdout]   11:     0x60cc59e798f7 - open_block_ei_open_roles_near_core[2a2c2a50902dbdeb]::tests::get_default_or
[INFO] [stdout]   12:     0x60cc59e7d45a - <open_block_ei_open_roles_near_core[2a2c2a50902dbdeb]::tests::test_assign_list_to_operation::{closure#0} as core[a373ad73a504971]::ops::function::FnOnce<()>>::call_once
[INFO] [stdout]   13:     0x60cc59ee17db - test[aada8e7e76ba119b]::__rust_begin_short_backtrace::<core[a373ad73a504971]::result::Result<(), alloc[2e1b2a31b91974c5]::string::String>, fn() -> core[a373ad73a504971]::result::Result<(), alloc[2e1b2a31b91974c5]::string::String>>
[INFO] [stdout]   14:     0x60cc59edce92 - test[aada8e7e76ba119b]::run_test::{closure#0}
[INFO] [stdout]   15:     0x60cc59edc93c - std[617be2ca0a6fd877]::sys::backtrace::__rust_begin_short_backtrace::<test[aada8e7e76ba119b]::run_test::{closure#1}, ()>
[INFO] [stdout]   16:     0x60cc59efb6bc - <std[617be2ca0a6fd877]::thread::lifecycle::spawn_unchecked<test[aada8e7e76ba119b]::run_test::{closure#1}, ()>::{closure#1} as core[a373ad73a504971]::ops::function::FnOnce<()>>::call_once::{shim:vtable#0}
[INFO] [stdout]   17:     0x60cc59ecc9d8 - <std[617be2ca0a6fd877]::sys::thread::unix::Thread>::new::thread_start
[INFO] [stdout]   18:     0x71f57ce40dfa - <unknown>
[INFO] [stdout]   19:     0x71f57ced43d4 - clone
[INFO] [stdout]   20:                0x0 - <unknown>
[INFO] [stdout] 
[INFO] [stdout] ---- tests::test_is_barred stdout ----
[INFO] [stdout] 
[INFO] [stdout] thread 'tests::test_is_barred' (1599) panicked at src/lib.rs:413:9:
[INFO] [stdout] ROLE ADMINISTRATOR ONLY
[INFO] [stdout] stack backtrace:
[INFO] [stdout]    0:     0x60cc59ea6627 - <<std[617be2ca0a6fd877]::sys::backtrace::BacktraceLock>::print::DisplayBacktrace as core[a373ad73a504971]::fmt::Display>::fmt
[INFO] [stdout]    1:     0x60cc59e80064 - core[a373ad73a504971]::fmt::write
[INFO] [stdout]    2:     0x60cc59ea5beb - <alloc[2e1b2a31b91974c5]::vec::Vec<u8> as core[a373ad73a504971]::io::write::Write>::write_fmt
[INFO] [stdout]    3:     0x60cc59ea57e9 - std[617be2ca0a6fd877]::panicking::default_hook::{closure#0}
[INFO] [stdout]    4:     0x60cc59ea546a - std[617be2ca0a6fd877]::panicking::default_hook
[INFO] [stdout]    5:     0x60cc59ea4f9b - std[617be2ca0a6fd877]::panicking::panic_with_hook
[INFO] [stdout]    6:     0x60cc59ea4844 - std[617be2ca0a6fd877]::panicking::begin_panic::<&str>::{closure#0}
[INFO] [stdout]    7:     0x60cc59ea4819 - std[617be2ca0a6fd877]::sys::backtrace::__rust_end_short_backtrace::<std[617be2ca0a6fd877]::panicking::begin_panic<&str>::{closure#0}, !>
[INFO] [stdout]    8:     0x60cc59ea4804 - std[617be2ca0a6fd877]::panicking::begin_panic::<&str>
[INFO] [stdout]    9:     0x60cc59e77d1e - <open_block_ei_open_roles_near_core[2a2c2a50902dbdeb]::OpenRoles>::administrator_only
[INFO] [stdout]   10:     0x60cc59e76ea8 - <open_block_ei_open_roles_near_core[2a2c2a50902dbdeb]::OpenRoles>::create_list
[INFO] [stdout]   11:     0x60cc59e798f7 - open_block_ei_open_roles_near_core[2a2c2a50902dbdeb]::tests::get_default_or
[INFO] [stdout]   12:     0x60cc59e7a5f1 - <open_block_ei_open_roles_near_core[2a2c2a50902dbdeb]::tests::test_is_barred::{closure#0} as core[a373ad73a504971]::ops::function::FnOnce<()>>::call_once
[INFO] [stdout]   13:     0x60cc59ee17db - test[aada8e7e76ba119b]::__rust_begin_short_backtrace::<core[a373ad73a504971]::result::Result<(), alloc[2e1b2a31b91974c5]::string::String>, fn() -> core[a373ad73a504971]::result::Result<(), alloc[2e1b2a31b91974c5]::string::String>>
[INFO] [stdout]   14:     0x60cc59edce92 - test[aada8e7e76ba119b]::run_test::{closure#0}
[INFO] [stdout]   15:     0x60cc59edc93c - std[617be2ca0a6fd877]::sys::backtrace::__rust_begin_short_backtrace::<test[aada8e7e76ba119b]::run_test::{closure#1}, ()>
[INFO] [stdout]   16:     0x60cc59efb6bc - <std[617be2ca0a6fd877]::thread::lifecycle::spawn_unchecked<test[aada8e7e76ba119b]::run_test::{closure#1}, ()>::{closure#1} as core[a373ad73a504971]::ops::function::FnOnce<()>>::call_once::{shim:vtable#0}
[INFO] [stdout]   17:     0x60cc59ecc9d8 - <std[617be2ca0a6fd877]::sys::thread::unix::Thread>::new::thread_start
[INFO] [stdout]   18:     0x71f57ce40dfa - <unknown>
[INFO] [stdout]   19:     0x71f57ced43d4 - clone
[INFO] [stdout]   20:                0x0 - <unknown>
[INFO] [stdout] 
[INFO] [stdout] ---- tests::test_is_allowed stdout ----
[INFO] [stdout] 
[INFO] [stdout] thread 'tests::test_is_allowed' (1598) panicked at src/lib.rs:413:9:
[INFO] [stdout] ROLE ADMINISTRATOR ONLY
[INFO] [stdout] stack backtrace:
[INFO] [stdout]    0:     0x60cc59ea6627 - <<std[617be2ca0a6fd877]::sys::backtrace::BacktraceLock>::print::DisplayBacktrace as core[a373ad73a504971]::fmt::Display>::fmt
[INFO] [stdout]    1:     0x60cc59e80064 - core[a373ad73a504971]::fmt::write
[INFO] [stdout]    2:     0x60cc59ea5beb - <alloc[2e1b2a31b91974c5]::vec::Vec<u8> as core[a373ad73a504971]::io::write::Write>::write_fmt
[INFO] [stdout]    3:     0x60cc59ea57e9 - std[617be2ca0a6fd877]::panicking::default_hook::{closure#0}
[INFO] [stdout]    4:     0x60cc59ea546a - std[617be2ca0a6fd877]::panicking::default_hook
[INFO] [stdout]    5:     0x60cc59ea4f9b - std[617be2ca0a6fd877]::panicking::panic_with_hook
[INFO] [stdout]    6:     0x60cc59ea4844 - std[617be2ca0a6fd877]::panicking::begin_panic::<&str>::{closure#0}
[INFO] [stdout]    7:     0x60cc59ea4819 - std[617be2ca0a6fd877]::sys::backtrace::__rust_end_short_backtrace::<std[617be2ca0a6fd877]::panicking::begin_panic<&str>::{closure#0}, !>
[INFO] [stdout]    8:     0x60cc59ea4804 - std[617be2ca0a6fd877]::panicking::begin_panic::<&str>
[INFO] [stdout]    9:     0x60cc59e77d1e - <open_block_ei_open_roles_near_core[2a2c2a50902dbdeb]::OpenRoles>::administrator_only
[INFO] [stdout]   10:     0x60cc59e76ea8 - <open_block_ei_open_roles_near_core[2a2c2a50902dbdeb]::OpenRoles>::create_list
[INFO] [stdout]   11:     0x60cc59e798f7 - open_block_ei_open_roles_near_core[2a2c2a50902dbdeb]::tests::get_default_or
[INFO] [stdout]   12:     0x60cc59e7aef4 - <open_block_ei_open_roles_near_core[2a2c2a50902dbdeb]::tests::test_is_allowed::{closure#0} as core[a373ad73a504971]::ops::function::FnOnce<()>>::call_once
[INFO] [stdout]   13:     0x60cc59ee17db - test[aada8e7e76ba119b]::__rust_begin_short_backtrace::<core[a373ad73a504971]::result::Result<(), alloc[2e1b2a31b91974c5]::string::String>, fn() -> core[a373ad73a504971]::result::Result<(), alloc[2e1b2a31b91974c5]::string::String>>
[INFO] [stdout]   14:     0x60cc59edce92 - test[aada8e7e76ba119b]::run_test::{closure#0}
[INFO] [stdout]   15:     0x60cc59edc93c - std[617be2ca0a6fd877]::sys::backtrace::__rust_begin_short_backtrace::<test[aada8e7e76ba119b]::run_test::{closure#1}, ()>
[INFO] [stdout]   16:     0x60cc59efb6bc - <std[617be2ca0a6fd877]::thread::lifecycle::spawn_unchecked<test[aada8e7e76ba119b]::run_test::{closure#1}, ()>::{closure#1} as core[a373ad73a504971]::ops::function::FnOnce<()>>::call_once::{shim:vtable#0}
[INFO] [stdout]   17:     0x60cc59ecc9d8 - <std[617be2ca0a6fd877]::sys::thread::unix::Thread>::new::thread_start
[INFO] [stdout]   18:     0x71f57ce40dfa - <unknown>
[INFO] [stdout]   19:     0x71f57ced43d4 - clone
[INFO] [stdout]   20:                0x0 - <unknown>
[INFO] [stdout] 
[INFO] [stdout] ---- tests::test_view_list stdout ----
[INFO] [stdout] 
[INFO] [stdout] thread 'tests::test_view_list' (1605) panicked at src/lib.rs:413:9:
[INFO] [stdout] ROLE ADMINISTRATOR ONLY
[INFO] [stdout] stack backtrace:
[INFO] [stdout]    0:     0x60cc59ea6627 - <<std[617be2ca0a6fd877]::sys::backtrace::BacktraceLock>::print::DisplayBacktrace as core[a373ad73a504971]::fmt::Display>::fmt
[INFO] [stdout]    1:     0x60cc59e80064 - core[a373ad73a504971]::fmt::write
[INFO] [stdout]    2:     0x60cc59ea5beb - <alloc[2e1b2a31b91974c5]::vec::Vec<u8> as core[a373ad73a504971]::io::write::Write>::write_fmt
[INFO] [stdout]    3:     0x60cc59ea57e9 - std[617be2ca0a6fd877]::panicking::default_hook::{closure#0}
[INFO] [stdout]    4:     0x60cc59ea546a - std[617be2ca0a6fd877]::panicking::default_hook
[INFO] [stdout]    5:     0x60cc59ea4f9b - std[617be2ca0a6fd877]::panicking::panic_with_hook
[INFO] [stdout]    6:     0x60cc59ea4844 - std[617be2ca0a6fd877]::panicking::begin_panic::<&str>::{closure#0}
[INFO] [stdout]    7:     0x60cc59ea4819 - std[617be2ca0a6fd877]::sys::backtrace::__rust_end_short_backtrace::<std[617be2ca0a6fd877]::panicking::begin_panic<&str>::{closure#0}, !>
[INFO] [stdout]    8:     0x60cc59ea4804 - std[617be2ca0a6fd877]::panicking::begin_panic::<&str>
[INFO] [stdout]    9:     0x60cc59e77d1e - <open_block_ei_open_roles_near_core[2a2c2a50902dbdeb]::OpenRoles>::administrator_only
[INFO] [stdout]   10:     0x60cc59e76ea8 - <open_block_ei_open_roles_near_core[2a2c2a50902dbdeb]::OpenRoles>::create_list
[INFO] [stdout]   11:     0x60cc59e798f7 - open_block_ei_open_roles_near_core[2a2c2a50902dbdeb]::tests::get_default_or
[INFO] [stdout]   12:     0x60cc59e7a9ae - <open_block_ei_open_roles_near_core[2a2c2a50902dbdeb]::tests::test_view_list::{closure#0} as core[a373ad73a504971]::ops::function::FnOnce<()>>::call_once
[INFO] [stdout]   13:     0x60cc59ee17db - test[aada8e7e76ba119b]::__rust_begin_short_backtrace::<core[a373ad73a504971]::result::Result<(), alloc[2e1b2a31b91974c5]::string::String>, fn() -> core[a373ad73a504971]::result::Result<(), alloc[2e1b2a31b91974c5]::string::String>>
[INFO] [stdout]   14:     0x60cc59edce92 - test[aada8e7e76ba119b]::run_test::{closure#0}
[INFO] [stdout]   15:     0x60cc59edc93c - std[617be2ca0a6fd877]::sys::backtrace::__rust_begin_short_backtrace::<test[aada8e7e76ba119b]::run_test::{closure#1}, ()>
[INFO] [stdout]   16:     0x60cc59efb6bc - <std[617be2ca0a6fd877]::thread::lifecycle::spawn_unchecked<test[aada8e7e76ba119b]::run_test::{closure#1}, ()>::{closure#1} as core[a373ad73a504971]::ops::function::FnOnce<()>>::call_once::{shim:vtable#0}
[INFO] [stdout]   17:     0x60cc59ecc9d8 - <std[617be2ca0a6fd877]::sys::thread::unix::Thread>::new::thread_start
[INFO] [stdout]   18:     0x71f57ce40dfa - <unknown>
[INFO] [stdout]   19:     0x71f57ced43d4 - clone
[INFO] [stdout]   20:                0x0 - <unknown>
[INFO] [stdout] 
[INFO] [stdout] ---- tests::test_view_list_assignments stdout ----
[INFO] [stdout] 
[INFO] [stdout] thread 'tests::test_view_list_assignments' (1606) panicked at src/lib.rs:413:9:
[INFO] [stdout] ROLE ADMINISTRATOR ONLY
[INFO] [stdout] stack backtrace:
[INFO] [stdout]    0:     0x60cc59ea6627 - <<std[617be2ca0a6fd877]::sys::backtrace::BacktraceLock>::print::DisplayBacktrace as core[a373ad73a504971]::fmt::Display>::fmt
[INFO] [stdout]    1:     0x60cc59e80064 - core[a373ad73a504971]::fmt::write
[INFO] [stdout]    2:     0x60cc59ea5beb - <alloc[2e1b2a31b91974c5]::vec::Vec<u8> as core[a373ad73a504971]::io::write::Write>::write_fmt
[INFO] [stdout]    3:     0x60cc59ea57e9 - std[617be2ca0a6fd877]::panicking::default_hook::{closure#0}
[INFO] [stdout]    4:     0x60cc59ea546a - std[617be2ca0a6fd877]::panicking::default_hook
[INFO] [stdout]    5:     0x60cc59ea4f9b - std[617be2ca0a6fd877]::panicking::panic_with_hook
[INFO] [stdout]    6:     0x60cc59ea4844 - std[617be2ca0a6fd877]::panicking::begin_panic::<&str>::{closure#0}
[INFO] [stdout]    7:     0x60cc59ea4819 - std[617be2ca0a6fd877]::sys::backtrace::__rust_end_short_backtrace::<std[617be2ca0a6fd877]::panicking::begin_panic<&str>::{closure#0}, !>
[INFO] [stdout]    8:     0x60cc59ea4804 - std[617be2ca0a6fd877]::panicking::begin_panic::<&str>
[INFO] [stdout]    9:     0x60cc59e77d1e - <open_block_ei_open_roles_near_core[2a2c2a50902dbdeb]::OpenRoles>::administrator_only
[INFO] [stdout]   10:     0x60cc59e76ea8 - <open_block_ei_open_roles_near_core[2a2c2a50902dbdeb]::OpenRoles>::create_list
[INFO] [stdout]   11:     0x60cc59e798f7 - open_block_ei_open_roles_near_core[2a2c2a50902dbdeb]::tests::get_default_or
[INFO] [stdout]   12:     0x60cc59e7c765 - <open_block_ei_open_roles_near_core[2a2c2a50902dbdeb]::tests::test_view_list_assignments::{closure#0} as core[a373ad73a504971]::ops::function::FnOnce<()>>::call_once
[INFO] [stdout]   13:     0x60cc59ee17db - test[aada8e7e76ba119b]::__rust_begin_short_backtrace::<core[a373ad73a504971]::result::Result<(), alloc[2e1b2a31b91974c5]::string::String>, fn() -> core[a373ad73a504971]::result::Result<(), alloc[2e1b2a31b91974c5]::string::String>>
[INFO] [stdout]   14:     0x60cc59edce92 - test[aada8e7e76ba119b]::run_test::{closure#0}
[INFO] [stdout]   15:     0x60cc59edc93c - std[617be2ca0a6fd877]::sys::backtrace::__rust_begin_short_backtrace::<test[aada8e7e76ba119b]::run_test::{closure#1}, ()>
[INFO] [stdout]   16:     0x60cc59efb6bc - <std[617be2ca0a6fd877]::thread::lifecycle::spawn_unchecked<test[aada8e7e76ba119b]::run_test::{closure#1}, ()>::{closure#1} as core[a373ad73a504971]::ops::function::FnOnce<()>>::call_once::{shim:vtable#0}
[INFO] [stdout]   17:     0x60cc59ecc9d8 - <std[617be2ca0a6fd877]::sys::thread::unix::Thread>::new::thread_start
[INFO] [stdout]   18:     0x71f57ce40dfa - <unknown>
[INFO] [stdout]   19:     0x71f57ced43d4 - clone
[INFO] [stdout]   20:                0x0 - <unknown>
[INFO] [stdout] 
[INFO] [stdout] ---- tests::test_remove_list_from_operation stdout ----
[INFO] [stdout] 
[INFO] [stdout] thread 'tests::test_remove_list_from_operation' (1603) panicked at src/lib.rs:413:9:
[INFO] [stdout] ROLE ADMINISTRATOR ONLY
[INFO] [stdout] stack backtrace:
[INFO] [stdout]    0:     0x60cc59ea6627 - <<std[617be2ca0a6fd877]::sys::backtrace::BacktraceLock>::print::DisplayBacktrace as core[a373ad73a504971]::fmt::Display>::fmt
[INFO] [stdout]    1:     0x60cc59e80064 - core[a373ad73a504971]::fmt::write
[INFO] [stdout]    2:     0x60cc59ea5beb - <alloc[2e1b2a31b91974c5]::vec::Vec<u8> as core[a373ad73a504971]::io::write::Write>::write_fmt
[INFO] [stdout]    3:     0x60cc59ea57e9 - std[617be2ca0a6fd877]::panicking::default_hook::{closure#0}
[INFO] [stdout]    4:     0x60cc59ea546a - std[617be2ca0a6fd877]::panicking::default_hook
[INFO] [stdout]    5:     0x60cc59ea4f9b - std[617be2ca0a6fd877]::panicking::panic_with_hook
[INFO] [stdout]    6:     0x60cc59ea4844 - std[617be2ca0a6fd877]::panicking::begin_panic::<&str>::{closure#0}
[INFO] [stdout]    7:     0x60cc59ea4819 - std[617be2ca0a6fd877]::sys::backtrace::__rust_end_short_backtrace::<std[617be2ca0a6fd877]::panicking::begin_panic<&str>::{closure#0}, !>
[INFO] [stdout]    8:     0x60cc59ea4804 - std[617be2ca0a6fd877]::panicking::begin_panic::<&str>
[INFO] [stdout]    9:     0x60cc59e77d1e - <open_block_ei_open_roles_near_core[2a2c2a50902dbdeb]::OpenRoles>::administrator_only
[INFO] [stdout]   10:     0x60cc59e76ea8 - <open_block_ei_open_roles_near_core[2a2c2a50902dbdeb]::OpenRoles>::create_list
[INFO] [stdout]   11:     0x60cc59e798f7 - open_block_ei_open_roles_near_core[2a2c2a50902dbdeb]::tests::get_default_or
[INFO] [stdout]   12:     0x60cc59e7dd75 - <open_block_ei_open_roles_near_core[2a2c2a50902dbdeb]::tests::test_remove_list_from_operation::{closure#0} as core[a373ad73a504971]::ops::function::FnOnce<()>>::call_once
[INFO] [stdout]   13:     0x60cc59ee17db - test[aada8e7e76ba119b]::__rust_begin_short_backtrace::<core[a373ad73a504971]::result::Result<(), alloc[2e1b2a31b91974c5]::string::String>, fn() -> core[a373ad73a504971]::result::Result<(), alloc[2e1b2a31b91974c5]::string::String>>
[INFO] [stdout]   14:     0x60cc59edce92 - test[aada8e7e76ba119b]::run_test::{closure#0}
[INFO] [stdout]   15:     0x60cc59edc93c - std[617be2ca0a6fd877]::sys::backtrace::__rust_begin_short_backtrace::<test[aada8e7e76ba119b]::run_test::{closure#1}, ()>
[INFO] [stdout]   16:     0x60cc59efb6bc - <std[617be2ca0a6fd877]::thread::lifecycle::spawn_unchecked<test[aada8e7e76ba119b]::run_test::{closure#1}, ()>::{closure#1} as core[a373ad73a504971]::ops::function::FnOnce<()>>::call_once::{shim:vtable#0}
[INFO] [stdout]   17:     0x60cc59ecc9d8 - <std[617be2ca0a6fd877]::sys::thread::unix::Thread>::new::thread_start
[INFO] [stdout]   18:     0x71f57ce40dfa - <unknown>
[INFO] [stdout]   19:     0x71f57ced43d4 - clone
[INFO] [stdout]   20:                0x0 - <unknown>
[INFO] [stdout] 
[INFO] [stdout] ---- tests::test_set_role_administrator stdout ----
[INFO] [stdout] 
[INFO] [stdout] thread 'tests::test_set_role_administrator' (1604) panicked at src/lib.rs:413:9:
[INFO] [stdout] ROLE ADMINISTRATOR ONLY
[INFO] [stdout] stack backtrace:
[INFO] [stdout]    0:     0x60cc59ea6627 - <<std[617be2ca0a6fd877]::sys::backtrace::BacktraceLock>::print::DisplayBacktrace as core[a373ad73a504971]::fmt::Display>::fmt
[INFO] [stdout]    1:     0x60cc59e80064 - core[a373ad73a504971]::fmt::write
[INFO] [stdout]    2:     0x60cc59ea5beb - <alloc[2e1b2a31b91974c5]::vec::Vec<u8> as core[a373ad73a504971]::io::write::Write>::write_fmt
[INFO] [stdout]    3:     0x60cc59ea57e9 - std[617be2ca0a6fd877]::panicking::default_hook::{closure#0}
[INFO] [stdout]    4:     0x60cc59ea546a - std[617be2ca0a6fd877]::panicking::default_hook
[INFO] [stdout]    5:     0x60cc59ea4f9b - std[617be2ca0a6fd877]::panicking::panic_with_hook
[INFO] [stdout]    6:     0x60cc59ea4844 - std[617be2ca0a6fd877]::panicking::begin_panic::<&str>::{closure#0}
[INFO] [stdout]    7:     0x60cc59ea4819 - std[617be2ca0a6fd877]::sys::backtrace::__rust_end_short_backtrace::<std[617be2ca0a6fd877]::panicking::begin_panic<&str>::{closure#0}, !>
[INFO] [stdout]    8:     0x60cc59ea4804 - std[617be2ca0a6fd877]::panicking::begin_panic::<&str>
[INFO] [stdout]    9:     0x60cc59e77d1e - <open_block_ei_open_roles_near_core[2a2c2a50902dbdeb]::OpenRoles>::administrator_only
[INFO] [stdout]   10:     0x60cc59e76ea8 - <open_block_ei_open_roles_near_core[2a2c2a50902dbdeb]::OpenRoles>::create_list
[INFO] [stdout]   11:     0x60cc59e798f7 - open_block_ei_open_roles_near_core[2a2c2a50902dbdeb]::tests::get_default_or
[INFO] [stdout]   12:     0x60cc59e7cd78 - <open_block_ei_open_roles_near_core[2a2c2a50902dbdeb]::tests::test_set_role_administrator::{closure#0} as core[a373ad73a504971]::ops::function::FnOnce<()>>::call_once
[INFO] [stdout]   13:     0x60cc59ee17db - test[aada8e7e76ba119b]::__rust_begin_short_backtrace::<core[a373ad73a504971]::result::Result<(), alloc[2e1b2a31b91974c5]::string::String>, fn() -> core[a373ad73a504971]::result::Result<(), alloc[2e1b2a31b91974c5]::string::String>>
[INFO] [stdout]   14:     0x60cc59edce92 - test[aada8e7e76ba119b]::run_test::{closure#0}
[INFO] [stdout]   15:     0x60cc59edc93c - std[617be2ca0a6fd877]::sys::backtrace::__rust_begin_short_backtrace::<test[aada8e7e76ba119b]::run_test::{closure#1}, ()>
[INFO] [stdout]   16:     0x60cc59efb6bc - <std[617be2ca0a6fd877]::thread::lifecycle::spawn_unchecked<test[aada8e7e76ba119b]::run_test::{closure#1}, ()>::{closure#1} as core[a373ad73a504971]::ops::function::FnOnce<()>>::call_once::{shim:vtable#0}
[INFO] [stdout]   17:     0x60cc59ecc9d8 - <std[617be2ca0a6fd877]::sys::thread::unix::Thread>::new::thread_start
[INFO] [stdout]   18:     0x71f57ce40dfa - <unknown>
[INFO] [stdout]   19:     0x71f57ced43d4 - clone
[INFO] [stdout]   20:                0x0 - <unknown>
[INFO] [stdout] 
[INFO] [stdout] ---- tests::test_view_list_names stdout ----
[INFO] [stdout] 
[INFO] [stdout] thread 'tests::test_view_list_names' (1607) panicked at src/lib.rs:413:9:
[INFO] [stdout] ROLE ADMINISTRATOR ONLY
[INFO] [stdout] stack backtrace:
[INFO] [stdout]    0:     0x60cc59ea6627 - <<std[617be2ca0a6fd877]::sys::backtrace::BacktraceLock>::print::DisplayBacktrace as core[a373ad73a504971]::fmt::Display>::fmt
[INFO] [stdout]    1:     0x60cc59e80064 - core[a373ad73a504971]::fmt::write
[INFO] [stdout]    2:     0x60cc59ea5beb - <alloc[2e1b2a31b91974c5]::vec::Vec<u8> as core[a373ad73a504971]::io::write::Write>::write_fmt
[INFO] [stdout]    3:     0x60cc59ea57e9 - std[617be2ca0a6fd877]::panicking::default_hook::{closure#0}
[INFO] [stdout]    4:     0x60cc59ea546a - std[617be2ca0a6fd877]::panicking::default_hook
[INFO] [stdout]    5:     0x60cc59ea4f9b - std[617be2ca0a6fd877]::panicking::panic_with_hook
[INFO] [stdout]    6:     0x60cc59ea4844 - std[617be2ca0a6fd877]::panicking::begin_panic::<&str>::{closure#0}
[INFO] [stdout]    7:     0x60cc59ea4819 - std[617be2ca0a6fd877]::sys::backtrace::__rust_end_short_backtrace::<std[617be2ca0a6fd877]::panicking::begin_panic<&str>::{closure#0}, !>
[INFO] [stdout]    8:     0x60cc59ea4804 - std[617be2ca0a6fd877]::panicking::begin_panic::<&str>
[INFO] [stdout]    9:     0x60cc59e77d1e - <open_block_ei_open_roles_near_core[2a2c2a50902dbdeb]::OpenRoles>::administrator_only
[INFO] [stdout]   10:     0x60cc59e76ea8 - <open_block_ei_open_roles_near_core[2a2c2a50902dbdeb]::OpenRoles>::create_list
[INFO] [stdout]   11:     0x60cc59e798f7 - open_block_ei_open_roles_near_core[2a2c2a50902dbdeb]::tests::get_default_or
[INFO] [stdout]   12:     0x60cc59e7bc79 - <open_block_ei_open_roles_near_core[2a2c2a50902dbdeb]::tests::test_view_list_names::{closure#0} as core[a373ad73a504971]::ops::function::FnOnce<()>>::call_once
[INFO] [stdout]   13:     0x60cc59ee17db - test[aada8e7e76ba119b]::__rust_begin_short_backtrace::<core[a373ad73a504971]::result::Result<(), alloc[2e1b2a31b91974c5]::string::String>, fn() -> core[a373ad73a504971]::result::Result<(), alloc[2e1b2a31b91974c5]::string::String>>
[INFO] [stdout]   14:     0x60cc59edce92 - test[aada8e7e76ba119b]::run_test::{closure#0}
[INFO] [stdout]   15:     0x60cc59edc93c - std[617be2ca0a6fd877]::sys::backtrace::__rust_begin_short_backtrace::<test[aada8e7e76ba119b]::run_test::{closure#1}, ()>
[INFO] [stdout]   16:     0x60cc59efb6bc - <std[617be2ca0a6fd877]::thread::lifecycle::spawn_unchecked<test[aada8e7e76ba119b]::run_test::{closure#1}, ()>::{closure#1} as core[a373ad73a504971]::ops::function::FnOnce<()>>::call_once::{shim:vtable#0}
[INFO] [stdout]   17:     0x60cc59ecc9d8 - <std[617be2ca0a6fd877]::sys::thread::unix::Thread>::new::thread_start
[INFO] [stdout]   18:     0x71f57ce40dfa - <unknown>
[INFO] [stdout]   19:     0x71f57ced43d4 - clone
[INFO] [stdout]   20:                0x0 - <unknown>
[INFO] [stdout] 
[INFO] [stdout] ---- tests::test_view_role_administrator stdout ----
[INFO] [stdout] 
[INFO] [stdout] thread 'tests::test_view_role_administrator' (1608) panicked at src/lib.rs:413:9:
[INFO] [stdout] ROLE ADMINISTRATOR ONLY
[INFO] [stdout] stack backtrace:
[INFO] [stdout]    0:     0x60cc59ea6627 - <<std[617be2ca0a6fd877]::sys::backtrace::BacktraceLock>::print::DisplayBacktrace as core[a373ad73a504971]::fmt::Display>::fmt
[INFO] [stdout]    1:     0x60cc59e80064 - core[a373ad73a504971]::fmt::write
[INFO] [stdout]    2:     0x60cc59ea5beb - <alloc[2e1b2a31b91974c5]::vec::Vec<u8> as core[a373ad73a504971]::io::write::Write>::write_fmt
[INFO] [stdout]    3:     0x60cc59ea57e9 - std[617be2ca0a6fd877]::panicking::default_hook::{closure#0}
[INFO] [stdout]    4:     0x60cc59ea546a - std[617be2ca0a6fd877]::panicking::default_hook
[INFO] [stdout]    5:     0x60cc59ea4f9b - std[617be2ca0a6fd877]::panicking::panic_with_hook
[INFO] [stdout]    6:     0x60cc59ea4844 - std[617be2ca0a6fd877]::panicking::begin_panic::<&str>::{closure#0}
[INFO] [stdout]    7:     0x60cc59ea4819 - std[617be2ca0a6fd877]::sys::backtrace::__rust_end_short_backtrace::<std[617be2ca0a6fd877]::panicking::begin_panic<&str>::{closure#0}, !>
[INFO] [stdout]    8:     0x60cc59ea4804 - std[617be2ca0a6fd877]::panicking::begin_panic::<&str>
[INFO] [stdout]    9:     0x60cc59e77d1e - <open_block_ei_open_roles_near_core[2a2c2a50902dbdeb]::OpenRoles>::administrator_only
[INFO] [stdout]   10:     0x60cc59e76ea8 - <open_block_ei_open_roles_near_core[2a2c2a50902dbdeb]::OpenRoles>::create_list
[INFO] [stdout]   11:     0x60cc59e798f7 - open_block_ei_open_roles_near_core[2a2c2a50902dbdeb]::tests::get_default_or
[INFO] [stdout]   12:     0x60cc59e7d0f2 - <open_block_ei_open_roles_near_core[2a2c2a50902dbdeb]::tests::test_view_role_administrator::{closure#0} as core[a373ad73a504971]::ops::function::FnOnce<()>>::call_once
[INFO] [stdout]   13:     0x60cc59ee17db - test[aada8e7e76ba119b]::__rust_begin_short_backtrace::<core[a373ad73a504971]::result::Result<(), alloc[2e1b2a31b91974c5]::string::String>, fn() -> core[a373ad73a504971]::result::Result<(), alloc[2e1b2a31b91974c5]::string::String>>
[INFO] [stdout]   14:     0x60cc59edce92 - test[aada8e7e76ba119b]::run_test::{closure#0}
[INFO] [stdout]   15:     0x60cc59edc93c - std[617be2ca0a6fd877]::sys::backtrace::__rust_begin_short_backtrace::<test[aada8e7e76ba119b]::run_test::{closure#1}, ()>
[INFO] [stdout]   16:     0x60cc59efb6bc - <std[617be2ca0a6fd877]::thread::lifecycle::spawn_unchecked<test[aada8e7e76ba119b]::run_test::{closure#1}, ()>::{closure#1} as core[a373ad73a504971]::ops::function::FnOnce<()>>::call_once::{shim:vtable#0}
[INFO] [stdout]   17:     0x60cc59ecc9d8 - <std[617be2ca0a6fd877]::sys::thread::unix::Thread>::new::thread_start
[INFO] [stdout]   18:     0x71f57ce40dfa - <unknown>
[INFO] [stdout]   19:     0x71f57ced43d4 - clone
[INFO] [stdout]   20:                0x0 - <unknown>
[INFO] [stdout] 
[INFO] [stdout] ---- tests::test_remove_account_from_list stdout ----
[INFO] [stdout] 
[INFO] [stdout] thread 'tests::test_remove_account_from_list' (1602) panicked at src/lib.rs:413:9:
[INFO] [stdout] ROLE ADMINISTRATOR ONLY
[INFO] [stdout] stack backtrace:
[INFO] [stdout]    0:     0x60cc59ea6627 - <<std[617be2ca0a6fd877]::sys::backtrace::BacktraceLock>::print::DisplayBacktrace as core[a373ad73a504971]::fmt::Display>::fmt
[INFO] [stdout]    1:     0x60cc59e80064 - core[a373ad73a504971]::fmt::write
[INFO] [stdout]    2:     0x60cc59ea5beb - <alloc[2e1b2a31b91974c5]::vec::Vec<u8> as core[a373ad73a504971]::io::write::Write>::write_fmt
[INFO] [stdout]    3:     0x60cc59ea57e9 - std[617be2ca0a6fd877]::panicking::default_hook::{closure#0}
[INFO] [stdout]    4:     0x60cc59ea546a - std[617be2ca0a6fd877]::panicking::default_hook
[INFO] [stdout]    5:     0x60cc59ea4f9b - std[617be2ca0a6fd877]::panicking::panic_with_hook
[INFO] [stdout]    6:     0x60cc59ea4844 - std[617be2ca0a6fd877]::panicking::begin_panic::<&str>::{closure#0}
[INFO] [stdout]    7:     0x60cc59ea4819 - std[617be2ca0a6fd877]::sys::backtrace::__rust_end_short_backtrace::<std[617be2ca0a6fd877]::panicking::begin_panic<&str>::{closure#0}, !>
[INFO] [stdout]    8:     0x60cc59ea4804 - std[617be2ca0a6fd877]::panicking::begin_panic::<&str>
[INFO] [stdout]    9:     0x60cc59e77d1e - <open_block_ei_open_roles_near_core[2a2c2a50902dbdeb]::OpenRoles>::administrator_only
[INFO] [stdout]   10:     0x60cc59e76ea8 - <open_block_ei_open_roles_near_core[2a2c2a50902dbdeb]::OpenRoles>::create_list
[INFO] [stdout]   11:     0x60cc59e798f7 - open_block_ei_open_roles_near_core[2a2c2a50902dbdeb]::tests::get_default_or
[INFO] [stdout]   12:     0x60cc59e7d8f4 - <open_block_ei_open_roles_near_core[2a2c2a50902dbdeb]::tests::test_remove_account_from_list::{closure#0} as core[a373ad73a504971]::ops::function::FnOnce<()>>::call_once
[INFO] [stdout]   13:     0x60cc59ee17db - test[aada8e7e76ba119b]::__rust_begin_short_backtrace::<core[a373ad73a504971]::result::Result<(), alloc[2e1b2a31b91974c5]::string::String>, fn() -> core[a373ad73a504971]::result::Result<(), alloc[2e1b2a31b91974c5]::string::String>>
[INFO] [stdout]   14:     0x60cc59edce92 - test[aada8e7e76ba119b]::run_test::{closure#0}
[INFO] [stdout]   15:     0x60cc59edc93c - std[617be2ca0a6fd877]::sys::backtrace::__rust_begin_short_backtrace::<test[aada8e7e76ba119b]::run_test::{closure#1}, ()>
[INFO] [stdout]   16:     0x60cc59efb6bc - <std[617be2ca0a6fd877]::thread::lifecycle::spawn_unchecked<test[aada8e7e76ba119b]::run_test::{closure#1}, ()>::{closure#1} as core[a373ad73a504971]::ops::function::FnOnce<()>>::call_once::{shim:vtable#0}
[INFO] [stdout]   17:     0x60cc59ecc9d8 - <std[617be2ca0a6fd877]::sys::thread::unix::Thread>::new::thread_start
[INFO] [stdout]   18:     0x71f57ce40dfa - <unknown>
[INFO] [stdout]   19:     0x71f57ced43d4 - clone
[INFO] [stdout]   20:                0x0 - <unknown>
[INFO] [stdout] 
[INFO] [stdout] ---- tests::test_register_contract stdout ----
[INFO] [stdout] 
[INFO] [stdout] thread 'tests::test_register_contract' (1601) panicked at src/lib.rs:413:9:
[INFO] [stdout] ROLE ADMINISTRATOR ONLY
[INFO] [stdout] stack backtrace:
[INFO] [stdout]    0:     0x60cc59ea6627 - <<std[617be2ca0a6fd877]::sys::backtrace::BacktraceLock>::print::DisplayBacktrace as core[a373ad73a504971]::fmt::Display>::fmt
[INFO] [stdout]    1:     0x60cc59e80064 - core[a373ad73a504971]::fmt::write
[INFO] [stdout]    2:     0x60cc59ea5beb - <alloc[2e1b2a31b91974c5]::vec::Vec<u8> as core[a373ad73a504971]::io::write::Write>::write_fmt
[INFO] [stdout]    3:     0x60cc59ea57e9 - std[617be2ca0a6fd877]::panicking::default_hook::{closure#0}
[INFO] [stdout]    4:     0x60cc59ea546a - std[617be2ca0a6fd877]::panicking::default_hook
[INFO] [stdout]    5:     0x60cc59ea4f9b - std[617be2ca0a6fd877]::panicking::panic_with_hook
[INFO] [stdout]    6:     0x60cc59ea4844 - std[617be2ca0a6fd877]::panicking::begin_panic::<&str>::{closure#0}
[INFO] [stdout]    7:     0x60cc59ea4819 - std[617be2ca0a6fd877]::sys::backtrace::__rust_end_short_backtrace::<std[617be2ca0a6fd877]::panicking::begin_panic<&str>::{closure#0}, !>
[INFO] [stdout]    8:     0x60cc59ea4804 - std[617be2ca0a6fd877]::panicking::begin_panic::<&str>
[INFO] [stdout]    9:     0x60cc59e77d1e - <open_block_ei_open_roles_near_core[2a2c2a50902dbdeb]::OpenRoles>::administrator_only
[INFO] [stdout]   10:     0x60cc59e76ea8 - <open_block_ei_open_roles_near_core[2a2c2a50902dbdeb]::OpenRoles>::create_list
[INFO] [stdout]   11:     0x60cc59e798f7 - open_block_ei_open_roles_near_core[2a2c2a50902dbdeb]::tests::get_default_or
[INFO] [stdout]   12:     0x60cc59e7bf69 - <open_block_ei_open_roles_near_core[2a2c2a50902dbdeb]::tests::test_register_contract::{closure#0} as core[a373ad73a504971]::ops::function::FnOnce<()>>::call_once
[INFO] [stdout]   13:     0x60cc59ee17db - test[aada8e7e76ba119b]::__rust_begin_short_backtrace::<core[a373ad73a504971]::result::Result<(), alloc[2e1b2a31b91974c5]::string::String>, fn() -> core[a373ad73a504971]::result::Result<(), alloc[2e1b2a31b91974c5]::string::String>>
[INFO] [stdout]   14:     0x60cc59edce92 - test[aada8e7e76ba119b]::run_test::{closure#0}
[INFO] [stdout]   15:     0x60cc59edc93c - std[617be2ca0a6fd877]::sys::backtrace::__rust_begin_short_backtrace::<test[aada8e7e76ba119b]::run_test::{closure#1}, ()>
[INFO] [stdout]   16:     0x60cc59efb6bc - <std[617be2ca0a6fd877]::thread::lifecycle::spawn_unchecked<test[aada8e7e76ba119b]::run_test::{closure#1}, ()>::{closure#1} as core[a373ad73a504971]::ops::function::FnOnce<()>>::call_once::{shim:vtable#0}
[INFO] [stdout]   17:     0x60cc59ecc9d8 - <std[617be2ca0a6fd877]::sys::thread::unix::Thread>::new::thread_start
[INFO] [stdout]   18:     0x71f57ce40dfa - <unknown>
[INFO] [stdout]   19:     0x71f57ced43d4 - clone
[INFO] [stdout]   20:                0x0 - <unknown>
[INFO] [stdout] 
[INFO] [stdout] ---- tests::test_add_account_id_to_list stdout ----
[INFO] [stdout] 
[INFO] [stdout] thread 'tests::test_add_account_id_to_list' (1593) panicked at src/lib.rs:413:9:
[INFO] [stdout] ROLE ADMINISTRATOR ONLY
[INFO] [stdout] stack backtrace:
[INFO] [stdout]    0:     0x60cc59ea6627 - <<std[617be2ca0a6fd877]::sys::backtrace::BacktraceLock>::print::DisplayBacktrace as core[a373ad73a504971]::fmt::Display>::fmt
[INFO] [stdout]    1:     0x60cc59e80064 - core[a373ad73a504971]::fmt::write
[INFO] [stdout]    2:     0x60cc59ea5beb - <alloc[2e1b2a31b91974c5]::vec::Vec<u8> as core[a373ad73a504971]::io::write::Write>::write_fmt
[INFO] [stdout]    3:     0x60cc59ea57e9 - std[617be2ca0a6fd877]::panicking::default_hook::{closure#0}
[INFO] [stdout]    4:     0x60cc59ea546a - std[617be2ca0a6fd877]::panicking::default_hook
[INFO] [stdout]    5:     0x60cc59ea4f9b - std[617be2ca0a6fd877]::panicking::panic_with_hook
[INFO] [stdout]    6:     0x60cc59ea4844 - std[617be2ca0a6fd877]::panicking::begin_panic::<&str>::{closure#0}
[INFO] [stdout]    7:     0x60cc59ea4819 - std[617be2ca0a6fd877]::sys::backtrace::__rust_end_short_backtrace::<std[617be2ca0a6fd877]::panicking::begin_panic<&str>::{closure#0}, !>
[INFO] [stdout]    8:     0x60cc59ea4804 - std[617be2ca0a6fd877]::panicking::begin_panic::<&str>
[INFO] [stdout]    9:     0x60cc59e77d1e - <open_block_ei_open_roles_near_core[2a2c2a50902dbdeb]::OpenRoles>::administrator_only
[INFO] [stdout]   10:     0x60cc59e76ea8 - <open_block_ei_open_roles_near_core[2a2c2a50902dbdeb]::OpenRoles>::create_list
[INFO] [stdout]   11:     0x60cc59e798f7 - open_block_ei_open_roles_near_core[2a2c2a50902dbdeb]::tests::get_default_or
[INFO] [stdout]   12:     0x60cc59e7c9d4 - <open_block_ei_open_roles_near_core[2a2c2a50902dbdeb]::tests::test_add_account_id_to_list::{closure#0} as core[a373ad73a504971]::ops::function::FnOnce<()>>::call_once
[INFO] [stdout]   13:     0x60cc59ee17db - test[aada8e7e76ba119b]::__rust_begin_short_backtrace::<core[a373ad73a504971]::result::Result<(), alloc[2e1b2a31b91974c5]::string::String>, fn() -> core[a373ad73a504971]::result::Result<(), alloc[2e1b2a31b91974c5]::string::String>>
[INFO] [stdout]   14:     0x60cc59edce92 - test[aada8e7e76ba119b]::run_test::{closure#0}
[INFO] [stdout]   15:     0x60cc59edc93c - std[617be2ca0a6fd877]::sys::backtrace::__rust_begin_short_backtrace::<test[aada8e7e76ba119b]::run_test::{closure#1}, ()>
[INFO] [stdout]   16:     0x60cc59efb6bc - <std[617be2ca0a6fd877]::thread::lifecycle::spawn_unchecked<test[aada8e7e76ba119b]::run_test::{closure#1}, ()>::{closure#1} as core[a373ad73a504971]::ops::function::FnOnce<()>>::call_once::{shim:vtable#0}
[INFO] [stdout]   17:     0x60cc59ecc9d8 - <std[617be2ca0a6fd877]::sys::thread::unix::Thread>::new::thread_start
[INFO] [stdout]   18:     0x71f57ce40dfa - <unknown>
[INFO] [stdout]   19:     0x71f57ced43d4 - clone
[INFO] [stdout]   20:                0x0 - <unknown>
[INFO] [stdout] 
[INFO] [stdout] ---- tests::test_is_registered stdout ----
[INFO] [stdout] 
[INFO] [stdout] thread 'tests::test_is_registered' (1600) panicked at src/lib.rs:413:9:
[INFO] [stdout] ROLE ADMINISTRATOR ONLY
[INFO] [stdout] stack backtrace:
[INFO] [stdout]    0:     0x60cc59ea6627 - <<std[617be2ca0a6fd877]::sys::backtrace::BacktraceLock>::print::DisplayBacktrace as core[a373ad73a504971]::fmt::Display>::fmt
[INFO] [stdout]    1:     0x60cc59e80064 - core[a373ad73a504971]::fmt::write
[INFO] [stdout]    2:     0x60cc59ea5beb - <alloc[2e1b2a31b91974c5]::vec::Vec<u8> as core[a373ad73a504971]::io::write::Write>::write_fmt
[INFO] [stdout]    3:     0x60cc59ea57e9 - std[617be2ca0a6fd877]::panicking::default_hook::{closure#0}
[INFO] [stdout]    4:     0x60cc59ea546a - std[617be2ca0a6fd877]::panicking::default_hook
[INFO] [stdout]    5:     0x60cc59ea4f9b - std[617be2ca0a6fd877]::panicking::panic_with_hook
[INFO] [stdout]    6:     0x60cc59ea4844 - std[617be2ca0a6fd877]::panicking::begin_panic::<&str>::{closure#0}
[INFO] [stdout]    7:     0x60cc59ea4819 - std[617be2ca0a6fd877]::sys::backtrace::__rust_end_short_backtrace::<std[617be2ca0a6fd877]::panicking::begin_panic<&str>::{closure#0}, !>
[INFO] [stdout]    8:     0x60cc59ea4804 - std[617be2ca0a6fd877]::panicking::begin_panic::<&str>
[INFO] [stdout]    9:     0x60cc59e77d1e - <open_block_ei_open_roles_near_core[2a2c2a50902dbdeb]::OpenRoles>::administrator_only
[INFO] [stdout]   10:     0x60cc59e76ea8 - <open_block_ei_open_roles_near_core[2a2c2a50902dbdeb]::OpenRoles>::create_list
[INFO] [stdout]   11:     0x60cc59e798f7 - open_block_ei_open_roles_near_core[2a2c2a50902dbdeb]::tests::get_default_or
[INFO] [stdout]   12:     0x60cc59e7b984 - <open_block_ei_open_roles_near_core[2a2c2a50902dbdeb]::tests::test_is_registered::{closure#0} as core[a373ad73a504971]::ops::function::FnOnce<()>>::call_once
[INFO] [stdout]   13:     0x60cc59ee17db - test[aada8e7e76ba119b]::__rust_begin_short_backtrace::<core[a373ad73a504971]::result::Result<(), alloc[2e1b2a31b91974c5]::string::String>, fn() -> core[a373ad73a504971]::result::Result<(), alloc[2e1b2a31b91974c5]::string::String>>
[INFO] [stdout]   14:     0x60cc59edce92 - test[aada8e7e76ba119b]::run_test::{closure#0}
[INFO] [stdout]   15:     0x60cc59edc93c - std[617be2ca0a6fd877]::sys::backtrace::__rust_begin_short_backtrace::<test[aada8e7e76ba119b]::run_test::{closure#1}, ()>
[INFO] [stdout]   16:     0x60cc59efb6bc - <std[617be2ca0a6fd877]::thread::lifecycle::spawn_unchecked<test[aada8e7e76ba119b]::run_test::{closure#1}, ()>::{closure#1} as core[a373ad73a504971]::ops::function::FnOnce<()>>::call_once::{shim:vtable#0}
[INFO] [stdout]   17:     0x60cc59ecc9d8 - <std[617be2ca0a6fd877]::sys::thread::unix::Thread>::new::thread_start
[INFO] [stdout]   18:     0x71f57ce40dfa - <unknown>
[INFO] [stdout]   19:     0x71f57ced43d4 - clone
[INFO] [stdout]   20:                0x0 - <unknown>
[INFO] [stdout] 
[INFO] [stdout] 
[INFO] [stdout] failures:
[INFO] [stdout]     tests::test_add_account_id_to_list
[INFO] [stdout]     tests::test_assign_list_to_operation
[INFO] [stdout]     tests::test_create_list
[INFO] [stdout]     tests::test_delete_list
[INFO] [stdout]     tests::test_deregister_contract
[INFO] [stdout]     tests::test_is_allowed
[INFO] [stdout]     tests::test_is_barred
[INFO] [stdout]     tests::test_is_registered
[INFO] [stdout]     tests::test_register_contract
[INFO] [stdout]     tests::test_remove_account_from_list
[INFO] [stdout]     tests::test_remove_list_from_operation
[INFO] [stdout]     tests::test_set_role_administrator
[INFO] [stdout]     tests::test_view_list
[INFO] [stdout]     tests::test_view_list_assignments
[INFO] [stdout]     tests::test_view_list_names
[INFO] [stdout]     tests::test_view_role_administrator
[INFO] [stdout] 
[INFO] [stdout] test result: FAILED. 0 passed; 16 failed; 0 ignored; 0 measured; 0 filtered out; finished in 0.01s
[INFO] [stdout] 
[INFO] [stderr] error: test failed, to rerun pass `--lib`
[INFO] running `Command { std: "docker" "inspect" "e4b83c99a08fa4ae0163bd5e67766a722f0af7c15bf1a8794d0ad44254e938c6", kill_on_drop: false }`
[INFO] running `Command { std: "docker" "rm" "-f" "e4b83c99a08fa4ae0163bd5e67766a722f0af7c15bf1a8794d0ad44254e938c6", kill_on_drop: false }`
[INFO] [stdout] e4b83c99a08fa4ae0163bd5e67766a722f0af7c15bf1a8794d0ad44254e938c6
