[INFO] fetching crate ope 0.1.1...
[INFO] testing ope-0.1.1 against 1.99.0-beta.8+cargoflags=--release for beta-release-1.100-2
[INFO] extracting crate ope 0.1.1 into /workspace/builds/worker-6-tc1/source
[INFO] started tweaking crates.io crate ope 0.1.1
[INFO] finished tweaking crates.io crate ope 0.1.1
[INFO] tweaked toml for crates.io crate ope 0.1.1 written to /workspace/builds/worker-6-tc1/source/Cargo.toml
[INFO] validating manifest of crates.io crate ope 0.1.1 on toolchain 1.99.0-beta.8
[INFO] running `Command { std: CARGO_HOME="/workspace/cargo-home" RUSTUP_HOME="/workspace/rustup-home" "/workspace/cargo-home/bin/cargo" "+1.99.0-beta.8" "metadata" "--manifest-path" "Cargo.toml" "--no-deps", kill_on_drop: false }`
[INFO] running `Command { std: CARGO_HOME="/workspace/cargo-home" RUSTUP_HOME="/workspace/rustup-home" "/workspace/cargo-home/bin/cargo" "+1.99.0-beta.8" "generate-lockfile" "--manifest-path" "Cargo.toml", kill_on_drop: false }`
[INFO] [stderr]     Updating crates.io index
[INFO] [stderr]      Locking 21 packages to highest compatible versions
[INFO] [stderr]       Adding aes v0.8.4 (available: v0.9.3)
[INFO] [stderr]       Adding ctr v0.9.2 (available: v0.10.1)
[INFO] [stderr]       Adding generic-array v0.14.7 (available: v0.14.9)
[INFO] [stderr]       Adding hmac v0.12.1 (available: v0.13.0)
[INFO] [stderr]       Adding num-bigint v0.4.8 (available: v0.5.1)
[INFO] [stderr]       Adding sha2 v0.10.9 (available: v0.11.1)
[INFO] running `Command { std: CARGO_HOME="/workspace/cargo-home" RUSTUP_HOME="/workspace/rustup-home" "/workspace/cargo-home/bin/cargo" "+1.99.0-beta.8" "fetch" "--manifest-path" "Cargo.toml", kill_on_drop: false }`
[INFO] running `Command { std: "docker" "create" "-v" "/var/lib/crater-agent-workspace/builds/worker-6-tc1/source:/opt/rustwide/workdir:ro,Z" "-v" "/var/lib/crater-agent-workspace/builds/worker-6-tc1/target:/opt/rustwide/target:rw,Z" "-v" "/var/lib/crater-agent-workspace/cargo-home:/opt/rustwide/cargo-home:ro,Z" "-v" "/var/lib/crater-agent-workspace/rustup-home:/opt/rustwide/rustup-home:ro,Z" "-m" "1610612736" "--network" "none" "ghcr.io/rust-lang/crates-build-env/linux@sha256:77db811e55d90add9212f6832c23229e3de5f1c1f9905e8cb07319ea15df73ac" "sleep" "infinity", kill_on_drop: false }`
[INFO] [stdout] 6746c2b430babf0e8f35ba5c5850b151da1abc22e10ee184fe9202da0ecd1ab9
[INFO] running `Command { std: "docker" "start" "6746c2b430babf0e8f35ba5c5850b151da1abc22e10ee184fe9202da0ecd1ab9", kill_on_drop: false }`
[INFO] running `Command { std: "docker" "inspect" "6746c2b430babf0e8f35ba5c5850b151da1abc22e10ee184fe9202da0ecd1ab9", kill_on_drop: false }`
[INFO] running `Command { std: "docker" "exec" "-e" "SOURCE_DIR=/opt/rustwide/workdir" "-e" "CARGO_HOME=/opt/rustwide/cargo-home" "-e" "RUSTUP_HOME=/opt/rustwide/rustup-home" "-e" "CARGO_TARGET_DIR=/opt/rustwide/target" "-w" "/opt/rustwide/workdir" "--user" "0:0" "6746c2b430babf0e8f35ba5c5850b151da1abc22e10ee184fe9202da0ecd1ab9" "/opt/rustwide/cargo-home/bin/cargo" "+1.99.0-beta.8" "metadata" "--no-deps" "--format-version=1", kill_on_drop: false }`
[INFO] running `Command { std: "docker" "inspect" "6746c2b430babf0e8f35ba5c5850b151da1abc22e10ee184fe9202da0ecd1ab9", kill_on_drop: false }`
[INFO] running `Command { std: "docker" "exec" "-e" "SOURCE_DIR=/opt/rustwide/workdir" "-e" "CARGO_HOME=/opt/rustwide/cargo-home" "-e" "RUSTUP_HOME=/opt/rustwide/rustup-home" "-e" "CARGO_TARGET_DIR=/opt/rustwide/target" "-e" "CARGO_INCREMENTAL=0" "-e" "RUST_BACKTRACE=full" "-e" "RUSTFLAGS=--cap-lints=warn" "-e" "RUSTDOCFLAGS=--cap-lints=warn" "-w" "/opt/rustwide/workdir" "--user" "0:0" "6746c2b430babf0e8f35ba5c5850b151da1abc22e10ee184fe9202da0ecd1ab9" "/opt/rustwide/cargo-home/bin/cargo" "+1.99.0-beta.8" "build" "--frozen" "--message-format=json" "--release", kill_on_drop: false }`
[INFO] [stderr]    Compiling typenum v1.20.1
[INFO] [stderr]    Compiling libm v0.2.16
[INFO] [stderr]    Compiling num-traits v0.2.19
[INFO] [stderr]    Compiling generic-array v0.14.7
[INFO] [stderr]    Compiling crypto-common v0.1.7
[INFO] [stderr]    Compiling inout v0.1.4
[INFO] [stderr]    Compiling block-buffer v0.10.4
[INFO] [stderr]    Compiling digest v0.10.7
[INFO] [stderr]    Compiling cipher v0.4.4
[INFO] [stderr]    Compiling hmac v0.12.1
[INFO] [stderr]    Compiling sha2 v0.10.9
[INFO] [stderr]    Compiling aes v0.8.4
[INFO] [stderr]    Compiling ctr v0.9.2
[INFO] [stderr]    Compiling num-integer v0.1.47
[INFO] [stderr]    Compiling num-bigint v0.4.8
[INFO] [stderr]    Compiling ope v0.1.1 (/opt/rustwide/workdir)
[INFO] [stdout] warning: use of deprecated associated function `core::num::<impl u16>::max_value`: replaced by the `MAX` associated constant on this type
[INFO] [stdout]   --> src/lib.rs:26:26
[INFO] [stdout]    |
[INFO] [stdout] 26 | const DOMAIN: u64 = u16::max_value() as u64 - 1;
[INFO] [stdout]    |                          ^^^^^^^^^
[INFO] [stdout]    |
[INFO] [stdout]    = note: `#[warn(deprecated)]` on by default
[INFO] [stdout] 
[INFO] [stdout] 
[INFO] [stdout] warning: use of deprecated associated function `core::num::<impl u32>::max_value`: replaced by the `MAX` associated constant on this type
[INFO] [stdout]   --> src/lib.rs:27:25
[INFO] [stdout]    |
[INFO] [stdout] 27 | const RANGE: u64 = u32::max_value() as u64 - 1;
[INFO] [stdout]    |                         ^^^^^^^^^
[INFO] [stdout] 
[INFO] [stdout] 
[INFO] [stdout] warning: hiding a lifetime that's elided elsewhere is confusing
[INFO] [stdout]   --> src/lib.rs:31:21
[INFO] [stdout]    |
[INFO] [stdout] 31 | pub fn get_ope(key: &OpeKey) -> Ope
[INFO] [stdout]    |                     ^^^^^^^     ^^^ the same lifetime is hidden here
[INFO] [stdout]    |                     |
[INFO] [stdout]    |                     the lifetime is elided here
[INFO] [stdout]    |
[INFO] [stdout]    = help: the same lifetime is referred to in inconsistent ways, making the signature confusing
[INFO] [stdout]    = note: `#[warn(mismatched_lifetime_syntaxes)]` on by default
[INFO] [stdout] help: use `'_` for type paths
[INFO] [stdout]    |
[INFO] [stdout] 31 | pub fn get_ope(key: &OpeKey) -> Ope<'_>
[INFO] [stdout]    |                                    ++++
[INFO] [stdout] 
[INFO] [stdout] 
[INFO] [stderr]     Finished `release` profile [optimized] target(s) in 4.43s
[INFO] running `Command { std: "docker" "inspect" "6746c2b430babf0e8f35ba5c5850b151da1abc22e10ee184fe9202da0ecd1ab9", kill_on_drop: false }`
[INFO] running `Command { std: "docker" "exec" "-e" "SOURCE_DIR=/opt/rustwide/workdir" "-e" "CARGO_HOME=/opt/rustwide/cargo-home" "-e" "RUSTUP_HOME=/opt/rustwide/rustup-home" "-e" "CARGO_TARGET_DIR=/opt/rustwide/target" "-e" "CARGO_INCREMENTAL=0" "-e" "RUST_BACKTRACE=full" "-e" "RUSTFLAGS=--cap-lints=warn" "-e" "RUSTDOCFLAGS=--cap-lints=warn" "-w" "/opt/rustwide/workdir" "--user" "0:0" "6746c2b430babf0e8f35ba5c5850b151da1abc22e10ee184fe9202da0ecd1ab9" "/opt/rustwide/cargo-home/bin/cargo" "+1.99.0-beta.8" "test" "--frozen" "--no-run" "--message-format=json" "--release", kill_on_drop: false }`
[INFO] [stdout] warning: use of deprecated associated function `core::num::<impl u16>::max_value`: replaced by the `MAX` associated constant on this type
[INFO] [stdout]   --> src/lib.rs:26:26
[INFO] [stdout]    |
[INFO] [stdout] 26 | const DOMAIN: u64 = u16::max_value() as u64 - 1;
[INFO] [stdout]    |                          ^^^^^^^^^
[INFO] [stdout]    |
[INFO] [stdout]    = note: `#[warn(deprecated)]` on by default
[INFO] [stdout] 
[INFO] [stdout] 
[INFO] [stdout] warning: use of deprecated associated function `core::num::<impl u32>::max_value`: replaced by the `MAX` associated constant on this type
[INFO] [stdout]   --> src/lib.rs:27:25
[INFO] [stdout]    |
[INFO] [stdout] 27 | const RANGE: u64 = u32::max_value() as u64 - 1;
[INFO] [stdout]    |                         ^^^^^^^^^
[INFO] [stdout] 
[INFO] [stdout] 
[INFO] [stderr]    Compiling ope v0.1.1 (/opt/rustwide/workdir)
[INFO] [stdout] warning: hiding a lifetime that's elided elsewhere is confusing
[INFO] [stdout]   --> src/lib.rs:31:21
[INFO] [stdout]    |
[INFO] [stdout] 31 | pub fn get_ope(key: &OpeKey) -> Ope
[INFO] [stdout]    |                     ^^^^^^^     ^^^ the same lifetime is hidden here
[INFO] [stdout]    |                     |
[INFO] [stdout]    |                     the lifetime is elided here
[INFO] [stdout]    |
[INFO] [stdout]    = help: the same lifetime is referred to in inconsistent ways, making the signature confusing
[INFO] [stdout]    = note: `#[warn(mismatched_lifetime_syntaxes)]` on by default
[INFO] [stdout] help: use `'_` for type paths
[INFO] [stdout]    |
[INFO] [stdout] 31 | pub fn get_ope(key: &OpeKey) -> Ope<'_>
[INFO] [stdout]    |                                    ++++
[INFO] [stdout] 
[INFO] [stdout] 
[INFO] [stdout] warning: use of deprecated associated function `core::num::<impl u16>::max_value`: replaced by the `MAX` associated constant on this type
[INFO] [stdout]   --> src/lib.rs:26:26
[INFO] [stdout]    |
[INFO] [stdout] 26 | const DOMAIN: u64 = u16::max_value() as u64 - 1;
[INFO] [stdout]    |                          ^^^^^^^^^
[INFO] [stdout]    |
[INFO] [stdout]    = note: `#[warn(deprecated)]` on by default
[INFO] [stdout] 
[INFO] [stdout] 
[INFO] [stdout] warning: use of deprecated associated function `core::num::<impl u32>::max_value`: replaced by the `MAX` associated constant on this type
[INFO] [stdout]   --> src/lib.rs:27:25
[INFO] [stdout]    |
[INFO] [stdout] 27 | const RANGE: u64 = u32::max_value() as u64 - 1;
[INFO] [stdout]    |                         ^^^^^^^^^
[INFO] [stdout] 
[INFO] [stdout] 
[INFO] [stdout] warning: hiding a lifetime that's elided elsewhere is confusing
[INFO] [stdout]   --> src/lib.rs:31:21
[INFO] [stdout]    |
[INFO] [stdout] 31 | pub fn get_ope(key: &OpeKey) -> Ope
[INFO] [stdout]    |                     ^^^^^^^     ^^^ the same lifetime is hidden here
[INFO] [stdout]    |                     |
[INFO] [stdout]    |                     the lifetime is elided here
[INFO] [stdout]    |
[INFO] [stdout]    = help: the same lifetime is referred to in inconsistent ways, making the signature confusing
[INFO] [stdout]    = note: `#[warn(mismatched_lifetime_syntaxes)]` on by default
[INFO] [stdout] help: use `'_` for type paths
[INFO] [stdout]    |
[INFO] [stdout] 31 | pub fn get_ope(key: &OpeKey) -> Ope<'_>
[INFO] [stdout]    |                                    ++++
[INFO] [stdout] 
[INFO] [stdout] 
[INFO] [stderr]     Finished `release` profile [optimized] target(s) in 0.50s
[INFO] running `Command { std: "docker" "inspect" "6746c2b430babf0e8f35ba5c5850b151da1abc22e10ee184fe9202da0ecd1ab9", kill_on_drop: false }`
[INFO] running `Command { std: "docker" "exec" "-e" "SOURCE_DIR=/opt/rustwide/workdir" "-e" "CARGO_HOME=/opt/rustwide/cargo-home" "-e" "RUSTUP_HOME=/opt/rustwide/rustup-home" "-e" "CARGO_TARGET_DIR=/opt/rustwide/target" "-e" "CARGO_INCREMENTAL=0" "-e" "RUST_BACKTRACE=full" "-e" "RUSTFLAGS=--cap-lints=warn" "-e" "RUSTDOCFLAGS=--cap-lints=warn" "-w" "/opt/rustwide/workdir" "--user" "0:0" "6746c2b430babf0e8f35ba5c5850b151da1abc22e10ee184fe9202da0ecd1ab9" "/opt/rustwide/cargo-home/bin/cargo" "+1.99.0-beta.8" "test" "--frozen" "--release", kill_on_drop: false }`
[INFO] [stderr] warning: use of deprecated associated function `core::num::<impl u16>::max_value`: replaced by the `MAX` associated constant on this type
[INFO] [stderr]   --> src/lib.rs:26:26
[INFO] [stderr]    |
[INFO] [stderr] 26 | const DOMAIN: u64 = u16::max_value() as u64 - 1;
[INFO] [stderr]    |                          ^^^^^^^^^
[INFO] [stderr]    |
[INFO] [stderr]    = note: `#[warn(deprecated)]` on by default
[INFO] [stderr] 
[INFO] [stderr] warning: use of deprecated associated function `core::num::<impl u32>::max_value`: replaced by the `MAX` associated constant on this type
[INFO] [stderr]   --> src/lib.rs:27:25
[INFO] [stderr]    |
[INFO] [stderr] 27 | const RANGE: u64 = u32::max_value() as u64 - 1;
[INFO] [stderr]    |                         ^^^^^^^^^
[INFO] [stderr] 
[INFO] [stderr] warning: hiding a lifetime that's elided elsewhere is confusing
[INFO] [stderr]   --> src/lib.rs:31:21
[INFO] [stderr]    |
[INFO] [stderr] 31 | pub fn get_ope(key: &OpeKey) -> Ope
[INFO] [stderr]    |                     ^^^^^^^     ^^^ the same lifetime is hidden here
[INFO] [stderr]    |                     |
[INFO] [stderr]    |                     the lifetime is elided here
[INFO] [stderr]    |
[INFO] [stderr]    = help: the same lifetime is referred to in inconsistent ways, making the signature confusing
[INFO] [stderr]    = note: `#[warn(mismatched_lifetime_syntaxes)]` on by default
[INFO] [stderr] help: use `'_` for type paths
[INFO] [stderr]    |
[INFO] [stderr] 31 | pub fn get_ope(key: &OpeKey) -> Ope<'_>
[INFO] [stderr]    |                                    ++++
[INFO] [stderr] 
[INFO] [stderr] warning: `ope` (lib) generated 3 warnings (run `cargo fix --lib -p ope` to apply 1 suggestion)
[INFO] [stderr] warning: `ope` (lib test) generated 3 warnings (3 duplicates)
[INFO] [stderr]     Finished `release` profile [optimized] target(s) in 0.01s
[INFO] [stderr]      Running unittests src/lib.rs (/opt/rustwide/target/release/deps/ope-ec393a1baeb8d45f)
[INFO] [stdout] 
[INFO] [stdout] running 2 tests
[INFO] [stdout] test tests::test_all_numbers ... ignored
[INFO] [stdout] test hgd::tests::test_afc ... ok
[INFO] [stdout] 
[INFO] [stdout] test result: ok. 1 passed; 0 failed; 1 ignored; 0 measured; 0 filtered out; finished in 0.00s
[INFO] [stdout] 
[INFO] [stderr]    Doc-tests ope
[INFO] [stdout] 
[INFO] [stdout] running 1 test
[INFO] [stdout] test src/lib.rs - (line 12) ... FAILED
[INFO] [stdout] 
[INFO] [stdout] failures:
[INFO] [stdout] 
[INFO] [stdout] ---- src/lib.rs - (line 12) stdout ----
[INFO] [stdout] error[E0432]: unresolved import `ope_rs`
[INFO] [stdout]   --> src/lib.rs:14:5
[INFO] [stdout]    |
[INFO] [stdout] 14 | use ope_rs::get_ope;
[INFO] [stdout]    |     ^^^^^^ use of unresolved module or unlinked crate `ope_rs`
[INFO] [stdout]    |
[INFO] [stdout]    = help: if you wanted to use a crate named `ope_rs`, use `cargo add ope_rs` to add it to your `Cargo.toml`
[INFO] [stdout] 
[INFO] [stdout] error: aborting due to 1 previous error
[INFO] [stdout] 
[INFO] [stdout] For more information about this error, try `rustc --explain E0432`.
[INFO] [stdout] Couldn't compile the test.
[INFO] [stdout] 
[INFO] [stdout] failures:
[INFO] [stdout]     src/lib.rs - (line 12)
[INFO] [stdout] 
[INFO] [stdout] test result: FAILED. 0 passed; 1 failed; 0 ignored; 0 measured; 0 filtered out; finished in 0.03s
[INFO] [stdout] 
[INFO] [stderr] error: doctest failed, to rerun pass `--doc`
[INFO] running `Command { std: "docker" "inspect" "6746c2b430babf0e8f35ba5c5850b151da1abc22e10ee184fe9202da0ecd1ab9", kill_on_drop: false }`
[INFO] running `Command { std: "docker" "rm" "-f" "6746c2b430babf0e8f35ba5c5850b151da1abc22e10ee184fe9202da0ecd1ab9", kill_on_drop: false }`
[INFO] [stdout] 6746c2b430babf0e8f35ba5c5850b151da1abc22e10ee184fe9202da0ecd1ab9
