[INFO] fetching crate ope-transport 0.1.0...
[INFO] testing ope-transport-0.1.0 against 1.100.0-beta.1+cargoflags=--release for beta-release-1.100-2
[INFO] extracting crate ope-transport 0.1.0 into /workspace/builds/worker-1-tc2/source
[INFO] started tweaking crates.io crate ope-transport 0.1.0
[INFO] removed 0 missing tests
[INFO] finished tweaking crates.io crate ope-transport 0.1.0
[INFO] tweaked toml for crates.io crate ope-transport 0.1.0 written to /workspace/builds/worker-1-tc2/source/Cargo.toml
[INFO] validating manifest of crates.io crate ope-transport 0.1.0 on toolchain 1.100.0-beta.1
[INFO] running `Command { std: CARGO_HOME="/workspace/cargo-home" RUSTUP_HOME="/workspace/rustup-home" "/workspace/cargo-home/bin/cargo" "+1.100.0-beta.1" "metadata" "--manifest-path" "Cargo.toml" "--no-deps", kill_on_drop: false }`
[INFO] crate crates.io crate ope-transport 0.1.0 already has a lockfile, it will not be regenerated
[INFO] running `Command { std: CARGO_HOME="/workspace/cargo-home" RUSTUP_HOME="/workspace/rustup-home" "/workspace/cargo-home/bin/cargo" "+1.100.0-beta.1" "fetch" "--manifest-path" "Cargo.toml", kill_on_drop: false }`
[INFO] running `Command { std: "docker" "create" "-v" "/var/lib/crater-agent-workspace/builds/worker-1-tc2/source:/opt/rustwide/workdir:ro,Z" "-v" "/var/lib/crater-agent-workspace/builds/worker-1-tc2/target:/opt/rustwide/target:rw,Z" "-v" "/var/lib/crater-agent-workspace/cargo-home:/opt/rustwide/cargo-home:ro,Z" "-v" "/var/lib/crater-agent-workspace/rustup-home:/opt/rustwide/rustup-home:ro,Z" "-m" "1610612736" "--network" "none" "ghcr.io/rust-lang/crates-build-env/linux@sha256:77db811e55d90add9212f6832c23229e3de5f1c1f9905e8cb07319ea15df73ac" "sleep" "infinity", kill_on_drop: false }`
[INFO] [stdout] 43287ff33aa84530ff72a9077b5225eb98f6fa979f34f17dd4b62b123653c0d2
[INFO] running `Command { std: "docker" "start" "43287ff33aa84530ff72a9077b5225eb98f6fa979f34f17dd4b62b123653c0d2", kill_on_drop: false }`
[INFO] running `Command { std: "docker" "inspect" "43287ff33aa84530ff72a9077b5225eb98f6fa979f34f17dd4b62b123653c0d2", kill_on_drop: false }`
[INFO] running `Command { std: "docker" "exec" "-e" "SOURCE_DIR=/opt/rustwide/workdir" "-e" "CARGO_HOME=/opt/rustwide/cargo-home" "-e" "RUSTUP_HOME=/opt/rustwide/rustup-home" "-e" "CARGO_TARGET_DIR=/opt/rustwide/target" "-w" "/opt/rustwide/workdir" "--user" "0:0" "43287ff33aa84530ff72a9077b5225eb98f6fa979f34f17dd4b62b123653c0d2" "/opt/rustwide/cargo-home/bin/cargo" "+1.100.0-beta.1" "metadata" "--no-deps" "--format-version=1", kill_on_drop: false }`
[INFO] running `Command { std: "docker" "inspect" "43287ff33aa84530ff72a9077b5225eb98f6fa979f34f17dd4b62b123653c0d2", kill_on_drop: false }`
[INFO] running `Command { std: "docker" "exec" "-e" "SOURCE_DIR=/opt/rustwide/workdir" "-e" "CARGO_HOME=/opt/rustwide/cargo-home" "-e" "RUSTUP_HOME=/opt/rustwide/rustup-home" "-e" "CARGO_TARGET_DIR=/opt/rustwide/target" "-e" "CARGO_INCREMENTAL=0" "-e" "RUST_BACKTRACE=full" "-e" "RUSTFLAGS=--cap-lints=warn" "-e" "RUSTDOCFLAGS=--cap-lints=warn" "-w" "/opt/rustwide/workdir" "--user" "0:0" "43287ff33aa84530ff72a9077b5225eb98f6fa979f34f17dd4b62b123653c0d2" "/opt/rustwide/cargo-home/bin/cargo" "+1.100.0-beta.1" "build" "--frozen" "--message-format=json" "--release", kill_on_drop: false }`
[INFO] [stderr]    Compiling typenum v1.20.0
[INFO] [stderr]    Compiling getrandom v0.2.17
[INFO] [stderr]    Compiling getrandom v0.4.2
[INFO] [stderr]    Compiling ctutils v0.4.2
[INFO] [stderr]    Compiling curve25519-dalek v4.1.3
[INFO] [stderr]    Compiling syn v2.0.117
[INFO] [stderr]    Compiling ed25519 v2.2.3
[INFO] [stderr]    Compiling keccak v0.2.0
[INFO] [stderr]    Compiling rand_core v0.6.4
[INFO] [stderr]    Compiling rand_chacha v0.3.1
[INFO] [stderr]    Compiling rand v0.8.6
[INFO] [stderr]    Compiling generic-array v0.14.7
[INFO] [stderr]    Compiling hybrid-array v0.4.12
[INFO] [stderr]    Compiling crypto-common v0.1.7
[INFO] [stderr]    Compiling block-buffer v0.10.4
[INFO] [stderr]    Compiling inout v0.1.4
[INFO] [stderr]    Compiling universal-hash v0.5.1
[INFO] [stderr]    Compiling aead v0.5.2
[INFO] [stderr]    Compiling digest v0.10.7
[INFO] [stderr]    Compiling polyval v0.6.2
[INFO] [stderr]    Compiling poly1305 v0.8.0
[INFO] [stderr]    Compiling ghash v0.5.1
[INFO] [stderr]    Compiling sha2 v0.10.9
[INFO] [stderr]    Compiling hmac v0.12.1
[INFO] [stderr]    Compiling hkdf v0.12.4
[INFO] [stderr]    Compiling crypto-common v0.2.2
[INFO] [stderr]    Compiling block-buffer v0.12.0
[INFO] [stderr]    Compiling module-lattice v0.2.3
[INFO] [stderr]    Compiling digest v0.11.3
[INFO] [stderr]    Compiling kem v0.3.0
[INFO] [stderr]    Compiling sha3 v0.11.0
[INFO] [stderr]    Compiling zeroize_derive v1.4.3
[INFO] [stderr]    Compiling curve25519-dalek-derive v0.1.1
[INFO] [stderr]    Compiling thiserror-impl v2.0.18
[INFO] [stderr]    Compiling serde_derive v1.0.228
[INFO] [stderr]    Compiling ml-kem v0.3.2
[INFO] [stderr]    Compiling zeroize v1.8.2
[INFO] [stderr]    Compiling cipher v0.4.4
[INFO] [stderr]    Compiling aes v0.8.4
[INFO] [stderr]    Compiling ctr v0.9.2
[INFO] [stderr]    Compiling chacha20 v0.9.1
[INFO] [stderr]    Compiling thiserror v2.0.18
[INFO] [stderr]    Compiling chacha20poly1305 v0.10.1
[INFO] [stderr]    Compiling aes-gcm v0.10.3
[INFO] [stderr]    Compiling ed25519-dalek v2.2.0
[INFO] [stderr]    Compiling x25519-dalek v2.0.1
[INFO] [stderr]    Compiling ope-crypto v0.1.0
[INFO] [stderr]    Compiling serde v1.0.228
[INFO] [stderr]    Compiling ope-transport v0.1.0 (/opt/rustwide/workdir)
[INFO] [stderr] warning: unused dependency `ope-crypto`
[INFO] [stderr]   --> Cargo.toml:15:15
[INFO] [stderr]    |
[INFO] [stderr] 15 | [dependencies.ope-crypto]
[INFO] [stderr]    |               ^^^^^^^^^^^
[INFO] [stderr]    |
[INFO] [stderr]    = note: `cargo::unused_dependencies` is set to `warn` by default
[INFO] [stderr] help: consider removing the dependency on `ope-crypto`
[INFO] [stderr] warning: `ope-transport` (manifest) generated 1 warning
[INFO] [stderr]     Finished `release` profile [optimized] target(s) in 14.85s
[INFO] running `Command { std: "docker" "inspect" "43287ff33aa84530ff72a9077b5225eb98f6fa979f34f17dd4b62b123653c0d2", kill_on_drop: false }`
[INFO] running `Command { std: "docker" "exec" "-e" "SOURCE_DIR=/opt/rustwide/workdir" "-e" "CARGO_HOME=/opt/rustwide/cargo-home" "-e" "RUSTUP_HOME=/opt/rustwide/rustup-home" "-e" "CARGO_TARGET_DIR=/opt/rustwide/target" "-e" "CARGO_INCREMENTAL=0" "-e" "RUST_BACKTRACE=full" "-e" "RUSTFLAGS=--cap-lints=warn" "-e" "RUSTDOCFLAGS=--cap-lints=warn" "-w" "/opt/rustwide/workdir" "--user" "0:0" "43287ff33aa84530ff72a9077b5225eb98f6fa979f34f17dd4b62b123653c0d2" "/opt/rustwide/cargo-home/bin/cargo" "+1.100.0-beta.1" "test" "--frozen" "--no-run" "--message-format=json" "--release", kill_on_drop: false }`
[INFO] [stderr]    Compiling ope-transport v0.1.0 (/opt/rustwide/workdir)
[INFO] [stderr] warning: unused dependency `ope-crypto`
[INFO] [stderr]   --> Cargo.toml:15:15
[INFO] [stderr]    |
[INFO] [stderr] 15 | [dependencies.ope-crypto]
[INFO] [stderr]    |               ^^^^^^^^^^^
[INFO] [stderr]    |
[INFO] [stderr]    = note: `cargo::unused_dependencies` is set to `warn` by default
[INFO] [stderr] help: consider removing the dependency on `ope-crypto`
[INFO] [stderr] warning: `ope-transport` (manifest) generated 1 warning
[INFO] [stderr]     Finished `release` profile [optimized] target(s) in 2.51s
[INFO] running `Command { std: "docker" "inspect" "43287ff33aa84530ff72a9077b5225eb98f6fa979f34f17dd4b62b123653c0d2", kill_on_drop: false }`
[INFO] running `Command { std: "docker" "exec" "-e" "SOURCE_DIR=/opt/rustwide/workdir" "-e" "CARGO_HOME=/opt/rustwide/cargo-home" "-e" "RUSTUP_HOME=/opt/rustwide/rustup-home" "-e" "CARGO_TARGET_DIR=/opt/rustwide/target" "-e" "CARGO_INCREMENTAL=0" "-e" "RUST_BACKTRACE=full" "-e" "RUSTFLAGS=--cap-lints=warn" "-e" "RUSTDOCFLAGS=--cap-lints=warn" "-w" "/opt/rustwide/workdir" "--user" "0:0" "43287ff33aa84530ff72a9077b5225eb98f6fa979f34f17dd4b62b123653c0d2" "/opt/rustwide/cargo-home/bin/cargo" "+1.100.0-beta.1" "test" "--frozen" "--release", kill_on_drop: false }`
[INFO] [stderr] warning: unused dependency `ope-crypto`
[INFO] [stderr]   --> Cargo.toml:15:15
[INFO] [stderr]    |
[INFO] [stderr] 15 | [dependencies.ope-crypto]
[INFO] [stderr]    |               ^^^^^^^^^^^
[INFO] [stderr]    |
[INFO] [stderr]    = note: `cargo::unused_dependencies` is set to `warn` by default
[INFO] [stderr] help: consider removing the dependency on `ope-crypto`
[INFO] [stderr] warning: `ope-transport` (manifest) generated 1 warning
[INFO] [stderr]     Finished `release` profile [optimized] target(s) in 0.09s
[INFO] [stderr]      Running unittests src/lib.rs (/opt/rustwide/target/release/build/ope-transport/b107f101364fdaba/out/ope_transport-b107f101364fdaba)
[INFO] [stdout] 
[INFO] [stdout] running 3 tests
[INFO] [stdout] test hkdf::tests::deterministic_derivation ... ok
[INFO] [stdout] test hybrid::tests::load_decapsulation_key_accepts_seed_and_expanded ... ok
[INFO] [stdout] test hybrid::tests::hybrid_kex_roundtrip ... ok
[INFO] [stdout] 
[INFO] [stdout] test result: ok. 3 passed; 0 failed; 0 ignored; 0 measured; 0 filtered out; finished in 0.00s
[INFO] [stdout] 
[INFO] [stderr]      Running tests/official_vectors.rs (/opt/rustwide/target/release/build/ope-transport/5bd68e8758dec0a0/out/official_vectors-5bd68e8758dec0a0)
[INFO] [stdout] 
[INFO] [stdout] running 5 tests
[INFO] [stdout] test boringssl_mlkem768_decapsulation_vectors ... FAILED
[INFO] [stdout] test rfc7748_x25519_vector_001 ... FAILED
[INFO] [stdout] test hybrid_share_layout_matches_draft ... FAILED
[INFO] [stdout] test boringssl_mlkem768_keygen_encap_public_key_match ... FAILED
[INFO] [stdout] test hybrid_x25519mlkem768_composed_vector_000 ... FAILED
[INFO] [stdout] 
[INFO] [stdout] failures:
[INFO] [stdout] 
[INFO] [stdout] ---- boringssl_mlkem768_decapsulation_vectors stdout ----
[INFO] [stdout] 
[INFO] [stdout] thread 'boringssl_mlkem768_decapsulation_vectors' (760) panicked at tests/official_vectors.rs:22:61:
[INFO] [stdout] read "/opt/rustwide/workdir/../../spec/vectors/transport/boringssl-mlkem768-000.json": No such file or directory (os error 2)
[INFO] [stdout] stack backtrace:
[INFO] [stdout]    0:     0x573bec7c39a1 - <<std[617be2ca0a6fd877]::sys::backtrace::BacktraceLock>::print::DisplayBacktrace as core[a373ad73a504971]::fmt::Display>::fmt
[INFO] [stdout]    1:     0x573bec7d810a - core[a373ad73a504971]::fmt::write
[INFO] [stdout]    2:     0x573bec7c7bbc - <alloc[2e1b2a31b91974c5]::vec::Vec<u8> as core[a373ad73a504971]::io::write::Write>::write_fmt
[INFO] [stdout]    3:     0x573bec79f916 - std[617be2ca0a6fd877]::panicking::default_hook::{closure#0}
[INFO] [stdout]    4:     0x573bec7bbcd9 - std[617be2ca0a6fd877]::panicking::default_hook
[INFO] [stdout]    5:     0x573bec743970 - test[aada8e7e76ba119b]::test_main_inner::{closure#0}
[INFO] [stdout]    6:     0x573bec7bbe92 - std[617be2ca0a6fd877]::panicking::panic_with_hook
[INFO] [stdout]    7:     0x573bec79f9c2 - std[617be2ca0a6fd877]::panicking::panic_handler::{closure#0}
[INFO] [stdout]    8:     0x573bec798549 - std[617be2ca0a6fd877]::sys::backtrace::__rust_end_short_backtrace::<std[617be2ca0a6fd877]::panicking::panic_handler::{closure#0}, !>
[INFO] [stdout]    9:     0x573bec7a05cd - __rustc[ea4f61d10b84890b]::rust_begin_unwind
[INFO] [stdout]   10:     0x573bec7d883c - core[a373ad73a504971]::panicking::panic_fmt
[INFO] [stdout]   11:     0x573bec732dda - official_vectors[2d82611fd23545df]::load_json::<ope_transport[412efa2d2d9ce67e]::vectors::Rfc7748X25519Vector>::{closure#0}
[INFO] [stdout]   12:     0x573bec731182 - official_vectors[2d82611fd23545df]::load_json::<ope_transport[412efa2d2d9ce67e]::vectors::BoringSslMlkem768Vector>
[INFO] [stdout]   13:     0x573bec73377b - <official_vectors[2d82611fd23545df]::boringssl_mlkem768_decapsulation_vectors::{closure#0} as core[a373ad73a504971]::ops::function::FnOnce<()>>::call_once
[INFO] [stdout]   14:     0x573bec736dbb - test[aada8e7e76ba119b]::__rust_begin_short_backtrace::<core[a373ad73a504971]::result::Result<(), alloc[2e1b2a31b91974c5]::string::String>, fn() -> core[a373ad73a504971]::result::Result<(), alloc[2e1b2a31b91974c5]::string::String>>
[INFO] [stdout]   15:     0x573bec743f95 - test[aada8e7e76ba119b]::run_test::{closure#0}
[INFO] [stdout]   16:     0x573bec73d884 - std[617be2ca0a6fd877]::sys::backtrace::__rust_begin_short_backtrace::<test[aada8e7e76ba119b]::run_test::{closure#1}, ()>
[INFO] [stdout]   17:     0x573bec747022 - <std[617be2ca0a6fd877]::thread::lifecycle::spawn_unchecked<test[aada8e7e76ba119b]::run_test::{closure#1}, ()>::{closure#1} as core[a373ad73a504971]::ops::function::FnOnce<()>>::call_once::{shim:vtable#0}
[INFO] [stdout]   18:     0x573bec7c2e9f - <std[617be2ca0a6fd877]::sys::thread::unix::Thread>::new::thread_start
[INFO] [stdout]   19:     0x727a1d479dfa - <unknown>
[INFO] [stdout]   20:     0x727a1d50d3d4 - clone
[INFO] [stdout]   21:                0x0 - <unknown>
[INFO] [stdout] 
[INFO] [stdout] ---- rfc7748_x25519_vector_001 stdout ----
[INFO] [stdout] 
[INFO] [stdout] thread 'rfc7748_x25519_vector_001' (764) panicked at tests/official_vectors.rs:22:61:
[INFO] [stdout] read "/opt/rustwide/workdir/../../spec/vectors/transport/rfc7748-x25519-001.json": No such file or directory (os error 2)
[INFO] [stdout] stack backtrace:
[INFO] [stdout]    0:     0x573bec7c39a1 - <<std[617be2ca0a6fd877]::sys::backtrace::BacktraceLock>::print::DisplayBacktrace as core[a373ad73a504971]::fmt::Display>::fmt
[INFO] [stdout]    1:     0x573bec7d810a - core[a373ad73a504971]::fmt::write
[INFO] [stdout]    2:     0x573bec7c7bbc - <alloc[2e1b2a31b91974c5]::vec::Vec<u8> as core[a373ad73a504971]::io::write::Write>::write_fmt
[INFO] [stdout]    3:     0x573bec79f916 - std[617be2ca0a6fd877]::panicking::default_hook::{closure#0}
[INFO] [stdout]    4:     0x573bec7bbcd9 - std[617be2ca0a6fd877]::panicking::default_hook
[INFO] [stdout]    5:     0x573bec743970 - test[aada8e7e76ba119b]::test_main_inner::{closure#0}
[INFO] [stdout]    6:     0x573bec7bbe92 - std[617be2ca0a6fd877]::panicking::panic_with_hook
[INFO] [stdout]    7:     0x573bec79f9c2 - std[617be2ca0a6fd877]::panicking::panic_handler::{closure#0}
[INFO] [stdout]    8:     0x573bec798549 - std[617be2ca0a6fd877]::sys::backtrace::__rust_end_short_backtrace::<std[617be2ca0a6fd877]::panicking::panic_handler::{closure#0}, !>
[INFO] [stdout]    9:     0x573bec7a05cd - __rustc[ea4f61d10b84890b]::rust_begin_unwind
[INFO] [stdout]   10:     0x573bec7d883c - core[a373ad73a504971]::panicking::panic_fmt
[INFO] [stdout]   11:     0x573bec732dda - official_vectors[2d82611fd23545df]::load_json::<ope_transport[412efa2d2d9ce67e]::vectors::Rfc7748X25519Vector>::{closure#0}
[INFO] [stdout]   12:     0x573bec730f7e - official_vectors[2d82611fd23545df]::load_json::<ope_transport[412efa2d2d9ce67e]::vectors::Rfc7748X25519Vector>
[INFO] [stdout]   13:     0x573bec73319e - <official_vectors[2d82611fd23545df]::rfc7748_x25519_vector_001::{closure#0} as core[a373ad73a504971]::ops::function::FnOnce<()>>::call_once
[INFO] [stdout]   14:     0x573bec736dbb - test[aada8e7e76ba119b]::__rust_begin_short_backtrace::<core[a373ad73a504971]::result::Result<(), alloc[2e1b2a31b91974c5]::string::String>, fn() -> core[a373ad73a504971]::result::Result<(), alloc[2e1b2a31b91974c5]::string::String>>
[INFO] [stdout]   15:     0x573bec743f95 - test[aada8e7e76ba119b]::run_test::{closure#0}
[INFO] [stdout]   16:     0x573bec73d884 - std[617be2ca0a6fd877]::sys::backtrace::__rust_begin_short_backtrace::<test[aada8e7e76ba119b]::run_test::{closure#1}, ()>
[INFO] [stdout]   17:     0x573bec747022 - <std[617be2ca0a6fd877]::thread::lifecycle::spawn_unchecked<test[aada8e7e76ba119b]::run_test::{closure#1}, ()>::{closure#1} as core[a373ad73a504971]::ops::function::FnOnce<()>>::call_once::{shim:vtable#0}
[INFO] [stdout]   18:     0x573bec7c2e9f - <std[617be2ca0a6fd877]::sys::thread::unix::Thread>::new::thread_start
[INFO] [stdout]   19:     0x727a1d479dfa - <unknown>
[INFO] [stdout]   20:     0x727a1d50d3d4 - clone
[INFO] [stdout]   21:                0x0 - <unknown>
[INFO] [stdout] 
[INFO] [stdout] ---- hybrid_share_layout_matches_draft stdout ----
[INFO] [stdout] 
[INFO] [stdout] thread 'hybrid_share_layout_matches_draft' (762) panicked at tests/official_vectors.rs:22:61:
[INFO] [stdout] read "/opt/rustwide/workdir/../../spec/vectors/transport/hybrid-x25519mlkem768-000.json": No such file or directory (os error 2)
[INFO] [stdout] stack backtrace:
[INFO] [stdout]    0:     0x573bec7c39a1 - <<std[617be2ca0a6fd877]::sys::backtrace::BacktraceLock>::print::DisplayBacktrace as core[a373ad73a504971]::fmt::Display>::fmt
[INFO] [stdout]    1:     0x573bec7d810a - core[a373ad73a504971]::fmt::write
[INFO] [stdout]    2:     0x573bec7c7bbc - <alloc[2e1b2a31b91974c5]::vec::Vec<u8> as core[a373ad73a504971]::io::write::Write>::write_fmt
[INFO] [stdout]    3:     0x573bec79f916 - std[617be2ca0a6fd877]::panicking::default_hook::{closure#0}
[INFO] [stdout]    4:     0x573bec7bbcd9 - std[617be2ca0a6fd877]::panicking::default_hook
[INFO] [stdout]    5:     0x573bec743970 - test[aada8e7e76ba119b]::test_main_inner::{closure#0}
[INFO] [stdout]    6:     0x573bec7bbe92 - std[617be2ca0a6fd877]::panicking::panic_with_hook
[INFO] [stdout]    7:     0x573bec79f9c2 - std[617be2ca0a6fd877]::panicking::panic_handler::{closure#0}
[INFO] [stdout]    8:     0x573bec798549 - std[617be2ca0a6fd877]::sys::backtrace::__rust_end_short_backtrace::<std[617be2ca0a6fd877]::panicking::panic_handler::{closure#0}, !>
[INFO] [stdout]    9:     0x573bec7a05cd - __rustc[ea4f61d10b84890b]::rust_begin_unwind
[INFO] [stdout]   10:     0x573bec7d883c - core[a373ad73a504971]::panicking::panic_fmt
[INFO] [stdout]   11:     0x573bec732dda - official_vectors[2d82611fd23545df]::load_json::<ope_transport[412efa2d2d9ce67e]::vectors::Rfc7748X25519Vector>::{closure#0}
[INFO] [stdout]   12:     0x573bec731379 - official_vectors[2d82611fd23545df]::load_json::<ope_transport[412efa2d2d9ce67e]::vectors::HybridX25519Mlkem768Vector>
[INFO] [stdout]   13:     0x573bec73346e - <official_vectors[2d82611fd23545df]::hybrid_share_layout_matches_draft::{closure#0} as core[a373ad73a504971]::ops::function::FnOnce<()>>::call_once
[INFO] [stdout]   14:     0x573bec736dbb - test[aada8e7e76ba119b]::__rust_begin_short_backtrace::<core[a373ad73a504971]::result::Result<(), alloc[2e1b2a31b91974c5]::string::String>, fn() -> core[a373ad73a504971]::result::Result<(), alloc[2e1b2a31b91974c5]::string::String>>
[INFO] [stdout]   15:     0x573bec743f95 - test[aada8e7e76ba119b]::run_test::{closure#0}
[INFO] [stdout]   16:     0x573bec73d884 - std[617be2ca0a6fd877]::sys::backtrace::__rust_begin_short_backtrace::<test[aada8e7e76ba119b]::run_test::{closure#1}, ()>
[INFO] [stdout]   17:     0x573bec747022 - <std[617be2ca0a6fd877]::thread::lifecycle::spawn_unchecked<test[aada8e7e76ba119b]::run_test::{closure#1}, ()>::{closure#1} as core[a373ad73a504971]::ops::function::FnOnce<()>>::call_once::{shim:vtable#0}
[INFO] [stdout]   18:     0x573bec7c2e9f - <std[617be2ca0a6fd877]::sys::thread::unix::Thread>::new::thread_start
[INFO] [stdout]   19:     0x727a1d479dfa - <unknown>
[INFO] [stdout]   20:     0x727a1d50d3d4 - clone
[INFO] [stdout]   21:                0x0 - <unknown>
[INFO] [stdout] 
[INFO] [stdout] ---- boringssl_mlkem768_keygen_encap_public_key_match stdout ----
[INFO] [stdout] 
[INFO] [stdout] thread 'boringssl_mlkem768_keygen_encap_public_key_match' (761) panicked at tests/official_vectors.rs:22:61:
[INFO] [stdout] read "/opt/rustwide/workdir/../../spec/vectors/transport/boringssl-mlkem768-000.json": No such file or directory (os error 2)
[INFO] [stdout] stack backtrace:
[INFO] [stdout]    0:     0x573bec7c39a1 - <<std[617be2ca0a6fd877]::sys::backtrace::BacktraceLock>::print::DisplayBacktrace as core[a373ad73a504971]::fmt::Display>::fmt
[INFO] [stdout]    1:     0x573bec7d810a - core[a373ad73a504971]::fmt::write
[INFO] [stdout]    2:     0x573bec7c7bbc - <alloc[2e1b2a31b91974c5]::vec::Vec<u8> as core[a373ad73a504971]::io::write::Write>::write_fmt
[INFO] [stdout]    3:     0x573bec79f916 - std[617be2ca0a6fd877]::panicking::default_hook::{closure#0}
[INFO] [stdout]    4:     0x573bec7bbcd9 - std[617be2ca0a6fd877]::panicking::default_hook
[INFO] [stdout]    5:     0x573bec743970 - test[aada8e7e76ba119b]::test_main_inner::{closure#0}
[INFO] [stdout]    6:     0x573bec7bbe92 - std[617be2ca0a6fd877]::panicking::panic_with_hook
[INFO] [stdout]    7:     0x573bec79f9c2 - std[617be2ca0a6fd877]::panicking::panic_handler::{closure#0}
[INFO] [stdout]    8:     0x573bec798549 - std[617be2ca0a6fd877]::sys::backtrace::__rust_end_short_backtrace::<std[617be2ca0a6fd877]::panicking::panic_handler::{closure#0}, !>
[INFO] [stdout]    9:     0x573bec7a05cd - __rustc[ea4f61d10b84890b]::rust_begin_unwind
[INFO] [stdout]   10:     0x573bec7d883c - core[a373ad73a504971]::panicking::panic_fmt
[INFO] [stdout]   11:     0x573bec732dda - official_vectors[2d82611fd23545df]::load_json::<ope_transport[412efa2d2d9ce67e]::vectors::Rfc7748X25519Vector>::{closure#0}
[INFO] [stdout]   12:     0x573bec731182 - official_vectors[2d82611fd23545df]::load_json::<ope_transport[412efa2d2d9ce67e]::vectors::BoringSslMlkem768Vector>
[INFO] [stdout]   13:     0x573bec7349f8 - <official_vectors[2d82611fd23545df]::boringssl_mlkem768_keygen_encap_public_key_match::{closure#0} as core[a373ad73a504971]::ops::function::FnOnce<()>>::call_once
[INFO] [stdout]   14:     0x573bec736dbb - test[aada8e7e76ba119b]::__rust_begin_short_backtrace::<core[a373ad73a504971]::result::Result<(), alloc[2e1b2a31b91974c5]::string::String>, fn() -> core[a373ad73a504971]::result::Result<(), alloc[2e1b2a31b91974c5]::string::String>>
[INFO] [stdout]   15:     0x573bec743f95 - test[aada8e7e76ba119b]::run_test::{closure#0}
[INFO] [stdout]   16:     0x573bec73d884 - std[617be2ca0a6fd877]::sys::backtrace::__rust_begin_short_backtrace::<test[aada8e7e76ba119b]::run_test::{closure#1}, ()>
[INFO] [stdout]   17:     0x573bec747022 - <std[617be2ca0a6fd877]::thread::lifecycle::spawn_unchecked<test[aada8e7e76ba119b]::run_test::{closure#1}, ()>::{closure#1} as core[a373ad73a504971]::ops::function::FnOnce<()>>::call_once::{shim:vtable#0}
[INFO] [stdout]   18:     0x573bec7c2e9f - <std[617be2ca0a6fd877]::sys::thread::unix::Thread>::new::thread_start
[INFO] [stdout]   19:     0x727a1d479dfa - <unknown>
[INFO] [stdout]   20:     0x727a1d50d3d4 - clone
[INFO] [stdout]   21:                0x0 - <unknown>
[INFO] [stdout] 
[INFO] [stdout] ---- hybrid_x25519mlkem768_composed_vector_000 stdout ----
[INFO] [stdout] 
[INFO] [stdout] thread 'hybrid_x25519mlkem768_composed_vector_000' (763) panicked at tests/official_vectors.rs:22:61:
[INFO] [stdout] read "/opt/rustwide/workdir/../../spec/vectors/transport/hybrid-x25519mlkem768-000.json": No such file or directory (os error 2)
[INFO] [stdout] stack backtrace:
[INFO] [stdout]    0:     0x573bec7c39a1 - <<std[617be2ca0a6fd877]::sys::backtrace::BacktraceLock>::print::DisplayBacktrace as core[a373ad73a504971]::fmt::Display>::fmt
[INFO] [stdout]    1:     0x573bec7d810a - core[a373ad73a504971]::fmt::write
[INFO] [stdout]    2:     0x573bec7c7bbc - <alloc[2e1b2a31b91974c5]::vec::Vec<u8> as core[a373ad73a504971]::io::write::Write>::write_fmt
[INFO] [stdout]    3:     0x573bec79f916 - std[617be2ca0a6fd877]::panicking::default_hook::{closure#0}
[INFO] [stdout]    4:     0x573bec7bbcd9 - std[617be2ca0a6fd877]::panicking::default_hook
[INFO] [stdout]    5:     0x573bec743970 - test[aada8e7e76ba119b]::test_main_inner::{closure#0}
[INFO] [stdout]    6:     0x573bec7bbe92 - std[617be2ca0a6fd877]::panicking::panic_with_hook
[INFO] [stdout]    7:     0x573bec79f9c2 - std[617be2ca0a6fd877]::panicking::panic_handler::{closure#0}
[INFO] [stdout]    8:     0x573bec798549 - std[617be2ca0a6fd877]::sys::backtrace::__rust_end_short_backtrace::<std[617be2ca0a6fd877]::panicking::panic_handler::{closure#0}, !>
[INFO] [stdout]    9:     0x573bec7a05cd - __rustc[ea4f61d10b84890b]::rust_begin_unwind
[INFO] [stdout]   10:     0x573bec7d883c - core[a373ad73a504971]::panicking::panic_fmt
[INFO] [stdout]   11:     0x573bec732dda - official_vectors[2d82611fd23545df]::load_json::<ope_transport[412efa2d2d9ce67e]::vectors::Rfc7748X25519Vector>::{closure#0}
[INFO] [stdout]   12:     0x573bec731379 - official_vectors[2d82611fd23545df]::load_json::<ope_transport[412efa2d2d9ce67e]::vectors::HybridX25519Mlkem768Vector>
[INFO] [stdout]   13:     0x573bec733dc6 - <official_vectors[2d82611fd23545df]::hybrid_x25519mlkem768_composed_vector_000::{closure#0} as core[a373ad73a504971]::ops::function::FnOnce<()>>::call_once
[INFO] [stdout]   14:     0x573bec736dbb - test[aada8e7e76ba119b]::__rust_begin_short_backtrace::<core[a373ad73a504971]::result::Result<(), alloc[2e1b2a31b91974c5]::string::String>, fn() -> core[a373ad73a504971]::result::Result<(), alloc[2e1b2a31b91974c5]::string::String>>
[INFO] [stdout]   15:     0x573bec743f95 - test[aada8e7e76ba119b]::run_test::{closure#0}
[INFO] [stdout]   16:     0x573bec73d884 - std[617be2ca0a6fd877]::sys::backtrace::__rust_begin_short_backtrace::<test[aada8e7e76ba119b]::run_test::{closure#1}, ()>
[INFO] [stdout]   17:     0x573bec747022 - <std[617be2ca0a6fd877]::thread::lifecycle::spawn_unchecked<test[aada8e7e76ba119b]::run_test::{closure#1}, ()>::{closure#1} as core[a373ad73a504971]::ops::function::FnOnce<()>>::call_once::{shim:vtable#0}
[INFO] [stdout]   18:     0x573bec7c2e9f - <std[617be2ca0a6fd877]::sys::thread::unix::Thread>::new::thread_start
[INFO] [stdout]   19:     0x727a1d479dfa - <unknown>
[INFO] [stdout]   20:     0x727a1d50d3d4 - clone
[INFO] [stdout]   21:                0x0 - <unknown>
[INFO] [stdout] 
[INFO] [stdout] 
[INFO] [stdout] failures:
[INFO] [stdout]     boringssl_mlkem768_decapsulation_vectors
[INFO] [stdout]     boringssl_mlkem768_keygen_encap_public_key_match
[INFO] [stdout]     hybrid_share_layout_matches_draft
[INFO] [stdout]     hybrid_x25519mlkem768_composed_vector_000
[INFO] [stdout]     rfc7748_x25519_vector_001
[INFO] [stdout] 
[INFO] [stdout] test result: FAILED. 0 passed; 5 failed; 0 ignored; 0 measured; 0 filtered out; finished in 0.00s
[INFO] [stdout] 
[INFO] [stderr] error: test failed, to rerun pass `--test official_vectors`
[INFO] running `Command { std: "docker" "inspect" "43287ff33aa84530ff72a9077b5225eb98f6fa979f34f17dd4b62b123653c0d2", kill_on_drop: false }`
[INFO] running `Command { std: "docker" "rm" "-f" "43287ff33aa84530ff72a9077b5225eb98f6fa979f34f17dd4b62b123653c0d2", kill_on_drop: false }`
[INFO] [stdout] 43287ff33aa84530ff72a9077b5225eb98f6fa979f34f17dd4b62b123653c0d2
