[INFO] fetching crate opcda-bridge 0.6.0...
[INFO] testing opcda-bridge-0.6.0 against 1.99.0-beta.8+cargoflags=--release for beta-release-1.100-2
[INFO] extracting crate opcda-bridge 0.6.0 into /workspace/builds/worker-0-tc1/source
[INFO] started tweaking crates.io crate opcda-bridge 0.6.0
[INFO] removed 0 missing tests
[INFO] finished tweaking crates.io crate opcda-bridge 0.6.0
[INFO] tweaked toml for crates.io crate opcda-bridge 0.6.0 written to /workspace/builds/worker-0-tc1/source/Cargo.toml
[INFO] validating manifest of crates.io crate opcda-bridge 0.6.0 on toolchain 1.99.0-beta.8
[INFO] running `Command { std: CARGO_HOME="/workspace/cargo-home" RUSTUP_HOME="/workspace/rustup-home" "/workspace/cargo-home/bin/cargo" "+1.99.0-beta.8" "metadata" "--manifest-path" "Cargo.toml" "--no-deps", kill_on_drop: false }`
[INFO] crate crates.io crate opcda-bridge 0.6.0 already has a lockfile, it will not be regenerated
[INFO] running `Command { std: CARGO_HOME="/workspace/cargo-home" RUSTUP_HOME="/workspace/rustup-home" "/workspace/cargo-home/bin/cargo" "+1.99.0-beta.8" "fetch" "--manifest-path" "Cargo.toml", kill_on_drop: false }`
[INFO] [stderr]     Updating crates.io index
[INFO] [stderr]  Downloading crates ...
[INFO] [stderr]   Downloaded opcda-bridge-proto v0.6.0
[INFO] running `Command { std: "docker" "create" "-v" "/var/lib/crater-agent-workspace/builds/worker-0-tc1/source:/opt/rustwide/workdir:ro,Z" "-v" "/var/lib/crater-agent-workspace/builds/worker-0-tc1/target:/opt/rustwide/target:rw,Z" "-v" "/var/lib/crater-agent-workspace/cargo-home:/opt/rustwide/cargo-home:ro,Z" "-v" "/var/lib/crater-agent-workspace/rustup-home:/opt/rustwide/rustup-home:ro,Z" "-m" "1610612736" "--network" "none" "ghcr.io/rust-lang/crates-build-env/linux@sha256:77db811e55d90add9212f6832c23229e3de5f1c1f9905e8cb07319ea15df73ac" "sleep" "infinity", kill_on_drop: false }`
[INFO] [stdout] 585d3cc4c5502d170cf7854637f8fd022d95bb82aaae17bd8f9eae40d74efdb9
[INFO] running `Command { std: "docker" "start" "585d3cc4c5502d170cf7854637f8fd022d95bb82aaae17bd8f9eae40d74efdb9", kill_on_drop: false }`
[INFO] running `Command { std: "docker" "inspect" "585d3cc4c5502d170cf7854637f8fd022d95bb82aaae17bd8f9eae40d74efdb9", kill_on_drop: false }`
[INFO] running `Command { std: "docker" "exec" "-e" "SOURCE_DIR=/opt/rustwide/workdir" "-e" "CARGO_HOME=/opt/rustwide/cargo-home" "-e" "RUSTUP_HOME=/opt/rustwide/rustup-home" "-e" "CARGO_TARGET_DIR=/opt/rustwide/target" "-w" "/opt/rustwide/workdir" "--user" "0:0" "585d3cc4c5502d170cf7854637f8fd022d95bb82aaae17bd8f9eae40d74efdb9" "/opt/rustwide/cargo-home/bin/cargo" "+1.99.0-beta.8" "metadata" "--no-deps" "--format-version=1", kill_on_drop: false }`
[INFO] running `Command { std: "docker" "inspect" "585d3cc4c5502d170cf7854637f8fd022d95bb82aaae17bd8f9eae40d74efdb9", kill_on_drop: false }`
[INFO] running `Command { std: "docker" "exec" "-e" "SOURCE_DIR=/opt/rustwide/workdir" "-e" "CARGO_HOME=/opt/rustwide/cargo-home" "-e" "RUSTUP_HOME=/opt/rustwide/rustup-home" "-e" "CARGO_TARGET_DIR=/opt/rustwide/target" "-e" "CARGO_INCREMENTAL=0" "-e" "RUST_BACKTRACE=full" "-e" "RUSTFLAGS=--cap-lints=warn" "-e" "RUSTDOCFLAGS=--cap-lints=warn" "-w" "/opt/rustwide/workdir" "--user" "0:0" "585d3cc4c5502d170cf7854637f8fd022d95bb82aaae17bd8f9eae40d74efdb9" "/opt/rustwide/cargo-home/bin/cargo" "+1.99.0-beta.8" "build" "--frozen" "--message-format=json" "--release", kill_on_drop: false }`
[INFO] [stderr]    Compiling futures-core v0.3.33
[INFO] [stderr]    Compiling either v1.17.0
[INFO] [stderr]    Compiling futures-sink v0.3.33
[INFO] [stderr]    Compiling libc v0.2.189
[INFO] [stderr]    Compiling proc-macro2 v1.0.107
[INFO] [stderr]    Compiling anyhow v1.0.104
[INFO] [stderr]    Compiling bitflags v2.13.1
[INFO] [stderr]    Compiling futures-task v0.3.33
[INFO] [stderr]    Compiling mio v1.2.2
[INFO] [stderr]    Compiling bytes v1.12.1
[INFO] [stderr]    Compiling serde_core v1.0.229
[INFO] [stderr]    Compiling regex-automata v0.4.16
[INFO] [stderr]    Compiling fastrand v2.5.0
[INFO] [stderr]    Compiling toml v1.1.4+spec-1.1.0
[INFO] [stderr]    Compiling thiserror v2.0.19
[INFO] [stderr]    Compiling futures-channel v0.3.33
[INFO] [stderr]    Compiling pulldown-cmark v0.13.4
[INFO] [stderr]    Compiling rustix v1.1.4
[INFO] [stderr]    Compiling http-body-util v0.1.4
[INFO] [stderr]    Compiling itertools v0.14.0
[INFO] [stderr]    Compiling futures-util v0.3.33
[INFO] [stderr]    Compiling axum-core v0.5.6
[INFO] [stderr]    Compiling quote v1.0.47
[INFO] [stderr]    Compiling syn v2.0.119
[INFO] [stderr]    Compiling syn v3.0.3
[INFO] [stderr]    Compiling getrandom v0.4.3
[INFO] [stderr]    Compiling pulldown-cmark-to-cmark v22.0.0
[INFO] [stderr]    Compiling regex v1.13.1
[INFO] [stderr]    Compiling tempfile v3.27.0
[INFO] [stderr]    Compiling prettyplease v0.2.37
[INFO] [stderr]    Compiling tokio-macros v2.7.2
[INFO] [stderr]    Compiling async-trait v0.1.91
[INFO] [stderr]    Compiling thiserror-impl v2.0.19
[INFO] [stderr]    Compiling serde_derive v1.0.229
[INFO] [stderr]    Compiling tracing-attributes v0.1.31
[INFO] [stderr]    Compiling prost-derive v0.14.4
[INFO] [stderr]    Compiling pin-project-internal v1.1.13
[INFO] [stderr]    Compiling tonic-build v0.14.6
[INFO] [stderr]    Compiling tokio v1.53.1
[INFO] [stderr]    Compiling pin-project v1.1.13
[INFO] [stderr]    Compiling tracing v0.1.44
[INFO] [stderr]    Compiling prost v0.14.4
[INFO] [stderr]    Compiling prost-types v0.14.4
[INFO] [stderr]    Compiling serde v1.0.229
[INFO] [stderr]    Compiling prost-build v0.14.4
[INFO] [stderr]    Compiling tonic-prost-build v0.14.6
[INFO] [stderr]    Compiling opcda-bridge-proto v0.6.0
[INFO] [stderr]    Compiling tokio-util v0.7.19
[INFO] [stderr]    Compiling tokio-stream v0.1.19
[INFO] [stderr]    Compiling h2 v0.4.16
[INFO] [stderr]    Compiling tower v0.5.3
[INFO] [stderr]    Compiling axum v0.8.9
[INFO] [stderr]    Compiling hyper v1.11.0
[INFO] [stderr]    Compiling hyper-util v0.1.20
[INFO] [stderr]    Compiling hyper-timeout v0.5.2
[INFO] [stderr]    Compiling tonic v0.14.6
[INFO] [stderr]    Compiling tonic-prost v0.14.6
[INFO] [stderr]    Compiling opcda-bridge v0.6.0 (/opt/rustwide/workdir)
[INFO] [stderr]     Finished `release` profile [optimized] target(s) in 27.91s
[INFO] running `Command { std: "docker" "inspect" "585d3cc4c5502d170cf7854637f8fd022d95bb82aaae17bd8f9eae40d74efdb9", kill_on_drop: false }`
[INFO] running `Command { std: "docker" "exec" "-e" "SOURCE_DIR=/opt/rustwide/workdir" "-e" "CARGO_HOME=/opt/rustwide/cargo-home" "-e" "RUSTUP_HOME=/opt/rustwide/rustup-home" "-e" "CARGO_TARGET_DIR=/opt/rustwide/target" "-e" "CARGO_INCREMENTAL=0" "-e" "RUST_BACKTRACE=full" "-e" "RUSTFLAGS=--cap-lints=warn" "-e" "RUSTDOCFLAGS=--cap-lints=warn" "-w" "/opt/rustwide/workdir" "--user" "0:0" "585d3cc4c5502d170cf7854637f8fd022d95bb82aaae17bd8f9eae40d74efdb9" "/opt/rustwide/cargo-home/bin/cargo" "+1.99.0-beta.8" "test" "--frozen" "--no-run" "--message-format=json" "--release", kill_on_drop: false }`
[INFO] [stderr]    Compiling serde_core v1.0.229
[INFO] [stderr]    Compiling errno v0.3.14
[INFO] [stderr]    Compiling aho-corasick v1.1.4
[INFO] [stderr]    Compiling winnow v1.0.4
[INFO] [stderr]    Compiling toml_writer v1.1.2+spec-1.1.0
[INFO] [stderr]    Compiling signal-hook-registry v1.4.8
[INFO] [stderr]    Compiling tokio v1.53.1
[INFO] [stderr]    Compiling toml_parser v1.1.3+spec-1.1.0
[INFO] [stderr]    Compiling regex-automata v0.4.16
[INFO] [stderr]    Compiling serde_spanned v1.1.1
[INFO] [stderr]    Compiling toml_datetime v1.1.1+spec-1.1.0
[INFO] [stderr]    Compiling serde v1.0.229
[INFO] [stderr]    Compiling toml v1.1.4+spec-1.1.0
[INFO] [stderr]    Compiling regex v1.13.1
[INFO] [stderr]    Compiling tokio-util v0.7.19
[INFO] [stderr]    Compiling tokio-stream v0.1.19
[INFO] [stderr]    Compiling h2 v0.4.16
[INFO] [stderr]    Compiling tower v0.5.3
[INFO] [stderr]    Compiling axum v0.8.9
[INFO] [stderr]    Compiling hyper v1.11.0
[INFO] [stderr]    Compiling hyper-util v0.1.20
[INFO] [stderr]    Compiling hyper-timeout v0.5.2
[INFO] [stderr]    Compiling tonic v0.14.6
[INFO] [stderr]    Compiling tonic-prost v0.14.6
[INFO] [stderr]    Compiling opcda-bridge-proto v0.6.0
[INFO] [stderr]    Compiling opcda-bridge v0.6.0 (/opt/rustwide/workdir)
[INFO] [stderr]     Finished `release` profile [optimized] target(s) in 40.89s
[INFO] running `Command { std: "docker" "inspect" "585d3cc4c5502d170cf7854637f8fd022d95bb82aaae17bd8f9eae40d74efdb9", kill_on_drop: false }`
[INFO] running `Command { std: "docker" "exec" "-e" "SOURCE_DIR=/opt/rustwide/workdir" "-e" "CARGO_HOME=/opt/rustwide/cargo-home" "-e" "RUSTUP_HOME=/opt/rustwide/rustup-home" "-e" "CARGO_TARGET_DIR=/opt/rustwide/target" "-e" "CARGO_INCREMENTAL=0" "-e" "RUST_BACKTRACE=full" "-e" "RUSTFLAGS=--cap-lints=warn" "-e" "RUSTDOCFLAGS=--cap-lints=warn" "-w" "/opt/rustwide/workdir" "--user" "0:0" "585d3cc4c5502d170cf7854637f8fd022d95bb82aaae17bd8f9eae40d74efdb9" "/opt/rustwide/cargo-home/bin/cargo" "+1.99.0-beta.8" "test" "--frozen" "--release", kill_on_drop: false }`
[INFO] [stderr]     Finished `release` profile [optimized] target(s) in 0.09s
[INFO] [stderr]      Running unittests src/lib.rs (/opt/rustwide/target/release/deps/opcda_bridge-ca9793f60f881168)
[INFO] [stdout] 
[INFO] [stdout] running 42 tests
[INFO] [stdout] test client::tests::browse_page_forwards_session_parent_token_and_refresh ... ok
[INFO] [stdout] test client::tests::connect_success_and_failure_are_typed ... ok
[INFO] [stdout] test client::tests::index_operation_error_only_classifies_the_gateway_deletion_message ... ok
[INFO] [stdout] test client::tests::browse_returns_one_typed_page_without_draining ... ok
[INFO] [stdout] test client::tests::capabilities_maps_fields_and_request ... ok
[INFO] [stdout] test client::tests::mock_server_shutdown_completes ... ok
[INFO] [stdout] test client::tests::browse_rpc_and_protocol_errors_are_typed ... ok
[INFO] [stdout] test client::tests::search_stream_and_collect_map_events_and_request ... ok
[INFO] [stdout] test compatibility::tests::current_profile_uses_generated_contract_versions ... ok
[INFO] [stdout] test compatibility::tests::evaluates_full_partial_and_incompatible_profiles ... ok
[INFO] [stdout] test compatibility::tests::catalog_evidence_handles_exact_boundary_and_unknown_versions ... ok
[INFO] [stdout] test compatibility::tests::evaluates_unknown_and_converts_gateway_info ... ok
[INFO] [stdout] test compatibility::tests::feature_display_and_status_display_are_stable ... ok
[INFO] [stdout] test compatibility::tests::rejects_invalid_gateway_feature_data ... ok
[INFO] [stdout] test client::tests::compatibility_falls_back_to_legacy_or_reports_unknown ... ok
[INFO] [stdout] test error::tests::test_error_rpc_debug_matches_variant_and_status ... ok
[INFO] [stdout] test error::tests::test_error_rpc_matches_variant ... ok
[INFO] [stdout] test compatibility::tests::ranges_validate_and_negotiate ... ok
[INFO] [stdout] test error::tests::test_protocol_error_is_actionable ... ok
[INFO] [stdout] test types::conversions::tests::browse_request_builders_map_all_fields ... ok
[INFO] [stdout] test client::tests::capabilities_rpc_error_is_typed ... ok
[INFO] [stdout] test error::tests::test_error_rpc_display_is_transparent ... ok
[INFO] [stdout] test types::conversions::tests::indexed_search_response_preserves_identity_and_status ... ok
[INFO] [stdout] test types::conversions::tests::indexed_search_request_and_controls_map_all_variants ... ok
[INFO] [stdout] test types::conversions::tests::enum_display_and_node_predicates_are_stable ... ok
[INFO] [stdout] test types::conversions::tests::invalid_and_inconsistent_proto_values_are_rejected ... ok
[INFO] [stdout] test types::conversions::tests::search_event_conversion_covers_every_event ... ok
[INFO] [stdout] test client::tests::index_operation_error_maps_unclassified_status_to_rpc ... ok
[INFO] [stdout] test error::tests::test_incompatible_gateway_error_is_actionable ... ok
[INFO] [stdout] test types::conversions::tests::search_request_defaults_and_mapping_are_typed ... ok
[INFO] [stdout] test client::tests::close_browse_session_forwards_id_and_error ... ok
[INFO] [stdout] test compatibility::tests::legacy_profiles_map_supported_and_unknown_protocol_strings ... ok
[INFO] [stdout] test types::conversions::tests::value_parsing_covers_all_variants ... ok
[INFO] [stdout] test error::tests::test_error_rpc_anyhow_debug_matches_bare_status ... FAILED
[INFO] [stdout] test client::tests::compatibility_wrapper_and_gateway_info_errors_are_typed ... ok
[INFO] [stdout] test client::tests::list_servers_maps_data_and_errors ... ok
[INFO] [stdout] test client::tests::gateway_info_and_compatibility_report_are_typed ... ok
[INFO] [stdout] test client::tests::read_maps_data_and_errors ... ok
[INFO] [stdout] test client::tests::index_enrollment_errors_are_typed ... ok
[INFO] [stdout] test client::tests::write_maps_every_value_and_result_or_error ... ok
[INFO] [stdout] test client::tests::indexed_search_methods_map_requests_responses_and_errors ... ok
[INFO] [stdout] test client::tests::search_initial_stream_and_protocol_errors_are_typed ... ok
[INFO] [stdout] 
[INFO] [stdout] failures:
[INFO] [stdout] 
[INFO] [stdout] ---- error::tests::test_error_rpc_anyhow_debug_matches_bare_status stdout ----
[INFO] [stdout] 
[INFO] [stdout] thread 'error::tests::test_error_rpc_anyhow_debug_matches_bare_status' (1781) panicked at src/error.rs:94:9:
[INFO] [stdout] assertion `left == right` failed
[INFO] [stdout]   left: "code: 'Internal error', message: \"boom\"\n\nStack backtrace:\n   0: <anyhow::Error as core::convert::From<tonic::status::Status>>::from\n   1: opcda_bridge::error::tests::test_error_rpc_anyhow_debug_matches_bare_status\n   2: <opcda_bridge::error::tests::test_error_rpc_anyhow_debug_matches_bare_status::{closure#0} as core::ops::function::FnOnce<()>>::call_once\n   3: test::__rust_begin_short_backtrace::<core::result::Result<(), alloc::string::String>, fn() -> core::result::Result<(), alloc::string::String>>\n   4: test::run_test::{closure#0}\n   5: std::sys::backtrace::__rust_begin_short_backtrace::<test::run_test::{closure#1}, ()>\n   6: <std::thread::lifecycle::spawn_unchecked<test::run_test::{closure#1}, ()>::{closure#1} as core::ops::function::FnOnce<()>>::call_once::{shim:vtable#0}\n   7: <std::sys::thread::unix::Thread>::new::thread_start\n   8: <unknown>\n   9: clone"
[INFO] [stdout]  right: "code: 'Internal error', message: \"boom\"\n\nStack backtrace:\n   0: <anyhow::Error as core::convert::From<opcda_bridge::error::Error>>::from\n   1: opcda_bridge::error::tests::test_error_rpc_anyhow_debug_matches_bare_status\n   2: <opcda_bridge::error::tests::test_error_rpc_anyhow_debug_matches_bare_status::{closure#0} as core::ops::function::FnOnce<()>>::call_once\n   3: test::__rust_begin_short_backtrace::<core::result::Result<(), alloc::string::String>, fn() -> core::result::Result<(), alloc::string::String>>\n   4: test::run_test::{closure#0}\n   5: std::sys::backtrace::__rust_begin_short_backtrace::<test::run_test::{closure#1}, ()>\n   6: <std::thread::lifecycle::spawn_unchecked<test::run_test::{closure#1}, ()>::{closure#1} as core::ops::function::FnOnce<()>>::call_once::{shim:vtable#0}\n   7: <std::sys::thread::unix::Thread>::new::thread_start\n   8: <unknown>\n   9: clone"
[INFO] [stdout] stack backtrace:
[INFO] [stdout]    0:     0x5a8c00647a81 - <<std[70759c8f55707aa4]::sys::backtrace::BacktraceLock>::print::DisplayBacktrace as core[df12db4294e9bfd3]::fmt::Display>::fmt
[INFO] [stdout]    1:     0x5a8c0065efca - core[df12db4294e9bfd3]::fmt::write
[INFO] [stdout]    2:     0x5a8c0064cbdc - <alloc[2182bb758b4b3781]::vec::Vec<u8> as core[df12db4294e9bfd3]::io::write::Write>::write_fmt
[INFO] [stdout]    3:     0x5a8c006226d6 - std[70759c8f55707aa4]::panicking::default_hook::{closure#0}
[INFO] [stdout]    4:     0x5a8c0063f989 - std[70759c8f55707aa4]::panicking::default_hook
[INFO] [stdout]    5:     0x5a8c00527140 - test[9d35eded1c95d3be]::test_main_inner::<test[9d35eded1c95d3be]::test_main_static::{closure#0}>::{closure#0}
[INFO] [stdout]    6:     0x5a8c0063fcb2 - std[70759c8f55707aa4]::panicking::panic_with_hook
[INFO] [stdout]    7:     0x5a8c00622782 - std[70759c8f55707aa4]::panicking::panic_handler::{closure#0}
[INFO] [stdout]    8:     0x5a8c0061ae99 - std[70759c8f55707aa4]::sys::backtrace::__rust_end_short_backtrace::<std[70759c8f55707aa4]::panicking::panic_handler::{closure#0}, !>
[INFO] [stdout]    9:     0x5a8c0062367d - __rustc[8fa7c3cbc660c2b3]::rust_begin_unwind
[INFO] [stdout]   10:     0x5a8c0065f72c - core[df12db4294e9bfd3]::panicking::panic_fmt
[INFO] [stdout]   11:     0x5a8c0065f643 - core[df12db4294e9bfd3]::panicking::assert_failed_inner
[INFO] [stdout]   12:     0x5a8c0047f544 - core[df12db4294e9bfd3]::panicking::assert_failed::<alloc[2182bb758b4b3781]::string::String, alloc[2182bb758b4b3781]::string::String>
[INFO] [stdout]   13:     0x5a8c00489174 - opcda_bridge[415450acaa58d99d]::error::tests::test_error_rpc_anyhow_debug_matches_bare_status
[INFO] [stdout]   14:     0x5a8c004eb3e9 - <opcda_bridge[415450acaa58d99d]::error::tests::test_error_rpc_anyhow_debug_matches_bare_status::{closure#0} as core[df12db4294e9bfd3]::ops::function::FnOnce<()>>::call_once
[INFO] [stdout]   15:     0x5a8c0051a42b - test[9d35eded1c95d3be]::__rust_begin_short_backtrace::<core[df12db4294e9bfd3]::result::Result<(), alloc[2182bb758b4b3781]::string::String>, fn() -> core[df12db4294e9bfd3]::result::Result<(), alloc[2182bb758b4b3781]::string::String>>
[INFO] [stdout]   16:     0x5a8c00527a95 - test[9d35eded1c95d3be]::run_test::{closure#0}
[INFO] [stdout]   17:     0x5a8c00521354 - std[70759c8f55707aa4]::sys::backtrace::__rust_begin_short_backtrace::<test[9d35eded1c95d3be]::run_test::{closure#1}, ()>
[INFO] [stdout]   18:     0x5a8c0052abf2 - <std[70759c8f55707aa4]::thread::lifecycle::spawn_unchecked<test[9d35eded1c95d3be]::run_test::{closure#1}, ()>::{closure#1} as core[df12db4294e9bfd3]::ops::function::FnOnce<()>>::call_once::{shim:vtable#0}
[INFO] [stdout]   19:     0x5a8c00646fa9 - <std[70759c8f55707aa4]::sys::thread::unix::Thread>::new::thread_start
[INFO] [stdout]   20:     0x7e02d5782dfa - <unknown>
[INFO] [stdout]   21:     0x7e02d58163d4 - clone
[INFO] [stdout]   22:                0x0 - <unknown>
[INFO] [stdout] 
[INFO] [stdout] 
[INFO] [stdout] failures:
[INFO] [stdout]     error::tests::test_error_rpc_anyhow_debug_matches_bare_status
[INFO] [stdout] 
[INFO] [stdout] test result: FAILED. 41 passed; 1 failed; 0 ignored; 0 measured; 0 filtered out; finished in 0.01s
[INFO] [stdout] 
[INFO] [stderr] error: test failed, to rerun pass `--lib`
[INFO] running `Command { std: "docker" "inspect" "585d3cc4c5502d170cf7854637f8fd022d95bb82aaae17bd8f9eae40d74efdb9", kill_on_drop: false }`
[INFO] running `Command { std: "docker" "rm" "-f" "585d3cc4c5502d170cf7854637f8fd022d95bb82aaae17bd8f9eae40d74efdb9", kill_on_drop: false }`
[INFO] [stdout] 585d3cc4c5502d170cf7854637f8fd022d95bb82aaae17bd8f9eae40d74efdb9
