[INFO] fetching crate op-mcp 0.1.0...
[INFO] testing op-mcp-0.1.0 against 1.99.0-beta.8+cargoflags=--release for beta-release-1.100-2
[INFO] extracting crate op-mcp 0.1.0 into /workspace/builds/worker-2-tc1/source
[INFO] removed /workspace/builds/worker-2-tc1/source/.cargo/config.toml
[INFO] started tweaking crates.io crate op-mcp 0.1.0
[INFO] removed 0 missing tests
[INFO] finished tweaking crates.io crate op-mcp 0.1.0
[INFO] tweaked toml for crates.io crate op-mcp 0.1.0 written to /workspace/builds/worker-2-tc1/source/Cargo.toml
[INFO] validating manifest of crates.io crate op-mcp 0.1.0 on toolchain 1.99.0-beta.8
[INFO] running `Command { std: CARGO_HOME="/workspace/cargo-home" RUSTUP_HOME="/workspace/rustup-home" "/workspace/cargo-home/bin/cargo" "+1.99.0-beta.8" "metadata" "--manifest-path" "Cargo.toml" "--no-deps", kill_on_drop: false }`
[INFO] crate crates.io crate op-mcp 0.1.0 already has a lockfile, it will not be regenerated
[INFO] running `Command { std: CARGO_HOME="/workspace/cargo-home" RUSTUP_HOME="/workspace/rustup-home" "/workspace/cargo-home/bin/cargo" "+1.99.0-beta.8" "fetch" "--manifest-path" "Cargo.toml", kill_on_drop: false }`
[INFO] [stderr]  Downloading crates ...
[INFO] [stderr]   Downloaded zmij v1.0.15
[INFO] [stderr]   Downloaded fs-err v3.2.2
[INFO] [stderr]   Downloaded arc-swap v1.8.0
[INFO] [stderr]   Downloaded rust-mcp-transport v0.2.3
[INFO] [stderr]   Downloaded aws-lc-rs v1.15.3
[INFO] [stderr]   Downloaded rust-mcp-macros v0.2.1
[INFO] [stderr]   Downloaded rust-mcp-schema v0.4.0
[INFO] [stderr]   Downloaded rust-mcp-sdk v0.2.6
[INFO] [stderr]   Downloaded openssl-src v300.5.4+3.5.4
[INFO] [stderr]   Downloaded aws-lc-sys v0.36.0
[INFO] running `Command { std: "docker" "create" "-v" "/var/lib/crater-agent-workspace/builds/worker-2-tc1/source:/opt/rustwide/workdir:ro,Z" "-v" "/var/lib/crater-agent-workspace/builds/worker-2-tc1/target:/opt/rustwide/target:rw,Z" "-v" "/var/lib/crater-agent-workspace/cargo-home:/opt/rustwide/cargo-home:ro,Z" "-v" "/var/lib/crater-agent-workspace/rustup-home:/opt/rustwide/rustup-home:ro,Z" "-m" "1610612736" "--network" "none" "ghcr.io/rust-lang/crates-build-env/linux@sha256:77db811e55d90add9212f6832c23229e3de5f1c1f9905e8cb07319ea15df73ac" "sleep" "infinity", kill_on_drop: false }`
[INFO] [stdout] f46969bd28f923ec31c3f37e5ad181295e8ef13e785ee756c29855d25b8f8042
[INFO] running `Command { std: "docker" "start" "f46969bd28f923ec31c3f37e5ad181295e8ef13e785ee756c29855d25b8f8042", kill_on_drop: false }`
[INFO] running `Command { std: "docker" "inspect" "f46969bd28f923ec31c3f37e5ad181295e8ef13e785ee756c29855d25b8f8042", kill_on_drop: false }`
[INFO] running `Command { std: "docker" "exec" "-e" "SOURCE_DIR=/opt/rustwide/workdir" "-e" "CARGO_HOME=/opt/rustwide/cargo-home" "-e" "RUSTUP_HOME=/opt/rustwide/rustup-home" "-e" "CARGO_TARGET_DIR=/opt/rustwide/target" "-w" "/opt/rustwide/workdir" "--user" "0:0" "f46969bd28f923ec31c3f37e5ad181295e8ef13e785ee756c29855d25b8f8042" "/opt/rustwide/cargo-home/bin/cargo" "+1.99.0-beta.8" "metadata" "--no-deps" "--format-version=1", kill_on_drop: false }`
[INFO] running `Command { std: "docker" "inspect" "f46969bd28f923ec31c3f37e5ad181295e8ef13e785ee756c29855d25b8f8042", kill_on_drop: false }`
[INFO] running `Command { std: "docker" "exec" "-e" "SOURCE_DIR=/opt/rustwide/workdir" "-e" "CARGO_HOME=/opt/rustwide/cargo-home" "-e" "RUSTUP_HOME=/opt/rustwide/rustup-home" "-e" "CARGO_TARGET_DIR=/opt/rustwide/target" "-e" "CARGO_INCREMENTAL=0" "-e" "RUST_BACKTRACE=full" "-e" "RUSTFLAGS=--cap-lints=warn" "-e" "RUSTDOCFLAGS=--cap-lints=warn" "-w" "/opt/rustwide/workdir" "--user" "0:0" "f46969bd28f923ec31c3f37e5ad181295e8ef13e785ee756c29855d25b8f8042" "/opt/rustwide/cargo-home/bin/cargo" "+1.99.0-beta.8" "build" "--frozen" "--message-format=json" "--release", kill_on_drop: false }`
[INFO] [stderr]    Compiling proc-macro2 v1.0.105
[INFO] [stderr]    Compiling quote v1.0.43
[INFO] [stderr]    Compiling libc v0.2.180
[INFO] [stderr]    Compiling cfg-if v1.0.4
[INFO] [stderr]    Compiling find-msvc-tools v0.1.8
[INFO] [stderr]    Compiling smallvec v1.15.1
[INFO] [stderr]    Compiling pin-project-lite v0.2.16
[INFO] [stderr]    Compiling once_cell v1.21.3
[INFO] [stderr]    Compiling bytes v1.11.0
[INFO] [stderr]    Compiling futures-core v0.3.31
[INFO] [stderr]    Compiling scopeguard v1.2.0
[INFO] [stderr]    Compiling itoa v1.0.17
[INFO] [stderr]    Compiling log v0.4.29
[INFO] [stderr]    Compiling stable_deref_trait v1.2.1
[INFO] [stderr]    Compiling lock_api v0.4.14
[INFO] [stderr]    Compiling futures-sink v0.3.31
[INFO] [stderr]    Compiling tracing-core v0.1.36
[INFO] [stderr]    Compiling memchr v2.7.6
[INFO] [stderr]    Compiling slab v0.4.11
[INFO] [stderr]    Compiling futures-channel v0.3.31
[INFO] [stderr]    Compiling pin-utils v0.1.0
[INFO] [stderr]    Compiling futures-task v0.3.31
[INFO] [stderr]    Compiling futures-io v0.3.31
[INFO] [stderr]    Compiling fs_extra v1.3.0
[INFO] [stderr]    Compiling syn v2.0.114
[INFO] [stderr]    Compiling http v1.4.0
[INFO] [stderr]    Compiling zmij v1.0.15
[INFO] [stderr]    Compiling dunce v1.0.5
[INFO] [stderr]    Compiling serde_core v1.0.228
[INFO] [stderr]    Compiling litemap v0.8.1
[INFO] [stderr]    Compiling zeroize v1.8.2
[INFO] [stderr]    Compiling percent-encoding v2.3.2
[INFO] [stderr]    Compiling writeable v0.6.2
[INFO] [stderr]    Compiling tower-service v0.3.3
[INFO] [stderr]    Compiling hashbrown v0.16.1
[INFO] [stderr]    Compiling bitflags v2.10.0
[INFO] [stderr]    Compiling jobserver v0.1.34
[INFO] [stderr]    Compiling equivalent v1.0.2
[INFO] [stderr]    Compiling atomic-waker v1.1.2
[INFO] [stderr]    Compiling fnv v1.0.7
[INFO] [stderr]    Compiling try-lock v0.2.5
[INFO] [stderr]    Compiling cc v1.2.53
[INFO] [stderr]    Compiling errno v0.3.14
[INFO] [stderr]    Compiling parking_lot_core v0.9.12
[INFO] [stderr]    Compiling socket2 v0.6.1
[INFO] [stderr]    Compiling signal-hook-registry v1.4.8
[INFO] [stderr]    Compiling parking_lot v0.12.5
[INFO] [stderr]    Compiling mio v1.1.1
[INFO] [stderr]    Compiling http-body v1.0.1
[INFO] [stderr]    Compiling indexmap v2.13.0
[INFO] [stderr]    Compiling want v0.3.1
[INFO] [stderr]    Compiling httparse v1.10.1
[INFO] [stderr]    Compiling rustls-pki-types v1.14.0
[INFO] [stderr]    Compiling httpdate v1.0.3
[INFO] [stderr]    Compiling foreign-types-shared v0.1.1
[INFO] [stderr]    Compiling aws-lc-rs v1.15.3
[INFO] [stderr]    Compiling openssl v0.10.75
[INFO] [stderr]    Compiling openssl-src v300.5.4+3.5.4
[INFO] [stderr]    Compiling cmake v0.1.57
[INFO] [stderr]    Compiling foreign-types v0.3.2
[INFO] [stderr]    Compiling icu_normalizer_data v2.1.1
[INFO] [stderr]    Compiling icu_properties_data v2.1.2
[INFO] [stderr]    Compiling sync_wrapper v1.0.2
[INFO] [stderr]    Compiling tower-layer v0.3.3
[INFO] [stderr]    Compiling base64 v0.22.1
[INFO] [stderr]    Compiling ipnet v2.11.0
[INFO] [stderr]    Compiling http-body-util v0.1.3
[INFO] [stderr]    Compiling form_urlencoded v1.2.2
[INFO] [stderr]    Compiling serde_json v1.0.149
[INFO] [stderr]    Compiling openssl-sys v0.9.111
[INFO] [stderr]    Compiling aws-lc-sys v0.36.0
[INFO] [stderr]    Compiling openssl-probe v0.1.6
[INFO] [stderr]    Compiling ryu v1.0.22
[INFO] [stderr]    Compiling utf8_iter v1.0.4
[INFO] [stderr]    Compiling mime v0.3.17
[INFO] [stderr]    Compiling untrusted v0.9.0
[INFO] [stderr]    Compiling rustls v0.23.36
[INFO] [stderr]    Compiling rustversion v1.0.22
[INFO] [stderr]    Compiling fs-err v3.2.2
[INFO] [stderr]    Compiling subtle v2.6.1
[INFO] [stderr]    Compiling iri-string v0.7.10
[INFO] [stderr]    Compiling thiserror v2.0.18
[INFO] [stderr]    Compiling serde_path_to_error v0.1.20
[INFO] [stderr]    Compiling getrandom v0.3.4
[INFO] [stderr]    Compiling serde v1.0.228
[INFO] [stderr]    Compiling encoding_rs v0.8.35
[INFO] [stderr]    Compiling matchit v0.8.4
[INFO] [stderr]    Compiling synstructure v0.13.2
[INFO] [stderr]    Compiling regex-syntax v0.8.8
[INFO] [stderr]    Compiling rustix v1.1.3
[INFO] [stderr]    Compiling uuid v1.19.0
[INFO] [stderr]    Compiling arc-swap v1.8.0
[INFO] [stderr]    Compiling rustls-pemfile v2.2.0
[INFO] [stderr]    Compiling lazy_static v1.5.0
[INFO] [stderr]    Compiling linux-raw-sys v0.11.0
[INFO] [stderr]    Compiling anyhow v1.0.100
[INFO] [stderr]    Compiling tokio-macros v2.6.0
[INFO] [stderr]    Compiling zerofrom-derive v0.1.6
[INFO] [stderr]    Compiling yoke-derive v0.8.1
[INFO] [stderr]    Compiling tokio v1.49.0
[INFO] [stderr]    Compiling tracing-attributes v0.1.31
[INFO] [stderr]    Compiling zerovec-derive v0.11.2
[INFO] [stderr]    Compiling zerofrom v0.1.6
[INFO] [stderr]    Compiling displaydoc v0.2.5
[INFO] [stderr]    Compiling yoke v0.8.1
[INFO] [stderr]    Compiling futures-macro v0.3.31
[INFO] [stderr]    Compiling zerotrie v0.2.3
[INFO] [stderr]    Compiling tracing v0.1.44
[INFO] [stderr]    Compiling serde_derive v1.0.228
[INFO] [stderr]    Compiling futures-util v0.3.31
[INFO] [stderr]    Compiling zerovec v0.11.5
[INFO] [stderr]    Compiling openssl-macros v0.1.1
[INFO] [stderr]    Compiling axum-core v0.5.6
[INFO] [stderr]    Compiling tinystr v0.8.2
[INFO] [stderr]    Compiling potential_utf v0.1.4
[INFO] [stderr]    Compiling icu_collections v2.1.1
[INFO] [stderr]    Compiling icu_locale_core v2.1.1
[INFO] [stderr]    Compiling thiserror-impl v2.0.18
[INFO] [stderr]    Compiling icu_provider v2.1.1
[INFO] [stderr]    Compiling regex-automata v0.4.13
[INFO] [stderr]    Compiling icu_normalizer v2.1.1
[INFO] [stderr]    Compiling icu_properties v2.1.2
[INFO] [stderr]    Compiling futures-executor v0.3.31
[INFO] [stderr]    Compiling idna_adapter v1.2.1
[INFO] [stderr]    Compiling futures v0.3.31
[INFO] [stderr]    Compiling idna v1.1.0
[INFO] [stderr]    Compiling async-trait v0.1.89
[INFO] [stderr]    Compiling tokio-util v0.7.18
[INFO] [stderr]    Compiling tower v0.5.3
[INFO] [stderr]    Compiling serde_urlencoded v0.7.1
[INFO] [stderr]    Compiling h2 v0.4.13
[INFO] [stderr]    Compiling tower-http v0.6.8
[INFO] [stderr]    Compiling url v2.5.8
[INFO] [stderr]    Compiling rust-mcp-schema v0.4.0
[INFO] [stderr]    Compiling tokio-stream v0.1.18
[INFO] [stderr]    Compiling matchers v0.2.0
[INFO] [stderr]    Compiling rust-mcp-macros v0.2.1
[INFO] [stderr]    Compiling sharded-slab v0.1.7
[INFO] [stderr]    Compiling tracing-log v0.2.0
[INFO] [stderr]    Compiling thread_local v1.1.9
[INFO] [stderr]    Compiling nu-ansi-term v0.50.3
[INFO] [stderr]    Compiling env_home v0.1.0
[INFO] [stderr]    Compiling either v1.15.0
[INFO] [stderr]    Compiling tracing-subscriber v0.3.22
[INFO] [stderr]    Compiling which v7.0.3
[INFO] [stderr]    Compiling hyper v1.8.1
[INFO] [stderr]    Compiling hyper-util v0.1.19
[INFO] [stderr]    Compiling axum v0.8.8
[INFO] [stderr]    Compiling native-tls v0.2.14
[INFO] [stderr]    Compiling rustls-webpki v0.103.9
[INFO] [stderr]    Compiling tokio-native-tls v0.3.1
[INFO] [stderr]    Compiling hyper-tls v0.6.0
[INFO] [stderr]    Compiling reqwest v0.12.28
[INFO] [stderr]    Compiling tokio-rustls v0.26.4
[INFO] [stderr]    Compiling axum-server v0.7.3
[INFO] [stderr]    Compiling rust-mcp-transport v0.2.3
[INFO] [stderr]    Compiling rust-mcp-sdk v0.2.6
[INFO] [stderr]    Compiling op-mcp v0.1.0 (/opt/rustwide/workdir)
[INFO] [stderr]     Finished `release` profile [optimized] target(s) in 7m 48s
[INFO] running `Command { std: "docker" "inspect" "f46969bd28f923ec31c3f37e5ad181295e8ef13e785ee756c29855d25b8f8042", kill_on_drop: false }`
[INFO] running `Command { std: "docker" "exec" "-e" "SOURCE_DIR=/opt/rustwide/workdir" "-e" "CARGO_HOME=/opt/rustwide/cargo-home" "-e" "RUSTUP_HOME=/opt/rustwide/rustup-home" "-e" "CARGO_TARGET_DIR=/opt/rustwide/target" "-e" "CARGO_INCREMENTAL=0" "-e" "RUST_BACKTRACE=full" "-e" "RUSTFLAGS=--cap-lints=warn" "-e" "RUSTDOCFLAGS=--cap-lints=warn" "-w" "/opt/rustwide/workdir" "--user" "0:0" "f46969bd28f923ec31c3f37e5ad181295e8ef13e785ee756c29855d25b8f8042" "/opt/rustwide/cargo-home/bin/cargo" "+1.99.0-beta.8" "test" "--frozen" "--no-run" "--message-format=json" "--release", kill_on_drop: false }`
[INFO] [stderr]    Compiling op-mcp v0.1.0 (/opt/rustwide/workdir)
[INFO] [stderr]     Finished `release` profile [optimized] target(s) in 38.92s
[INFO] running `Command { std: "docker" "inspect" "f46969bd28f923ec31c3f37e5ad181295e8ef13e785ee756c29855d25b8f8042", kill_on_drop: false }`
[INFO] running `Command { std: "docker" "exec" "-e" "SOURCE_DIR=/opt/rustwide/workdir" "-e" "CARGO_HOME=/opt/rustwide/cargo-home" "-e" "RUSTUP_HOME=/opt/rustwide/rustup-home" "-e" "CARGO_TARGET_DIR=/opt/rustwide/target" "-e" "CARGO_INCREMENTAL=0" "-e" "RUST_BACKTRACE=full" "-e" "RUSTFLAGS=--cap-lints=warn" "-e" "RUSTDOCFLAGS=--cap-lints=warn" "-w" "/opt/rustwide/workdir" "--user" "0:0" "f46969bd28f923ec31c3f37e5ad181295e8ef13e785ee756c29855d25b8f8042" "/opt/rustwide/cargo-home/bin/cargo" "+1.99.0-beta.8" "test" "--frozen" "--release", kill_on_drop: false }`
[INFO] [stderr]     Finished `release` profile [optimized] target(s) in 0.33s
[INFO] [stderr]      Running unittests src/lib.rs (/opt/rustwide/target/release/deps/op_mcp-618170240a886988)
[INFO] [stdout] 
[INFO] [stdout] running 100 tests
[INFO] [stdout] test op::commands::tests::test_account_add_command ... ok
[INFO] [stdout] test op::commands::tests::test_account_adds_account_flag ... ok
[INFO] [stdout] test op::commands::tests::test_account_forget_command ... ok
[INFO] [stdout] test op::commands::tests::test_account_get_with_account ... ok
[INFO] [stdout] test op::commands::tests::test_arg_adds_positional_argument ... ok
[INFO] [stdout] test op::commands::tests::test_account_get_without_account ... ok
[INFO] [stdout] test op::commands::tests::test_connect_server_create_command ... ok
[INFO] [stdout] test op::commands::tests::test_account_list_command ... ok
[INFO] [stdout] test op::commands::tests::test_account_with_none ... ok
[INFO] [stdout] test op::commands::tests::test_arg_opt_with_none ... ok
[INFO] [stdout] test op::commands::tests::test_arg_opt_with_some ... ok
[INFO] [stdout] test op::commands::tests::test_connect_server_get_command ... ok
[INFO] [stdout] test op::commands::tests::test_connect_server_edit_command ... ok
[INFO] [stdout] test op::commands::tests::test_chained_methods_preserve_order ... ok
[INFO] [stdout] test op::commands::tests::test_connect_server_delete_command ... ok
[INFO] [stdout] test op::commands::tests::test_connect_token_list_command ... ok
[INFO] [stdout] test op::commands::tests::test_connect_vault_grant_command ... ok
[INFO] [stdout] test op::commands::tests::test_connect_vault_revoke_command ... ok
[INFO] [stdout] test op::commands::tests::test_document_create_command ... ok
[INFO] [stdout] test op::commands::tests::test_connect_token_create_command ... ok
[INFO] [stdout] test op::commands::tests::test_connect_token_delete_command ... ok
[INFO] [stdout] test op::commands::tests::test_connect_token_edit_command ... ok
[INFO] [stdout] test op::commands::tests::test_document_delete_command ... ok
[INFO] [stdout] test op::commands::tests::test_document_edit_command ... ok
[INFO] [stdout] test op::commands::tests::test_document_get_command ... ok
[INFO] [stdout] test op::commands::tests::test_document_list_command ... ok
[INFO] [stdout] test op::commands::tests::test_events_api_create_command ... ok
[INFO] [stdout] test op::commands::tests::test_flag_adds_flag ... ok
[INFO] [stdout] test op::commands::tests::test_group_delete_command ... ok
[INFO] [stdout] test op::commands::tests::test_flag_if_false ... ok
[INFO] [stdout] test op::commands::tests::test_group_list_command ... ok
[INFO] [stdout] test op::commands::tests::test_group_user_grant_command ... ok
[INFO] [stdout] test op::commands::tests::test_group_edit_command ... ok
[INFO] [stdout] test op::commands::tests::test_complex_item_create ... ok
[INFO] [stdout] test op::commands::tests::test_connect_server_list_command ... ok
[INFO] [stdout] test op::commands::tests::test_flag_if_true ... ok
[INFO] [stdout] test op::commands::tests::test_group_user_revoke_command ... ok
[INFO] [stdout] test op::commands::tests::test_group_create_command ... ok
[INFO] [stdout] test op::commands::tests::test_inject_command ... ok
[INFO] [stdout] test op::commands::tests::test_group_get_command ... ok
[INFO] [stdout] test op::commands::tests::test_is_raw ... ok
[INFO] [stdout] test op::commands::tests::test_item_create_command ... ok
[INFO] [stdout] test op::commands::tests::test_item_delete_command ... ok
[INFO] [stdout] test op::commands::tests::test_item_edit_command ... ok
[INFO] [stdout] test op::commands::tests::test_item_get_command ... ok
[INFO] [stdout] test op::commands::tests::test_item_get_with_reveal ... ok
[INFO] [stdout] test op::commands::tests::test_item_list_command ... ok
[INFO] [stdout] test op::commands::tests::test_item_list_with_vault ... ok
[INFO] [stdout] test op::commands::tests::test_item_move_command ... ok
[INFO] [stdout] test op::commands::tests::test_item_template_get_command ... ok
[INFO] [stdout] test op::commands::tests::test_item_share_command ... ok
[INFO] [stdout] test op::commands::tests::test_new_creates_command_with_subcommand ... ok
[INFO] [stdout] test op::commands::tests::test_option_adds_key_value ... ok
[INFO] [stdout] test op::commands::tests::test_item_template_list_command ... ok
[INFO] [stdout] test op::commands::tests::test_option_multi_with_none ... ok
[INFO] [stdout] test op::commands::tests::test_option_multi_with_values ... ok
[INFO] [stdout] test op::commands::tests::test_option_opt_with_none ... ok
[INFO] [stdout] test op::commands::tests::test_option_opt_with_some ... ok
[INFO] [stdout] test op::commands::tests::test_raw_disables_json_format ... ok
[INFO] [stdout] test op::commands::tests::test_read_command ... ok
[INFO] [stdout] test op::commands::tests::test_run_command ... ok
[INFO] [stdout] test op::commands::tests::test_service_account_create_command ... ok
[INFO] [stdout] test op::commands::tests::test_subcommand_chains ... ok
[INFO] [stdout] test op::commands::tests::test_signin_command ... ok
[INFO] [stdout] test op::commands::tests::test_signout_command ... ok
[INFO] [stdout] test op::commands::tests::test_user_get_command ... ok
[INFO] [stdout] test op::commands::tests::test_user_list_command ... ok
[INFO] [stdout] test op::commands::tests::test_user_confirm_command ... ok
[INFO] [stdout] test op::commands::tests::test_user_edit_command ... ok
[INFO] [stdout] test op::commands::tests::test_vault_create_command ... ok
[INFO] [stdout] test op::commands::tests::test_vault_create_with_allow_admins_false ... ok
[INFO] [stdout] test op::commands::tests::test_vault_create_with_description ... ok
[INFO] [stdout] test op::commands::tests::test_vault_delete_command ... ok
[INFO] [stdout] test op::commands::tests::test_vault_edit_command ... ok
[INFO] [stdout] test op::commands::tests::test_vault_get_command ... ok
[INFO] [stdout] test op::commands::tests::test_vault_group_grant_command ... ok
[INFO] [stdout] test op::commands::tests::test_vault_group_list_command ... ok
[INFO] [stdout] test op::commands::tests::test_service_account_ratelimit_command ... ok
[INFO] [stdout] test op::commands::tests::test_user_provision_command ... ok
[INFO] [stdout] test op::commands::tests::test_user_suspend_command ... ok
[INFO] [stdout] test op::commands::tests::test_user_delete_command ... ok
[INFO] [stdout] test op::commands::tests::test_user_reactivate_command ... ok
[INFO] [stdout] test op::commands::tests::test_vault_group_revoke_command ... ok
[INFO] [stdout] test op::commands::tests::test_vault_list_command ... ok
[INFO] [stdout] test op::commands::tests::test_whoami_command ... ok
[INFO] [stdout] test op::commands::tests::test_vault_user_grant_command ... ok
[INFO] [stdout] test tools::enums::tests::test_event_feature_serialization ... ok
[INFO] [stdout] test op::commands::tests::test_vault_user_list_command ... ok
[INFO] [stdout] test tools::enums::tests::test_group_user_role_serialization ... ok
[INFO] [stdout] test op::commands::tests::test_group_user_list_command ... ok
[INFO] [stdout] test op::commands::tests::test_vault_create_with_allow_admins_to_manage ... ok
[INFO] [stdout] test op::commands::tests::test_vault_user_revoke_command ... ok
[INFO] [stdout] test tools::enums::tests::test_item_category_serialization ... ok
[INFO] [stdout] test tools::enums::tests::test_permissions_to_string ... ok
[INFO] [stdout] test tools::enums::tests::test_share_expiry_json_schema ... ok
[INFO] [stdout] test tools::enums::tests::test_item_category_deserialization ... ok
[INFO] [stdout] test tools::enums::tests::test_item_category_json_schema ... ok
[INFO] [stdout] test tools::enums::tests::test_share_expiry_serialization ... ok
[INFO] [stdout] test tools::enums::tests::test_token_expiry_serialization ... ok
[INFO] [stdout] test tools::enums::tests::test_vault_permission_serialization ... ok
[INFO] [stdout] 
[INFO] [stdout] test result: ok. 100 passed; 0 failed; 0 ignored; 0 measured; 0 filtered out; finished in 0.03s
[INFO] [stderr]      Running unittests src/main.rs (/opt/rustwide/target/release/deps/op_mcp-e753802346c809cb)
[INFO] [stdout] 
[INFO] [stderr]      Running tests/integration_test.rs (/opt/rustwide/target/release/deps/integration_test-93ce1d4bbfc7dd59)
[INFO] [stdout] 
[INFO] [stdout] running 0 tests
[INFO] [stdout] 
[INFO] [stdout] test result: ok. 0 passed; 0 failed; 0 ignored; 0 measured; 0 filtered out; finished in 0.00s
[INFO] [stdout] 
[INFO] [stdout] 
[INFO] [stdout] running 38 tests
[INFO] [stdout] test auth::test_is_authenticated ... FAILED
[INFO] [stdout] test concurrent::test_concurrent_item_creation ... FAILED
[INFO] [stdout] test concurrent::test_concurrent_reads ... FAILED
[INFO] [stdout] test account::test_account_list ... FAILED
[INFO] [stdout] test document::test_document_get_to_file ... FAILED
[INFO] [stdout] test account::test_account_get ... FAILED
[INFO] [stdout] test error_handling::test_item_get_not_found ... FAILED
[INFO] [stdout] test error_handling::test_user_get_not_found ... FAILED
[INFO] [stdout] test auth::test_whoami ... FAILED
[INFO] [stdout] test error_handling::test_vault_get_not_found ... FAILED
[INFO] [stdout] test error_handling::test_group_get_not_found ... FAILED
[INFO] [stdout] test group::test_group_list ... FAILED
[INFO] [stdout] test item::test_item_create_get_edit_delete ... FAILED
[INFO] [stdout] test item::test_item_create_secure_note ... FAILED
[INFO] [stdout] test group::test_group_get ... FAILED
[INFO] [stdout] test group::test_group_lifecycle ... FAILED
[INFO] [stdout] test item::test_item_list ... FAILED
[INFO] [stdout] test item::test_item_list_by_category ... FAILED
[INFO] [stdout] test item::test_item_list_in_vault ... FAILED
[INFO] [stdout] test document::test_document_list ... FAILED
[INFO] [stdout] test secret::test_inject_template ... FAILED
[INFO] [stdout] test item::test_item_template_list ... FAILED
[INFO] [stdout] test connect::test_connect_server_list ... FAILED
[INFO] [stdout] test secret::test_secret_read_existing ... FAILED
[INFO] [stdout] test item::test_item_create_with_generated_password ... FAILED
[INFO] [stdout] test item::test_item_template_get ... FAILED
[INFO] [stdout] test secret::test_secret_read_invalid_reference ... FAILED
[INFO] [stdout] test document::test_document_lifecycle ... FAILED
[INFO] [stdout] test user::test_user_list ... FAILED
[INFO] [stdout] test user::test_user_list_by_group ... FAILED
[INFO] [stdout] test vault::test_vault_group_list ... FAILED
[INFO] [stdout] test vault::test_vault_get_by_name ... FAILED
[INFO] [stdout] test vault::test_vault_get ... FAILED
[INFO] [stdout] test vault::test_vault_create_edit_delete ... FAILED
[INFO] [stdout] test vault::test_vault_list ... FAILED
[INFO] [stdout] test vault::test_vault_user_list ... FAILED
[INFO] [stdout] test secret::test_secret_read_nonexistent ... FAILED
[INFO] [stdout] test user::test_user_get ... FAILED
[INFO] [stdout] 
[INFO] [stdout] failures:
[INFO] [stdout] 
[INFO] [stdout] ---- auth::test_is_authenticated stdout ----
[INFO] [stdout] 
[INFO] [stdout] thread 'auth::test_is_authenticated' (13769) panicked at tests/integration_test.rs:85:38:
[INFO] [stdout] Failed to create client: NotFound
[INFO] [stdout] stack backtrace:
[INFO] [stdout]    0:     0x5f21691dd9d5 - <unknown>
[INFO] [stdout]    1:     0x5f216914c7aa - <unknown>
[INFO] [stdout]    2:     0x5f21691dd06b - <unknown>
[INFO] [stdout]    3:     0x5f21691dcb4f - <unknown>
[INFO] [stdout]    4:     0x5f21691dc77a - <unknown>
[INFO] [stdout]    5:     0x5f21691dc2b2 - <unknown>
[INFO] [stdout]    6:     0x5f21692036b1 - <unknown>
[INFO] [stdout]    7:     0x5f2169203669 - <unknown>
[INFO] [stdout]    8:     0x5f2169203b7c - <unknown>
[INFO] [stdout]    9:     0x5f216914c63b - <unknown>
[INFO] [stdout]   10:     0x5f216914fd91 - <unknown>
[INFO] [stdout]   11:     0x5f21691af50b - <unknown>
[INFO] [stdout]   12:     0x5f21691c1db0 - <unknown>
[INFO] [stdout]   13:     0x5f21691c0296 - <unknown>
[INFO] [stdout]   14:     0x5f216921e89b - <unknown>
[INFO] [stdout]   15:     0x5f216921a4fc - <unknown>
[INFO] [stdout]   16:     0x5f2169219c2c - <unknown>
[INFO] [stdout]   17:     0x5f216923464c - <unknown>
[INFO] [stdout]   18:     0x5f21692053a2 - <unknown>
[INFO] [stdout]   19:     0x74bfc4179dfa - <unknown>
[INFO] [stdout]   20:     0x74bfc420d3d4 - clone
[INFO] [stdout]   21:                0x0 - <unknown>
[INFO] [stdout] 
[INFO] [stdout] ---- concurrent::test_concurrent_item_creation stdout ----
[INFO] [stdout] 
[INFO] [stdout] thread 'concurrent::test_concurrent_item_creation' (13771) panicked at tests/integration_test.rs:1124:38:
[INFO] [stdout] Failed to create client: NotFound
[INFO] [stdout] stack backtrace:
[INFO] [stdout]    0:     0x5f21691dd9d5 - <unknown>
[INFO] [stdout]    1:     0x5f216914c7aa - <unknown>
[INFO] [stdout]    2:     0x5f21691dd06b - <unknown>
[INFO] [stdout]    3:     0x5f21691dcb4f - <unknown>
[INFO] [stdout]    4:     0x5f21691dc77a - <unknown>
[INFO] [stdout]    5:     0x5f21691dc2b2 - <unknown>
[INFO] [stdout]    6:     0x5f21692036b1 - <unknown>
[INFO] [stdout]    7:     0x5f2169203669 - <unknown>
[INFO] [stdout]    8:     0x5f2169203b7c - <unknown>
[INFO] [stdout]    9:     0x5f216914c63b - <unknown>
[INFO] [stdout]   10:     0x5f216914fd91 - <unknown>
[INFO] [stdout]   11:     0x5f21691b41d3 - <unknown>
[INFO] [stdout]   12:     0x5f21691c1db0 - <unknown>
[INFO] [stdout]   13:     0x5f21691bfd55 - <unknown>
[INFO] [stdout]   14:     0x5f216921e89b - <unknown>
[INFO] [stdout]   15:     0x5f216921a4fc - <unknown>
[INFO] [stdout]   16:     0x5f2169219c2c - <unknown>
[INFO] [stdout]   17:     0x5f216923464c - <unknown>
[INFO] [stdout]   18:     0x5f21692053a2 - <unknown>
[INFO] [stdout]   19:     0x74bfc4179dfa - <unknown>
[INFO] [stdout]   20:     0x74bfc420d3d4 - clone
[INFO] [stdout]   21:                0x0 - <unknown>
[INFO] [stdout] 
[INFO] [stdout] ---- concurrent::test_concurrent_reads stdout ----
[INFO] [stdout] 
[INFO] [stdout] thread 'concurrent::test_concurrent_reads' (13772) panicked at tests/integration_test.rs:1098:38:
[INFO] [stdout] Failed to create client: NotFound
[INFO] [stdout] stack backtrace:
[INFO] [stdout]    0:     0x5f21691dd9d5 - <unknown>
[INFO] [stdout]    1:     0x5f216914c7aa - <unknown>
[INFO] [stdout]    2:     0x5f21691dd06b - <unknown>
[INFO] [stdout]    3:     0x5f21691dcb4f - <unknown>
[INFO] [stdout]    4:     0x5f21691dc77a - <unknown>
[INFO] [stdout]    5:     0x5f21691dc2b2 - <unknown>
[INFO] [stdout]    6:     0x5f21692036b1 - <unknown>
[INFO] [stdout]    7:     0x5f2169203669 - <unknown>
[INFO] [stdout]    8:     0x5f2169203b7c - <unknown>
[INFO] [stdout]    9:     0x5f216914c63b - <unknown>
[INFO] [stdout]   10:     0x5f216914fd91 - <unknown>
[INFO] [stdout]   11:     0x5f21691b217d - <unknown>
[INFO] [stdout]   12:     0x5f21691c1db0 - <unknown>
[INFO] [stdout]   13:     0x5f21691bfa55 - <unknown>
[INFO] [stdout]   14:     0x5f216921e89b - <unknown>
[INFO] [stdout]   15:     0x5f216921a4fc - <unknown>
[INFO] [stdout]   16:     0x5f2169219c2c - <unknown>
[INFO] [stdout]   17:     0x5f216923464c - <unknown>
[INFO] [stdout]   18:     0x5f21692053a2 - <unknown>
[INFO] [stdout]   19:     0x74bfc4179dfa - <unknown>
[INFO] [stdout]   20:     0x74bfc420d3d4 - clone
[INFO] [stdout]   21:                0x0 - <unknown>
[INFO] [stdout] 
[INFO] [stdout] ---- account::test_account_list stdout ----
[INFO] [stdout] 
[INFO] [stdout] thread 'account::test_account_list' (13768) panicked at tests/integration_test.rs:102:38:
[INFO] [stdout] Failed to create client: NotFound
[INFO] [stdout] stack backtrace:
[INFO] [stdout]    0:     0x5f21691dd9d5 - <unknown>
[INFO] [stdout]    1:     0x5f216914c7aa - <unknown>
[INFO] [stdout]    2:     0x5f21691dd06b - <unknown>
[INFO] [stdout]    3:     0x5f21691dcb4f - <unknown>
[INFO] [stdout]    4:     0x5f21691dc77a - <unknown>
[INFO] [stdout]    5:     0x5f21691dc2b2 - <unknown>
[INFO] [stdout]    6:     0x5f21692036b1 - <unknown>
[INFO] [stdout]    7:     0x5f2169203669 - <unknown>
[INFO] [stdout]    8:     0x5f2169203b7c - <unknown>
[INFO] [stdout]    9:     0x5f216914c63b - <unknown>
[INFO] [stdout]   10:     0x5f216914fd91 - <unknown>
[INFO] [stdout]   11:     0x5f21691a99d1 - <unknown>
[INFO] [stdout]   12:     0x5f21691c1db0 - <unknown>
[INFO] [stdout]   13:     0x5f21691c0586 - <unknown>
[INFO] [stdout]   14:     0x5f216921e89b - <unknown>
[INFO] [stdout]   15:     0x5f216921a4fc - <unknown>
[INFO] [stdout]   16:     0x5f2169219c2c - <unknown>
[INFO] [stdout]   17:     0x5f216923464c - <unknown>
[INFO] [stdout]   18:     0x5f21692053a2 - <unknown>
[INFO] [stdout]   19:     0x74bfc4179dfa - <unknown>
[INFO] [stdout]   20:     0x74bfc420d3d4 - clone
[INFO] [stdout]   21:                0x0 - <unknown>
[INFO] [stdout] 
[INFO] [stdout] ---- document::test_document_get_to_file stdout ----
[INFO] [stdout] 
[INFO] [stdout] thread 'document::test_document_get_to_file' (13774) panicked at tests/integration_test.rs:694:38:
[INFO] [stdout] Failed to create client: NotFound
[INFO] [stdout] stack backtrace:
[INFO] [stdout]    0:     0x5f21691dd9d5 - <unknown>
[INFO] [stdout]    1:     0x5f216914c7aa - <unknown>
[INFO] [stdout]    2:     0x5f21691dd06b - <unknown>
[INFO] [stdout]    3:     0x5f21691dcb4f - <unknown>
[INFO] [stdout]    4:     0x5f21691dc77a - <unknown>
[INFO] [stdout]    5:     0x5f21691dc2b2 - <unknown>
[INFO] [stdout]    6:     0x5f21692036b1 - <unknown>
[INFO] [stdout]    7:     0x5f2169203669 - <unknown>
[INFO] [stdout]    8:     0x5f2169203b7c - <unknown>
[INFO] [stdout]    9:     0x5f216914c63b - <unknown>
[INFO] [stdout]   10:     0x5f216914fd91 - <unknown>
[INFO] [stdout]   11:     0x5f216917f264 - <unknown>
[INFO] [stdout]   12:     0x5f21691c1db0 - <unknown>
[INFO] [stdout]   13:     0x5f21691bd426 - <unknown>
[INFO] [stdout]   14:     0x5f216921e89b - <unknown>
[INFO] [stdout]   15:     0x5f216921a4fc - <unknown>
[INFO] [stdout]   16:     0x5f2169219c2c - <unknown>
[INFO] [stdout]   17:     0x5f216923464c - <unknown>
[INFO] [stdout]   18:     0x5f21692053a2 - <unknown>
[INFO] [stdout]   19:     0x74bfc4179dfa - <unknown>
[INFO] [stdout]   20:     0x74bfc420d3d4 - clone
[INFO] [stdout]   21:                0x0 - <unknown>
[INFO] [stdout] 
[INFO] [stdout] ---- account::test_account_get stdout ----
[INFO] [stdout] 
[INFO] [stdout] thread 'account::test_account_get' (13767) panicked at tests/integration_test.rs:119:38:
[INFO] [stdout] Failed to create client: NotFound
[INFO] [stdout] stack backtrace:
[INFO] [stdout]    0:     0x5f21691dd9d5 - <unknown>
[INFO] [stdout]    1:     0x5f216914c7aa - <unknown>
[INFO] [stdout]    2:     0x5f21691dd06b - <unknown>
[INFO] [stdout]    3:     0x5f21691dcb4f - <unknown>
[INFO] [stdout]    4:     0x5f21691dc77a - <unknown>
[INFO] [stdout]    5:     0x5f21691dc2b2 - <unknown>
[INFO] [stdout]    6:     0x5f21692036b1 - <unknown>
[INFO] [stdout]    7:     0x5f2169203669 - <unknown>
[INFO] [stdout]    8:     0x5f2169203b7c - <unknown>
[INFO] [stdout]    9:     0x5f216914c63b - <unknown>
[INFO] [stdout]   10:     0x5f216914fd91 - <unknown>
[INFO] [stdout]   11:     0x5f21691a8470 - <unknown>
[INFO] [stdout]   12:     0x5f21691c1db0 - <unknown>
[INFO] [stdout]   13:     0x5f21691c0876 - <unknown>
[INFO] [stdout]   14:     0x5f216921e89b - <unknown>
[INFO] [stdout]   15:     0x5f216921a4fc - <unknown>
[INFO] [stdout]   16:     0x5f2169219c2c - <unknown>
[INFO] [stdout]   17:     0x5f216923464c - <unknown>
[INFO] [stdout]   18:     0x5f21692053a2 - <unknown>
[INFO] [stdout]   19:     0x74bfc4179dfa - <unknown>
[INFO] [stdout]   20:     0x74bfc420d3d4 - clone
[INFO] [stdout]   21:                0x0 - <unknown>
[INFO] [stdout] 
[INFO] [stdout] ---- error_handling::test_item_get_not_found stdout ----
[INFO] [stdout] 
[INFO] [stdout] thread 'error_handling::test_item_get_not_found' (13778) panicked at tests/integration_test.rs:1057:38:
[INFO] [stdout] Failed to create client: NotFound
[INFO] [stdout] stack backtrace:
[INFO] [stdout]    0:     0x5f21691dd9d5 - <unknown>
[INFO] [stdout]    1:     0x5f216914c7aa - <unknown>
[INFO] [stdout]    2:     0x5f21691dd06b - <unknown>
[INFO] [stdout]    3:     0x5f21691dcb4f - <unknown>
[INFO] [stdout]    4:     0x5f21691dc77a - <unknown>
[INFO] [stdout]    5:     0x5f21691dc2b2 - <unknown>
[INFO] [stdout]    6:     0x5f21692036b1 - <unknown>
[INFO] [stdout]    7:     0x5f2169203669 - <unknown>
[INFO] [stdout]    8:     0x5f2169203b7c - <unknown>
[INFO] [stdout]    9:     0x5f216914c63b - <unknown>
[INFO] [stdout]   10:     0x5f216914fd91 - <unknown>
[INFO] [stdout]   11:     0x5f21691a09ae - <unknown>
[INFO] [stdout]   12:     0x5f21691c1db0 - <unknown>
[INFO] [stdout]   13:     0x5f21691bc906 - <unknown>
[INFO] [stdout]   14:     0x5f216921e89b - <unknown>
[INFO] [stdout]   15:     0x5f216921a4fc - <unknown>
[INFO] [stdout]   16:     0x5f2169219c2c - <unknown>
[INFO] [stdout]   17:     0x5f216923464c - <unknown>
[INFO] [stdout]   18:     0x5f21692053a2 - <unknown>
[INFO] [stdout]   19:     0x74bfc4179dfa - <unknown>
[INFO] [stdout]   20:     0x74bfc420d3d4 - clone
[INFO] [stdout]   21:                0x0 - <unknown>
[INFO] [stdout] 
[INFO] [stdout] ---- error_handling::test_user_get_not_found stdout ----
[INFO] [stdout] 
[INFO] [stdout] thread 'error_handling::test_user_get_not_found' (13779) panicked at tests/integration_test.rs:1068:38:
[INFO] [stdout] Failed to create client: NotFound
[INFO] [stdout] stack backtrace:
[INFO] [stdout]    0:     0x5f21691dd9d5 - <unknown>
[INFO] [stdout]    1:     0x5f216914c7aa - <unknown>
[INFO] [stdout]    2:     0x5f21691dd06b - <unknown>
[INFO] [stdout]    3:     0x5f21691dcb4f - <unknown>
[INFO] [stdout]    4:     0x5f21691dc77a - <unknown>
[INFO] [stdout]    5:     0x5f21691dc2b2 - <unknown>
[INFO] [stdout]    6:     0x5f21692036b1 - <unknown>
[INFO] [stdout]    7:     0x5f2169203669 - <unknown>
[INFO] [stdout]    8:     0x5f2169203b7c - <unknown>
[INFO] [stdout]    9:     0x5f216914c63b - <unknown>
[INFO] [stdout]   10:     0x5f216914fd91 - <unknown>
[INFO] [stdout]   11:     0x5f21691a2758 - <unknown>
[INFO] [stdout]   12:     0x5f21691c1db0 - <unknown>
[INFO] [stdout]   13:     0x5f21691bc616 - <unknown>
[INFO] [stdout]   14:     0x5f216921e89b - <unknown>
[INFO] [stdout]   15:     0x5f216921a4fc - <unknown>
[INFO] [stdout]   16:     0x5f2169219c2c - <unknown>
[INFO] [stdout]   17:     0x5f216923464c - <unknown>
[INFO] [stdout]   18:     0x5f21692053a2 - <unknown>
[INFO] [stdout]   19:     0x74bfc4179dfa - <unknown>
[INFO] [stdout]   20:     0x74bfc420d3d4 - clone
[INFO] [stdout]   21:                0x0 - <unknown>
[INFO] [stdout] 
[INFO] [stdout] ---- auth::test_whoami stdout ----
[INFO] [stdout] 
[INFO] [stdout] thread 'auth::test_whoami' (13770) panicked at tests/integration_test.rs:49:38:
[INFO] [stdout] Failed to create client: NotFound
[INFO] [stdout] stack backtrace:
[INFO] [stdout]    0:     0x5f21691dd9d5 - <unknown>
[INFO] [stdout]    1:     0x5f216914c7aa - <unknown>
[INFO] [stdout]    2:     0x5f21691dd06b - <unknown>
[INFO] [stdout]    3:     0x5f21691dcb4f - <unknown>
[INFO] [stdout]    4:     0x5f21691dc77a - <unknown>
[INFO] [stdout]    5:     0x5f21691dc2b2 - <unknown>
[INFO] [stdout]    6:     0x5f21692036b1 - <unknown>
[INFO] [stdout]    7:     0x5f2169203669 - <unknown>
[INFO] [stdout]    8:     0x5f2169203b7c - <unknown>
[INFO] [stdout]    9:     0x5f216914c63b - <unknown>
[INFO] [stdout]   10:     0x5f216914fd91 - <unknown>
[INFO] [stdout]   11:     0x5f21691ae058 - <unknown>
[INFO] [stdout]   12:     0x5f21691c1db0 - <unknown>
[INFO] [stdout]   13:     0x5f21691bfff6 - <unknown>
[INFO] [stdout]   14:     0x5f216921e89b - <unknown>
[INFO] [stdout]   15:     0x5f216921a4fc - <unknown>
[INFO] [stdout]   16:     0x5f2169219c2c - <unknown>
[INFO] [stdout]   17:     0x5f216923464c - <unknown>
[INFO] [stdout]   18:     0x5f21692053a2 - <unknown>
[INFO] [stdout]   19:     0x74bfc4179dfa - <unknown>
[INFO] [stdout]   20:     0x74bfc420d3d4 - clone
[INFO] [stdout]   21:                0x0 - <unknown>
[INFO] [stdout] 
[INFO] [stdout] ---- error_handling::test_vault_get_not_found stdout ----
[INFO] [stdout] 
[INFO] [stdout] thread 'error_handling::test_vault_get_not_found' (13780) panicked at tests/integration_test.rs:1046:38:
[INFO] [stdout] Failed to create client: NotFound
[INFO] [stdout] stack backtrace:
[INFO] [stdout]    0:     0x5f21691dd9d5 - <unknown>
[INFO] [stdout]    1:     0x5f216914c7aa - <unknown>
[INFO] [stdout]    2:     0x5f21691dd06b - <unknown>
[INFO] [stdout]    3:     0x5f21691dcb4f - <unknown>
[INFO] [stdout]    4:     0x5f21691dc77a - <unknown>
[INFO] [stdout]    5:     0x5f21691dc2b2 - <unknown>
[INFO] [stdout]    6:     0x5f21692036b1 - <unknown>
[INFO] [stdout]    7:     0x5f2169203669 - <unknown>
[INFO] [stdout]    8:     0x5f2169203b7c - <unknown>
[INFO] [stdout]    9:     0x5f216914c63b - <unknown>
[INFO] [stdout]   10:     0x5f216914fd91 - <unknown>
[INFO] [stdout]   11:     0x5f21691a425b - <unknown>
[INFO] [stdout]   12:     0x5f21691c1db0 - <unknown>
[INFO] [stdout]   13:     0x5f21691bc326 - <unknown>
[INFO] [stdout]   14:     0x5f216921e89b - <unknown>
[INFO] [stdout]   15:     0x5f216921a4fc - <unknown>
[INFO] [stdout]   16:     0x5f2169219c2c - <unknown>
[INFO] [stdout]   17:     0x5f216923464c - <unknown>
[INFO] [stdout]   18:     0x5f21692053a2 - <unknown>
[INFO] [stdout]   19:     0x74bfc4179dfa - <unknown>
[INFO] [stdout]   20:     0x74bfc420d3d4 - clone
[INFO] [stdout]   21:                0x0 - <unknown>
[INFO] [stdout] 
[INFO] [stdout] ---- error_handling::test_group_get_not_found stdout ----
[INFO] [stdout] 
[INFO] [stdout] thread 'error_handling::test_group_get_not_found' (13777) panicked at tests/integration_test.rs:1079:38:
[INFO] [stdout] Failed to create client: NotFound
[INFO] [stdout] stack backtrace:
[INFO] [stdout]    0:     0x5f21691dd9d5 - <unknown>
[INFO] [stdout]    1:     0x5f216914c7aa - <unknown>
[INFO] [stdout]    2:     0x5f21691dd06b - <unknown>
[INFO] [stdout]    3:     0x5f21691dcb4f - <unknown>
[INFO] [stdout]    4:     0x5f21691dc77a - <unknown>
[INFO] [stdout]    5:     0x5f21691dc2b2 - <unknown>
[INFO] [stdout]    6:     0x5f21692036b1 - <unknown>
[INFO] [stdout]    7:     0x5f2169203669 - <unknown>
[INFO] [stdout]    8:     0x5f2169203b7c - <unknown>
[INFO] [stdout]    9:     0x5f216914c63b - <unknown>
[INFO] [stdout]   10:     0x5f216914fd91 - <unknown>
[INFO] [stdout]   11:     0x5f21691a34ef - <unknown>
[INFO] [stdout]   12:     0x5f21691c1db0 - <unknown>
[INFO] [stdout]   13:     0x5f21691bcbf6 - <unknown>
[INFO] [stdout]   14:     0x5f216921e89b - <unknown>
[INFO] [stdout]   15:     0x5f216921a4fc - <unknown>
[INFO] [stdout]   16:     0x5f2169219c2c - <unknown>
[INFO] [stdout]   17:     0x5f216923464c - <unknown>
[INFO] [stdout]   18:     0x5f21692053a2 - <unknown>
[INFO] [stdout]   19:     0x74bfc4179dfa - <unknown>
[INFO] [stdout]   20:     0x74bfc420d3d4 - clone
[INFO] [stdout]   21:                0x0 - <unknown>
[INFO] [stdout] 
[INFO] [stdout] ---- group::test_group_list stdout ----
[INFO] [stdout] 
[INFO] [stdout] thread 'group::test_group_list' (13783) panicked at tests/integration_test.rs:830:38:
[INFO] [stdout] Failed to create client: NotFound
[INFO] [stdout] stack backtrace:
[INFO] [stdout]    0:     0x5f21691dd9d5 - <unknown>
[INFO] [stdout]    1:     0x5f216914c7aa - <unknown>
[INFO] [stdout]    2:     0x5f21691dd06b - <unknown>
[INFO] [stdout]    3:     0x5f21691dcb4f - <unknown>
[INFO] [stdout]    4:     0x5f21691dc77a - <unknown>
[INFO] [stdout]    5:     0x5f21691dc2b2 - <unknown>
[INFO] [stdout]    6:     0x5f21692036b1 - <unknown>
[INFO] [stdout]    7:     0x5f2169203669 - <unknown>
[INFO] [stdout]    8:     0x5f2169203b7c - <unknown>
[INFO] [stdout]    9:     0x5f216914c63b - <unknown>
[INFO] [stdout]   10:     0x5f216914fd91 - <unknown>
[INFO] [stdout]   11:     0x5f2169181322 - <unknown>
[INFO] [stdout]   12:     0x5f21691c1db0 - <unknown>
[INFO] [stdout]   13:     0x5f21691bbaf6 - <unknown>
[INFO] [stdout]   14:     0x5f216921e89b - <unknown>
[INFO] [stdout]   15:     0x5f216921a4fc - <unknown>
[INFO] [stdout]   16:     0x5f2169219c2c - <unknown>
[INFO] [stdout]   17:     0x5f216923464c - <unknown>
[INFO] [stdout]   18:     0x5f21692053a2 - <unknown>
[INFO] [stdout]   19:     0x74bfc4179dfa - <unknown>
[INFO] [stdout]   20:     0x74bfc420d3d4 - clone
[INFO] [stdout]   21:                0x0 - <unknown>
[INFO] [stdout] 
[INFO] [stdout] ---- item::test_item_create_get_edit_delete stdout ----
[INFO] [stdout] 
[INFO] [stdout] thread 'item::test_item_create_get_edit_delete' (13784) panicked at tests/integration_test.rs:399:38:
[INFO] [stdout] Failed to create client: NotFound
[INFO] [stdout] stack backtrace:
[INFO] [stdout]    0:     0x5f21691dd9d5 - <unknown>
[INFO] [stdout]    1:     0x5f216914c7aa - <unknown>
[INFO] [stdout]    2:     0x5f21691dd06b - <unknown>
[INFO] [stdout]    3:     0x5f21691dcb4f - <unknown>
[INFO] [stdout]    4:     0x5f21691dc77a - <unknown>
[INFO] [stdout]    5:     0x5f21691dc2b2 - <unknown>
[INFO] [stdout]    6:     0x5f21692036b1 - <unknown>
[INFO] [stdout]    7:     0x5f2169203669 - <unknown>
[INFO] [stdout]    8:     0x5f2169203b7c - <unknown>
[INFO] [stdout]    9:     0x5f216914c63b - <unknown>
[INFO] [stdout]   10:     0x5f216914fd91 - <unknown>
[INFO] [stdout]   11:     0x5f2169166637 - <unknown>
[INFO] [stdout]   12:     0x5f21691c1db0 - <unknown>
[INFO] [stdout]   13:     0x5f21691bb855 - <unknown>
[INFO] [stdout]   14:     0x5f216921e89b - <unknown>
[INFO] [stdout]   15:     0x5f216921a4fc - <unknown>
[INFO] [stdout]   16:     0x5f2169219c2c - <unknown>
[INFO] [stdout]   17:     0x5f216923464c - <unknown>
[INFO] [stdout]   18:     0x5f21692053a2 - <unknown>
[INFO] [stdout]   19:     0x74bfc4179dfa - <unknown>
[INFO] [stdout]   20:     0x74bfc420d3d4 - clone
[INFO] [stdout]   21:                0x0 - <unknown>
[INFO] [stdout] 
[INFO] [stdout] ---- item::test_item_create_secure_note stdout ----
[INFO] [stdout] 
[INFO] [stdout] thread 'item::test_item_create_secure_note' (13785) panicked at tests/integration_test.rs:547:38:
[INFO] [stdout] Failed to create client: NotFound
[INFO] [stdout] stack backtrace:
[INFO] [stdout]    0:     0x5f21691dd9d5 - <unknown>
[INFO] [stdout]    1:     0x5f216914c7aa - <unknown>
[INFO] [stdout]    2:     0x5f21691dd06b - <unknown>
[INFO] [stdout]    3:     0x5f21691dcb4f - <unknown>
[INFO] [stdout]    4:     0x5f21691dc77a - <unknown>
[INFO] [stdout]    5:     0x5f21691dc2b2 - <unknown>
[INFO] [stdout]    6:     0x5f21692036b1 - <unknown>
[INFO] [stdout]    7:     0x5f2169203669 - <unknown>
[INFO] [stdout]    8:     0x5f2169203b7c - <unknown>
[INFO] [stdout]    9:     0x5f216914c63b - <unknown>
[INFO] [stdout]   10:     0x5f216914fd91 - <unknown>
[INFO] [stdout]   11:     0x5f2169162029 - <unknown>
[INFO] [stdout]   12:     0x5f21691c1db0 - <unknown>
[INFO] [stdout]   13:     0x5f21691bb5a6 - <unknown>
[INFO] [stdout]   14:     0x5f216921e89b - <unknown>
[INFO] [stdout]   15:     0x5f216921a4fc - <unknown>
[INFO] [stdout]   16:     0x5f2169219c2c - <unknown>
[INFO] [stdout]   17:     0x5f216923464c - <unknown>
[INFO] [stdout]   18:     0x5f21692053a2 - <unknown>
[INFO] [stdout]   19:     0x74bfc4179dfa - <unknown>
[INFO] [stdout]   20:     0x74bfc420d3d4 - clone
[INFO] [stdout]   21:                0x0 - <unknown>
[INFO] [stdout] 
[INFO] [stdout] ---- group::test_group_get stdout ----
[INFO] [stdout] 
[INFO] [stdout] thread 'group::test_group_get' (13781) panicked at tests/integration_test.rs:845:38:
[INFO] [stdout] Failed to create client: NotFound
[INFO] [stdout] stack backtrace:
[INFO] [stdout]    0:     0x5f21691dd9d5 - <unknown>
[INFO] [stdout]    1:     0x5f216914c7aa - <unknown>
[INFO] [stdout]    2:     0x5f21691dd06b - <unknown>
[INFO] [stdout]    3:     0x5f21691dcb4f - <unknown>
[INFO] [stdout]    4:     0x5f21691dc77a - <unknown>
[INFO] [stdout]    5:     0x5f21691dc2b2 - <unknown>
[INFO] [stdout]    6:     0x5f21692036b1 - <unknown>
[INFO] [stdout]    7:     0x5f2169203669 - <unknown>
[INFO] [stdout]    8:     0x5f2169203b7c - <unknown>
[INFO] [stdout]    9:     0x5f216914c63b - <unknown>
[INFO] [stdout]   10:     0x5f216914fd91 - <unknown>
[INFO] [stdout]   11:     0x5f216917ff27 - <unknown>
[INFO] [stdout]   12:     0x5f21691c1db0 - <unknown>
[INFO] [stdout]   13:     0x5f21691bc086 - <unknown>
[INFO] [stdout]   14:     0x5f216921e89b - <unknown>
[INFO] [stdout]   15:     0x5f216921a4fc - <unknown>
[INFO] [stdout]   16:     0x5f2169219c2c - <unknown>
[INFO] [stdout]   17:     0x5f216923464c - <unknown>
[INFO] [stdout]   18:     0x5f21692053a2 - <unknown>
[INFO] [stdout]   19:     0x74bfc4179dfa - <unknown>
[INFO] [stdout]   20:     0x74bfc420d3d4 - clone
[INFO] [stdout]   21:                0x0 - <unknown>
[INFO] [stdout] 
[INFO] [stdout] ---- group::test_group_lifecycle stdout ----
[INFO] [stdout] 
[INFO] [stdout] thread 'group::test_group_lifecycle' (13782) panicked at tests/integration_test.rs:862:38:
[INFO] [stdout] Failed to create client: NotFound
[INFO] [stdout] stack backtrace:
[INFO] [stdout]    0:     0x5f21691dd9d5 - <unknown>
[INFO] [stdout]    1:     0x5f216914c7aa - <unknown>
[INFO] [stdout]    2:     0x5f21691dd06b - <unknown>
[INFO] [stdout]    3:     0x5f21691dcb4f - <unknown>
[INFO] [stdout]    4:     0x5f21691dc77a - <unknown>
[INFO] [stdout]    5:     0x5f21691dc2b2 - <unknown>
[INFO] [stdout]    6:     0x5f21692036b1 - <unknown>
[INFO] [stdout]    7:     0x5f2169203669 - <unknown>
[INFO] [stdout]    8:     0x5f2169203b7c - <unknown>
[INFO] [stdout]    9:     0x5f216914c63b - <unknown>
[INFO] [stdout]   10:     0x5f216914fd91 - <unknown>
[INFO] [stdout]   11:     0x5f2169183b04 - <unknown>
[INFO] [stdout]   12:     0x5f21691c1db0 - <unknown>
[INFO] [stdout]   13:     0x5f21691bbde6 - <unknown>
[INFO] [stdout]   14:     0x5f216921e89b - <unknown>
[INFO] [stdout]   15:     0x5f216921a4fc - <unknown>
[INFO] [stdout]   16:     0x5f2169219c2c - <unknown>
[INFO] [stdout]   17:     0x5f216923464c - <unknown>
[INFO] [stdout]   18:     0x5f21692053a2 - <unknown>
[INFO] [stdout]   19:     0x74bfc4179dfa - <unknown>
[INFO] [stdout]   20:     0x74bfc420d3d4 - clone
[INFO] [stdout]   21:                0x0 - <unknown>
[INFO] [stdout] 
[INFO] [stdout] ---- item::test_item_list stdout ----
[INFO] [stdout] 
[INFO] [stdout] thread 'item::test_item_list' (13787) panicked at tests/integration_test.rs:306:38:
[INFO] [stdout] Failed to create client: NotFound
[INFO] [stdout] stack backtrace:
[INFO] [stdout]    0:     0x5f21691dd9d5 - <unknown>
[INFO] [stdout]    1:     0x5f216914c7aa - <unknown>
[INFO] [stdout]    2:     0x5f21691dd06b - <unknown>
[INFO] [stdout]    3:     0x5f21691dcb4f - <unknown>
[INFO] [stdout]    4:     0x5f21691dc77a - <unknown>
[INFO] [stdout]    5:     0x5f21691dc2b2 - <unknown>
[INFO] [stdout]    6:     0x5f21692036b1 - <unknown>
[INFO] [stdout]    7:     0x5f2169203669 - <unknown>
[INFO] [stdout]    8:     0x5f2169203b7c - <unknown>
[INFO] [stdout]    9:     0x5f216914c63b - <unknown>
[INFO] [stdout]   10:     0x5f216914fd91 - <unknown>
[INFO] [stdout]   11:     0x5f216915bcfe - <unknown>
[INFO] [stdout]   12:     0x5f21691c1db0 - <unknown>
[INFO] [stdout]   13:     0x5f21691bb016 - <unknown>
[INFO] [stdout]   14:     0x5f216921e89b - <unknown>
[INFO] [stdout]   15:     0x5f216921a4fc - <unknown>
[INFO] [stdout]   16:     0x5f2169219c2c - <unknown>
[INFO] [stdout]   17:     0x5f216923464c - <unknown>
[INFO] [stdout]   18:     0x5f21692053a2 - <unknown>
[INFO] [stdout]   19:     0x74bfc4179dfa - <unknown>
[INFO] [stdout]   20:     0x74bfc420d3d4 - clone
[INFO] [stdout]   21:                0x0 - <unknown>
[INFO] [stdout] 
[INFO] [stdout] ---- item::test_item_list_by_category stdout ----
[INFO] [stdout] 
[INFO] [stdout] thread 'item::test_item_list_by_category' (13788) panicked at tests/integration_test.rs:336:38:
[INFO] [stdout] Failed to create client: NotFound
[INFO] [stdout] stack backtrace:
[INFO] [stdout]    0:     0x5f21691dd9d5 - <unknown>
[INFO] [stdout]    1:     0x5f216914c7aa - <unknown>
[INFO] [stdout]    2:     0x5f21691dd06b - <unknown>
[INFO] [stdout]    3:     0x5f21691dcb4f - <unknown>
[INFO] [stdout]    4:     0x5f21691dc77a - <unknown>
[INFO] [stdout]    5:     0x5f21691dc2b2 - <unknown>
[INFO] [stdout]    6:     0x5f21692036b1 - <unknown>
[INFO] [stdout]    7:     0x5f2169203669 - <unknown>
[INFO] [stdout]    8:     0x5f2169203b7c - <unknown>
[INFO] [stdout]    9:     0x5f216914c63b - <unknown>
[INFO] [stdout]   10:     0x5f216914fd91 - <unknown>
[INFO] [stdout]   11:     0x5f2169161812 - <unknown>
[INFO] [stdout]   12:     0x5f21691c1db0 - <unknown>
[INFO] [stdout]   13:     0x5f21691bad26 - <unknown>
[INFO] [stdout]   14:     0x5f216921e89b - <unknown>
[INFO] [stdout]   15:     0x5f216921a4fc - <unknown>
[INFO] [stdout]   16:     0x5f2169219c2c - <unknown>
[INFO] [stdout]   17:     0x5f216923464c - <unknown>
[INFO] [stdout]   18:     0x5f21692053a2 - <unknown>
[INFO] [stdout]   19:     0x74bfc4179dfa - <unknown>
[INFO] [stdout]   20:     0x74bfc420d3d4 - clone
[INFO] [stdout]   21:                0x0 - <unknown>
[INFO] [stdout] 
[INFO] [stdout] ---- item::test_item_list_in_vault stdout ----
[INFO] [stdout] 
[INFO] [stdout] thread 'item::test_item_list_in_vault' (13789) panicked at tests/integration_test.rs:321:38:
[INFO] [stdout] Failed to create client: NotFound
[INFO] [stdout] stack backtrace:
[INFO] [stdout]    0:     0x5f21691dd9d5 - <unknown>
[INFO] [stdout]    1:     0x5f216914c7aa - <unknown>
[INFO] [stdout]    2:     0x5f21691dd06b - <unknown>
[INFO] [stdout]    3:     0x5f21691dcb4f - <unknown>
[INFO] [stdout]    4:     0x5f21691dc77a - <unknown>
[INFO] [stdout]    5:     0x5f21691dc2b2 - <unknown>
[INFO] [stdout]    6:     0x5f21692036b1 - <unknown>
[INFO] [stdout]    7:     0x5f2169203669 - <unknown>
[INFO] [stdout]    8:     0x5f2169203b7c - <unknown>
[INFO] [stdout]    9:     0x5f216914c63b - <unknown>
[INFO] [stdout]   10:     0x5f216914fd91 - <unknown>
[INFO] [stdout]   11:     0x5f2169160779 - <unknown>
[INFO] [stdout]   12:     0x5f21691c1db0 - <unknown>
[INFO] [stdout]   13:     0x5f21691baa86 - <unknown>
[INFO] [stdout]   14:     0x5f216921e89b - <unknown>
[INFO] [stdout]   15:     0x5f216921a4fc - <unknown>
[INFO] [stdout]   16:     0x5f2169219c2c - <unknown>
[INFO] [stdout]   17:     0x5f216923464c - <unknown>
[INFO] [stdout]   18:     0x5f21692053a2 - <unknown>
[INFO] [stdout]   19:     0x74bfc4179dfa - <unknown>
[INFO] [stdout]   20:     0x74bfc420d3d4 - clone
[INFO] [stdout]   21:                0x0 - <unknown>
[INFO] [stdout] 
[INFO] [stdout] ---- document::test_document_list stdout ----
[INFO] [stdout] 
[INFO] [stdout] thread 'document::test_document_list' (13776) panicked at tests/integration_test.rs:604:38:
[INFO] [stdout] Failed to create client: NotFound
[INFO] [stdout] stack backtrace:
[INFO] [stdout]    0:     0x5f21691dd9d5 - <unknown>
[INFO] [stdout]    1:     0x5f216914c7aa - <unknown>
[INFO] [stdout]    2:     0x5f21691dd06b - <unknown>
[INFO] [stdout]    3:     0x5f21691dcb4f - <unknown>
[INFO] [stdout]    4:     0x5f21691dc77a - <unknown>
[INFO] [stdout]    5:     0x5f21691dc2b2 - <unknown>
[INFO] [stdout]    6:     0x5f21692036b1 - <unknown>
[INFO] [stdout]    7:     0x5f2169203669 - <unknown>
[INFO] [stdout]    8:     0x5f2169203b7c - <unknown>
[INFO] [stdout]    9:     0x5f216914c63b - <unknown>
[INFO] [stdout]   10:     0x5f216914fd91 - <unknown>
[INFO] [stdout]   11:     0x5f2169176e14 - <unknown>
[INFO] [stdout]   12:     0x5f21691c1db0 - <unknown>
[INFO] [stdout]   13:     0x5f21691bcee6 - <unknown>
[INFO] [stdout]   14:     0x5f216921e89b - <unknown>
[INFO] [stdout]   15:     0x5f216921a4fc - <unknown>
[INFO] [stdout]   16:     0x5f2169219c2c - <unknown>
[INFO] [stdout]   17:     0x5f216923464c - <unknown>
[INFO] [stdout]   18:     0x5f21692053a2 - <unknown>
[INFO] [stdout]   19:     0x74bfc4179dfa - <unknown>
[INFO] [stdout]   20:     0x74bfc420d3d4 - clone
[INFO] [stdout]   21:                0x0 - <unknown>
[INFO] [stdout] 
[INFO] [stdout] ---- secret::test_inject_template stdout ----
[INFO] [stdout] 
[INFO] [stdout] thread 'secret::test_inject_template' (13792) panicked at tests/integration_test.rs:946:38:
[INFO] [stdout] Failed to create client: NotFound
[INFO] [stdout] stack backtrace:
[INFO] [stdout]    0:     0x5f21691dd9d5 - <unknown>
[INFO] [stdout]    1:     0x5f216914c7aa - <unknown>
[INFO] [stdout]    2:     0x5f21691dd06b - <unknown>
[INFO] [stdout]    3:     0x5f21691dcb4f - <unknown>
[INFO] [stdout]    4:     0x5f21691dc77a - <unknown>
[INFO] [stdout]    5:     0x5f21691dc2b2 - <unknown>
[INFO] [stdout]    6:     0x5f21692036b1 - <unknown>
[INFO] [stdout]    7:     0x5f2169203669 - <unknown>
[INFO] [stdout]    8:     0x5f2169203b7c - <unknown>
[INFO] [stdout]    9:     0x5f216914c63b - <unknown>
[INFO] [stdout]   10:     0x5f216914fd91 - <unknown>
[INFO] [stdout]   11:     0x5f2169170adf - <unknown>
[INFO] [stdout]   12:     0x5f21691c1db0 - <unknown>
[INFO] [stdout]   13:     0x5f21691ba206 - <unknown>
[INFO] [stdout]   14:     0x5f216921e89b - <unknown>
[INFO] [stdout]   15:     0x5f216921a4fc - <unknown>
[INFO] [stdout]   16:     0x5f2169219c2c - <unknown>
[INFO] [stdout]   17:     0x5f216923464c - <unknown>
[INFO] [stdout]   18:     0x5f21692053a2 - <unknown>
[INFO] [stdout]   19:     0x74bfc4179dfa - <unknown>
[INFO] [stdout]   20:     0x74bfc420d3d4 - clone
[INFO] [stdout]   21:                0x0 - <unknown>
[INFO] [stdout] 
[INFO] [stdout] ---- item::test_item_template_list stdout ----
[INFO] [stdout] 
[INFO] [stdout] thread 'item::test_item_template_list' (13791) panicked at tests/integration_test.rs:357:38:
[INFO] [stdout] Failed to create client: NotFound
[INFO] [stdout] stack backtrace:
[INFO] [stdout]    0:     0x5f21691dd9d5 - <unknown>
[INFO] [stdout]    1:     0x5f216914c7aa - <unknown>
[INFO] [stdout]    2:     0x5f21691dd06b - <unknown>
[INFO] [stdout]    3:     0x5f21691dcb4f - <unknown>
[INFO] [stdout]    4:     0x5f21691dc77a - <unknown>
[INFO] [stdout]    5:     0x5f21691dc2b2 - <unknown>
[INFO] [stdout]    6:     0x5f21692036b1 - <unknown>
[INFO] [stdout]    7:     0x5f2169203669 - <unknown>
[INFO] [stdout]    8:     0x5f2169203b7c - <unknown>
[INFO] [stdout]    9:     0x5f216914c63b - <unknown>
[INFO] [stdout]   10:     0x5f216914fd91 - <unknown>
[INFO] [stdout]   11:     0x5f21691613cd - <unknown>
[INFO] [stdout]   12:     0x5f21691c1db0 - <unknown>
[INFO] [stdout]   13:     0x5f21691ba4f6 - <unknown>
[INFO] [stdout]   14:     0x5f216921e89b - <unknown>
[INFO] [stdout]   15:     0x5f216921a4fc - <unknown>
[INFO] [stdout]   16:     0x5f2169219c2c - <unknown>
[INFO] [stdout]   17:     0x5f216923464c - <unknown>
[INFO] [stdout]   18:     0x5f21692053a2 - <unknown>
[INFO] [stdout]   19:     0x74bfc4179dfa - <unknown>
[INFO] [stdout]   20:     0x74bfc420d3d4 - clone
[INFO] [stdout]   21:                0x0 - <unknown>
[INFO] [stdout] 
[INFO] [stdout] ---- connect::test_connect_server_list stdout ----
[INFO] [stdout] 
[INFO] [stdout] thread 'connect::test_connect_server_list' (13773) panicked at tests/integration_test.rs:1021:38:
[INFO] [stdout] Failed to create client: NotFound
[INFO] [stdout] stack backtrace:
[INFO] [stdout]    0:     0x5f21691dd9d5 - <unknown>
[INFO] [stdout]    1:     0x5f216914c7aa - <unknown>
[INFO] [stdout]    2:     0x5f21691dd06b - <unknown>
[INFO] [stdout]    3:     0x5f21691dcb4f - <unknown>
[INFO] [stdout]    4:     0x5f21691dc77a - <unknown>
[INFO] [stdout]    5:     0x5f21691dc2b2 - <unknown>
[INFO] [stdout]    6:     0x5f21692036b1 - <unknown>
[INFO] [stdout]    7:     0x5f2169203669 - <unknown>
[INFO] [stdout]    8:     0x5f2169203b7c - <unknown>
[INFO] [stdout]    9:     0x5f216914c63b - <unknown>
[INFO] [stdout]   10:     0x5f216914fd91 - <unknown>
[INFO] [stdout]   11:     0x5f21691beed9 - <unknown>
[INFO] [stdout]   12:     0x5f21691c1db0 - <unknown>
[INFO] [stdout]   13:     0x5f21691bd6c6 - <unknown>
[INFO] [stdout]   14:     0x5f216921e89b - <unknown>
[INFO] [stdout]   15:     0x5f216921a4fc - <unknown>
[INFO] [stdout]   16:     0x5f2169219c2c - <unknown>
[INFO] [stdout]   17:     0x5f216923464c - <unknown>
[INFO] [stdout]   18:     0x5f21692053a2 - <unknown>
[INFO] [stdout]   19:     0x74bfc4179dfa - <unknown>
[INFO] [stdout]   20:     0x74bfc420d3d4 - clone
[INFO] [stdout]   21:                0x0 - <unknown>
[INFO] [stdout] 
[INFO] [stdout] ---- secret::test_secret_read_existing stdout ----
[INFO] [stdout] 
[INFO] [stdout] thread 'secret::test_secret_read_existing' (13793) panicked at tests/integration_test.rs:960:38:
[INFO] [stdout] Failed to create client: NotFound
[INFO] [stdout] stack backtrace:
[INFO] [stdout]    0:     0x5f21691dd9d5 - <unknown>
[INFO] [stdout]    1:     0x5f216914c7aa - <unknown>
[INFO] [stdout]    2:     0x5f21691dd06b - <unknown>
[INFO] [stdout]    3:     0x5f21691dcb4f - <unknown>
[INFO] [stdout]    4:     0x5f21691dc77a - <unknown>
[INFO] [stdout]    5:     0x5f21691dc2b2 - <unknown>
[INFO] [stdout]    6:     0x5f21692036b1 - <unknown>
[INFO] [stdout]    7:     0x5f2169203669 - <unknown>
[INFO] [stdout]    8:     0x5f2169203b7c - <unknown>
[INFO] [stdout]    9:     0x5f216914c63b - <unknown>
[INFO] [stdout]   10:     0x5f216914fd91 - <unknown>
[INFO] [stdout]   11:     0x5f2169173cf7 - <unknown>
[INFO] [stdout]   12:     0x5f21691c1db0 - <unknown>
[INFO] [stdout]   13:     0x5f21691b9f66 - <unknown>
[INFO] [stdout]   14:     0x5f216921e89b - <unknown>
[INFO] [stdout]   15:     0x5f216921a4fc - <unknown>
[INFO] [stdout]   16:     0x5f2169219c2c - <unknown>
[INFO] [stdout]   17:     0x5f216923464c - <unknown>
[INFO] [stdout]   18:     0x5f21692053a2 - <unknown>
[INFO] [stdout]   19:     0x74bfc4179dfa - <unknown>
[INFO] [stdout]   20:     0x74bfc420d3d4 - clone
[INFO] [stdout]   21:                0x0 - <unknown>
[INFO] [stdout] 
[INFO] [stdout] ---- item::test_item_create_with_generated_password stdout ----
[INFO] [stdout] 
[INFO] [stdout] thread 'item::test_item_create_with_generated_password' (13786) panicked at tests/integration_test.rs:498:38:
[INFO] [stdout] Failed to create client: NotFound
[INFO] [stdout] stack backtrace:
[INFO] [stdout]    0:     0x5f21691dd9d5 - <unknown>
[INFO] [stdout]    1:     0x5f216914c7aa - <unknown>
[INFO] [stdout]    2:     0x5f21691dd06b - <unknown>
[INFO] [stdout]    3:     0x5f21691dcb4f - <unknown>
[INFO] [stdout]    4:     0x5f21691dc77a - <unknown>
[INFO] [stdout]    5:     0x5f21691dc2b2 - <unknown>
[INFO] [stdout]    6:     0x5f21692036b1 - <unknown>
[INFO] [stdout]    7:     0x5f2169203669 - <unknown>
[INFO] [stdout]    8:     0x5f2169203b7c - <unknown>
[INFO] [stdout]    9:     0x5f216914c63b - <unknown>
[INFO] [stdout]   10:     0x5f216914fd91 - <unknown>
[INFO] [stdout]   11:     0x5f2169167dbd - <unknown>
[INFO] [stdout]   12:     0x5f21691c1db0 - <unknown>
[INFO] [stdout]   13:     0x5f21691bb306 - <unknown>
[INFO] [stdout]   14:     0x5f216921e89b - <unknown>
[INFO] [stdout]   15:     0x5f216921a4fc - <unknown>
[INFO] [stdout]   16:     0x5f2169219c2c - <unknown>
[INFO] [stdout]   17:     0x5f216923464c - <unknown>
[INFO] [stdout]   18:     0x5f21692053a2 - <unknown>
[INFO] [stdout]   19:     0x74bfc4179dfa - <unknown>
[INFO] [stdout]   20:     0x74bfc420d3d4 - clone
[INFO] [stdout]   21:                0x0 - <unknown>
[INFO] [stdout] 
[INFO] [stdout] ---- item::test_item_template_get stdout ----
[INFO] [stdout] 
[INFO] [stdout] thread 'item::test_item_template_get' (13790) panicked at tests/integration_test.rs:373:38:
[INFO] [stdout] Failed to create client: NotFound
[INFO] [stdout] stack backtrace:
[INFO] [stdout]    0:     0x5f21691dd9d5 - <unknown>
[INFO] [stdout]    1:     0x5f216914c7aa - <unknown>
[INFO] [stdout]    2:     0x5f21691dd06b - <unknown>
[INFO] [stdout]    3:     0x5f21691dcb4f - <unknown>
[INFO] [stdout]    4:     0x5f21691dc77a - <unknown>
[INFO] [stdout]    5:     0x5f21691dc2b2 - <unknown>
[INFO] [stdout]    6:     0x5f21692036b1 - <unknown>
[INFO] [stdout]    7:     0x5f2169203669 - <unknown>
[INFO] [stdout]    8:     0x5f2169203b7c - <unknown>
[INFO] [stdout]    9:     0x5f216914c63b - <unknown>
[INFO] [stdout]   10:     0x5f216914fd91 - <unknown>
[INFO] [stdout]   11:     0x5f216915f2cb - <unknown>
[INFO] [stdout]   12:     0x5f21691c1db0 - <unknown>
[INFO] [stdout]   13:     0x5f21691ba7e6 - <unknown>
[INFO] [stdout]   14:     0x5f216921e89b - <unknown>
[INFO] [stdout]   15:     0x5f216921a4fc - <unknown>
[INFO] [stdout]   16:     0x5f2169219c2c - <unknown>
[INFO] [stdout]   17:     0x5f216923464c - <unknown>
[INFO] [stdout]   18:     0x5f21692053a2 - <unknown>
[INFO] [stdout]   19:     0x74bfc4179dfa - <unknown>
[INFO] [stdout]   20:     0x74bfc420d3d4 - clone
[INFO] [stdout]   21:                0x0 - <unknown>
[INFO] [stdout] 
[INFO] [stdout] ---- secret::test_secret_read_invalid_reference stdout ----
[INFO] [stdout] 
[INFO] [stdout] thread 'secret::test_secret_read_invalid_reference' (13794) panicked at tests/integration_test.rs:921:38:
[INFO] [stdout] Failed to create client: NotFound
[INFO] [stdout] stack backtrace:
[INFO] [stdout]    0:     0x5f21691dd9d5 - <unknown>
[INFO] [stdout]    1:     0x5f216914c7aa - <unknown>
[INFO] [stdout]    2:     0x5f21691dd06b - <unknown>
[INFO] [stdout]    3:     0x5f21691dcb4f - <unknown>
[INFO] [stdout]    4:     0x5f21691dc77a - <unknown>
[INFO] [stdout]    5:     0x5f21691dc2b2 - <unknown>
[INFO] [stdout]    6:     0x5f21692036b1 - <unknown>
[INFO] [stdout]    7:     0x5f2169203669 - <unknown>
[INFO] [stdout]    8:     0x5f2169203b7c - <unknown>
[INFO] [stdout]    9:     0x5f216914c63b - <unknown>
[INFO] [stdout]   10:     0x5f216914fd91 - <unknown>
[INFO] [stdout]   11:     0x5f2169175c80 - <unknown>
[INFO] [stdout]   12:     0x5f21691c1db0 - <unknown>
[INFO] [stdout]   13:     0x5f21691b9c76 - <unknown>
[INFO] [stdout]   14:     0x5f216921e89b - <unknown>
[INFO] [stdout]   15:     0x5f216921a4fc - <unknown>
[INFO] [stdout]   16:     0x5f2169219c2c - <unknown>
[INFO] [stdout]   17:     0x5f216923464c - <unknown>
[INFO] [stdout]   18:     0x5f21692053a2 - <unknown>
[INFO] [stdout]   19:     0x74bfc4179dfa - <unknown>
[INFO] [stdout]   20:     0x74bfc420d3d4 - clone
[INFO] [stdout]   21:                0x0 - <unknown>
[INFO] [stdout] 
[INFO] [stdout] ---- document::test_document_lifecycle stdout ----
[INFO] [stdout] 
[INFO] [stdout] thread 'document::test_document_lifecycle' (13775) panicked at tests/integration_test.rs:635:38:
[INFO] [stdout] Failed to create client: NotFound
[INFO] [stdout] stack backtrace:
[INFO] [stdout]    0:     0x5f21691dd9d5 - <unknown>
[INFO] [stdout]    1:     0x5f216914c7aa - <unknown>
[INFO] [stdout]    2:     0x5f21691dd06b - <unknown>
[INFO] [stdout]    3:     0x5f21691dcb4f - <unknown>
[INFO] [stdout]    4:     0x5f21691dc77a - <unknown>
[INFO] [stdout]    5:     0x5f21691dc2b2 - <unknown>
[INFO] [stdout]    6:     0x5f21692036b1 - <unknown>
[INFO] [stdout]    7:     0x5f2169203669 - <unknown>
[INFO] [stdout]    8:     0x5f2169203b7c - <unknown>
[INFO] [stdout]    9:     0x5f216914c63b - <unknown>
[INFO] [stdout]   10:     0x5f216914fd91 - <unknown>
[INFO] [stdout]   11:     0x5f216917a9fd - <unknown>
[INFO] [stdout]   12:     0x5f21691c1db0 - <unknown>
[INFO] [stdout]   13:     0x5f21691bd186 - <unknown>
[INFO] [stdout]   14:     0x5f216921e89b - <unknown>
[INFO] [stdout]   15:     0x5f216921a4fc - <unknown>
[INFO] [stdout]   16:     0x5f2169219c2c - <unknown>
[INFO] [stdout]   17:     0x5f216923464c - <unknown>
[INFO] [stdout]   18:     0x5f21692053a2 - <unknown>
[INFO] [stdout]   19:     0x74bfc4179dfa - <unknown>
[INFO] [stdout]   20:     0x74bfc420d3d4 - clone
[INFO] [stdout]   21:                0x0 - <unknown>
[INFO] [stdout] 
[INFO] [stdout] ---- user::test_user_list stdout ----
[INFO] [stdout] 
[INFO] [stdout] thread 'user::test_user_list' (13797) panicked at tests/integration_test.rs:750:38:
[INFO] [stdout] Failed to create client: NotFound
[INFO] [stdout] stack backtrace:
[INFO] [stdout]    0:     0x5f21691dd9d5 - <unknown>
[INFO] [stdout]    1:     0x5f216914c7aa - <unknown>
[INFO] [stdout]    2:     0x5f21691dd06b - <unknown>
[INFO] [stdout]    3:     0x5f21691dcb4f - <unknown>
[INFO] [stdout]    4:     0x5f21691dc77a - <unknown>
[INFO] [stdout]    5:     0x5f21691dc2b2 - <unknown>
[INFO] [stdout]    6:     0x5f21692036b1 - <unknown>
[INFO] [stdout]    7:     0x5f2169203669 - <unknown>
[INFO] [stdout]    8:     0x5f2169203b7c - <unknown>
[INFO] [stdout]    9:     0x5f216914c63b - <unknown>
[INFO] [stdout]   10:     0x5f216914fd91 - <unknown>
[INFO] [stdout]   11:     0x5f21691ac2b5 - <unknown>
[INFO] [stdout]   12:     0x5f21691c1db0 - <unknown>
[INFO] [stdout]   13:     0x5f21691b93f6 - <unknown>
[INFO] [stdout]   14:     0x5f216921e89b - <unknown>
[INFO] [stdout]   15:     0x5f216921a4fc - <unknown>
[INFO] [stdout]   16:     0x5f2169219c2c - <unknown>
[INFO] [stdout]   17:     0x5f216923464c - <unknown>
[INFO] [stdout]   18:     0x5f21692053a2 - <unknown>
[INFO] [stdout]   19:     0x74bfc4179dfa - <unknown>
[INFO] [stdout]   20:     0x74bfc420d3d4 - clone
[INFO] [stdout]   21:                0x0 - <unknown>
[INFO] [stdout] 
[INFO] [stdout] ---- user::test_user_list_by_group stdout ----
[INFO] [stdout] 
[INFO] [stdout] thread 'user::test_user_list_by_group' (13798) panicked at tests/integration_test.rs:799:38:
[INFO] [stdout] Failed to create client: NotFound
[INFO] [stdout] stack backtrace:
[INFO] [stdout]    0:     0x5f21691dd9d5 - <unknown>
[INFO] [stdout]    1:     0x5f216914c7aa - <unknown>
[INFO] [stdout]    2:     0x5f21691dd06b - <unknown>
[INFO] [stdout]    3:     0x5f21691dcb4f - <unknown>
[INFO] [stdout]    4:     0x5f21691dc77a - <unknown>
[INFO] [stdout]    5:     0x5f21691dc2b2 - <unknown>
[INFO] [stdout]    6:     0x5f21692036b1 - <unknown>
[INFO] [stdout]    7:     0x5f2169203669 - <unknown>
[INFO] [stdout]    8:     0x5f2169203b7c - <unknown>
[INFO] [stdout]    9:     0x5f216914c63b - <unknown>
[INFO] [stdout]   10:     0x5f216914fd91 - <unknown>
[INFO] [stdout]   11:     0x5f21691acf39 - <unknown>
[INFO] [stdout]   12:     0x5f21691c1db0 - <unknown>
[INFO] [stdout]   13:     0x5f21691b9156 - <unknown>
[INFO] [stdout]   14:     0x5f216921e89b - <unknown>
[INFO] [stdout]   15:     0x5f216921a4fc - <unknown>
[INFO] [stdout]   16:     0x5f2169219c2c - <unknown>
[INFO] [stdout]   17:     0x5f216923464c - <unknown>
[INFO] [stdout]   18:     0x5f21692053a2 - <unknown>
[INFO] [stdout]   19:     0x74bfc4179dfa - <unknown>
[INFO] [stdout]   20:     0x74bfc420d3d4 - clone
[INFO] [stdout]   21:                0x0 - <unknown>
[INFO] [stdout] 
[INFO] [stdout] ---- vault::test_vault_group_list stdout ----
[INFO] [stdout] 
[INFO] [stdout] thread 'vault::test_vault_group_list' (13802) panicked at tests/integration_test.rs:279:38:
[INFO] [stdout] Failed to create client: NotFound
[INFO] [stdout] stack backtrace:
[INFO] [stdout]    0:     0x5f21691dd9d5 - <unknown>
[INFO] [stdout]    1:     0x5f216914c7aa - <unknown>
[INFO] [stdout]    2:     0x5f21691dd06b - <unknown>
[INFO] [stdout]    3:     0x5f21691dcb4f - <unknown>
[INFO] [stdout]    4:     0x5f21691dc77a - <unknown>
[INFO] [stdout]    5:     0x5f21691dc2b2 - <unknown>
[INFO] [stdout]    6:     0x5f21692036b1 - <unknown>
[INFO] [stdout]    7:     0x5f2169203669 - <unknown>
[INFO] [stdout]    8:     0x5f2169203b7c - <unknown>
[INFO] [stdout]    9:     0x5f216914c63b - <unknown>
[INFO] [stdout]   10:     0x5f216914fd91 - <unknown>
[INFO] [stdout]   11:     0x5f2169188a96 - <unknown>
[INFO] [stdout]   12:     0x5f21691c1db0 - <unknown>
[INFO] [stdout]   13:     0x5f21691b8686 - <unknown>
[INFO] [stdout]   14:     0x5f216921e89b - <unknown>
[INFO] [stdout]   15:     0x5f216921a4fc - <unknown>
[INFO] [stdout]   16:     0x5f2169219c2c - <unknown>
[INFO] [stdout]   17:     0x5f216923464c - <unknown>
[INFO] [stdout]   18:     0x5f21692053a2 - <unknown>
[INFO] [stdout]   19:     0x74bfc4179dfa - <unknown>
[INFO] [stdout]   20:     0x74bfc420d3d4 - clone
[INFO] [stdout]   21:                0x0 - <unknown>
[INFO] [stdout] 
[INFO] [stdout] ---- vault::test_vault_get_by_name stdout ----
[INFO] [stdout] 
[INFO] [stdout] thread 'vault::test_vault_get_by_name' (13801) panicked at tests/integration_test.rs:192:38:
[INFO] [stdout] Failed to create client: NotFound
[INFO] [stdout] stack backtrace:
[INFO] [stdout]    0:     0x5f21691dd9d5 - <unknown>
[INFO] [stdout]    1:     0x5f216914c7aa - <unknown>
[INFO] [stdout]    2:     0x5f21691dd06b - <unknown>
[INFO] [stdout]    3:     0x5f21691dcb4f - <unknown>
[INFO] [stdout]    4:     0x5f21691dc77a - <unknown>
[INFO] [stdout]    5:     0x5f21691dc2b2 - <unknown>
[INFO] [stdout]    6:     0x5f21692036b1 - <unknown>
[INFO] [stdout]    7:     0x5f2169203669 - <unknown>
[INFO] [stdout]    8:     0x5f2169203b7c - <unknown>
[INFO] [stdout]    9:     0x5f216914c63b - <unknown>
[INFO] [stdout]   10:     0x5f216914fd91 - <unknown>
[INFO] [stdout]   11:     0x5f21691891f7 - <unknown>
[INFO] [stdout]   12:     0x5f21691c1db0 - <unknown>
[INFO] [stdout]   13:     0x5f21691b8926 - <unknown>
[INFO] [stdout]   14:     0x5f216921e89b - <unknown>
[INFO] [stdout]   15:     0x5f216921a4fc - <unknown>
[INFO] [stdout]   16:     0x5f2169219c2c - <unknown>
[INFO] [stdout]   17:     0x5f216923464c - <unknown>
[INFO] [stdout]   18:     0x5f21692053a2 - <unknown>
[INFO] [stdout]   19:     0x74bfc4179dfa - <unknown>
[INFO] [stdout]   20:     0x74bfc420d3d4 - clone
[INFO] [stdout]   21:                0x0 - <unknown>
[INFO] [stdout] 
[INFO] [stdout] ---- vault::test_vault_get stdout ----
[INFO] [stdout] 
[INFO] [stdout] thread 'vault::test_vault_get' (13800) panicked at tests/integration_test.rs:173:38:
[INFO] [stdout] Failed to create client: NotFound
[INFO] [stdout] stack backtrace:
[INFO] [stdout]    0:     0x5f21691dd9d5 - <unknown>
[INFO] [stdout]    1:     0x5f216914c7aa - <unknown>
[INFO] [stdout]    2:     0x5f21691dd06b - <unknown>
[INFO] [stdout]    3:     0x5f21691dcb4f - <unknown>
[INFO] [stdout]    4:     0x5f21691dc77a - <unknown>
[INFO] [stdout]    5:     0x5f21691dc2b2 - <unknown>
[INFO] [stdout]    6:     0x5f21692036b1 - <unknown>
[INFO] [stdout]    7:     0x5f2169203669 - <unknown>
[INFO] [stdout]    8:     0x5f2169203b7c - <unknown>
[INFO] [stdout]    9:     0x5f216914c63b - <unknown>
[INFO] [stdout]   10:     0x5f216914fd91 - <unknown>
[INFO] [stdout]   11:     0x5f2169185740 - <unknown>
[INFO] [stdout]   12:     0x5f21691c1db0 - <unknown>
[INFO] [stdout]   13:     0x5f21691b8c16 - <unknown>
[INFO] [stdout]   14:     0x5f216921e89b - <unknown>
[INFO] [stdout]   15:     0x5f216921a4fc - <unknown>
[INFO] [stdout]   16:     0x5f2169219c2c - <unknown>
[INFO] [stdout]   17:     0x5f216923464c - <unknown>
[INFO] [stdout]   18:     0x5f21692053a2 - <unknown>
[INFO] [stdout]   19:     0x74bfc4179dfa - <unknown>
[INFO] [stdout]   20:     0x74bfc420d3d4 - clone
[INFO] [stdout]   21:                0x0 - <unknown>
[INFO] [stdout] 
[INFO] [stdout] ---- vault::test_vault_create_edit_delete stdout ----
[INFO] [stdout] 
[INFO] [stdout] thread 'vault::test_vault_create_edit_delete' (13799) panicked at tests/integration_test.rs:208:38:
[INFO] [stdout] Failed to create client: NotFound
[INFO] [stdout] stack backtrace:
[INFO] [stdout]    0:     0x5f21691dd9d5 - <unknown>
[INFO] [stdout]    1:     0x5f216914c7aa - <unknown>
[INFO] [stdout]    2:     0x5f21691dd06b - <unknown>
[INFO] [stdout]    3:     0x5f21691dcb4f - <unknown>
[INFO] [stdout]    4:     0x5f21691dc77a - <unknown>
[INFO] [stdout]    5:     0x5f21691dc2b2 - <unknown>
[INFO] [stdout]    6:     0x5f21692036b1 - <unknown>
[INFO] [stdout]    7:     0x5f2169203669 - <unknown>
[INFO] [stdout]    8:     0x5f2169203b7c - <unknown>
[INFO] [stdout]    9:     0x5f216914c63b - <unknown>
[INFO] [stdout]   10:     0x5f216914fd91 - <unknown>
[INFO] [stdout]   11:     0x5f216918b5eb - <unknown>
[INFO] [stdout]   12:     0x5f21691c1db0 - <unknown>
[INFO] [stdout]   13:     0x5f21691b8eb6 - <unknown>
[INFO] [stdout]   14:     0x5f216921e89b - <unknown>
[INFO] [stdout]   15:     0x5f216921a4fc - <unknown>
[INFO] [stdout]   16:     0x5f2169219c2c - <unknown>
[INFO] [stdout]   17:     0x5f216923464c - <unknown>
[INFO] [stdout]   18:     0x5f21692053a2 - <unknown>
[INFO] [stdout]   19:     0x74bfc4179dfa - <unknown>
[INFO] [stdout]   20:     0x74bfc420d3d4 - clone
[INFO] [stdout]   21:                0x0 - <unknown>
[INFO] [stdout] 
[INFO] [stdout] ---- vault::test_vault_list stdout ----
[INFO] [stdout] 
[INFO] [stdout] thread 'vault::test_vault_list' (13803) panicked at tests/integration_test.rs:156:38:
[INFO] [stdout] Failed to create client: NotFound
[INFO] [stdout] stack backtrace:
[INFO] [stdout]    0:     0x5f21691dd9d5 - <unknown>
[INFO] [stdout]    1:     0x5f216914c7aa - <unknown>
[INFO] [stdout]    2:     0x5f21691dd06b - <unknown>
[INFO] [stdout]    3:     0x5f21691dcb4f - <unknown>
[INFO] [stdout]    4:     0x5f21691dc77a - <unknown>
[INFO] [stdout]    5:     0x5f21691dc2b2 - <unknown>
[INFO] [stdout]    6:     0x5f21692036b1 - <unknown>
[INFO] [stdout]    7:     0x5f2169203669 - <unknown>
[INFO] [stdout]    8:     0x5f2169203b7c - <unknown>
[INFO] [stdout]    9:     0x5f216914c63b - <unknown>
[INFO] [stdout]   10:     0x5f216914fd91 - <unknown>
[INFO] [stdout]   11:     0x5f2169186a92 - <unknown>
[INFO] [stdout]   12:     0x5f21691c1db0 - <unknown>
[INFO] [stdout]   13:     0x5f21691b8396 - <unknown>
[INFO] [stdout]   14:     0x5f216921e89b - <unknown>
[INFO] [stdout]   15:     0x5f216921a4fc - <unknown>
[INFO] [stdout]   16:     0x5f2169219c2c - <unknown>
[INFO] [stdout]   17:     0x5f216923464c - <unknown>
[INFO] [stdout]   18:     0x5f21692053a2 - <unknown>
[INFO] [stdout]   19:     0x74bfc4179dfa - <unknown>
[INFO] [stdout]   20:     0x74bfc420d3d4 - clone
[INFO] [stdout]   21:                0x0 - <unknown>
[INFO] [stdout] 
[INFO] [stdout] ---- vault::test_vault_user_list stdout ----
[INFO] [stdout] 
[INFO] [stdout] thread 'vault::test_vault_user_list' (13804) panicked at tests/integration_test.rs:260:38:
[INFO] [stdout] Failed to create client: NotFound
[INFO] [stdout] stack backtrace:
[INFO] [stdout]    0:     0x5f21691dd9d5 - <unknown>
[INFO] [stdout]    1:     0x5f216914c7aa - <unknown>
[INFO] [stdout]    2:     0x5f21691dd06b - <unknown>
[INFO] [stdout]    3:     0x5f21691dcb4f - <unknown>
[INFO] [stdout]    4:     0x5f21691dc77a - <unknown>
[INFO] [stdout]    5:     0x5f21691dc2b2 - <unknown>
[INFO] [stdout]    6:     0x5f21692036b1 - <unknown>
[INFO] [stdout]    7:     0x5f2169203669 - <unknown>
[INFO] [stdout]    8:     0x5f2169203b7c - <unknown>
[INFO] [stdout]    9:     0x5f216914c63b - <unknown>
[INFO] [stdout]   10:     0x5f216914fd91 - <unknown>
[INFO] [stdout]   11:     0x5f21691878e6 - <unknown>
[INFO] [stdout]   12:     0x5f21691c1db0 - <unknown>
[INFO] [stdout]   13:     0x5f21691b80f6 - <unknown>
[INFO] [stdout]   14:     0x5f216921e89b - <unknown>
[INFO] [stdout]   15:     0x5f216921a4fc - <unknown>
[INFO] [stdout]   16:     0x5f2169219c2c - <unknown>
[INFO] [stdout]   17:     0x5f216923464c - <unknown>
[INFO] [stdout]   18:     0x5f21692053a2 - <unknown>
[INFO] [stdout]   19:     0x74bfc4179dfa - <unknown>
[INFO] [stdout]   20:     0x74bfc420d3d4 - clone
[INFO] [stdout]   21:                0x0 - <unknown>
[INFO] [stdout] 
[INFO] [stdout] ---- secret::test_secret_read_nonexistent stdout ----
[INFO] [stdout] 
[INFO] [stdout] thread 'secret::test_secret_read_nonexistent' (13795) panicked at tests/integration_test.rs:937:38:
[INFO] [stdout] Failed to create client: NotFound
[INFO] [stdout] stack backtrace:
[INFO] [stdout]    0:     0x5f21691dd9d5 - <unknown>
[INFO] [stdout]    1:     0x5f216914c7aa - <unknown>
[INFO] [stdout]    2:     0x5f21691dd06b - <unknown>
[INFO] [stdout]    3:     0x5f21691dcb4f - <unknown>
[INFO] [stdout]    4:     0x5f21691dc77a - <unknown>
[INFO] [stdout]    5:     0x5f21691dc2b2 - <unknown>
[INFO] [stdout]    6:     0x5f21692036b1 - <unknown>
[INFO] [stdout]    7:     0x5f2169203669 - <unknown>
[INFO] [stdout]    8:     0x5f2169203b7c - <unknown>
[INFO] [stdout]    9:     0x5f216914c63b - <unknown>
[INFO] [stdout]   10:     0x5f216914fd91 - <unknown>
[INFO] [stdout]   11:     0x5f2169175a29 - <unknown>
[INFO] [stdout]   12:     0x5f21691c1db0 - <unknown>
[INFO] [stdout]   13:     0x5f21691b9986 - <unknown>
[INFO] [stdout]   14:     0x5f216921e89b - <unknown>
[INFO] [stdout]   15:     0x5f216921a4fc - <unknown>
[INFO] [stdout]   16:     0x5f2169219c2c - <unknown>
[INFO] [stdout]   17:     0x5f216923464c - <unknown>
[INFO] [stdout]   18:     0x5f21692053a2 - <unknown>
[INFO] [stdout]   19:     0x74bfc4179dfa - <unknown>
[INFO] [stdout]   20:     0x74bfc420d3d4 - clone
[INFO] [stdout]   21:                0x0 - <unknown>
[INFO] [stdout] 
[INFO] [stdout] ---- user::test_user_get stdout ----
[INFO] [stdout] 
[INFO] [stdout] thread 'user::test_user_get' (13796) panicked at tests/integration_test.rs:766:38:
[INFO] [stdout] Failed to create client: NotFound
[INFO] [stdout] stack backtrace:
[INFO] [stdout]    0:     0x5f21691dd9d5 - <unknown>
[INFO] [stdout]    1:     0x5f216914c7aa - <unknown>
[INFO] [stdout]    2:     0x5f21691dd06b - <unknown>
[INFO] [stdout]    3:     0x5f21691dcb4f - <unknown>
[INFO] [stdout]    4:     0x5f21691dc77a - <unknown>
[INFO] [stdout]    5:     0x5f21691dc2b2 - <unknown>
[INFO] [stdout]    6:     0x5f21692036b1 - <unknown>
[INFO] [stdout]    7:     0x5f2169203669 - <unknown>
[INFO] [stdout]    8:     0x5f2169203b7c - <unknown>
[INFO] [stdout]    9:     0x5f216914c63b - <unknown>
[INFO] [stdout]   10:     0x5f216914fd91 - <unknown>
[INFO] [stdout]   11:     0x5f21691aaa4d - <unknown>
[INFO] [stdout]   12:     0x5f21691c1db0 - <unknown>
[INFO] [stdout]   13:     0x5f21691b96e6 - <unknown>
[INFO] [stdout]   14:     0x5f216921e89b - <unknown>
[INFO] [stdout]   15:     0x5f216921a4fc - <unknown>
[INFO] [stdout]   16:     0x5f2169219c2c - <unknown>
[INFO] [stdout]   17:     0x5f216923464c - <unknown>
[INFO] [stdout]   18:     0x5f21692053a2 - <unknown>
[INFO] [stdout]   19:     0x74bfc4179dfa - <unknown>
[INFO] [stdout]   20:     0x74bfc420d3d4 - clone
[INFO] [stdout]   21:                0x0 - <unknown>
[INFO] [stdout] 
[INFO] [stdout] 
[INFO] [stdout] failures:
[INFO] [stdout]     account::test_account_get
[INFO] [stdout]     account::test_account_list
[INFO] [stdout]     auth::test_is_authenticated
[INFO] [stdout]     auth::test_whoami
[INFO] [stdout]     concurrent::test_concurrent_item_creation
[INFO] [stdout]     concurrent::test_concurrent_reads
[INFO] [stdout]     connect::test_connect_server_list
[INFO] [stdout]     document::test_document_get_to_file
[INFO] [stdout]     document::test_document_lifecycle
[INFO] [stdout]     document::test_document_list
[INFO] [stdout]     error_handling::test_group_get_not_found
[INFO] [stdout]     error_handling::test_item_get_not_found
[INFO] [stdout]     error_handling::test_user_get_not_found
[INFO] [stdout]     error_handling::test_vault_get_not_found
[INFO] [stdout]     group::test_group_get
[INFO] [stdout]     group::test_group_lifecycle
[INFO] [stdout]     group::test_group_list
[INFO] [stdout]     item::test_item_create_get_edit_delete
[INFO] [stdout]     item::test_item_create_secure_note
[INFO] [stdout]     item::test_item_create_with_generated_password
[INFO] [stdout]     item::test_item_list
[INFO] [stdout]     item::test_item_list_by_category
[INFO] [stdout]     item::test_item_list_in_vault
[INFO] [stdout]     item::test_item_template_get
[INFO] [stdout]     item::test_item_template_list
[INFO] [stdout]     secret::test_inject_template
[INFO] [stdout]     secret::test_secret_read_existing
[INFO] [stdout]     secret::test_secret_read_invalid_reference
[INFO] [stdout]     secret::test_secret_read_nonexistent
[INFO] [stdout]     user::test_user_get
[INFO] [stdout]     user::test_user_list
[INFO] [stdout]     user::test_user_list_by_group
[INFO] [stdout]     vault::test_vault_create_edit_delete
[INFO] [stdout]     vault::test_vault_get
[INFO] [stdout]     vault::test_vault_get_by_name
[INFO] [stdout]     vault::test_vault_group_list
[INFO] [stdout]     vault::test_vault_list
[INFO] [stdout]     vault::test_vault_user_list
[INFO] [stdout] 
[INFO] [stdout] test result: FAILED. 0 passed; 38 failed; 0 ignored; 0 measured; 0 filtered out; finished in 0.02s
[INFO] [stdout] 
[INFO] [stderr] error: test failed, to rerun pass `--test integration_test`
[INFO] running `Command { std: "docker" "inspect" "f46969bd28f923ec31c3f37e5ad181295e8ef13e785ee756c29855d25b8f8042", kill_on_drop: false }`
[INFO] running `Command { std: "docker" "rm" "-f" "f46969bd28f923ec31c3f37e5ad181295e8ef13e785ee756c29855d25b8f8042", kill_on_drop: false }`
[INFO] [stdout] f46969bd28f923ec31c3f37e5ad181295e8ef13e785ee756c29855d25b8f8042
