[INFO] fetching crate oozextract 0.5.5...
[INFO] testing oozextract-0.5.5 against 1.99.0-beta.8+cargoflags=--release for beta-release-1.100-2
[INFO] extracting crate oozextract 0.5.5 into /workspace/builds/worker-0-tc1/source
[INFO] started tweaking crates.io crate oozextract 0.5.5
[INFO] finished tweaking crates.io crate oozextract 0.5.5
[INFO] tweaked toml for crates.io crate oozextract 0.5.5 written to /workspace/builds/worker-0-tc1/source/Cargo.toml
[INFO] validating manifest of crates.io crate oozextract 0.5.5 on toolchain 1.99.0-beta.8
[INFO] running `Command { std: CARGO_HOME="/workspace/cargo-home" RUSTUP_HOME="/workspace/rustup-home" "/workspace/cargo-home/bin/cargo" "+1.99.0-beta.8" "metadata" "--manifest-path" "Cargo.toml" "--no-deps", kill_on_drop: false }`
[INFO] crate crates.io crate oozextract 0.5.5 already has a lockfile, it will not be regenerated
[INFO] running `Command { std: CARGO_HOME="/workspace/cargo-home" RUSTUP_HOME="/workspace/rustup-home" "/workspace/cargo-home/bin/cargo" "+1.99.0-beta.8" "fetch" "--manifest-path" "Cargo.toml", kill_on_drop: false }`
[INFO] [stderr]  Downloading crates ...
[INFO] [stderr]   Downloaded wasm-bindgen v0.2.95
[INFO] [stderr]   Downloaded wasm-bindgen-macro v0.2.95
[INFO] [stderr]   Downloaded safe_arch v0.7.2
[INFO] [stderr]   Downloaded wide v0.7.28
[INFO] [stderr]   Downloaded bytemuck v1.19.0
[INFO] [stderr]   Downloaded wasm-bindgen-shared v0.2.95
[INFO] [stderr]   Downloaded test-log-macros v0.2.16
[INFO] [stderr]   Downloaded bytes v1.8.0
[INFO] [stderr]   Downloaded test-log v0.2.16
[INFO] [stderr]   Downloaded is-terminal v0.4.13
[INFO] [stderr]   Downloaded wasm-bindgen-macro-support v0.2.95
[INFO] [stderr]   Downloaded env_filter v0.1.2
[INFO] [stderr]   Downloaded wasm-bindgen-backend v0.2.95
[INFO] [stderr]   Downloaded env_logger v0.11.5
[INFO] [stderr]   Downloaded js-sys v0.3.72
[INFO] [stderr]   Downloaded clap v4.5.20
[INFO] [stderr]   Downloaded serde v1.0.214
[INFO] [stderr]   Downloaded proc-macro2 v1.0.89
[INFO] [stderr]   Downloaded serde_derive v1.0.214
[INFO] [stderr]   Downloaded tokio-util v0.7.12
[INFO] [stderr]   Downloaded clap_builder v4.5.20
[INFO] [stderr]   Downloaded serde_json v1.0.132
[INFO] [stderr]   Downloaded regex-automata v0.4.8
[INFO] [stderr]   Downloaded web-sys v0.3.72
[INFO] [stderr]   Downloaded libc v0.2.162
[INFO] [stderr]   Downloaded tokio v1.41.1
[INFO] running `Command { std: "docker" "create" "-v" "/var/lib/crater-agent-workspace/builds/worker-0-tc1/source:/opt/rustwide/workdir:ro,Z" "-v" "/var/lib/crater-agent-workspace/builds/worker-0-tc1/target:/opt/rustwide/target:rw,Z" "-v" "/var/lib/crater-agent-workspace/cargo-home:/opt/rustwide/cargo-home:ro,Z" "-v" "/var/lib/crater-agent-workspace/rustup-home:/opt/rustwide/rustup-home:ro,Z" "-m" "1610612736" "--network" "none" "ghcr.io/rust-lang/crates-build-env/linux@sha256:77db811e55d90add9212f6832c23229e3de5f1c1f9905e8cb07319ea15df73ac" "sleep" "infinity", kill_on_drop: false }`
[INFO] [stdout] 744d3a5dcbaeb92e301dd8c79f15b75b4ae5e0a580d173cc9c38f7f55ab360f0
[INFO] running `Command { std: "docker" "start" "744d3a5dcbaeb92e301dd8c79f15b75b4ae5e0a580d173cc9c38f7f55ab360f0", kill_on_drop: false }`
[INFO] running `Command { std: "docker" "inspect" "744d3a5dcbaeb92e301dd8c79f15b75b4ae5e0a580d173cc9c38f7f55ab360f0", kill_on_drop: false }`
[INFO] running `Command { std: "docker" "exec" "-e" "SOURCE_DIR=/opt/rustwide/workdir" "-e" "CARGO_HOME=/opt/rustwide/cargo-home" "-e" "RUSTUP_HOME=/opt/rustwide/rustup-home" "-e" "CARGO_TARGET_DIR=/opt/rustwide/target" "-w" "/opt/rustwide/workdir" "--user" "0:0" "744d3a5dcbaeb92e301dd8c79f15b75b4ae5e0a580d173cc9c38f7f55ab360f0" "/opt/rustwide/cargo-home/bin/cargo" "+1.99.0-beta.8" "metadata" "--no-deps" "--format-version=1", kill_on_drop: false }`
[INFO] running `Command { std: "docker" "inspect" "744d3a5dcbaeb92e301dd8c79f15b75b4ae5e0a580d173cc9c38f7f55ab360f0", kill_on_drop: false }`
[INFO] running `Command { std: "docker" "exec" "-e" "SOURCE_DIR=/opt/rustwide/workdir" "-e" "CARGO_HOME=/opt/rustwide/cargo-home" "-e" "RUSTUP_HOME=/opt/rustwide/rustup-home" "-e" "CARGO_TARGET_DIR=/opt/rustwide/target" "-e" "CARGO_INCREMENTAL=0" "-e" "RUST_BACKTRACE=full" "-e" "RUSTFLAGS=--cap-lints=warn" "-e" "RUSTDOCFLAGS=--cap-lints=warn" "-w" "/opt/rustwide/workdir" "--user" "0:0" "744d3a5dcbaeb92e301dd8c79f15b75b4ae5e0a580d173cc9c38f7f55ab360f0" "/opt/rustwide/cargo-home/bin/cargo" "+1.99.0-beta.8" "build" "--frozen" "--message-format=json" "--release", kill_on_drop: false }`
[INFO] [stderr]    Compiling proc-macro2 v1.0.89
[INFO] [stderr]    Compiling unicode-ident v1.0.13
[INFO] [stderr]    Compiling futures-sink v0.3.31
[INFO] [stderr]    Compiling futures-core v0.3.31
[INFO] [stderr]    Compiling bytemuck v1.19.0
[INFO] [stderr]    Compiling oozextract v0.5.5 (/opt/rustwide/workdir)
[INFO] [stderr]    Compiling env_filter v0.1.2
[INFO] [stderr]    Compiling anstream v0.6.18
[INFO] [stderr]    Compiling bytes v1.8.0
[INFO] [stderr]    Compiling futures-channel v0.3.31
[INFO] [stderr]    Compiling safe_arch v0.7.2
[INFO] [stderr]    Compiling env_logger v0.11.5
[INFO] [stderr]    Compiling wide v0.7.28
[INFO] [stderr]    Compiling quote v1.0.37
[INFO] [stderr]    Compiling syn v2.0.87
[INFO] [stderr]    Compiling futures-macro v0.3.31
[INFO] [stderr]    Compiling test-log-macros v0.2.16
[INFO] [stderr]    Compiling test-log v0.2.16
[INFO] [stderr]    Compiling futures-util v0.3.31
[INFO] [stderr]    Compiling futures-executor v0.3.31
[INFO] [stderr]    Compiling futures v0.3.31
[INFO] [stdout] warning: unused variable: `e`
[INFO] [stdout]    --> src/ooz/error.rs:153:17
[INFO] [stdout]     |
[INFO] [stdout] 153 |             Err(e) => Err(ErrorBuilder {
[INFO] [stdout]     |                 ^ help: if this is intentional, prefix it with an underscore: `_e`
[INFO] [stdout]     |
[INFO] [stdout]     = note: `#[warn(unused_variables)]` (part of `#[warn(unused)]`) on by default
[INFO] [stdout] 
[INFO] [stdout] 
[INFO] [stderr]     Finished `release` profile [optimized] target(s) in 10.86s
[INFO] running `Command { std: "docker" "inspect" "744d3a5dcbaeb92e301dd8c79f15b75b4ae5e0a580d173cc9c38f7f55ab360f0", kill_on_drop: false }`
[INFO] running `Command { std: "docker" "exec" "-e" "SOURCE_DIR=/opt/rustwide/workdir" "-e" "CARGO_HOME=/opt/rustwide/cargo-home" "-e" "RUSTUP_HOME=/opt/rustwide/rustup-home" "-e" "CARGO_TARGET_DIR=/opt/rustwide/target" "-e" "CARGO_INCREMENTAL=0" "-e" "RUST_BACKTRACE=full" "-e" "RUSTFLAGS=--cap-lints=warn" "-e" "RUSTDOCFLAGS=--cap-lints=warn" "-w" "/opt/rustwide/workdir" "--user" "0:0" "744d3a5dcbaeb92e301dd8c79f15b75b4ae5e0a580d173cc9c38f7f55ab360f0" "/opt/rustwide/cargo-home/bin/cargo" "+1.99.0-beta.8" "test" "--frozen" "--no-run" "--message-format=json" "--release", kill_on_drop: false }`
[INFO] [stderr]    Compiling libc v0.2.162
[INFO] [stderr]    Compiling serde v1.0.214
[INFO] [stderr]    Compiling serde_derive v1.0.214
[INFO] [stderr]    Compiling num-traits v0.2.19
[INFO] [stderr]    Compiling either v1.13.0
[INFO] [stderr]    Compiling futures-channel v0.3.31
[INFO] [stderr]    Compiling serde_json v1.0.132
[INFO] [stderr]    Compiling rayon-core v1.12.1
[INFO] [stderr]    Compiling half v2.4.1
[INFO] [stderr]    Compiling crossbeam-deque v0.8.5
[INFO] [stderr]    Compiling clap_lex v0.7.2
[INFO] [stderr]    Compiling ciborium-io v0.2.2
[INFO] [stderr]    Compiling plotters-backend v0.3.7
[INFO] [stderr]    Compiling regex-syntax v0.8.5
[INFO] [stderr]    Compiling tokio-macros v2.4.0
[INFO] [stderr]    Compiling anes v0.1.6
[INFO] [stderr]    Compiling oorandom v11.1.4
[INFO] [stderr]    Compiling itertools v0.10.5
[INFO] [stderr]    Compiling futures-util v0.3.31
[INFO] [stderr]    Compiling clap_builder v4.5.20
[INFO] [stderr]    Compiling plotters-svg v0.3.7
[INFO] [stderr]    Compiling ciborium-ll v0.2.2
[INFO] [stderr]    Compiling parking_lot_core v0.9.10
[INFO] [stderr]    Compiling socket2 v0.5.7
[INFO] [stderr]    Compiling mio v1.0.2
[INFO] [stderr]    Compiling signal-hook-registry v1.4.2
[INFO] [stderr]    Compiling is-terminal v0.4.13
[INFO] [stderr]    Compiling parking_lot v0.12.3
[INFO] [stderr]    Compiling rayon v1.10.0
[INFO] [stderr]    Compiling plotters v0.3.7
[INFO] [stderr]    Compiling tokio v1.41.1
[INFO] [stderr]    Compiling criterion-plot v0.5.0
[INFO] [stderr]    Compiling regex-automata v0.4.8
[INFO] [stderr]    Compiling clap v4.5.20
[INFO] [stderr]    Compiling futures-executor v0.3.31
[INFO] [stderr]    Compiling futures v0.3.31
[INFO] [stderr]    Compiling oozextract v0.5.5 (/opt/rustwide/workdir)
[INFO] [stderr]    Compiling regex v1.11.1
[INFO] [stdout] warning: unused variable: `e`
[INFO] [stdout]    --> src/ooz/error.rs:153:17
[INFO] [stdout]     |
[INFO] [stdout] 153 |             Err(e) => Err(ErrorBuilder {
[INFO] [stdout]     |                 ^ help: if this is intentional, prefix it with an underscore: `_e`
[INFO] [stdout]     |
[INFO] [stdout]     = note: `#[warn(unused_variables)]` (part of `#[warn(unused)]`) on by default
[INFO] [stdout] 
[INFO] [stdout] 
[INFO] [stderr]    Compiling ciborium v0.2.2
[INFO] [stderr]    Compiling tokio-util v0.7.12
[INFO] [stderr]    Compiling tinytemplate v1.2.1
[INFO] [stderr]    Compiling criterion v0.5.1
[INFO] [stdout] warning: unused variable: `e`
[INFO] [stdout]    --> src/ooz/error.rs:153:17
[INFO] [stdout]     |
[INFO] [stdout] 153 |             Err(e) => Err(ErrorBuilder {
[INFO] [stdout]     |                 ^ help: if this is intentional, prefix it with an underscore: `_e`
[INFO] [stdout]     |
[INFO] [stdout]     = note: `#[warn(unused_variables)]` (part of `#[warn(unused)]`) on by default
[INFO] [stdout] 
[INFO] [stdout] 
[INFO] [stderr]     Finished `release` profile [optimized] target(s) in 15.62s
[INFO] running `Command { std: "docker" "inspect" "744d3a5dcbaeb92e301dd8c79f15b75b4ae5e0a580d173cc9c38f7f55ab360f0", kill_on_drop: false }`
[INFO] running `Command { std: "docker" "exec" "-e" "SOURCE_DIR=/opt/rustwide/workdir" "-e" "CARGO_HOME=/opt/rustwide/cargo-home" "-e" "RUSTUP_HOME=/opt/rustwide/rustup-home" "-e" "CARGO_TARGET_DIR=/opt/rustwide/target" "-e" "CARGO_INCREMENTAL=0" "-e" "RUST_BACKTRACE=full" "-e" "RUSTFLAGS=--cap-lints=warn" "-e" "RUSTDOCFLAGS=--cap-lints=warn" "-w" "/opt/rustwide/workdir" "--user" "0:0" "744d3a5dcbaeb92e301dd8c79f15b75b4ae5e0a580d173cc9c38f7f55ab360f0" "/opt/rustwide/cargo-home/bin/cargo" "+1.99.0-beta.8" "test" "--frozen" "--release", kill_on_drop: false }`
[INFO] [stderr] warning: unused variable: `e`
[INFO] [stderr]    --> src/ooz/error.rs:153:17
[INFO] [stderr]     |
[INFO] [stderr] 153 |             Err(e) => Err(ErrorBuilder {
[INFO] [stderr]     |                 ^ help: if this is intentional, prefix it with an underscore: `_e`
[INFO] [stderr]     |
[INFO] [stderr]     = note: `#[warn(unused_variables)]` (part of `#[warn(unused)]`) on by default
[INFO] [stderr] 
[INFO] [stderr] warning: `oozextract` (lib) generated 1 warning (run `cargo fix --lib -p oozextract` to apply 1 suggestion)
[INFO] [stderr] warning: `oozextract` (lib test) generated 1 warning (1 duplicate)
[INFO] [stderr]     Finished `release` profile [optimized] target(s) in 0.06s
[INFO] [stderr]      Running unittests src/lib.rs (/opt/rustwide/target/release/deps/oozextract-65f09e6270800da0)
[INFO] [stdout] 
[INFO] [stdout] running 4 tests
[INFO] [stdout] test decoder::huffman::tests::simd_test ... ok
[INFO] [stdout] test tests::read ... FAILED
[INFO] [stdout] test tests::read_from_slice ... FAILED
[INFO] [stdout] test tests::uncompressed_block_at_nonzero_offset ... ok
[INFO] [stdout] 
[INFO] [stdout] failures:
[INFO] [stdout] 
[INFO] [stdout] ---- tests::read stdout ----
[INFO] [stdout] 
[INFO] [stdout] thread 'tests::read' (1422) panicked at src/lib.rs:66:10:
[INFO] [stdout] called `Result::unwrap()` on an `Err` value: Os { code: 2, kind: NotFound, message: "No such file or directory" }
[INFO] [stdout] stack backtrace:
[INFO] [stdout]    0:     0x5a5a3f06b291 - <<std[70759c8f55707aa4]::sys::backtrace::BacktraceLock>::print::DisplayBacktrace as core[df12db4294e9bfd3]::fmt::Display>::fmt
[INFO] [stdout]    1:     0x5a5a3f08100a - core[df12db4294e9bfd3]::fmt::write
[INFO] [stdout]    2:     0x5a5a3f0711ac - <alloc[2182bb758b4b3781]::vec::Vec<u8> as core[df12db4294e9bfd3]::io::write::Write>::write_fmt
[INFO] [stdout]    3:     0x5a5a3f046f76 - std[70759c8f55707aa4]::panicking::default_hook::{closure#0}
[INFO] [stdout]    4:     0x5a5a3f0634c9 - std[70759c8f55707aa4]::panicking::default_hook
[INFO] [stdout]    5:     0x5a5a3eff5360 - test[9d35eded1c95d3be]::test_main_inner::<test[9d35eded1c95d3be]::test_main_static::{closure#0}>::{closure#0}
[INFO] [stdout]    6:     0x5a5a3f063682 - std[70759c8f55707aa4]::panicking::panic_with_hook
[INFO] [stdout]    7:     0x5a5a3f047022 - std[70759c8f55707aa4]::panicking::panic_handler::{closure#0}
[INFO] [stdout]    8:     0x5a5a3f03fb79 - std[70759c8f55707aa4]::sys::backtrace::__rust_end_short_backtrace::<std[70759c8f55707aa4]::panicking::panic_handler::{closure#0}, !>
[INFO] [stdout]    9:     0x5a5a3f047c1d - __rustc[8fa7c3cbc660c2b3]::rust_begin_unwind
[INFO] [stdout]   10:     0x5a5a3f08176c - core[df12db4294e9bfd3]::panicking::panic_fmt
[INFO] [stdout]   11:     0x5a5a3f081542 - core[df12db4294e9bfd3]::result::unwrap_failed
[INFO] [stdout]   12:     0x5a5a3efe8159 - oozextract[c81178ed6a4d8c11]::tests::read
[INFO] [stdout]   13:     0x5a5a3efe2859 - <oozextract[c81178ed6a4d8c11]::tests::read::{closure#0} as core[df12db4294e9bfd3]::ops::function::FnOnce<()>>::call_once
[INFO] [stdout]   14:     0x5a5a3efe864b - test[9d35eded1c95d3be]::__rust_begin_short_backtrace::<core[df12db4294e9bfd3]::result::Result<(), alloc[2182bb758b4b3781]::string::String>, fn() -> core[df12db4294e9bfd3]::result::Result<(), alloc[2182bb758b4b3781]::string::String>>
[INFO] [stdout]   15:     0x5a5a3eff5cb5 - test[9d35eded1c95d3be]::run_test::{closure#0}
[INFO] [stdout]   16:     0x5a5a3efef574 - std[70759c8f55707aa4]::sys::backtrace::__rust_begin_short_backtrace::<test[9d35eded1c95d3be]::run_test::{closure#1}, ()>
[INFO] [stdout]   17:     0x5a5a3eff8e12 - <std[70759c8f55707aa4]::thread::lifecycle::spawn_unchecked<test[9d35eded1c95d3be]::run_test::{closure#1}, ()>::{closure#1} as core[df12db4294e9bfd3]::ops::function::FnOnce<()>>::call_once::{shim:vtable#0}
[INFO] [stdout]   18:     0x5a5a3f06a849 - <std[70759c8f55707aa4]::sys::thread::unix::Thread>::new::thread_start
[INFO] [stdout]   19:     0x73bf6bf14dfa - <unknown>
[INFO] [stdout]   20:     0x73bf6bfa83d4 - clone
[INFO] [stdout]   21:                0x0 - <unknown>
[INFO] [stdout] 
[INFO] [stdout] ---- tests::read_from_slice stdout ----
[INFO] [stdout] 
[INFO] [stdout] thread 'tests::read_from_slice' (1423) panicked at src/lib.rs:109:10:
[INFO] [stdout] called `Result::unwrap()` on an `Err` value: Os { code: 2, kind: NotFound, message: "No such file or directory" }
[INFO] [stdout] stack backtrace:
[INFO] [stdout]    0:     0x5a5a3f06b291 - <<std[70759c8f55707aa4]::sys::backtrace::BacktraceLock>::print::DisplayBacktrace as core[df12db4294e9bfd3]::fmt::Display>::fmt
[INFO] [stdout]    1:     0x5a5a3f08100a - core[df12db4294e9bfd3]::fmt::write
[INFO] [stdout]    2:     0x5a5a3f0711ac - <alloc[2182bb758b4b3781]::vec::Vec<u8> as core[df12db4294e9bfd3]::io::write::Write>::write_fmt
[INFO] [stdout]    3:     0x5a5a3f046f76 - std[70759c8f55707aa4]::panicking::default_hook::{closure#0}
[INFO] [stdout]    4:     0x5a5a3f0634c9 - std[70759c8f55707aa4]::panicking::default_hook
[INFO] [stdout]    5:     0x5a5a3eff5360 - test[9d35eded1c95d3be]::test_main_inner::<test[9d35eded1c95d3be]::test_main_static::{closure#0}>::{closure#0}
[INFO] [stdout]    6:     0x5a5a3f063682 - std[70759c8f55707aa4]::panicking::panic_with_hook
[INFO] [stdout]    7:     0x5a5a3f047022 - std[70759c8f55707aa4]::panicking::panic_handler::{closure#0}
[INFO] [stdout]    8:     0x5a5a3f03fb79 - std[70759c8f55707aa4]::sys::backtrace::__rust_end_short_backtrace::<std[70759c8f55707aa4]::panicking::panic_handler::{closure#0}, !>
[INFO] [stdout]    9:     0x5a5a3f047c1d - __rustc[8fa7c3cbc660c2b3]::rust_begin_unwind
[INFO] [stdout]   10:     0x5a5a3f08176c - core[df12db4294e9bfd3]::panicking::panic_fmt
[INFO] [stdout]   11:     0x5a5a3f081542 - core[df12db4294e9bfd3]::result::unwrap_failed
[INFO] [stdout]   12:     0x5a5a3efe6d20 - oozextract[c81178ed6a4d8c11]::tests::read_from_slice
[INFO] [stdout]   13:     0x5a5a3efe2819 - <oozextract[c81178ed6a4d8c11]::tests::read_from_slice::{closure#0} as core[df12db4294e9bfd3]::ops::function::FnOnce<()>>::call_once
[INFO] [stdout]   14:     0x5a5a3efe864b - test[9d35eded1c95d3be]::__rust_begin_short_backtrace::<core[df12db4294e9bfd3]::result::Result<(), alloc[2182bb758b4b3781]::string::String>, fn() -> core[df12db4294e9bfd3]::result::Result<(), alloc[2182bb758b4b3781]::string::String>>
[INFO] [stdout]   15:     0x5a5a3eff5cb5 - test[9d35eded1c95d3be]::run_test::{closure#0}
[INFO] [stdout]   16:     0x5a5a3efef574 - std[70759c8f55707aa4]::sys::backtrace::__rust_begin_short_backtrace::<test[9d35eded1c95d3be]::run_test::{closure#1}, ()>
[INFO] [stdout]   17:     0x5a5a3eff8e12 - <std[70759c8f55707aa4]::thread::lifecycle::spawn_unchecked<test[9d35eded1c95d3be]::run_test::{closure#1}, ()>::{closure#1} as core[df12db4294e9bfd3]::ops::function::FnOnce<()>>::call_once::{shim:vtable#0}
[INFO] [stdout]   18:     0x5a5a3f06a849 - <std[70759c8f55707aa4]::sys::thread::unix::Thread>::new::thread_start
[INFO] [stdout]   19:     0x73bf6bf14dfa - <unknown>
[INFO] [stdout]   20:     0x73bf6bfa83d4 - clone
[INFO] [stdout]   21:                0x0 - <unknown>
[INFO] [stdout] 
[INFO] [stdout] 
[INFO] [stdout] failures:
[INFO] [stdout]     tests::read
[INFO] [stdout]     tests::read_from_slice
[INFO] [stdout] 
[INFO] [stdout] test result: FAILED. 2 passed; 2 failed; 0 ignored; 0 measured; 0 filtered out; finished in 0.00s
[INFO] [stdout] 
[INFO] [stderr] error: test failed, to rerun pass `--lib`
[INFO] running `Command { std: "docker" "inspect" "744d3a5dcbaeb92e301dd8c79f15b75b4ae5e0a580d173cc9c38f7f55ab360f0", kill_on_drop: false }`
[INFO] running `Command { std: "docker" "rm" "-f" "744d3a5dcbaeb92e301dd8c79f15b75b4ae5e0a580d173cc9c38f7f55ab360f0", kill_on_drop: false }`
[INFO] [stdout] 744d3a5dcbaeb92e301dd8c79f15b75b4ae5e0a580d173cc9c38f7f55ab360f0
