[INFO] fetching crate oomwrap 0.1.0...
[INFO] testing oomwrap-0.1.0 against 1.100.0-beta.1+cargoflags=--release for beta-release-1.100-2
[INFO] extracting crate oomwrap 0.1.0 into /workspace/builds/worker-6-tc2/source
[INFO] started tweaking crates.io crate oomwrap 0.1.0
[INFO] removed 0 missing tests
[INFO] finished tweaking crates.io crate oomwrap 0.1.0
[INFO] tweaked toml for crates.io crate oomwrap 0.1.0 written to /workspace/builds/worker-6-tc2/source/Cargo.toml
[INFO] validating manifest of crates.io crate oomwrap 0.1.0 on toolchain 1.100.0-beta.1
[INFO] running `Command { std: CARGO_HOME="/workspace/cargo-home" RUSTUP_HOME="/workspace/rustup-home" "/workspace/cargo-home/bin/cargo" "+1.100.0-beta.1" "metadata" "--manifest-path" "Cargo.toml" "--no-deps", kill_on_drop: false }`
[INFO] crate crates.io crate oomwrap 0.1.0 already has a lockfile, it will not be regenerated
[INFO] running `Command { std: CARGO_HOME="/workspace/cargo-home" RUSTUP_HOME="/workspace/rustup-home" "/workspace/cargo-home/bin/cargo" "+1.100.0-beta.1" "fetch" "--manifest-path" "Cargo.toml", kill_on_drop: false }`
[INFO] [stderr] warning: `package.homepage` is redundant with `package.repository`
[INFO] [stderr]   --> Cargo.toml:56:12
[INFO] [stderr]    |
[INFO] [stderr] 56 | homepage = "https://github.com/osolmaz/oomwrap"
[INFO] [stderr]    |            ^^^^^^^^^^^^^^^^^^^^^^^^^^^^^^^^^^^^
[INFO] [stderr] ...
[INFO] [stderr] 62 | repository = "https://github.com/osolmaz/oomwrap"
[INFO] [stderr]    |              ------------------------------------
[INFO] [stderr]    |
[INFO] [stderr]    = note: `cargo::redundant_homepage` is set to `warn` by default
[INFO] [stderr] help: consider removing `package.homepage`
[INFO] [stderr] warning: `oomwrap` (manifest) generated 1 warning
[INFO] running `Command { std: "docker" "create" "-v" "/var/lib/crater-agent-workspace/builds/worker-6-tc2/source:/opt/rustwide/workdir:ro,Z" "-v" "/var/lib/crater-agent-workspace/builds/worker-6-tc2/target:/opt/rustwide/target:rw,Z" "-v" "/var/lib/crater-agent-workspace/cargo-home:/opt/rustwide/cargo-home:ro,Z" "-v" "/var/lib/crater-agent-workspace/rustup-home:/opt/rustwide/rustup-home:ro,Z" "-m" "1610612736" "--network" "none" "ghcr.io/rust-lang/crates-build-env/linux@sha256:77db811e55d90add9212f6832c23229e3de5f1c1f9905e8cb07319ea15df73ac" "sleep" "infinity", kill_on_drop: false }`
[INFO] [stdout] 26511fdb1aaf33451d8a5718b32754ad328cbcfe267cac3e204e721e9d781c80
[INFO] running `Command { std: "docker" "start" "26511fdb1aaf33451d8a5718b32754ad328cbcfe267cac3e204e721e9d781c80", kill_on_drop: false }`
[INFO] running `Command { std: "docker" "inspect" "26511fdb1aaf33451d8a5718b32754ad328cbcfe267cac3e204e721e9d781c80", kill_on_drop: false }`
[INFO] running `Command { std: "docker" "exec" "-e" "SOURCE_DIR=/opt/rustwide/workdir" "-e" "CARGO_HOME=/opt/rustwide/cargo-home" "-e" "RUSTUP_HOME=/opt/rustwide/rustup-home" "-e" "CARGO_TARGET_DIR=/opt/rustwide/target" "-w" "/opt/rustwide/workdir" "--user" "0:0" "26511fdb1aaf33451d8a5718b32754ad328cbcfe267cac3e204e721e9d781c80" "/opt/rustwide/cargo-home/bin/cargo" "+1.100.0-beta.1" "metadata" "--no-deps" "--format-version=1", kill_on_drop: false }`
[INFO] running `Command { std: "docker" "inspect" "26511fdb1aaf33451d8a5718b32754ad328cbcfe267cac3e204e721e9d781c80", kill_on_drop: false }`
[INFO] running `Command { std: "docker" "exec" "-e" "SOURCE_DIR=/opt/rustwide/workdir" "-e" "CARGO_HOME=/opt/rustwide/cargo-home" "-e" "RUSTUP_HOME=/opt/rustwide/rustup-home" "-e" "CARGO_TARGET_DIR=/opt/rustwide/target" "-e" "CARGO_INCREMENTAL=0" "-e" "RUST_BACKTRACE=full" "-e" "RUSTFLAGS=--cap-lints=warn" "-e" "RUSTDOCFLAGS=--cap-lints=warn" "-w" "/opt/rustwide/workdir" "--user" "0:0" "26511fdb1aaf33451d8a5718b32754ad328cbcfe267cac3e204e721e9d781c80" "/opt/rustwide/cargo-home/bin/cargo" "+1.100.0-beta.1" "build" "--frozen" "--message-format=json" "--release", kill_on_drop: false }`
[INFO] [stderr] warning: `package.homepage` is redundant with `package.repository`
[INFO] [stderr]   --> Cargo.toml:56:12
[INFO] [stderr]    |
[INFO] [stderr] 56 | homepage = "https://github.com/osolmaz/oomwrap"
[INFO] [stderr]    |            ^^^^^^^^^^^^^^^^^^^^^^^^^^^^^^^^^^^^
[INFO] [stderr] ...
[INFO] [stderr] 62 | repository = "https://github.com/osolmaz/oomwrap"
[INFO] [stderr]    |              ------------------------------------
[INFO] [stderr]    |
[INFO] [stderr]    = note: `cargo::redundant_homepage` is set to `warn` by default
[INFO] [stderr] help: consider removing `package.homepage`
[INFO] [stderr] warning: `oomwrap` (manifest) generated 1 warning
[INFO] [stderr]    Compiling libc v0.2.186
[INFO] [stderr]    Compiling nix v0.30.1
[INFO] [stderr]    Compiling signal-hook v0.3.18
[INFO] [stderr]    Compiling rustix v1.1.4
[INFO] [stderr]    Compiling syn v2.0.118
[INFO] [stderr]    Compiling clap_builder v4.6.0
[INFO] [stderr]    Compiling serde_json v1.0.150
[INFO] [stderr]    Compiling sha2 v0.10.9
[INFO] [stderr]    Compiling skillflag v0.1.0
[INFO] [stderr]    Compiling errno v0.3.14
[INFO] [stderr]    Compiling getrandom v0.4.3
[INFO] [stderr]    Compiling signal-hook-registry v1.4.8
[INFO] [stderr]    Compiling tempfile v3.27.0
[INFO] [stderr]    Compiling clap_derive v4.6.1
[INFO] [stderr]    Compiling serde_derive v1.0.228
[INFO] [stderr]    Compiling clap v4.6.1
[INFO] [stderr]    Compiling serde v1.0.228
[INFO] [stderr]    Compiling oomwrap v0.1.0 (/opt/rustwide/workdir)
[INFO] [stderr]     Finished `release` profile [optimized] target(s) in 23.54s
[INFO] [stderr] warning: the following packages contain code that will be rejected by a future version of Rust: nix v0.30.1
[INFO] [stderr] note: to see what the problems were, use the option `--future-incompat-report`, or run `cargo report future-incompatibilities --id 1`
[INFO] running `Command { std: "docker" "inspect" "26511fdb1aaf33451d8a5718b32754ad328cbcfe267cac3e204e721e9d781c80", kill_on_drop: false }`
[INFO] running `Command { std: "docker" "exec" "-e" "SOURCE_DIR=/opt/rustwide/workdir" "-e" "CARGO_HOME=/opt/rustwide/cargo-home" "-e" "RUSTUP_HOME=/opt/rustwide/rustup-home" "-e" "CARGO_TARGET_DIR=/opt/rustwide/target" "-e" "CARGO_INCREMENTAL=0" "-e" "RUST_BACKTRACE=full" "-e" "RUSTFLAGS=--cap-lints=warn" "-e" "RUSTDOCFLAGS=--cap-lints=warn" "-w" "/opt/rustwide/workdir" "--user" "0:0" "26511fdb1aaf33451d8a5718b32754ad328cbcfe267cac3e204e721e9d781c80" "/opt/rustwide/cargo-home/bin/cargo" "+1.100.0-beta.1" "test" "--frozen" "--no-run" "--message-format=json" "--release", kill_on_drop: false }`
[INFO] [stderr] warning: `package.homepage` is redundant with `package.repository`
[INFO] [stderr]   --> Cargo.toml:56:12
[INFO] [stderr]    |
[INFO] [stderr] 56 | homepage = "https://github.com/osolmaz/oomwrap"
[INFO] [stderr]    |            ^^^^^^^^^^^^^^^^^^^^^^^^^^^^^^^^^^^^
[INFO] [stderr] ...
[INFO] [stderr] 62 | repository = "https://github.com/osolmaz/oomwrap"
[INFO] [stderr]    |              ------------------------------------
[INFO] [stderr]    |
[INFO] [stderr]    = note: `cargo::redundant_homepage` is set to `warn` by default
[INFO] [stderr] help: consider removing `package.homepage`
[INFO] [stderr] warning: `oomwrap` (manifest) generated 1 warning
[INFO] [stderr]    Compiling num-traits v0.2.19
[INFO] [stderr]    Compiling aho-corasick v1.1.4
[INFO] [stderr]    Compiling predicates-core v1.0.10
[INFO] [stderr]    Compiling assert_cmd v2.2.2
[INFO] [stderr]    Compiling normalize-line-endings v0.3.0
[INFO] [stderr]    Compiling wait-timeout v0.2.1
[INFO] [stderr]    Compiling mutants v0.0.3
[INFO] [stderr]    Compiling predicates-tree v1.0.13
[INFO] [stderr]    Compiling float-cmp v0.10.0
[INFO] [stderr]    Compiling regex-automata v0.4.14
[INFO] [stderr]    Compiling regex v1.12.4
[INFO] [stderr]    Compiling bstr v1.12.3
[INFO] [stderr]    Compiling predicates v3.1.4
[INFO] [stderr]    Compiling oomwrap v0.1.0 (/opt/rustwide/workdir)
[INFO] [stderr]     Finished `release` profile [optimized] target(s) in 15.79s
[INFO] [stderr] warning: the following packages contain code that will be rejected by a future version of Rust: nix v0.30.1
[INFO] [stderr] note: to see what the problems were, use the option `--future-incompat-report`, or run `cargo report future-incompatibilities --id 1`
[INFO] running `Command { std: "docker" "inspect" "26511fdb1aaf33451d8a5718b32754ad328cbcfe267cac3e204e721e9d781c80", kill_on_drop: false }`
[INFO] running `Command { std: "docker" "exec" "-e" "SOURCE_DIR=/opt/rustwide/workdir" "-e" "CARGO_HOME=/opt/rustwide/cargo-home" "-e" "RUSTUP_HOME=/opt/rustwide/rustup-home" "-e" "CARGO_TARGET_DIR=/opt/rustwide/target" "-e" "CARGO_INCREMENTAL=0" "-e" "RUST_BACKTRACE=full" "-e" "RUSTFLAGS=--cap-lints=warn" "-e" "RUSTDOCFLAGS=--cap-lints=warn" "-w" "/opt/rustwide/workdir" "--user" "0:0" "26511fdb1aaf33451d8a5718b32754ad328cbcfe267cac3e204e721e9d781c80" "/opt/rustwide/cargo-home/bin/cargo" "+1.100.0-beta.1" "test" "--frozen" "--release", kill_on_drop: false }`
[INFO] [stderr] warning: `package.homepage` is redundant with `package.repository`
[INFO] [stderr]   --> Cargo.toml:56:12
[INFO] [stderr]    |
[INFO] [stderr] 56 | homepage = "https://github.com/osolmaz/oomwrap"
[INFO] [stderr]    |            ^^^^^^^^^^^^^^^^^^^^^^^^^^^^^^^^^^^^
[INFO] [stderr] ...
[INFO] [stderr] 62 | repository = "https://github.com/osolmaz/oomwrap"
[INFO] [stderr]    |              ------------------------------------
[INFO] [stderr]    |
[INFO] [stderr]    = note: `cargo::redundant_homepage` is set to `warn` by default
[INFO] [stderr] help: consider removing `package.homepage`
[INFO] [stderr] warning: `oomwrap` (manifest) generated 1 warning
[INFO] [stderr]     Finished `release` profile [optimized] target(s) in 0.11s
[INFO] [stderr] warning: the following packages contain code that will be rejected by a future version of Rust: nix v0.30.1
[INFO] [stderr] note: to see what the problems were, use the option `--future-incompat-report`, or run `cargo report future-incompatibilities --id 1`
[INFO] [stderr]      Running unittests src/lib.rs (/opt/rustwide/target/release/build/oomwrap/854362eeeb5a9de9/out/oomwrap-854362eeeb5a9de9)
[INFO] [stdout] 
[INFO] [stdout] running 10 tests
[INFO] [stdout] test tests::generated_absolute_wrapper_has_marker_and_resolves_real_target ... ok
[INFO] [stdout] test tests::detects_profiles ... ok
[INFO] [stdout] test tests::generated_path_shim_has_marker_and_env_escape ... ok
[INFO] [stdout] test tests::command_and_proc_helpers_parse_expected_shapes ... ok
[INFO] [stdout] test tests::parses_sizes ... ok
[INFO] [stdout] test tests::parses_meminfo ... ok
[INFO] [stdout] test tests::real_path_appends_real_suffix ... ok
[INFO] [stdout] test tests::parses_durations ... ok
[INFO] [stdout] test tests::misc_helpers_cover_boundaries ... ok
[INFO] [stdout] test tests::profile_requirements_are_conservative ... ok
[INFO] [stdout] 
[INFO] [stdout] test result: ok. 10 passed; 0 failed; 0 ignored; 0 measured; 0 filtered out; finished in 0.01s
[INFO] [stdout] 
[INFO] [stderr]      Running unittests src/main.rs (/opt/rustwide/target/release/build/oomwrap/74cc9921bd38e319/out/oomwrap-74cc9921bd38e319)
[INFO] [stdout] 
[INFO] [stdout] running 0 tests
[INFO] [stdout] 
[INFO] [stdout] test result: ok. 0 passed; 0 failed; 0 ignored; 0 measured; 0 filtered out; finished in 0.00s
[INFO] [stdout] 
[INFO] [stderr]      Running tests/cli.rs (/opt/rustwide/target/release/build/oomwrap/72ce7a9b9a1d9871/out/cli-72ce7a9b9a1d9871)
[INFO] [stdout] 
[INFO] [stdout] running 41 tests
[INFO] [stdout] test install_refuses_dangling_symlink_without_force ... ok
[INFO] [stdout] test inspect_prints_human_summary ... ok
[INFO] [stdout] test doctor_prints_status ... ok
[INFO] [stdout] test doctor_and_inspect_can_emit_json ... ok
[INFO] [stdout] test install_and_uninstall_reject_path_like_tool_names ... ok
[INFO] [stdout] test install_default_shims_and_refuse_unmanaged_collision ... ok
[INFO] [stdout] test absolute_wrapper_treats_generated_defaults_as_data ... ok
[INFO] [stdout] test path_shim_treats_generated_defaults_as_data ... ok
[INFO] [stdout] test run_refuses_when_preflight_memory_is_below_floor ... ok
[INFO] [stdout] test run_refuses_when_preflight_swap_is_below_floor ... ok
[INFO] [stderr] received signal 15; terminating process group 1037
[INFO] [stdout] test run_rejects_invalid_durations_without_panic ... ok
[INFO] [stdout] test run_rejects_unsupported_systemd_scope_flag ... ok
[INFO] [stdout] test run_allows_thresholds_equal_to_available_memory ... ok
[INFO] [stdout] test run_cleans_process_group_when_guard_receives_term ... ok
[INFO] [stdout] test install_force_replaces_symlink_without_touching_target ... ok
[INFO] [stdout] test skillflag_exports_complete_skill ... ok
[INFO] [stdout] test run_allows_child_to_read_from_controlling_tty ... ok
[INFO] [stdout] test skillflag_lists_embedded_skill ... ok
[INFO] [stdout] test absolute_wrapper_resolves_symlink_to_real_path ... ok
[INFO] [stdout] test skillflag_shows_canonical_skill ... ok
[INFO] [stdout] test path_shim_resolves_real_binary_without_recursing ... ok
[INFO] [stdout] test unwrap_restores_original_symlink_even_if_target_is_missing ... ok
[INFO] [stdout] test unwrap_symlink_to_wrapper_uses_wrapper_sidecar ... ok
[INFO] [stdout] test wrap_refuses_dangling_real_sidecar_without_force ... ok
[INFO] [stdout] test wrap_refuses_existing_real_path_without_force ... ok
[INFO] [stdout] test wrap_and_unwrap_validate_bad_inputs ... ok
[INFO] [stdout] test run_returns_child_exit_code ... ok
[INFO] [stdout] test run_kills_process_group_when_memory_drops ... ok
[INFO] [stdout] test wrapped_high_risk_tool_still_requires_earlyoom ... ok
[INFO] [stdout] test run_reaps_cooperative_term_without_waiting_full_grace ... ok
[INFO] [stdout] test high_risk_profiles_require_earlyoom_unless_overridden ... ok
[INFO] [stdout] test run_returns_signal_exit_code ... ok
[INFO] [stdout] test path_shim_can_run_wrapped_binary_later_in_path ... ok
[INFO] [stdout] test uninstall_shims_does_not_delete_absolute_wrapper ... ok
[INFO] [stdout] test wrap_and_unwrap_round_trip ... ok
[INFO] [stdout] test run_handles_huge_durations_without_panic ... ok
[INFO] [stdout] test run_sends_one_sigterm_during_grace_window ... ok
[INFO] [stdout] test run_escalates_to_sigkill_when_child_ignores_sigterm ... ok
[INFO] [stdout] test run_cleans_process_group_when_monitoring_fails_after_spawn ... ok
[INFO] [stdout] test run_cleans_background_group_after_leader_exits ... FAILED
[INFO] [stdout] test run_kills_remaining_group_members_after_leader_exits ... FAILED
[INFO] [stdout] 
[INFO] [stdout] failures:
[INFO] [stdout] 
[INFO] [stdout] ---- run_cleans_background_group_after_leader_exits stdout ----
[INFO] [stdout] 
[INFO] [stdout] thread 'run_cleans_background_group_after_leader_exits' (1014) panicked at tests/cli.rs:39:5:
[INFO] [stdout] process 1071 is still alive
[INFO] [stdout] stack backtrace:
[INFO] [stdout]    0:     0x5cbf8eee06f1 - <<std[617be2ca0a6fd877]::sys::backtrace::BacktraceLock>::print::DisplayBacktrace as core[a373ad73a504971]::fmt::Display>::fmt
[INFO] [stdout]    1:     0x5cbf8eef744a - core[a373ad73a504971]::fmt::write
[INFO] [stdout]    2:     0x5cbf8eee5f4c - <alloc[2e1b2a31b91974c5]::vec::Vec<u8> as core[a373ad73a504971]::io::write::Write>::write_fmt
[INFO] [stdout]    3:     0x5cbf8eeb9af6 - std[617be2ca0a6fd877]::panicking::default_hook::{closure#0}
[INFO] [stdout]    4:     0x5cbf8eed7739 - std[617be2ca0a6fd877]::panicking::default_hook
[INFO] [stdout]    5:     0x5cbf8ee66020 - test[aada8e7e76ba119b]::test_main_inner::{closure#0}
[INFO] [stdout]    6:     0x5cbf8eed78f2 - std[617be2ca0a6fd877]::panicking::panic_with_hook
[INFO] [stdout]    7:     0x5cbf8eeb9ba2 - std[617be2ca0a6fd877]::panicking::panic_handler::{closure#0}
[INFO] [stdout]    8:     0x5cbf8eeb25a9 - std[617be2ca0a6fd877]::sys::backtrace::__rust_end_short_backtrace::<std[617be2ca0a6fd877]::panicking::panic_handler::{closure#0}, !>
[INFO] [stdout]    9:     0x5cbf8eeba95d - __rustc[ea4f61d10b84890b]::rust_begin_unwind
[INFO] [stdout]   10:     0x5cbf8eef7bfc - core[a373ad73a504971]::panicking::panic_fmt
[INFO] [stdout]   11:     0x5cbf8ee39ef9 - cli[a2a674fbd24c5221]::wait_for_process_exit
[INFO] [stdout]   12:     0x5cbf8ee47b40 - <cli[a2a674fbd24c5221]::run_cleans_background_group_after_leader_exits::{closure#0} as core[a373ad73a504971]::ops::function::FnOnce<()>>::call_once
[INFO] [stdout]   13:     0x5cbf8ee5946b - test[aada8e7e76ba119b]::__rust_begin_short_backtrace::<core[a373ad73a504971]::result::Result<(), alloc[2e1b2a31b91974c5]::string::String>, fn() -> core[a373ad73a504971]::result::Result<(), alloc[2e1b2a31b91974c5]::string::String>>
[INFO] [stdout]   14:     0x5cbf8ee66645 - test[aada8e7e76ba119b]::run_test::{closure#0}
[INFO] [stdout]   15:     0x5cbf8ee5ff34 - std[617be2ca0a6fd877]::sys::backtrace::__rust_begin_short_backtrace::<test[aada8e7e76ba119b]::run_test::{closure#1}, ()>
[INFO] [stdout]   16:     0x5cbf8ee696d2 - <std[617be2ca0a6fd877]::thread::lifecycle::spawn_unchecked<test[aada8e7e76ba119b]::run_test::{closure#1}, ()>::{closure#1} as core[a373ad73a504971]::ops::function::FnOnce<()>>::call_once::{shim:vtable#0}
[INFO] [stdout]   17:     0x5cbf8eedf67f - <std[617be2ca0a6fd877]::sys::thread::unix::Thread>::new::thread_start
[INFO] [stdout]   18:     0x7b768083fdfa - <unknown>
[INFO] [stdout]   19:     0x7b76808d33d4 - clone
[INFO] [stdout]   20:                0x0 - <unknown>
[INFO] [stdout] 
[INFO] [stdout] ---- run_kills_remaining_group_members_after_leader_exits stdout ----
[INFO] [stdout] 
[INFO] [stdout] thread 'run_kills_remaining_group_members_after_leader_exits' (1086) panicked at tests/cli.rs:39:5:
[INFO] [stdout] process 1099 is still alive
[INFO] [stdout] stack backtrace:
[INFO] [stdout]    0:     0x5cbf8eee06f1 - <<std[617be2ca0a6fd877]::sys::backtrace::BacktraceLock>::print::DisplayBacktrace as core[a373ad73a504971]::fmt::Display>::fmt
[INFO] [stdout]    1:     0x5cbf8eef744a - core[a373ad73a504971]::fmt::write
[INFO] [stdout]    2:     0x5cbf8eee5f4c - <alloc[2e1b2a31b91974c5]::vec::Vec<u8> as core[a373ad73a504971]::io::write::Write>::write_fmt
[INFO] [stdout]    3:     0x5cbf8eeb9af6 - std[617be2ca0a6fd877]::panicking::default_hook::{closure#0}
[INFO] [stdout]    4:     0x5cbf8eed7739 - std[617be2ca0a6fd877]::panicking::default_hook
[INFO] [stdout]    5:     0x5cbf8ee66020 - test[aada8e7e76ba119b]::test_main_inner::{closure#0}
[INFO] [stdout]    6:     0x5cbf8eed78f2 - std[617be2ca0a6fd877]::panicking::panic_with_hook
[INFO] [stdout]    7:     0x5cbf8eeb9ba2 - std[617be2ca0a6fd877]::panicking::panic_handler::{closure#0}
[INFO] [stdout]    8:     0x5cbf8eeb25a9 - std[617be2ca0a6fd877]::sys::backtrace::__rust_end_short_backtrace::<std[617be2ca0a6fd877]::panicking::panic_handler::{closure#0}, !>
[INFO] [stdout]    9:     0x5cbf8eeba95d - __rustc[ea4f61d10b84890b]::rust_begin_unwind
[INFO] [stdout]   10:     0x5cbf8eef7bfc - core[a373ad73a504971]::panicking::panic_fmt
[INFO] [stdout]   11:     0x5cbf8ee39ef9 - cli[a2a674fbd24c5221]::wait_for_process_exit
[INFO] [stdout]   12:     0x5cbf8ee50f90 - <cli[a2a674fbd24c5221]::run_kills_remaining_group_members_after_leader_exits::{closure#0} as core[a373ad73a504971]::ops::function::FnOnce<()>>::call_once
[INFO] [stdout]   13:     0x5cbf8ee5946b - test[aada8e7e76ba119b]::__rust_begin_short_backtrace::<core[a373ad73a504971]::result::Result<(), alloc[2e1b2a31b91974c5]::string::String>, fn() -> core[a373ad73a504971]::result::Result<(), alloc[2e1b2a31b91974c5]::string::String>>
[INFO] [stdout]   14:     0x5cbf8ee66645 - test[aada8e7e76ba119b]::run_test::{closure#0}
[INFO] [stdout]   15:     0x5cbf8ee5ff34 - std[617be2ca0a6fd877]::sys::backtrace::__rust_begin_short_backtrace::<test[aada8e7e76ba119b]::run_test::{closure#1}, ()>
[INFO] [stdout]   16:     0x5cbf8ee696d2 - <std[617be2ca0a6fd877]::thread::lifecycle::spawn_unchecked<test[aada8e7e76ba119b]::run_test::{closure#1}, ()>::{closure#1} as core[a373ad73a504971]::ops::function::FnOnce<()>>::call_once::{shim:vtable#0}
[INFO] [stdout]   17:     0x5cbf8eedf67f - <std[617be2ca0a6fd877]::sys::thread::unix::Thread>::new::thread_start
[INFO] [stdout]   18:     0x7b768083fdfa - <unknown>
[INFO] [stdout]   19:     0x7b76808d33d4 - clone
[INFO] [stdout]   20:                0x0 - <unknown>
[INFO] [stdout] 
[INFO] [stdout] 
[INFO] [stdout] failures:
[INFO] [stdout]     run_cleans_background_group_after_leader_exits
[INFO] [stdout]     run_kills_remaining_group_members_after_leader_exits
[INFO] [stdout] 
[INFO] [stdout] test result: FAILED. 39 passed; 2 failed; 0 ignored; 0 measured; 0 filtered out; finished in 3.50s
[INFO] [stdout] 
[INFO] [stderr] error: test failed, to rerun pass `--test cli`
[INFO] running `Command { std: "docker" "inspect" "26511fdb1aaf33451d8a5718b32754ad328cbcfe267cac3e204e721e9d781c80", kill_on_drop: false }`
[INFO] running `Command { std: "docker" "rm" "-f" "26511fdb1aaf33451d8a5718b32754ad328cbcfe267cac3e204e721e9d781c80", kill_on_drop: false }`
[INFO] [stdout] 26511fdb1aaf33451d8a5718b32754ad328cbcfe267cac3e204e721e9d781c80
