[INFO] fetching crate ontologos-swrl 1.1.4...
[INFO] testing ontologos-swrl-1.1.4 against 1.100.0-beta.1+cargoflags=--release for beta-release-1.100-2
[INFO] extracting crate ontologos-swrl 1.1.4 into /workspace/builds/worker-5-tc2/source
[INFO] started tweaking crates.io crate ontologos-swrl 1.1.4
[INFO] removed 0 missing tests
[INFO] finished tweaking crates.io crate ontologos-swrl 1.1.4
[INFO] tweaked toml for crates.io crate ontologos-swrl 1.1.4 written to /workspace/builds/worker-5-tc2/source/Cargo.toml
[INFO] validating manifest of crates.io crate ontologos-swrl 1.1.4 on toolchain 1.100.0-beta.1
[INFO] running `Command { std: CARGO_HOME="/workspace/cargo-home" RUSTUP_HOME="/workspace/rustup-home" "/workspace/cargo-home/bin/cargo" "+1.100.0-beta.1" "metadata" "--manifest-path" "Cargo.toml" "--no-deps", kill_on_drop: false }`
[INFO] crate crates.io crate ontologos-swrl 1.1.4 already has a lockfile, it will not be regenerated
[INFO] running `Command { std: CARGO_HOME="/workspace/cargo-home" RUSTUP_HOME="/workspace/rustup-home" "/workspace/cargo-home/bin/cargo" "+1.100.0-beta.1" "fetch" "--manifest-path" "Cargo.toml", kill_on_drop: false }`
[INFO] [stderr] warning: `package.homepage` is redundant with `package.repository`
[INFO] [stderr]   --> Cargo.toml:48:12
[INFO] [stderr]    |
[INFO] [stderr] 48 | homepage = "https://github.com/eddiethedean/ontologos"
[INFO] [stderr]    |            ^^^^^^^^^^^^^^^^^^^^^^^^^^^^^^^^^^^^^^^^^^^
[INFO] [stderr] ...
[INFO] [stderr] 53 | repository = "https://github.com/eddiethedean/ontologos"
[INFO] [stderr]    |              -------------------------------------------
[INFO] [stderr]    |
[INFO] [stderr]    = note: `cargo::redundant_homepage` is set to `warn` by default
[INFO] [stderr] help: consider removing `package.homepage`
[INFO] [stderr] warning: `ontologos-swrl` (manifest) generated 1 warning
[INFO] running `Command { std: "docker" "create" "-v" "/var/lib/crater-agent-workspace/builds/worker-5-tc2/source:/opt/rustwide/workdir:ro,Z" "-v" "/var/lib/crater-agent-workspace/builds/worker-5-tc2/target:/opt/rustwide/target:rw,Z" "-v" "/var/lib/crater-agent-workspace/cargo-home:/opt/rustwide/cargo-home:ro,Z" "-v" "/var/lib/crater-agent-workspace/rustup-home:/opt/rustwide/rustup-home:ro,Z" "-m" "1610612736" "--network" "none" "ghcr.io/rust-lang/crates-build-env/linux@sha256:77db811e55d90add9212f6832c23229e3de5f1c1f9905e8cb07319ea15df73ac" "sleep" "infinity", kill_on_drop: false }`
[INFO] [stdout] 312a81a182ef1a3182a26ebd7060aca90e7874556f59bb74d7ece371095dedca
[INFO] running `Command { std: "docker" "start" "312a81a182ef1a3182a26ebd7060aca90e7874556f59bb74d7ece371095dedca", kill_on_drop: false }`
[INFO] running `Command { std: "docker" "inspect" "312a81a182ef1a3182a26ebd7060aca90e7874556f59bb74d7ece371095dedca", kill_on_drop: false }`
[INFO] running `Command { std: "docker" "exec" "-e" "SOURCE_DIR=/opt/rustwide/workdir" "-e" "CARGO_HOME=/opt/rustwide/cargo-home" "-e" "RUSTUP_HOME=/opt/rustwide/rustup-home" "-e" "CARGO_TARGET_DIR=/opt/rustwide/target" "-w" "/opt/rustwide/workdir" "--user" "0:0" "312a81a182ef1a3182a26ebd7060aca90e7874556f59bb74d7ece371095dedca" "/opt/rustwide/cargo-home/bin/cargo" "+1.100.0-beta.1" "metadata" "--no-deps" "--format-version=1", kill_on_drop: false }`
[INFO] running `Command { std: "docker" "inspect" "312a81a182ef1a3182a26ebd7060aca90e7874556f59bb74d7ece371095dedca", kill_on_drop: false }`
[INFO] running `Command { std: "docker" "exec" "-e" "SOURCE_DIR=/opt/rustwide/workdir" "-e" "CARGO_HOME=/opt/rustwide/cargo-home" "-e" "RUSTUP_HOME=/opt/rustwide/rustup-home" "-e" "CARGO_TARGET_DIR=/opt/rustwide/target" "-e" "CARGO_INCREMENTAL=0" "-e" "RUST_BACKTRACE=full" "-e" "RUSTFLAGS=--cap-lints=warn" "-e" "RUSTDOCFLAGS=--cap-lints=warn" "-w" "/opt/rustwide/workdir" "--user" "0:0" "312a81a182ef1a3182a26ebd7060aca90e7874556f59bb74d7ece371095dedca" "/opt/rustwide/cargo-home/bin/cargo" "+1.100.0-beta.1" "build" "--frozen" "--message-format=json" "--release", kill_on_drop: false }`
[INFO] [stderr] warning: `package.homepage` is redundant with `package.repository`
[INFO] [stderr]   --> Cargo.toml:48:12
[INFO] [stderr]    |
[INFO] [stderr] 48 | homepage = "https://github.com/eddiethedean/ontologos"
[INFO] [stderr]    |            ^^^^^^^^^^^^^^^^^^^^^^^^^^^^^^^^^^^^^^^^^^^
[INFO] [stderr] ...
[INFO] [stderr] 53 | repository = "https://github.com/eddiethedean/ontologos"
[INFO] [stderr]    |              -------------------------------------------
[INFO] [stderr]    |
[INFO] [stderr]    = note: `cargo::redundant_homepage` is set to `warn` by default
[INFO] [stderr] help: consider removing `package.homepage`
[INFO] [stderr] warning: `ontologos-swrl` (manifest) generated 1 warning
[INFO] [stderr]    Compiling memchr v2.8.1
[INFO] [stderr]    Compiling zerocopy v0.8.52
[INFO] [stderr]    Compiling oxilangtag v0.1.6
[INFO] [stderr]    Compiling getrandom v0.3.4
[INFO] [stderr]    Compiling oxiri v0.2.11
[INFO] [stderr]    Compiling zerofrom v0.1.8
[INFO] [stderr]    Compiling cc v1.2.63
[INFO] [stderr]    Compiling rustls-pki-types v1.14.1
[INFO] [stderr]    Compiling yoke v0.8.3
[INFO] [stderr]    Compiling rand_core v0.9.5
[INFO] [stderr]    Compiling getrandom v0.2.17
[INFO] [stderr]    Compiling zerovec v0.11.6
[INFO] [stderr]    Compiling zerotrie v0.2.4
[INFO] [stderr]    Compiling ryu-js v1.0.2
[INFO] [stderr]    Compiling quick-xml v0.37.5
[INFO] [stderr]    Compiling json-event-parser v0.2.3
[INFO] [stderr]    Compiling tinystr v0.8.3
[INFO] [stderr]    Compiling potential_utf v0.1.5
[INFO] [stderr]    Compiling pest v2.8.6
[INFO] [stderr]    Compiling icu_locale_core v2.2.0
[INFO] [stderr]    Compiling icu_collections v2.2.0
[INFO] [stderr]    Compiling ring v0.17.14
[INFO] [stderr]    Compiling rustls v0.23.40
[INFO] [stderr]    Compiling webpki-roots v1.0.7
[INFO] [stderr]    Compiling thiserror-impl v1.0.69
[INFO] [stderr]    Compiling serde_json v1.0.150
[INFO] [stderr]    Compiling webpki-roots v0.26.11
[INFO] [stderr]    Compiling serde v1.0.228
[INFO] [stderr]    Compiling icu_provider v2.2.0
[INFO] [stderr]    Compiling pest_meta v2.8.6
[INFO] [stderr]    Compiling quick-xml v0.31.0
[INFO] [stderr]    Compiling thiserror v1.0.69
[INFO] [stderr]    Compiling horned-owl v1.4.0
[INFO] [stderr]    Compiling icu_normalizer v2.2.0
[INFO] [stderr]    Compiling icu_properties v2.2.0
[INFO] [stderr]    Compiling pest_generator v2.8.6
[INFO] [stderr]    Compiling enum_meta v0.6.0
[INFO] [stderr]    Compiling ontologos-core v1.1.4
[INFO] [stderr]    Compiling idna_adapter v1.2.2
[INFO] [stderr]    Compiling idna v1.1.0
[INFO] [stderr]    Compiling ppv-lite86 v0.2.21
[INFO] [stderr]    Compiling pest_derive v2.8.6
[INFO] [stderr]    Compiling curie v0.1.4
[INFO] [stderr]    Compiling rio_api v0.7.1
[INFO] [stderr]    Compiling rand_chacha v0.9.0
[INFO] [stderr]    Compiling rio_turtle v0.7.1
[INFO] [stderr]    Compiling url v2.5.8
[INFO] [stderr]    Compiling rand v0.9.4
[INFO] [stderr]    Compiling quick-xml v0.36.2
[INFO] [stderr]    Compiling datafrog v2.0.1
[INFO] [stderr]    Compiling oxrdf v0.3.3
[INFO] [stderr]    Compiling disjoint-sets v0.4.2
[INFO] [stderr]    Compiling petgraph v0.7.1
[INFO] [stderr]    Compiling oxjsonld v0.2.5
[INFO] [stderr]    Compiling oxrdfxml v0.2.3
[INFO] [stderr]    Compiling oxttl v0.2.3
[INFO] [stderr]    Compiling reasonable v0.4.4
[INFO] [stderr]    Compiling oxrdfio v0.2.5
[INFO] [stderr]    Compiling pretty_rdf v0.11.0
[INFO] [stderr]    Compiling ontologos-profile v1.1.4
[INFO] [stderr]    Compiling rustls-webpki v0.103.13
[INFO] [stderr]    Compiling ureq v2.12.1
[INFO] [stderr]    Compiling ontologos-bridge v1.1.4
[INFO] [stderr]    Compiling ontologos-parser v1.1.4
[INFO] [stderr]    Compiling ontologos-rl v1.1.4
[INFO] [stderr]    Compiling ontologos-el v1.1.4
[INFO] [stderr]    Compiling ontologos-alc v1.1.4
[INFO] [stderr]    Compiling ontologos-dl v1.1.4
[INFO] [stderr]    Compiling ontologos-swrl v1.1.4 (/opt/rustwide/workdir)
[INFO] [stderr]     Finished `release` profile [optimized] target(s) in 2m 06s
[INFO] running `Command { std: "docker" "inspect" "312a81a182ef1a3182a26ebd7060aca90e7874556f59bb74d7ece371095dedca", kill_on_drop: false }`
[INFO] running `Command { std: "docker" "exec" "-e" "SOURCE_DIR=/opt/rustwide/workdir" "-e" "CARGO_HOME=/opt/rustwide/cargo-home" "-e" "RUSTUP_HOME=/opt/rustwide/rustup-home" "-e" "CARGO_TARGET_DIR=/opt/rustwide/target" "-e" "CARGO_INCREMENTAL=0" "-e" "RUST_BACKTRACE=full" "-e" "RUSTFLAGS=--cap-lints=warn" "-e" "RUSTDOCFLAGS=--cap-lints=warn" "-w" "/opt/rustwide/workdir" "--user" "0:0" "312a81a182ef1a3182a26ebd7060aca90e7874556f59bb74d7ece371095dedca" "/opt/rustwide/cargo-home/bin/cargo" "+1.100.0-beta.1" "test" "--frozen" "--no-run" "--message-format=json" "--release", kill_on_drop: false }`
[INFO] [stderr] warning: `package.homepage` is redundant with `package.repository`
[INFO] [stderr]   --> Cargo.toml:48:12
[INFO] [stderr]    |
[INFO] [stderr] 48 | homepage = "https://github.com/eddiethedean/ontologos"
[INFO] [stderr]    |            ^^^^^^^^^^^^^^^^^^^^^^^^^^^^^^^^^^^^^^^^^^^
[INFO] [stderr] ...
[INFO] [stderr] 53 | repository = "https://github.com/eddiethedean/ontologos"
[INFO] [stderr]    |              -------------------------------------------
[INFO] [stderr]    |
[INFO] [stderr]    = note: `cargo::redundant_homepage` is set to `warn` by default
[INFO] [stderr] help: consider removing `package.homepage`
[INFO] [stderr] warning: `ontologos-swrl` (manifest) generated 1 warning
[INFO] [stderr]    Compiling ontologos-swrl v1.1.4 (/opt/rustwide/workdir)
[INFO] [stderr]     Finished `release` profile [optimized] target(s) in 3.28s
[INFO] running `Command { std: "docker" "inspect" "312a81a182ef1a3182a26ebd7060aca90e7874556f59bb74d7ece371095dedca", kill_on_drop: false }`
[INFO] running `Command { std: "docker" "exec" "-e" "SOURCE_DIR=/opt/rustwide/workdir" "-e" "CARGO_HOME=/opt/rustwide/cargo-home" "-e" "RUSTUP_HOME=/opt/rustwide/rustup-home" "-e" "CARGO_TARGET_DIR=/opt/rustwide/target" "-e" "CARGO_INCREMENTAL=0" "-e" "RUST_BACKTRACE=full" "-e" "RUSTFLAGS=--cap-lints=warn" "-e" "RUSTDOCFLAGS=--cap-lints=warn" "-w" "/opt/rustwide/workdir" "--user" "0:0" "312a81a182ef1a3182a26ebd7060aca90e7874556f59bb74d7ece371095dedca" "/opt/rustwide/cargo-home/bin/cargo" "+1.100.0-beta.1" "test" "--frozen" "--release", kill_on_drop: false }`
[INFO] [stderr] warning: `package.homepage` is redundant with `package.repository`
[INFO] [stderr]   --> Cargo.toml:48:12
[INFO] [stderr]    |
[INFO] [stderr] 48 | homepage = "https://github.com/eddiethedean/ontologos"
[INFO] [stderr]    |            ^^^^^^^^^^^^^^^^^^^^^^^^^^^^^^^^^^^^^^^^^^^
[INFO] [stderr] ...
[INFO] [stderr] 53 | repository = "https://github.com/eddiethedean/ontologos"
[INFO] [stderr]    |              -------------------------------------------
[INFO] [stderr]    |
[INFO] [stderr]    = note: `cargo::redundant_homepage` is set to `warn` by default
[INFO] [stderr] help: consider removing `package.homepage`
[INFO] [stderr] warning: `ontologos-swrl` (manifest) generated 1 warning
[INFO] [stderr]     Finished `release` profile [optimized] target(s) in 0.13s
[INFO] [stderr]      Running unittests src/lib.rs (/opt/rustwide/target/release/build/ontologos-swrl/1520c259aceb1117/out/ontologos_swrl-1520c259aceb1117)
[INFO] [stdout] 
[INFO] [stdout] running 1 test
[INFO] [stdout] test engine::tests::swrl_does_not_silently_degrade_when_el_classify_fails ... ok
[INFO] [stdout] 
[INFO] [stdout] test result: ok. 1 passed; 0 failed; 0 ignored; 0 measured; 0 filtered out; finished in 0.01s
[INFO] [stdout] 
[INFO] [stderr]      Running tests/dl_store_abox.rs (/opt/rustwide/target/release/build/ontologos-swrl/23df2925e84913aa/out/dl_store_abox-23df2925e84913aa)
[INFO] [stdout] 
[INFO] [stdout] running 1 test
[INFO] [stderr]      Running tests/hermit_rules.rs (/opt/rustwide/target/release/build/ontologos-swrl/13580b519a5afc98/out/hermit_rules-13580b519a5afc98)
[INFO] [stdout] test forward_chain_matches_dl_store_class_assertion ... ok
[INFO] [stdout] 
[INFO] [stdout] test result: ok. 1 passed; 0 failed; 0 ignored; 0 measured; 0 filtered out; finished in 0.00s
[INFO] [stdout] 
[INFO] [stdout] 
[INFO] [stdout] running 5 tests
[INFO] [stdout] test simple_rule_materializes_class_assertion ... FAILED
[INFO] [stdout] test same_as_in_body2_is_consistent_after_rules ... FAILED
[INFO] [stderr] error: test failed, to rerun pass `--test hermit_rules`
[INFO] [stdout] test parses_swrl_rules_from_simple_rule ... FAILED
[INFO] [stdout] test parses_datarange_swrl_rules_without_skips ... FAILED
[INFO] [stdout] test same_as_in_body1_is_inconsistent_after_rules ... FAILED
[INFO] [stdout] 
[INFO] [stdout] failures:
[INFO] [stdout] 
[INFO] [stdout] ---- simple_rule_materializes_class_assertion stdout ----
[INFO] [stdout] 
[INFO] [stdout] thread 'simple_rule_materializes_class_assertion' (1637) panicked at tests/hermit_rules.rs:82:45:
[INFO] [stdout] load: Parse("not a file: /opt/benchmarks/data/hermit/axioms/hermit_reasoner_rulestest_testsimplerule.ofn")
[INFO] [stdout] stack backtrace:
[INFO] [stdout]    0:     0x5c35239af781 - <<std[617be2ca0a6fd877]::sys::backtrace::BacktraceLock>::print::DisplayBacktrace as core[a373ad73a504971]::fmt::Display>::fmt
[INFO] [stdout]    1:     0x5c35239c5fba - core[a373ad73a504971]::fmt::write
[INFO] [stdout]    2:     0x5c35239b3a3c - <alloc[2e1b2a31b91974c5]::vec::Vec<u8> as core[a373ad73a504971]::io::write::Write>::write_fmt
[INFO] [stdout]    3:     0x5c352398b0b6 - std[617be2ca0a6fd877]::panicking::default_hook::{closure#0}
[INFO] [stdout]    4:     0x5c35239a79c9 - std[617be2ca0a6fd877]::panicking::default_hook
[INFO] [stdout]    5:     0x5c35236e9c40 - test[aada8e7e76ba119b]::test_main_inner::{closure#0}
[INFO] [stdout]    6:     0x5c35239a7b82 - std[617be2ca0a6fd877]::panicking::panic_with_hook
[INFO] [stdout]    7:     0x5c352398b162 - std[617be2ca0a6fd877]::panicking::panic_handler::{closure#0}
[INFO] [stdout]    8:     0x5c3523983e79 - std[617be2ca0a6fd877]::sys::backtrace::__rust_end_short_backtrace::<std[617be2ca0a6fd877]::panicking::panic_handler::{closure#0}, !>
[INFO] [stdout]    9:     0x5c352398bd6d - __rustc[ea4f61d10b84890b]::rust_begin_unwind
[INFO] [stdout]   10:     0x5c35239c671c - core[a373ad73a504971]::panicking::panic_fmt
[INFO] [stdout]   11:     0x5c35239c64f2 - core[a373ad73a504971]::result::unwrap_failed
[INFO] [stdout]   12:     0x5c35235e409a - <hermit_rules[950a0efba3f3fa75]::simple_rule_materializes_class_assertion::{closure#0} as core[a373ad73a504971]::ops::function::FnOnce<()>>::call_once
[INFO] [stdout]   13:     0x5c35236dd08b - test[aada8e7e76ba119b]::__rust_begin_short_backtrace::<core[a373ad73a504971]::result::Result<(), alloc[2e1b2a31b91974c5]::string::String>, fn() -> core[a373ad73a504971]::result::Result<(), alloc[2e1b2a31b91974c5]::string::String>>
[INFO] [stdout]   14:     0x5c35236ea265 - test[aada8e7e76ba119b]::run_test::{closure#0}
[INFO] [stdout]   15:     0x5c35236e3b54 - std[617be2ca0a6fd877]::sys::backtrace::__rust_begin_short_backtrace::<test[aada8e7e76ba119b]::run_test::{closure#1}, ()>
[INFO] [stdout]   16:     0x5c35236ed2f2 - <std[617be2ca0a6fd877]::thread::lifecycle::spawn_unchecked<test[aada8e7e76ba119b]::run_test::{closure#1}, ()>::{closure#1} as core[a373ad73a504971]::ops::function::FnOnce<()>>::call_once::{shim:vtable#0}
[INFO] [stdout]   17:     0x5c35239aefaf - <std[617be2ca0a6fd877]::sys::thread::unix::Thread>::new::thread_start
[INFO] [stdout]   18:     0x7c92bebffdfa - <unknown>
[INFO] [stdout]   19:     0x7c92bec933d4 - clone
[INFO] [stdout]   20:                0x0 - <unknown>
[INFO] [stdout] 
[INFO] [stdout] ---- same_as_in_body2_is_consistent_after_rules stdout ----
[INFO] [stdout] 
[INFO] [stdout] thread 'same_as_in_body2_is_consistent_after_rules' (1636) panicked at tests/hermit_rules.rs:26:45:
[INFO] [stdout] load: Parse("not a file: /opt/benchmarks/data/hermit/axioms/hermit_reasoner_rulestest_testsameasinbody2.ofn")
[INFO] [stdout] stack backtrace:
[INFO] [stdout]    0:     0x5c35239af781 - <<std[617be2ca0a6fd877]::sys::backtrace::BacktraceLock>::print::DisplayBacktrace as core[a373ad73a504971]::fmt::Display>::fmt
[INFO] [stdout]    1:     0x5c35239c5fba - core[a373ad73a504971]::fmt::write
[INFO] [stdout]    2:     0x5c35239b3a3c - <alloc[2e1b2a31b91974c5]::vec::Vec<u8> as core[a373ad73a504971]::io::write::Write>::write_fmt
[INFO] [stdout]    3:     0x5c352398b0b6 - std[617be2ca0a6fd877]::panicking::default_hook::{closure#0}
[INFO] [stdout]    4:     0x5c35239a79c9 - std[617be2ca0a6fd877]::panicking::default_hook
[INFO] [stdout]    5:     0x5c35236e9c40 - test[aada8e7e76ba119b]::test_main_inner::{closure#0}
[INFO] [stdout]    6:     0x5c35239a7b82 - std[617be2ca0a6fd877]::panicking::panic_with_hook
[INFO] [stdout]    7:     0x5c352398b162 - std[617be2ca0a6fd877]::panicking::panic_handler::{closure#0}
[INFO] [stdout]    8:     0x5c3523983e79 - std[617be2ca0a6fd877]::sys::backtrace::__rust_end_short_backtrace::<std[617be2ca0a6fd877]::panicking::panic_handler::{closure#0}, !>
[INFO] [stdout]    9:     0x5c352398bd6d - __rustc[ea4f61d10b84890b]::rust_begin_unwind
[INFO] [stdout]   10:     0x5c35239c671c - core[a373ad73a504971]::panicking::panic_fmt
[INFO] [stdout]   11:     0x5c35239c64f2 - core[a373ad73a504971]::result::unwrap_failed
[INFO] [stdout]   12:     0x5c35235e461a - <hermit_rules[950a0efba3f3fa75]::same_as_in_body2_is_consistent_after_rules::{closure#0} as core[a373ad73a504971]::ops::function::FnOnce<()>>::call_once
[INFO] [stdout]   13:     0x5c35236dd08b - test[aada8e7e76ba119b]::__rust_begin_short_backtrace::<core[a373ad73a504971]::result::Result<(), alloc[2e1b2a31b91974c5]::string::String>, fn() -> core[a373ad73a504971]::result::Result<(), alloc[2e1b2a31b91974c5]::string::String>>
[INFO] [stdout]   14:     0x5c35236ea265 - test[aada8e7e76ba119b]::run_test::{closure#0}
[INFO] [stdout]   15:     0x5c35236e3b54 - std[617be2ca0a6fd877]::sys::backtrace::__rust_begin_short_backtrace::<test[aada8e7e76ba119b]::run_test::{closure#1}, ()>
[INFO] [stdout]   16:     0x5c35236ed2f2 - <std[617be2ca0a6fd877]::thread::lifecycle::spawn_unchecked<test[aada8e7e76ba119b]::run_test::{closure#1}, ()>::{closure#1} as core[a373ad73a504971]::ops::function::FnOnce<()>>::call_once::{shim:vtable#0}
[INFO] [stdout]   17:     0x5c35239aefaf - <std[617be2ca0a6fd877]::sys::thread::unix::Thread>::new::thread_start
[INFO] [stdout]   18:     0x7c92bebffdfa - <unknown>
[INFO] [stdout]   19:     0x7c92bec933d4 - clone
[INFO] [stdout]   20:                0x0 - <unknown>
[INFO] [stdout] 
[INFO] [stdout] ---- parses_swrl_rules_from_simple_rule stdout ----
[INFO] [stdout] 
[INFO] [stdout] thread 'parses_swrl_rules_from_simple_rule' (1634) panicked at tests/hermit_rules.rs:15:41:
[INFO] [stdout] load: Parse("not a file: /opt/benchmarks/data/hermit/axioms/hermit_reasoner_rulestest_testsimplerule.ofn")
[INFO] [stdout] stack backtrace:
[INFO] [stdout]    0:     0x5c35239af781 - <<std[617be2ca0a6fd877]::sys::backtrace::BacktraceLock>::print::DisplayBacktrace as core[a373ad73a504971]::fmt::Display>::fmt
[INFO] [stdout]    1:     0x5c35239c5fba - core[a373ad73a504971]::fmt::write
[INFO] [stdout]    2:     0x5c35239b3a3c - <alloc[2e1b2a31b91974c5]::vec::Vec<u8> as core[a373ad73a504971]::io::write::Write>::write_fmt
[INFO] [stdout]    3:     0x5c352398b0b6 - std[617be2ca0a6fd877]::panicking::default_hook::{closure#0}
[INFO] [stdout]    4:     0x5c35239a79c9 - std[617be2ca0a6fd877]::panicking::default_hook
[INFO] [stdout]    5:     0x5c35236e9c40 - test[aada8e7e76ba119b]::test_main_inner::{closure#0}
[INFO] [stdout]    6:     0x5c35239a7b82 - std[617be2ca0a6fd877]::panicking::panic_with_hook
[INFO] [stdout]    7:     0x5c352398b162 - std[617be2ca0a6fd877]::panicking::panic_handler::{closure#0}
[INFO] [stdout]    8:     0x5c3523983e79 - std[617be2ca0a6fd877]::sys::backtrace::__rust_end_short_backtrace::<std[617be2ca0a6fd877]::panicking::panic_handler::{closure#0}, !>
[INFO] [stdout]    9:     0x5c352398bd6d - __rustc[ea4f61d10b84890b]::rust_begin_unwind
[INFO] [stdout]   10:     0x5c35239c671c - core[a373ad73a504971]::panicking::panic_fmt
[INFO] [stdout]   11:     0x5c35239c64f2 - core[a373ad73a504971]::result::unwrap_failed
[INFO] [stdout]   12:     0x5c35235e3e1f - <hermit_rules[950a0efba3f3fa75]::parses_swrl_rules_from_simple_rule::{closure#0} as core[a373ad73a504971]::ops::function::FnOnce<()>>::call_once
[INFO] [stdout]   13:     0x5c35236dd08b - test[aada8e7e76ba119b]::__rust_begin_short_backtrace::<core[a373ad73a504971]::result::Result<(), alloc[2e1b2a31b91974c5]::string::String>, fn() -> core[a373ad73a504971]::result::Result<(), alloc[2e1b2a31b91974c5]::string::String>>
[INFO] [stdout]   14:     0x5c35236ea265 - test[aada8e7e76ba119b]::run_test::{closure#0}
[INFO] [stdout]   15:     0x5c35236e3b54 - std[617be2ca0a6fd877]::sys::backtrace::__rust_begin_short_backtrace::<test[aada8e7e76ba119b]::run_test::{closure#1}, ()>
[INFO] [stdout]   16:     0x5c35236ed2f2 - <std[617be2ca0a6fd877]::thread::lifecycle::spawn_unchecked<test[aada8e7e76ba119b]::run_test::{closure#1}, ()>::{closure#1} as core[a373ad73a504971]::ops::function::FnOnce<()>>::call_once::{shim:vtable#0}
[INFO] [stdout]   17:     0x5c35239aefaf - <std[617be2ca0a6fd877]::sys::thread::unix::Thread>::new::thread_start
[INFO] [stdout]   18:     0x7c92bebffdfa - <unknown>
[INFO] [stdout]   19:     0x7c92bec933d4 - clone
[INFO] [stdout]   20:                0x0 - <unknown>
[INFO] [stdout] 
[INFO] [stdout] ---- parses_datarange_swrl_rules_without_skips stdout ----
[INFO] [stdout] 
[INFO] [stdout] thread 'parses_datarange_swrl_rules_without_skips' (1633) panicked at tests/hermit_rules.rs:65:64:
[INFO] [stdout] hermit_reasoner_rulestest_testdatarangesafety.ofn: parse error: not a file: /opt/benchmarks/data/hermit/axioms/hermit_reasoner_rulestest_testdatarangesafety.ofn
[INFO] [stdout] stack backtrace:
[INFO] [stdout]    0:     0x5c35239af781 - <<std[617be2ca0a6fd877]::sys::backtrace::BacktraceLock>::print::DisplayBacktrace as core[a373ad73a504971]::fmt::Display>::fmt
[INFO] [stdout]    1:     0x5c35239c5fba - core[a373ad73a504971]::fmt::write
[INFO] [stdout]    2:     0x5c35239b3a3c - <alloc[2e1b2a31b91974c5]::vec::Vec<u8> as core[a373ad73a504971]::io::write::Write>::write_fmt
[INFO] [stdout]    3:     0x5c352398b0b6 - std[617be2ca0a6fd877]::panicking::default_hook::{closure#0}
[INFO] [stdout]    4:     0x5c35239a79c9 - std[617be2ca0a6fd877]::panicking::default_hook
[INFO] [stdout]    5:     0x5c35236e9c40 - test[aada8e7e76ba119b]::test_main_inner::{closure#0}
[INFO] [stdout]    6:     0x5c35239a7b82 - std[617be2ca0a6fd877]::panicking::panic_with_hook
[INFO] [stdout]    7:     0x5c352398b162 - std[617be2ca0a6fd877]::panicking::panic_handler::{closure#0}
[INFO] [stdout]    8:     0x5c3523983e79 - std[617be2ca0a6fd877]::sys::backtrace::__rust_end_short_backtrace::<std[617be2ca0a6fd877]::panicking::panic_handler::{closure#0}, !>
[INFO] [stdout]    9:     0x5c352398bd6d - __rustc[ea4f61d10b84890b]::rust_begin_unwind
[INFO] [stdout]   10:     0x5c35239c671c - core[a373ad73a504971]::panicking::panic_fmt
[INFO] [stdout]   11:     0x5c35235e3065 - hermit_rules[950a0efba3f3fa75]::parses_datarange_swrl_rules_without_skips::{closure#0}
[INFO] [stdout]   12:     0x5c35235e4447 - <hermit_rules[950a0efba3f3fa75]::parses_datarange_swrl_rules_without_skips::{closure#0} as core[a373ad73a504971]::ops::function::FnOnce<()>>::call_once
[INFO] [stdout]   13:     0x5c35236dd08b - test[aada8e7e76ba119b]::__rust_begin_short_backtrace::<core[a373ad73a504971]::result::Result<(), alloc[2e1b2a31b91974c5]::string::String>, fn() -> core[a373ad73a504971]::result::Result<(), alloc[2e1b2a31b91974c5]::string::String>>
[INFO] [stdout]   14:     0x5c35236ea265 - test[aada8e7e76ba119b]::run_test::{closure#0}
[INFO] [stdout]   15:     0x5c35236e3b54 - std[617be2ca0a6fd877]::sys::backtrace::__rust_begin_short_backtrace::<test[aada8e7e76ba119b]::run_test::{closure#1}, ()>
[INFO] [stdout]   16:     0x5c35236ed2f2 - <std[617be2ca0a6fd877]::thread::lifecycle::spawn_unchecked<test[aada8e7e76ba119b]::run_test::{closure#1}, ()>::{closure#1} as core[a373ad73a504971]::ops::function::FnOnce<()>>::call_once::{shim:vtable#0}
[INFO] [stdout]   17:     0x5c35239aefaf - <std[617be2ca0a6fd877]::sys::thread::unix::Thread>::new::thread_start
[INFO] [stdout]   18:     0x7c92bebffdfa - <unknown>
[INFO] [stdout]   19:     0x7c92bec933d4 - clone
[INFO] [stdout]   20:                0x0 - <unknown>
[INFO] [stdout] 
[INFO] [stdout] ---- same_as_in_body1_is_inconsistent_after_rules stdout ----
[INFO] [stdout] 
[INFO] [stdout] thread 'same_as_in_body1_is_inconsistent_after_rules' (1635) panicked at tests/hermit_rules.rs:36:45:
[INFO] [stdout] load: Parse("not a file: /opt/benchmarks/data/hermit/axioms/hermit_reasoner_rulestest_testsameasinbody1.ofn")
[INFO] [stdout] stack backtrace:
[INFO] [stdout]    0:     0x5c35239af781 - <<std[617be2ca0a6fd877]::sys::backtrace::BacktraceLock>::print::DisplayBacktrace as core[a373ad73a504971]::fmt::Display>::fmt
[INFO] [stdout]    1:     0x5c35239c5fba - core[a373ad73a504971]::fmt::write
[INFO] [stdout]    2:     0x5c35239b3a3c - <alloc[2e1b2a31b91974c5]::vec::Vec<u8> as core[a373ad73a504971]::io::write::Write>::write_fmt
[INFO] [stdout]    3:     0x5c352398b0b6 - std[617be2ca0a6fd877]::panicking::default_hook::{closure#0}
[INFO] [stdout]    4:     0x5c35239a79c9 - std[617be2ca0a6fd877]::panicking::default_hook
[INFO] [stdout]    5:     0x5c35236e9c40 - test[aada8e7e76ba119b]::test_main_inner::{closure#0}
[INFO] [stdout]    6:     0x5c35239a7b82 - std[617be2ca0a6fd877]::panicking::panic_with_hook
[INFO] [stdout]    7:     0x5c352398b162 - std[617be2ca0a6fd877]::panicking::panic_handler::{closure#0}
[INFO] [stdout]    8:     0x5c3523983e79 - std[617be2ca0a6fd877]::sys::backtrace::__rust_end_short_backtrace::<std[617be2ca0a6fd877]::panicking::panic_handler::{closure#0}, !>
[INFO] [stdout]    9:     0x5c352398bd6d - __rustc[ea4f61d10b84890b]::rust_begin_unwind
[INFO] [stdout]   10:     0x5c35239c671c - core[a373ad73a504971]::panicking::panic_fmt
[INFO] [stdout]   11:     0x5c35239c64f2 - core[a373ad73a504971]::result::unwrap_failed
[INFO] [stdout]   12:     0x5c35235e4931 - <hermit_rules[950a0efba3f3fa75]::same_as_in_body1_is_inconsistent_after_rules::{closure#0} as core[a373ad73a504971]::ops::function::FnOnce<()>>::call_once
[INFO] [stdout]   13:     0x5c35236dd08b - test[aada8e7e76ba119b]::__rust_begin_short_backtrace::<core[a373ad73a504971]::result::Result<(), alloc[2e1b2a31b91974c5]::string::String>, fn() -> core[a373ad73a504971]::result::Result<(), alloc[2e1b2a31b91974c5]::string::String>>
[INFO] [stdout]   14:     0x5c35236ea265 - test[aada8e7e76ba119b]::run_test::{closure#0}
[INFO] [stdout]   15:     0x5c35236e3b54 - std[617be2ca0a6fd877]::sys::backtrace::__rust_begin_short_backtrace::<test[aada8e7e76ba119b]::run_test::{closure#1}, ()>
[INFO] [stdout]   16:     0x5c35236ed2f2 - <std[617be2ca0a6fd877]::thread::lifecycle::spawn_unchecked<test[aada8e7e76ba119b]::run_test::{closure#1}, ()>::{closure#1} as core[a373ad73a504971]::ops::function::FnOnce<()>>::call_once::{shim:vtable#0}
[INFO] [stdout]   17:     0x5c35239aefaf - <std[617be2ca0a6fd877]::sys::thread::unix::Thread>::new::thread_start
[INFO] [stdout]   18:     0x7c92bebffdfa - <unknown>
[INFO] [stdout]   19:     0x7c92bec933d4 - clone
[INFO] [stdout]   20:                0x0 - <unknown>
[INFO] [stdout] 
[INFO] [stdout] 
[INFO] [stdout] failures:
[INFO] [stdout]     parses_datarange_swrl_rules_without_skips
[INFO] [stdout]     parses_swrl_rules_from_simple_rule
[INFO] [stdout]     same_as_in_body1_is_inconsistent_after_rules
[INFO] [stdout]     same_as_in_body2_is_consistent_after_rules
[INFO] [stdout]     simple_rule_materializes_class_assertion
[INFO] [stdout] 
[INFO] [stdout] test result: FAILED. 0 passed; 5 failed; 0 ignored; 0 measured; 0 filtered out; finished in 0.00s
[INFO] [stdout] 
[INFO] running `Command { std: "docker" "inspect" "312a81a182ef1a3182a26ebd7060aca90e7874556f59bb74d7ece371095dedca", kill_on_drop: false }`
[INFO] running `Command { std: "docker" "rm" "-f" "312a81a182ef1a3182a26ebd7060aca90e7874556f59bb74d7ece371095dedca", kill_on_drop: false }`
[INFO] [stdout] 312a81a182ef1a3182a26ebd7060aca90e7874556f59bb74d7ece371095dedca
