[INFO] fetching crate onoal-fabric 1.0.0...
[INFO] testing onoal-fabric-1.0.0 against 1.100.0-beta.1+cargoflags=--release for beta-release-1.100-2
[INFO] extracting crate onoal-fabric 1.0.0 into /workspace/builds/worker-0-tc2/source
[INFO] started tweaking crates.io crate onoal-fabric 1.0.0
[INFO] finished tweaking crates.io crate onoal-fabric 1.0.0
[INFO] tweaked toml for crates.io crate onoal-fabric 1.0.0 written to /workspace/builds/worker-0-tc2/source/Cargo.toml
[INFO] validating manifest of crates.io crate onoal-fabric 1.0.0 on toolchain 1.100.0-beta.1
[INFO] running `Command { std: CARGO_HOME="/workspace/cargo-home" RUSTUP_HOME="/workspace/rustup-home" "/workspace/cargo-home/bin/cargo" "+1.100.0-beta.1" "metadata" "--manifest-path" "Cargo.toml" "--no-deps", kill_on_drop: false }`
[INFO] crate crates.io crate onoal-fabric 1.0.0 already has a lockfile, it will not be regenerated
[INFO] running `Command { std: CARGO_HOME="/workspace/cargo-home" RUSTUP_HOME="/workspace/rustup-home" "/workspace/cargo-home/bin/cargo" "+1.100.0-beta.1" "fetch" "--manifest-path" "Cargo.toml", kill_on_drop: false }`
[INFO] running `Command { std: "docker" "create" "-v" "/var/lib/crater-agent-workspace/builds/worker-0-tc2/source:/opt/rustwide/workdir:ro,Z" "-v" "/var/lib/crater-agent-workspace/builds/worker-0-tc2/target:/opt/rustwide/target:rw,Z" "-v" "/var/lib/crater-agent-workspace/cargo-home:/opt/rustwide/cargo-home:ro,Z" "-v" "/var/lib/crater-agent-workspace/rustup-home:/opt/rustwide/rustup-home:ro,Z" "-m" "1610612736" "--network" "none" "ghcr.io/rust-lang/crates-build-env/linux@sha256:77db811e55d90add9212f6832c23229e3de5f1c1f9905e8cb07319ea15df73ac" "sleep" "infinity", kill_on_drop: false }`
[INFO] [stdout] 575995ff48eb4df67eb4c81a6118042c2c41afa3634f5b393ce032e58907b46a
[INFO] running `Command { std: "docker" "start" "575995ff48eb4df67eb4c81a6118042c2c41afa3634f5b393ce032e58907b46a", kill_on_drop: false }`
[INFO] running `Command { std: "docker" "inspect" "575995ff48eb4df67eb4c81a6118042c2c41afa3634f5b393ce032e58907b46a", kill_on_drop: false }`
[INFO] running `Command { std: "docker" "exec" "-e" "SOURCE_DIR=/opt/rustwide/workdir" "-e" "CARGO_HOME=/opt/rustwide/cargo-home" "-e" "RUSTUP_HOME=/opt/rustwide/rustup-home" "-e" "CARGO_TARGET_DIR=/opt/rustwide/target" "-w" "/opt/rustwide/workdir" "--user" "0:0" "575995ff48eb4df67eb4c81a6118042c2c41afa3634f5b393ce032e58907b46a" "/opt/rustwide/cargo-home/bin/cargo" "+1.100.0-beta.1" "metadata" "--no-deps" "--format-version=1", kill_on_drop: false }`
[INFO] running `Command { std: "docker" "inspect" "575995ff48eb4df67eb4c81a6118042c2c41afa3634f5b393ce032e58907b46a", kill_on_drop: false }`
[INFO] running `Command { std: "docker" "exec" "-e" "SOURCE_DIR=/opt/rustwide/workdir" "-e" "CARGO_HOME=/opt/rustwide/cargo-home" "-e" "RUSTUP_HOME=/opt/rustwide/rustup-home" "-e" "CARGO_TARGET_DIR=/opt/rustwide/target" "-e" "CARGO_INCREMENTAL=0" "-e" "RUST_BACKTRACE=full" "-e" "RUSTFLAGS=--cap-lints=warn" "-e" "RUSTDOCFLAGS=--cap-lints=warn" "-w" "/opt/rustwide/workdir" "--user" "0:0" "575995ff48eb4df67eb4c81a6118042c2c41afa3634f5b393ce032e58907b46a" "/opt/rustwide/cargo-home/bin/cargo" "+1.100.0-beta.1" "build" "--frozen" "--message-format=json" "--release", kill_on_drop: false }`
[INFO] [stderr]    Compiling semver v1.0.28
[INFO] [stderr]    Compiling indexmap v2.14.1
[INFO] [stderr]    Compiling syn v3.0.4
[INFO] [stderr]    Compiling sha2 v0.10.9
[INFO] [stderr]    Compiling toml_edit v0.25.13+spec-1.1.0
[INFO] [stderr]    Compiling proc-macro-crate v3.5.0
[INFO] [stderr]    Compiling onoal-fabric-sdk-macros v1.0.0
[INFO] [stderr]    Compiling thiserror-impl v2.0.20
[INFO] [stderr]    Compiling thiserror v2.0.20
[INFO] [stderr]    Compiling onoal-fabric-host v1.0.0
[INFO] [stderr]    Compiling onoal-fabric-system v1.0.0
[INFO] [stderr]    Compiling onoal-fabric-resource v1.0.0
[INFO] [stderr]    Compiling onoal-fabric-core v1.0.0
[INFO] [stderr]    Compiling onoal-fabric-component v1.0.0
[INFO] [stderr]    Compiling onoal-fabric v1.0.0 (/opt/rustwide/workdir)
[INFO] [stderr]     Finished `release` profile [optimized] target(s) in 6.88s
[INFO] running `Command { std: "docker" "inspect" "575995ff48eb4df67eb4c81a6118042c2c41afa3634f5b393ce032e58907b46a", kill_on_drop: false }`
[INFO] running `Command { std: "docker" "exec" "-e" "SOURCE_DIR=/opt/rustwide/workdir" "-e" "CARGO_HOME=/opt/rustwide/cargo-home" "-e" "RUSTUP_HOME=/opt/rustwide/rustup-home" "-e" "CARGO_TARGET_DIR=/opt/rustwide/target" "-e" "CARGO_INCREMENTAL=0" "-e" "RUST_BACKTRACE=full" "-e" "RUSTFLAGS=--cap-lints=warn" "-e" "RUSTDOCFLAGS=--cap-lints=warn" "-w" "/opt/rustwide/workdir" "--user" "0:0" "575995ff48eb4df67eb4c81a6118042c2c41afa3634f5b393ce032e58907b46a" "/opt/rustwide/cargo-home/bin/cargo" "+1.100.0-beta.1" "test" "--frozen" "--no-run" "--message-format=json" "--release", kill_on_drop: false }`
[INFO] [stderr]    Compiling onoal-fabric v1.0.0 (/opt/rustwide/workdir)
[INFO] [stderr]     Finished `release` profile [optimized] target(s) in 4.63s
[INFO] running `Command { std: "docker" "inspect" "575995ff48eb4df67eb4c81a6118042c2c41afa3634f5b393ce032e58907b46a", kill_on_drop: false }`
[INFO] running `Command { std: "docker" "exec" "-e" "SOURCE_DIR=/opt/rustwide/workdir" "-e" "CARGO_HOME=/opt/rustwide/cargo-home" "-e" "RUSTUP_HOME=/opt/rustwide/rustup-home" "-e" "CARGO_TARGET_DIR=/opt/rustwide/target" "-e" "CARGO_INCREMENTAL=0" "-e" "RUST_BACKTRACE=full" "-e" "RUSTFLAGS=--cap-lints=warn" "-e" "RUSTDOCFLAGS=--cap-lints=warn" "-w" "/opt/rustwide/workdir" "--user" "0:0" "575995ff48eb4df67eb4c81a6118042c2c41afa3634f5b393ce032e58907b46a" "/opt/rustwide/cargo-home/bin/cargo" "+1.100.0-beta.1" "test" "--frozen" "--release", kill_on_drop: false }`
[INFO] [stderr]     Finished `release` profile [optimized] target(s) in 0.02s
[INFO] [stderr]      Running unittests src/lib.rs (/opt/rustwide/target/release/build/onoal-fabric/add3d0365fd36f8d/out/fabric-add3d0365fd36f8d)
[INFO] [stdout] 
[INFO] [stdout] running 44 tests
[INFO] [stdout] test authoring::definitions::adapter_definition::adapter_definition_id_tests::accepts_and_orders_stable_definition_ids ... ok
[INFO] [stdout] test authoring::definitions::adapter_definition::adapter_definition_id_tests::rejects_non_stable_definition_id_forms ... ok
[INFO] [stdout] test authoring::fabric::builder::realization_provenance_tests::component_lowering_retains_declaration_self_and_adapter_truth ... ok
[INFO] [stdout] test authoring::fabric::resource::realization_provenance_tests::resource_lowering_retains_declaration_self_and_direct_adapter_truth ... ok
[INFO] [stdout] test authoring::runtime_authoring::stateful_adapter_definition_tests::stores_explicit_identity_without_deriving_it_from_generic_types ... ok
[INFO] [stdout] test composition::manifest::realization_provenance_tests::bridge_lowering_maps_only_semantic_direct_and_mediated_modes ... ok
[INFO] [stdout] test authoring::fabric::system::realization_provenance_tests::system_lowering_retains_declaration_self_and_direct_adapter_truth ... ok
[INFO] [stdout] test authoring::fabric::builder::realization_provenance_tests::semantic_relation_declaration_provenance_is_retained_without_materialization ... ok
[INFO] [stdout] test experimental::projection::tests::projection_contract_and_leases_remain_usable ... ok
[INFO] [stdout] test experimental::projection::source_guards::projection_stays_experimental_and_resource_neutral ... ok
[INFO] [stdout] test source_guards::component_definition_owns_canonical_component_identity ... ok
[INFO] [stdout] test source_guards::component_normal_surface_is_small_and_named_surfaces_keep_advanced_capability ... ok
[INFO] [stdout] test source_guards::component_host_export_identity_stays_stable_during_surface_purification ... ok
[INFO] [stdout] test source_guards::normal_prelude_quarantines_legacy_and_raw_machinery ... ok
[INFO] [stdout] test source_guards::requires_anchor_has_no_public_foreign_contract_escape ... ok
[INFO] [stdout] test source_guards::fabric_owns_normal_typed_authoring_without_resolution_machinery ... ok
[INFO] [stdout] test source_guards::sdk_docs_describe_the_current_public_contract ... ok
[INFO] [stdout] test source_guards::sdk_host_materialization_surface_stays_thin_and_generic ... ok
[INFO] [stdout] test source_guards::sdk_manifest_depends_only_on_generic_fabric_layers ... ok
[INFO] [stdout] test source_guards::sdk_provider_selection_stays_a_thin_core_wrapper ... ok
[INFO] [stdout] test source_guards::sdk_reexports_the_current_package_macro_frontends_only ... ok
[INFO] [stdout] test source_guards::sdk_exposes_a_curated_generic_system_surface ... ok
[INFO] [stdout] test source_guards::current_component_docs_do_not_reteach_pre_purification_vocabulary ... FAILED
[INFO] [stdout] test source_guards::generic_fabric_crates_do_not_depend_back_on_sdk ... FAILED
[INFO] [stdout] test source_guards::sdk_trybuild_covers_adapter_target_integrity_across_resource_and_system_planes ... FAILED
[INFO] [stdout] test source_guards::sdk_trybuild_covers_direct_only_resources_without_adapter_paths ... FAILED
[INFO] [stdout] test source_guards::sdk_trybuild_covers_component_macro_frontend_integrity ... FAILED
[INFO] [stdout] test source_guards::sdk_source_stays_generic_and_curated ... ok
[INFO] [stdout] test tests::fabric_builder_builds_raw_composition_and_materializes_raw_instance ... ok
[INFO] [stdout] test source_guards::sdk_trybuild_covers_hostile_component_identity_override ... FAILED
[INFO] [stdout] test source_guards::runtime_authoring_stays_sdk_machinery_not_a_lifecycle_ontology ... ok
[INFO] [stdout] test source_guards::resource_selection_owns_total_module_id_derivation ... ok
[INFO] [stdout] test tests::high_level_instance_retains_shared_semantic_composition_context ... ok
[INFO] [stdout] test tests::readme_flow_builds_materializes_starts_and_stops_with_public_sdk_apis ... ok
[INFO] [stdout] test tests::id_helpers_preserve_strong_raw_id_types ... ok
[INFO] [stdout] test tests::system_definition_materializes_raw_modules_without_a_second_runtime_model ... ok
[INFO] [stdout] test tests::system_requires_public_apis_always_target_the_primary_contract_id ... ok
[INFO] [stdout] test tests::system_selection_module_ids_depend_only_on_system_id ... ok
[INFO] [stdout] test tests::invalid_identifier_flowing_through_versioned_contract_helper_preserves_composition_source ... ok
[INFO] [stdout] test tests::invalid_contract_version_preserves_original_parser_error_source ... ok
[INFO] [stdout] test tests::block_author_remains_grouping_only_convenience ... ok
[INFO] [stdout] test tests::invalid_contract_version_requirement_preserves_original_parser_error_source ... ok
[INFO] [stdout] test tests::version_helpers_return_canonical_core_version_types ... ok
[INFO] [stdout] test tests::invalid_string_authoring_fails_before_raw_composition_construction ... ok
[INFO] [stdout] 
[INFO] [stdout] failures:
[INFO] [stdout] 
[INFO] [stdout] ---- source_guards::current_component_docs_do_not_reteach_pre_purification_vocabulary stdout ----
[INFO] [stdout] 
[INFO] [stdout] thread 'source_guards::current_component_docs_do_not_reteach_pre_purification_vocabulary' (495) panicked at src/source_guards.rs:978:57:
[INFO] [stdout] read current documentation: Os { code: 2, kind: NotFound, message: "No such file or directory" }
[INFO] [stdout] stack backtrace:
[INFO] [stdout]    0:     0x5e2be9173271 - <<std[617be2ca0a6fd877]::sys::backtrace::BacktraceLock>::print::DisplayBacktrace as core[a373ad73a504971]::fmt::Display>::fmt
[INFO] [stdout]    1:     0x5e2be91875ea - core[a373ad73a504971]::fmt::write
[INFO] [stdout]    2:     0x5e2be91774ac - <alloc[2e1b2a31b91974c5]::vec::Vec<u8> as core[a373ad73a504971]::io::write::Write>::write_fmt
[INFO] [stdout]    3:     0x5e2be914f146 - std[617be2ca0a6fd877]::panicking::default_hook::{closure#0}
[INFO] [stdout]    4:     0x5e2be916b509 - std[617be2ca0a6fd877]::panicking::default_hook
[INFO] [stdout]    5:     0x5e2be906f1e0 - test[aada8e7e76ba119b]::test_main_inner::{closure#0}
[INFO] [stdout]    6:     0x5e2be916b6c2 - std[617be2ca0a6fd877]::panicking::panic_with_hook
[INFO] [stdout]    7:     0x5e2be914f1f2 - std[617be2ca0a6fd877]::panicking::panic_handler::{closure#0}
[INFO] [stdout]    8:     0x5e2be9147d79 - std[617be2ca0a6fd877]::sys::backtrace::__rust_end_short_backtrace::<std[617be2ca0a6fd877]::panicking::panic_handler::{closure#0}, !>
[INFO] [stdout]    9:     0x5e2be914fdfd - __rustc[ea4f61d10b84890b]::rust_begin_unwind
[INFO] [stdout]   10:     0x5e2be9187d1c - core[a373ad73a504971]::panicking::panic_fmt
[INFO] [stdout]   11:     0x5e2be9187af2 - core[a373ad73a504971]::result::unwrap_failed
[INFO] [stdout]   12:     0x5e2be8fec745 - <fabric[b7243d75ce1e363]::source_guards::current_component_docs_do_not_reteach_pre_purification_vocabulary::{closure#0} as core[a373ad73a504971]::ops::function::FnOnce<()>>::call_once
[INFO] [stdout]   13:     0x5e2be906262b - test[aada8e7e76ba119b]::__rust_begin_short_backtrace::<core[a373ad73a504971]::result::Result<(), alloc[2e1b2a31b91974c5]::string::String>, fn() -> core[a373ad73a504971]::result::Result<(), alloc[2e1b2a31b91974c5]::string::String>>
[INFO] [stdout]   14:     0x5e2be906f805 - test[aada8e7e76ba119b]::run_test::{closure#0}
[INFO] [stdout]   15:     0x5e2be90690f4 - std[617be2ca0a6fd877]::sys::backtrace::__rust_begin_short_backtrace::<test[aada8e7e76ba119b]::run_test::{closure#1}, ()>
[INFO] [stdout]   16:     0x5e2be9072892 - <std[617be2ca0a6fd877]::thread::lifecycle::spawn_unchecked<test[aada8e7e76ba119b]::run_test::{closure#1}, ()>::{closure#1} as core[a373ad73a504971]::ops::function::FnOnce<()>>::call_once::{shim:vtable#0}
[INFO] [stdout]   17:     0x5e2be917276f - <std[617be2ca0a6fd877]::sys::thread::unix::Thread>::new::thread_start
[INFO] [stdout]   18:     0x78ec6669edfa - <unknown>
[INFO] [stdout]   19:     0x78ec667323d4 - clone
[INFO] [stdout]   20:                0x0 - <unknown>
[INFO] [stdout] 
[INFO] [stdout] ---- source_guards::generic_fabric_crates_do_not_depend_back_on_sdk stdout ----
[INFO] [stdout] 
[INFO] [stdout] thread 'source_guards::generic_fabric_crates_do_not_depend_back_on_sdk' (497) panicked at src/source_guards.rs:1041:52:
[INFO] [stderr] error: test failed, to rerun pass `--lib`
[INFO] [stdout] read manifest: Os { code: 2, kind: NotFound, message: "No such file or directory" }
[INFO] [stdout] stack backtrace:
[INFO] [stdout]    0:     0x5e2be9173271 - <<std[617be2ca0a6fd877]::sys::backtrace::BacktraceLock>::print::DisplayBacktrace as core[a373ad73a504971]::fmt::Display>::fmt
[INFO] [stdout]    1:     0x5e2be91875ea - core[a373ad73a504971]::fmt::write
[INFO] [stdout]    2:     0x5e2be91774ac - <alloc[2e1b2a31b91974c5]::vec::Vec<u8> as core[a373ad73a504971]::io::write::Write>::write_fmt
[INFO] [stdout]    3:     0x5e2be914f146 - std[617be2ca0a6fd877]::panicking::default_hook::{closure#0}
[INFO] [stdout]    4:     0x5e2be916b509 - std[617be2ca0a6fd877]::panicking::default_hook
[INFO] [stdout]    5:     0x5e2be906f1e0 - test[aada8e7e76ba119b]::test_main_inner::{closure#0}
[INFO] [stdout]    6:     0x5e2be916b6c2 - std[617be2ca0a6fd877]::panicking::panic_with_hook
[INFO] [stdout]    7:     0x5e2be914f1f2 - std[617be2ca0a6fd877]::panicking::panic_handler::{closure#0}
[INFO] [stdout]    8:     0x5e2be9147d79 - std[617be2ca0a6fd877]::sys::backtrace::__rust_end_short_backtrace::<std[617be2ca0a6fd877]::panicking::panic_handler::{closure#0}, !>
[INFO] [stdout]    9:     0x5e2be914fdfd - __rustc[ea4f61d10b84890b]::rust_begin_unwind
[INFO] [stdout]   10:     0x5e2be9187d1c - core[a373ad73a504971]::panicking::panic_fmt
[INFO] [stdout]   11:     0x5e2be9187af2 - core[a373ad73a504971]::result::unwrap_failed
[INFO] [stdout]   12:     0x5e2be8fe4d4b - <fabric[b7243d75ce1e363]::source_guards::generic_fabric_crates_do_not_depend_back_on_sdk::{closure#0} as core[a373ad73a504971]::ops::function::FnOnce<()>>::call_once
[INFO] [stdout]   13:     0x5e2be906262b - test[aada8e7e76ba119b]::__rust_begin_short_backtrace::<core[a373ad73a504971]::result::Result<(), alloc[2e1b2a31b91974c5]::string::String>, fn() -> core[a373ad73a504971]::result::Result<(), alloc[2e1b2a31b91974c5]::string::String>>
[INFO] [stdout]   14:     0x5e2be906f805 - test[aada8e7e76ba119b]::run_test::{closure#0}
[INFO] [stdout]   15:     0x5e2be90690f4 - std[617be2ca0a6fd877]::sys::backtrace::__rust_begin_short_backtrace::<test[aada8e7e76ba119b]::run_test::{closure#1}, ()>
[INFO] [stdout]   16:     0x5e2be9072892 - <std[617be2ca0a6fd877]::thread::lifecycle::spawn_unchecked<test[aada8e7e76ba119b]::run_test::{closure#1}, ()>::{closure#1} as core[a373ad73a504971]::ops::function::FnOnce<()>>::call_once::{shim:vtable#0}
[INFO] [stdout]   17:     0x5e2be917276f - <std[617be2ca0a6fd877]::sys::thread::unix::Thread>::new::thread_start
[INFO] [stdout]   18:     0x78ec6669edfa - <unknown>
[INFO] [stdout]   19:     0x78ec667323d4 - clone
[INFO] [stdout]   20:                0x0 - <unknown>
[INFO] [stdout] 
[INFO] [stdout] ---- source_guards::sdk_trybuild_covers_adapter_target_integrity_across_resource_and_system_planes stdout ----
[INFO] [stdout] 
[INFO] [stdout] thread 'source_guards::sdk_trybuild_covers_adapter_target_integrity_across_resource_and_system_planes' (509) panicked at src/source_guards.rs:1054:14:
[INFO] [stdout] read sdk-api compile_fail test: Os { code: 2, kind: NotFound, message: "No such file or directory" }
[INFO] [stdout] stack backtrace:
[INFO] [stdout]    0:     0x5e2be9173271 - <<std[617be2ca0a6fd877]::sys::backtrace::BacktraceLock>::print::DisplayBacktrace as core[a373ad73a504971]::fmt::Display>::fmt
[INFO] [stdout]    1:     0x5e2be91875ea - core[a373ad73a504971]::fmt::write
[INFO] [stdout]    2:     0x5e2be91774ac - <alloc[2e1b2a31b91974c5]::vec::Vec<u8> as core[a373ad73a504971]::io::write::Write>::write_fmt
[INFO] [stdout]    3:     0x5e2be914f146 - std[617be2ca0a6fd877]::panicking::default_hook::{closure#0}
[INFO] [stdout]    4:     0x5e2be916b509 - std[617be2ca0a6fd877]::panicking::default_hook
[INFO] [stdout]    5:     0x5e2be906f1e0 - test[aada8e7e76ba119b]::test_main_inner::{closure#0}
[INFO] [stdout]    6:     0x5e2be916b6c2 - std[617be2ca0a6fd877]::panicking::panic_with_hook
[INFO] [stdout]    7:     0x5e2be914f1f2 - std[617be2ca0a6fd877]::panicking::panic_handler::{closure#0}
[INFO] [stdout]    8:     0x5e2be9147d79 - std[617be2ca0a6fd877]::sys::backtrace::__rust_end_short_backtrace::<std[617be2ca0a6fd877]::panicking::panic_handler::{closure#0}, !>
[INFO] [stdout]    9:     0x5e2be914fdfd - __rustc[ea4f61d10b84890b]::rust_begin_unwind
[INFO] [stdout]   10:     0x5e2be9187d1c - core[a373ad73a504971]::panicking::panic_fmt
[INFO] [stdout]   11:     0x5e2be9187af2 - core[a373ad73a504971]::result::unwrap_failed
[INFO] [stdout]   12:     0x5e2be8fed535 - <fabric[b7243d75ce1e363]::source_guards::sdk_trybuild_covers_adapter_target_integrity_across_resource_and_system_planes::{closure#0} as core[a373ad73a504971]::ops::function::FnOnce<()>>::call_once
[INFO] [stdout]   13:     0x5e2be906262b - test[aada8e7e76ba119b]::__rust_begin_short_backtrace::<core[a373ad73a504971]::result::Result<(), alloc[2e1b2a31b91974c5]::string::String>, fn() -> core[a373ad73a504971]::result::Result<(), alloc[2e1b2a31b91974c5]::string::String>>
[INFO] [stdout]   14:     0x5e2be906f805 - test[aada8e7e76ba119b]::run_test::{closure#0}
[INFO] [stdout]   15:     0x5e2be90690f4 - std[617be2ca0a6fd877]::sys::backtrace::__rust_begin_short_backtrace::<test[aada8e7e76ba119b]::run_test::{closure#1}, ()>
[INFO] [stdout]   16:     0x5e2be9072892 - <std[617be2ca0a6fd877]::thread::lifecycle::spawn_unchecked<test[aada8e7e76ba119b]::run_test::{closure#1}, ()>::{closure#1} as core[a373ad73a504971]::ops::function::FnOnce<()>>::call_once::{shim:vtable#0}
[INFO] [stdout]   17:     0x5e2be917276f - <std[617be2ca0a6fd877]::sys::thread::unix::Thread>::new::thread_start
[INFO] [stdout]   18:     0x78ec6669edfa - <unknown>
[INFO] [stdout]   19:     0x78ec667323d4 - clone
[INFO] [stdout]   20:                0x0 - <unknown>
[INFO] [stdout] 
[INFO] [stdout] ---- source_guards::sdk_trybuild_covers_direct_only_resources_without_adapter_paths stdout ----
[INFO] [stdout] 
[INFO] [stdout] thread 'source_guards::sdk_trybuild_covers_direct_only_resources_without_adapter_paths' (511) panicked at src/source_guards.rs:1023:14:
[INFO] [stdout] read sdk-api compile_fail test: Os { code: 2, kind: NotFound, message: "No such file or directory" }
[INFO] [stdout] stack backtrace:
[INFO] [stdout]    0:     0x5e2be9173271 - <<std[617be2ca0a6fd877]::sys::backtrace::BacktraceLock>::print::DisplayBacktrace as core[a373ad73a504971]::fmt::Display>::fmt
[INFO] [stdout]    1:     0x5e2be91875ea - core[a373ad73a504971]::fmt::write
[INFO] [stdout]    2:     0x5e2be91774ac - <alloc[2e1b2a31b91974c5]::vec::Vec<u8> as core[a373ad73a504971]::io::write::Write>::write_fmt
[INFO] [stdout]    3:     0x5e2be914f146 - std[617be2ca0a6fd877]::panicking::default_hook::{closure#0}
[INFO] [stdout]    4:     0x5e2be916b509 - std[617be2ca0a6fd877]::panicking::default_hook
[INFO] [stdout]    5:     0x5e2be906f1e0 - test[aada8e7e76ba119b]::test_main_inner::{closure#0}
[INFO] [stdout]    6:     0x5e2be916b6c2 - std[617be2ca0a6fd877]::panicking::panic_with_hook
[INFO] [stdout]    7:     0x5e2be914f1f2 - std[617be2ca0a6fd877]::panicking::panic_handler::{closure#0}
[INFO] [stdout]    8:     0x5e2be9147d79 - std[617be2ca0a6fd877]::sys::backtrace::__rust_end_short_backtrace::<std[617be2ca0a6fd877]::panicking::panic_handler::{closure#0}, !>
[INFO] [stdout]    9:     0x5e2be914fdfd - __rustc[ea4f61d10b84890b]::rust_begin_unwind
[INFO] [stdout]   10:     0x5e2be9187d1c - core[a373ad73a504971]::panicking::panic_fmt
[INFO] [stdout]   11:     0x5e2be9187af2 - core[a373ad73a504971]::result::unwrap_failed
[INFO] [stdout]   12:     0x5e2be8fec35a - <fabric[b7243d75ce1e363]::source_guards::sdk_trybuild_covers_direct_only_resources_without_adapter_paths::{closure#0} as core[a373ad73a504971]::ops::function::FnOnce<()>>::call_once
[INFO] [stdout]   13:     0x5e2be906262b - test[aada8e7e76ba119b]::__rust_begin_short_backtrace::<core[a373ad73a504971]::result::Result<(), alloc[2e1b2a31b91974c5]::string::String>, fn() -> core[a373ad73a504971]::result::Result<(), alloc[2e1b2a31b91974c5]::string::String>>
[INFO] [stdout]   14:     0x5e2be906f805 - test[aada8e7e76ba119b]::run_test::{closure#0}
[INFO] [stdout]   15:     0x5e2be90690f4 - std[617be2ca0a6fd877]::sys::backtrace::__rust_begin_short_backtrace::<test[aada8e7e76ba119b]::run_test::{closure#1}, ()>
[INFO] [stdout]   16:     0x5e2be9072892 - <std[617be2ca0a6fd877]::thread::lifecycle::spawn_unchecked<test[aada8e7e76ba119b]::run_test::{closure#1}, ()>::{closure#1} as core[a373ad73a504971]::ops::function::FnOnce<()>>::call_once::{shim:vtable#0}
[INFO] [stdout]   17:     0x5e2be917276f - <std[617be2ca0a6fd877]::sys::thread::unix::Thread>::new::thread_start
[INFO] [stdout]   18:     0x78ec6669edfa - <unknown>
[INFO] [stdout]   19:     0x78ec667323d4 - clone
[INFO] [stdout]   20:                0x0 - <unknown>
[INFO] [stdout] 
[INFO] [stdout] ---- source_guards::sdk_trybuild_covers_component_macro_frontend_integrity stdout ----
[INFO] [stdout] 
[INFO] [stdout] thread 'source_guards::sdk_trybuild_covers_component_macro_frontend_integrity' (510) panicked at src/source_guards.rs:998:6:
[INFO] [stdout] read component greeter compile_fail test: Os { code: 2, kind: NotFound, message: "No such file or directory" }
[INFO] [stdout] stack backtrace:
[INFO] [stdout]    0:     0x5e2be9173271 - <<std[617be2ca0a6fd877]::sys::backtrace::BacktraceLock>::print::DisplayBacktrace as core[a373ad73a504971]::fmt::Display>::fmt
[INFO] [stdout]    1:     0x5e2be91875ea - core[a373ad73a504971]::fmt::write
[INFO] [stdout]    2:     0x5e2be91774ac - <alloc[2e1b2a31b91974c5]::vec::Vec<u8> as core[a373ad73a504971]::io::write::Write>::write_fmt
[INFO] [stdout]    3:     0x5e2be914f146 - std[617be2ca0a6fd877]::panicking::default_hook::{closure#0}
[INFO] [stdout]    4:     0x5e2be916b509 - std[617be2ca0a6fd877]::panicking::default_hook
[INFO] [stdout]    5:     0x5e2be906f1e0 - test[aada8e7e76ba119b]::test_main_inner::{closure#0}
[INFO] [stdout]    6:     0x5e2be916b6c2 - std[617be2ca0a6fd877]::panicking::panic_with_hook
[INFO] [stdout]    7:     0x5e2be914f1f2 - std[617be2ca0a6fd877]::panicking::panic_handler::{closure#0}
[INFO] [stdout]    8:     0x5e2be9147d79 - std[617be2ca0a6fd877]::sys::backtrace::__rust_end_short_backtrace::<std[617be2ca0a6fd877]::panicking::panic_handler::{closure#0}, !>
[INFO] [stdout]    9:     0x5e2be914fdfd - __rustc[ea4f61d10b84890b]::rust_begin_unwind
[INFO] [stdout]   10:     0x5e2be9187d1c - core[a373ad73a504971]::panicking::panic_fmt
[INFO] [stdout]   11:     0x5e2be9187af2 - core[a373ad73a504971]::result::unwrap_failed
[INFO] [stdout]   12:     0x5e2be8fe8d5e - <fabric[b7243d75ce1e363]::source_guards::sdk_trybuild_covers_component_macro_frontend_integrity::{closure#0} as core[a373ad73a504971]::ops::function::FnOnce<()>>::call_once
[INFO] [stdout]   13:     0x5e2be906262b - test[aada8e7e76ba119b]::__rust_begin_short_backtrace::<core[a373ad73a504971]::result::Result<(), alloc[2e1b2a31b91974c5]::string::String>, fn() -> core[a373ad73a504971]::result::Result<(), alloc[2e1b2a31b91974c5]::string::String>>
[INFO] [stdout]   14:     0x5e2be906f805 - test[aada8e7e76ba119b]::run_test::{closure#0}
[INFO] [stdout]   15:     0x5e2be90690f4 - std[617be2ca0a6fd877]::sys::backtrace::__rust_begin_short_backtrace::<test[aada8e7e76ba119b]::run_test::{closure#1}, ()>
[INFO] [stdout]   16:     0x5e2be9072892 - <std[617be2ca0a6fd877]::thread::lifecycle::spawn_unchecked<test[aada8e7e76ba119b]::run_test::{closure#1}, ()>::{closure#1} as core[a373ad73a504971]::ops::function::FnOnce<()>>::call_once::{shim:vtable#0}
[INFO] [stdout]   17:     0x5e2be917276f - <std[617be2ca0a6fd877]::sys::thread::unix::Thread>::new::thread_start
[INFO] [stdout]   18:     0x78ec6669edfa - <unknown>
[INFO] [stdout]   19:     0x78ec667323d4 - clone
[INFO] [stdout]   20:                0x0 - <unknown>
[INFO] [stdout] 
[INFO] [stdout] ---- source_guards::sdk_trybuild_covers_hostile_component_identity_override stdout ----
[INFO] [stdout] 
[INFO] [stdout] thread 'source_guards::sdk_trybuild_covers_hostile_component_identity_override' (512) panicked at src/source_guards.rs:915:14:
[INFO] [stdout] read sdk-api compile_fail test: Os { code: 2, kind: NotFound, message: "No such file or directory" }
[INFO] [stdout] stack backtrace:
[INFO] [stdout]    0:     0x5e2be9173271 - <<std[617be2ca0a6fd877]::sys::backtrace::BacktraceLock>::print::DisplayBacktrace as core[a373ad73a504971]::fmt::Display>::fmt
[INFO] [stdout]    1:     0x5e2be91875ea - core[a373ad73a504971]::fmt::write
[INFO] [stdout]    2:     0x5e2be91774ac - <alloc[2e1b2a31b91974c5]::vec::Vec<u8> as core[a373ad73a504971]::io::write::Write>::write_fmt
[INFO] [stdout]    3:     0x5e2be914f146 - std[617be2ca0a6fd877]::panicking::default_hook::{closure#0}
[INFO] [stdout]    4:     0x5e2be916b509 - std[617be2ca0a6fd877]::panicking::default_hook
[INFO] [stdout]    5:     0x5e2be906f1e0 - test[aada8e7e76ba119b]::test_main_inner::{closure#0}
[INFO] [stdout]    6:     0x5e2be916b6c2 - std[617be2ca0a6fd877]::panicking::panic_with_hook
[INFO] [stdout]    7:     0x5e2be914f1f2 - std[617be2ca0a6fd877]::panicking::panic_handler::{closure#0}
[INFO] [stdout]    8:     0x5e2be9147d79 - std[617be2ca0a6fd877]::sys::backtrace::__rust_end_short_backtrace::<std[617be2ca0a6fd877]::panicking::panic_handler::{closure#0}, !>
[INFO] [stdout]    9:     0x5e2be914fdfd - __rustc[ea4f61d10b84890b]::rust_begin_unwind
[INFO] [stdout]   10:     0x5e2be9187d1c - core[a373ad73a504971]::panicking::panic_fmt
[INFO] [stdout]   11:     0x5e2be9187af2 - core[a373ad73a504971]::result::unwrap_failed
[INFO] [stdout]   12:     0x5e2be8fe9e1a - <fabric[b7243d75ce1e363]::source_guards::sdk_trybuild_covers_hostile_component_identity_override::{closure#0} as core[a373ad73a504971]::ops::function::FnOnce<()>>::call_once
[INFO] [stdout]   13:     0x5e2be906262b - test[aada8e7e76ba119b]::__rust_begin_short_backtrace::<core[a373ad73a504971]::result::Result<(), alloc[2e1b2a31b91974c5]::string::String>, fn() -> core[a373ad73a504971]::result::Result<(), alloc[2e1b2a31b91974c5]::string::String>>
[INFO] [stdout]   14:     0x5e2be906f805 - test[aada8e7e76ba119b]::run_test::{closure#0}
[INFO] [stdout]   15:     0x5e2be90690f4 - std[617be2ca0a6fd877]::sys::backtrace::__rust_begin_short_backtrace::<test[aada8e7e76ba119b]::run_test::{closure#1}, ()>
[INFO] [stdout]   16:     0x5e2be9072892 - <std[617be2ca0a6fd877]::thread::lifecycle::spawn_unchecked<test[aada8e7e76ba119b]::run_test::{closure#1}, ()>::{closure#1} as core[a373ad73a504971]::ops::function::FnOnce<()>>::call_once::{shim:vtable#0}
[INFO] [stdout]   17:     0x5e2be917276f - <std[617be2ca0a6fd877]::sys::thread::unix::Thread>::new::thread_start
[INFO] [stdout]   18:     0x78ec6669edfa - <unknown>
[INFO] [stdout]   19:     0x78ec667323d4 - clone
[INFO] [stdout]   20:                0x0 - <unknown>
[INFO] [stdout] 
[INFO] [stdout] 
[INFO] [stdout] failures:
[INFO] [stdout]     source_guards::current_component_docs_do_not_reteach_pre_purification_vocabulary
[INFO] [stdout]     source_guards::generic_fabric_crates_do_not_depend_back_on_sdk
[INFO] [stdout]     source_guards::sdk_trybuild_covers_adapter_target_integrity_across_resource_and_system_planes
[INFO] [stdout]     source_guards::sdk_trybuild_covers_component_macro_frontend_integrity
[INFO] [stdout]     source_guards::sdk_trybuild_covers_direct_only_resources_without_adapter_paths
[INFO] [stdout]     source_guards::sdk_trybuild_covers_hostile_component_identity_override
[INFO] [stdout] 
[INFO] [stdout] test result: FAILED. 38 passed; 6 failed; 0 ignored; 0 measured; 0 filtered out; finished in 0.01s
[INFO] [stdout] 
[INFO] running `Command { std: "docker" "inspect" "575995ff48eb4df67eb4c81a6118042c2c41afa3634f5b393ce032e58907b46a", kill_on_drop: false }`
[INFO] running `Command { std: "docker" "rm" "-f" "575995ff48eb4df67eb4c81a6118042c2c41afa3634f5b393ce032e58907b46a", kill_on_drop: false }`
[INFO] [stdout] 575995ff48eb4df67eb4c81a6118042c2c41afa3634f5b393ce032e58907b46a
