[INFO] fetching crate onoal-fabric-resource 1.0.0...
[INFO] testing onoal-fabric-resource-1.0.0 against 1.100.0-beta.1+cargoflags=--release for beta-release-1.100-2
[INFO] extracting crate onoal-fabric-resource 1.0.0 into /workspace/builds/worker-6-tc2/source
[INFO] started tweaking crates.io crate onoal-fabric-resource 1.0.0
[INFO] finished tweaking crates.io crate onoal-fabric-resource 1.0.0
[INFO] tweaked toml for crates.io crate onoal-fabric-resource 1.0.0 written to /workspace/builds/worker-6-tc2/source/Cargo.toml
[INFO] validating manifest of crates.io crate onoal-fabric-resource 1.0.0 on toolchain 1.100.0-beta.1
[INFO] running `Command { std: CARGO_HOME="/workspace/cargo-home" RUSTUP_HOME="/workspace/rustup-home" "/workspace/cargo-home/bin/cargo" "+1.100.0-beta.1" "metadata" "--manifest-path" "Cargo.toml" "--no-deps", kill_on_drop: false }`
[INFO] crate crates.io crate onoal-fabric-resource 1.0.0 already has a lockfile, it will not be regenerated
[INFO] running `Command { std: CARGO_HOME="/workspace/cargo-home" RUSTUP_HOME="/workspace/rustup-home" "/workspace/cargo-home/bin/cargo" "+1.100.0-beta.1" "fetch" "--manifest-path" "Cargo.toml", kill_on_drop: false }`
[INFO] running `Command { std: "docker" "create" "-v" "/var/lib/crater-agent-workspace/builds/worker-6-tc2/source:/opt/rustwide/workdir:ro,Z" "-v" "/var/lib/crater-agent-workspace/builds/worker-6-tc2/target:/opt/rustwide/target:rw,Z" "-v" "/var/lib/crater-agent-workspace/cargo-home:/opt/rustwide/cargo-home:ro,Z" "-v" "/var/lib/crater-agent-workspace/rustup-home:/opt/rustwide/rustup-home:ro,Z" "-m" "1610612736" "--network" "none" "ghcr.io/rust-lang/crates-build-env/linux@sha256:77db811e55d90add9212f6832c23229e3de5f1c1f9905e8cb07319ea15df73ac" "sleep" "infinity", kill_on_drop: false }`
[INFO] [stdout] 5fd4258da2e68439b5a0f1f01b9842c5ae4b0941c484eb518e67eeb273a96eb1
[INFO] running `Command { std: "docker" "start" "5fd4258da2e68439b5a0f1f01b9842c5ae4b0941c484eb518e67eeb273a96eb1", kill_on_drop: false }`
[INFO] running `Command { std: "docker" "inspect" "5fd4258da2e68439b5a0f1f01b9842c5ae4b0941c484eb518e67eeb273a96eb1", kill_on_drop: false }`
[INFO] running `Command { std: "docker" "exec" "-e" "SOURCE_DIR=/opt/rustwide/workdir" "-e" "CARGO_HOME=/opt/rustwide/cargo-home" "-e" "RUSTUP_HOME=/opt/rustwide/rustup-home" "-e" "CARGO_TARGET_DIR=/opt/rustwide/target" "-w" "/opt/rustwide/workdir" "--user" "0:0" "5fd4258da2e68439b5a0f1f01b9842c5ae4b0941c484eb518e67eeb273a96eb1" "/opt/rustwide/cargo-home/bin/cargo" "+1.100.0-beta.1" "metadata" "--no-deps" "--format-version=1", kill_on_drop: false }`
[INFO] running `Command { std: "docker" "inspect" "5fd4258da2e68439b5a0f1f01b9842c5ae4b0941c484eb518e67eeb273a96eb1", kill_on_drop: false }`
[INFO] running `Command { std: "docker" "exec" "-e" "SOURCE_DIR=/opt/rustwide/workdir" "-e" "CARGO_HOME=/opt/rustwide/cargo-home" "-e" "RUSTUP_HOME=/opt/rustwide/rustup-home" "-e" "CARGO_TARGET_DIR=/opt/rustwide/target" "-e" "CARGO_INCREMENTAL=0" "-e" "RUST_BACKTRACE=full" "-e" "RUSTFLAGS=--cap-lints=warn" "-e" "RUSTDOCFLAGS=--cap-lints=warn" "-w" "/opt/rustwide/workdir" "--user" "0:0" "5fd4258da2e68439b5a0f1f01b9842c5ae4b0941c484eb518e67eeb273a96eb1" "/opt/rustwide/cargo-home/bin/cargo" "+1.100.0-beta.1" "build" "--frozen" "--message-format=json" "--release", kill_on_drop: false }`
[INFO] [stderr]    Compiling semver v1.0.28
[INFO] [stderr]    Compiling thiserror-impl v2.0.20
[INFO] [stderr]    Compiling thiserror v2.0.20
[INFO] [stderr]    Compiling onoal-fabric-resource v1.0.0 (/opt/rustwide/workdir)
[INFO] [stderr]     Finished `release` profile [optimized] target(s) in 1.83s
[INFO] running `Command { std: "docker" "inspect" "5fd4258da2e68439b5a0f1f01b9842c5ae4b0941c484eb518e67eeb273a96eb1", kill_on_drop: false }`
[INFO] running `Command { std: "docker" "exec" "-e" "SOURCE_DIR=/opt/rustwide/workdir" "-e" "CARGO_HOME=/opt/rustwide/cargo-home" "-e" "RUSTUP_HOME=/opt/rustwide/rustup-home" "-e" "CARGO_TARGET_DIR=/opt/rustwide/target" "-e" "CARGO_INCREMENTAL=0" "-e" "RUST_BACKTRACE=full" "-e" "RUSTFLAGS=--cap-lints=warn" "-e" "RUSTDOCFLAGS=--cap-lints=warn" "-w" "/opt/rustwide/workdir" "--user" "0:0" "5fd4258da2e68439b5a0f1f01b9842c5ae4b0941c484eb518e67eeb273a96eb1" "/opt/rustwide/cargo-home/bin/cargo" "+1.100.0-beta.1" "test" "--frozen" "--no-run" "--message-format=json" "--release", kill_on_drop: false }`
[INFO] [stderr]    Compiling onoal-fabric-resource v1.0.0 (/opt/rustwide/workdir)
[INFO] [stderr]     Finished `release` profile [optimized] target(s) in 1.01s
[INFO] running `Command { std: "docker" "inspect" "5fd4258da2e68439b5a0f1f01b9842c5ae4b0941c484eb518e67eeb273a96eb1", kill_on_drop: false }`
[INFO] running `Command { std: "docker" "exec" "-e" "SOURCE_DIR=/opt/rustwide/workdir" "-e" "CARGO_HOME=/opt/rustwide/cargo-home" "-e" "RUSTUP_HOME=/opt/rustwide/rustup-home" "-e" "CARGO_TARGET_DIR=/opt/rustwide/target" "-e" "CARGO_INCREMENTAL=0" "-e" "RUST_BACKTRACE=full" "-e" "RUSTFLAGS=--cap-lints=warn" "-e" "RUSTDOCFLAGS=--cap-lints=warn" "-w" "/opt/rustwide/workdir" "--user" "0:0" "5fd4258da2e68439b5a0f1f01b9842c5ae4b0941c484eb518e67eeb273a96eb1" "/opt/rustwide/cargo-home/bin/cargo" "+1.100.0-beta.1" "test" "--frozen" "--release", kill_on_drop: false }`
[INFO] [stderr]     Finished `release` profile [optimized] target(s) in 0.03s
[INFO] [stderr]      Running unittests src/lib.rs (/opt/rustwide/target/release/build/onoal-fabric-resource/ffa979eef2b7f119/out/fabric_resource-ffa979eef2b7f119)
[INFO] [stdout] 
[INFO] [stdout] running 16 tests
[INFO] [stdout] test source_guards::core_stays_free_of_concrete_candidate_resource_knowledge ... FAILED
[INFO] [stdout] test source_guards::resource_schema_types_stay_distinct_from_contract_versions ... FAILED
[INFO] [stdout] test tests::resource_requirement_and_adapter_support_are_evaluated_together_before_materialization ... ok
[INFO] [stdout] test tests::provisional_resource_schema_rules_are_explicit ... ok
[INFO] [stdout] test source_guards::resource_identity_does_not_encode_schema_versions ... ok
[INFO] [stdout] test tests::adapter_schema_support_obeys_resource_schema_compatibility ... ok
[INFO] [stdout] test tests::adapter_identity_does_not_enter_resource_instance_identity ... ok
[INFO] [stdout] test tests::adapter_support_identity_must_match_requirement_before_schema_compatibility ... ok
[INFO] [stdout] test tests::open_resource_instance_identity_is_stable_without_closed_catalog ... ok
[INFO] [stdout] test tests::resource_schema_version_preserves_its_semantic_revision ... ok
[INFO] [stdout] test tests::structurally_distinct_resource_contexts_do_not_collapse_consumer_provenance ... ok
[INFO] [stdout] test tests::versioned_resource_requirement_accepts_matching_schema_and_rejects_major_breaks ... ok
[INFO] [stdout] test tests::resource_schema_identity_must_match_requirement_before_schema_compatibility ... ok
[INFO] [stdout] test source_guards::resource_api_stays_free_of_host_compatibility_types ... ok
[INFO] [stdout] test tests::resource_requirement_is_open_and_not_enum_backed ... ok
[INFO] [stderr] error: test failed, to rerun pass `--lib`
[INFO] [stdout] test source_guards::resource_schema_compatibility_stays_adapter_neutral ... ok
[INFO] [stdout] 
[INFO] [stdout] failures:
[INFO] [stdout] 
[INFO] [stdout] ---- source_guards::core_stays_free_of_concrete_candidate_resource_knowledge stdout ----
[INFO] [stdout] 
[INFO] [stdout] thread 'source_guards::core_stays_free_of_concrete_candidate_resource_knowledge' (208) panicked at src/source_guards.rs:69:10:
[INFO] [stdout] module runtime source: Os { code: 2, kind: NotFound, message: "No such file or directory" }
[INFO] [stdout] stack backtrace:
[INFO] [stdout]    0:     0x589e95e62381 - <<std[617be2ca0a6fd877]::sys::backtrace::BacktraceLock>::print::DisplayBacktrace as core[a373ad73a504971]::fmt::Display>::fmt
[INFO] [stdout]    1:     0x589e95e762fa - core[a373ad73a504971]::fmt::write
[INFO] [stdout]    2:     0x589e95e6659c - <alloc[2e1b2a31b91974c5]::vec::Vec<u8> as core[a373ad73a504971]::io::write::Write>::write_fmt
[INFO] [stdout]    3:     0x589e95e3e256 - std[617be2ca0a6fd877]::panicking::default_hook::{closure#0}
[INFO] [stdout]    4:     0x589e95e5a619 - std[617be2ca0a6fd877]::panicking::default_hook
[INFO] [stdout]    5:     0x589e95df0540 - test[aada8e7e76ba119b]::test_main_inner::{closure#0}
[INFO] [stdout]    6:     0x589e95e5a7d2 - std[617be2ca0a6fd877]::panicking::panic_with_hook
[INFO] [stdout]    7:     0x589e95e3e302 - std[617be2ca0a6fd877]::panicking::panic_handler::{closure#0}
[INFO] [stdout]    8:     0x589e95e36e89 - std[617be2ca0a6fd877]::sys::backtrace::__rust_end_short_backtrace::<std[617be2ca0a6fd877]::panicking::panic_handler::{closure#0}, !>
[INFO] [stdout]    9:     0x589e95e3ef0d - __rustc[ea4f61d10b84890b]::rust_begin_unwind
[INFO] [stdout]   10:     0x589e95e76a2c - core[a373ad73a504971]::panicking::panic_fmt
[INFO] [stdout]   11:     0x589e95e76802 - core[a373ad73a504971]::result::unwrap_failed
[INFO] [stdout]   12:     0x589e95de344b - <fabric_resource[764f932df75c8657]::source_guards::core_stays_free_of_concrete_candidate_resource_knowledge::{closure#0} as core[a373ad73a504971]::ops::function::FnOnce<()>>::call_once
[INFO] [stdout]   13:     0x589e95de398b - test[aada8e7e76ba119b]::__rust_begin_short_backtrace::<core[a373ad73a504971]::result::Result<(), alloc[2e1b2a31b91974c5]::string::String>, fn() -> core[a373ad73a504971]::result::Result<(), alloc[2e1b2a31b91974c5]::string::String>>
[INFO] [stdout]   14:     0x589e95df0b65 - test[aada8e7e76ba119b]::run_test::{closure#0}
[INFO] [stdout]   15:     0x589e95dea454 - std[617be2ca0a6fd877]::sys::backtrace::__rust_begin_short_backtrace::<test[aada8e7e76ba119b]::run_test::{closure#1}, ()>
[INFO] [stdout]   16:     0x589e95df3bf2 - <std[617be2ca0a6fd877]::thread::lifecycle::spawn_unchecked<test[aada8e7e76ba119b]::run_test::{closure#1}, ()>::{closure#1} as core[a373ad73a504971]::ops::function::FnOnce<()>>::call_once::{shim:vtable#0}
[INFO] [stdout]   17:     0x589e95e6187f - <std[617be2ca0a6fd877]::sys::thread::unix::Thread>::new::thread_start
[INFO] [stdout]   18:     0x78c3f4b78dfa - <unknown>
[INFO] [stdout]   19:     0x78c3f4c0c3d4 - clone
[INFO] [stdout]   20:                0x0 - <unknown>
[INFO] [stdout] 
[INFO] [stdout] ---- source_guards::resource_schema_types_stay_distinct_from_contract_versions stdout ----
[INFO] [stdout] 
[INFO] [stdout] thread 'source_guards::resource_schema_types_stay_distinct_from_contract_versions' (212) panicked at src/source_guards.rs:11:68:
[INFO] [stdout] core contract source: Os { code: 2, kind: NotFound, message: "No such file or directory" }
[INFO] [stdout] stack backtrace:
[INFO] [stdout]    0:     0x589e95e62381 - <<std[617be2ca0a6fd877]::sys::backtrace::BacktraceLock>::print::DisplayBacktrace as core[a373ad73a504971]::fmt::Display>::fmt
[INFO] [stdout]    1:     0x589e95e762fa - core[a373ad73a504971]::fmt::write
[INFO] [stdout]    2:     0x589e95e6659c - <alloc[2e1b2a31b91974c5]::vec::Vec<u8> as core[a373ad73a504971]::io::write::Write>::write_fmt
[INFO] [stdout]    3:     0x589e95e3e256 - std[617be2ca0a6fd877]::panicking::default_hook::{closure#0}
[INFO] [stdout]    4:     0x589e95e5a619 - std[617be2ca0a6fd877]::panicking::default_hook
[INFO] [stdout]    5:     0x589e95df0540 - test[aada8e7e76ba119b]::test_main_inner::{closure#0}
[INFO] [stdout]    6:     0x589e95e5a7d2 - std[617be2ca0a6fd877]::panicking::panic_with_hook
[INFO] [stdout]    7:     0x589e95e3e302 - std[617be2ca0a6fd877]::panicking::panic_handler::{closure#0}
[INFO] [stdout]    8:     0x589e95e36e89 - std[617be2ca0a6fd877]::sys::backtrace::__rust_end_short_backtrace::<std[617be2ca0a6fd877]::panicking::panic_handler::{closure#0}, !>
[INFO] [stdout]    9:     0x589e95e3ef0d - __rustc[ea4f61d10b84890b]::rust_begin_unwind
[INFO] [stdout]   10:     0x589e95e76a2c - core[a373ad73a504971]::panicking::panic_fmt
[INFO] [stdout]   11:     0x589e95e76802 - core[a373ad73a504971]::result::unwrap_failed
[INFO] [stdout]   12:     0x589e95de37fe - <fabric_resource[764f932df75c8657]::source_guards::resource_schema_types_stay_distinct_from_contract_versions::{closure#0} as core[a373ad73a504971]::ops::function::FnOnce<()>>::call_once
[INFO] [stdout]   13:     0x589e95de398b - test[aada8e7e76ba119b]::__rust_begin_short_backtrace::<core[a373ad73a504971]::result::Result<(), alloc[2e1b2a31b91974c5]::string::String>, fn() -> core[a373ad73a504971]::result::Result<(), alloc[2e1b2a31b91974c5]::string::String>>
[INFO] [stdout]   14:     0x589e95df0b65 - test[aada8e7e76ba119b]::run_test::{closure#0}
[INFO] [stdout]   15:     0x589e95dea454 - std[617be2ca0a6fd877]::sys::backtrace::__rust_begin_short_backtrace::<test[aada8e7e76ba119b]::run_test::{closure#1}, ()>
[INFO] [stdout]   16:     0x589e95df3bf2 - <std[617be2ca0a6fd877]::thread::lifecycle::spawn_unchecked<test[aada8e7e76ba119b]::run_test::{closure#1}, ()>::{closure#1} as core[a373ad73a504971]::ops::function::FnOnce<()>>::call_once::{shim:vtable#0}
[INFO] [stdout]   17:     0x589e95e6187f - <std[617be2ca0a6fd877]::sys::thread::unix::Thread>::new::thread_start
[INFO] [stdout]   18:     0x78c3f4b78dfa - <unknown>
[INFO] [stdout]   19:     0x78c3f4c0c3d4 - clone
[INFO] [stdout]   20:                0x0 - <unknown>
[INFO] [stdout] 
[INFO] [stdout] 
[INFO] [stdout] failures:
[INFO] [stdout]     source_guards::core_stays_free_of_concrete_candidate_resource_knowledge
[INFO] [stdout]     source_guards::resource_schema_types_stay_distinct_from_contract_versions
[INFO] [stdout] 
[INFO] [stdout] test result: FAILED. 14 passed; 2 failed; 0 ignored; 0 measured; 0 filtered out; finished in 0.13s
[INFO] [stdout] 
[INFO] running `Command { std: "docker" "inspect" "5fd4258da2e68439b5a0f1f01b9842c5ae4b0941c484eb518e67eeb273a96eb1", kill_on_drop: false }`
[INFO] running `Command { std: "docker" "rm" "-f" "5fd4258da2e68439b5a0f1f01b9842c5ae4b0941c484eb518e67eeb273a96eb1", kill_on_drop: false }`
[INFO] [stdout] 5fd4258da2e68439b5a0f1f01b9842c5ae4b0941c484eb518e67eeb273a96eb1
