[INFO] fetching crate onnx-std 0.1.0-dev.6...
[INFO] testing onnx-std-0.1.0-dev.6 against 1.99.0-beta.8+cargoflags=--release for beta-release-1.100-2
[INFO] extracting crate onnx-std 0.1.0-dev.6 into /workspace/builds/worker-3-tc1/source
[INFO] started tweaking crates.io crate onnx-std 0.1.0-dev.6
[INFO] removed 0 missing tests
[INFO] finished tweaking crates.io crate onnx-std 0.1.0-dev.6
[INFO] tweaked toml for crates.io crate onnx-std 0.1.0-dev.6 written to /workspace/builds/worker-3-tc1/source/Cargo.toml
[INFO] validating manifest of crates.io crate onnx-std 0.1.0-dev.6 on toolchain 1.99.0-beta.8
[INFO] running `Command { std: CARGO_HOME="/workspace/cargo-home" RUSTUP_HOME="/workspace/rustup-home" "/workspace/cargo-home/bin/cargo" "+1.99.0-beta.8" "metadata" "--manifest-path" "Cargo.toml" "--no-deps", kill_on_drop: false }`
[INFO] crate crates.io crate onnx-std 0.1.0-dev.6 already has a lockfile, it will not be regenerated
[INFO] running `Command { std: CARGO_HOME="/workspace/cargo-home" RUSTUP_HOME="/workspace/rustup-home" "/workspace/cargo-home/bin/cargo" "+1.99.0-beta.8" "fetch" "--manifest-path" "Cargo.toml", kill_on_drop: false }`
[INFO] running `Command { std: "docker" "create" "-v" "/var/lib/crater-agent-workspace/builds/worker-3-tc1/source:/opt/rustwide/workdir:ro,Z" "-v" "/var/lib/crater-agent-workspace/builds/worker-3-tc1/target:/opt/rustwide/target:rw,Z" "-v" "/var/lib/crater-agent-workspace/cargo-home:/opt/rustwide/cargo-home:ro,Z" "-v" "/var/lib/crater-agent-workspace/rustup-home:/opt/rustwide/rustup-home:ro,Z" "-m" "1610612736" "--network" "none" "ghcr.io/rust-lang/crates-build-env/linux@sha256:77db811e55d90add9212f6832c23229e3de5f1c1f9905e8cb07319ea15df73ac" "sleep" "infinity", kill_on_drop: false }`
[INFO] [stdout] 573642f35067a894c0f72a3c58a60ac9ecb634da6d0e73d712821f3c428eecbf
[INFO] running `Command { std: "docker" "start" "573642f35067a894c0f72a3c58a60ac9ecb634da6d0e73d712821f3c428eecbf", kill_on_drop: false }`
[INFO] running `Command { std: "docker" "inspect" "573642f35067a894c0f72a3c58a60ac9ecb634da6d0e73d712821f3c428eecbf", kill_on_drop: false }`
[INFO] running `Command { std: "docker" "exec" "-e" "SOURCE_DIR=/opt/rustwide/workdir" "-e" "CARGO_HOME=/opt/rustwide/cargo-home" "-e" "RUSTUP_HOME=/opt/rustwide/rustup-home" "-e" "CARGO_TARGET_DIR=/opt/rustwide/target" "-w" "/opt/rustwide/workdir" "--user" "0:0" "573642f35067a894c0f72a3c58a60ac9ecb634da6d0e73d712821f3c428eecbf" "/opt/rustwide/cargo-home/bin/cargo" "+1.99.0-beta.8" "metadata" "--no-deps" "--format-version=1", kill_on_drop: false }`
[INFO] running `Command { std: "docker" "inspect" "573642f35067a894c0f72a3c58a60ac9ecb634da6d0e73d712821f3c428eecbf", kill_on_drop: false }`
[INFO] running `Command { std: "docker" "exec" "-e" "SOURCE_DIR=/opt/rustwide/workdir" "-e" "CARGO_HOME=/opt/rustwide/cargo-home" "-e" "RUSTUP_HOME=/opt/rustwide/rustup-home" "-e" "CARGO_TARGET_DIR=/opt/rustwide/target" "-e" "CARGO_INCREMENTAL=0" "-e" "RUST_BACKTRACE=full" "-e" "RUSTFLAGS=--cap-lints=warn" "-e" "RUSTDOCFLAGS=--cap-lints=warn" "-w" "/opt/rustwide/workdir" "--user" "0:0" "573642f35067a894c0f72a3c58a60ac9ecb634da6d0e73d712821f3c428eecbf" "/opt/rustwide/cargo-home/bin/cargo" "+1.99.0-beta.8" "build" "--frozen" "--message-format=json" "--release", kill_on_drop: false }`
[INFO] [stderr]    Compiling syn v2.0.119
[INFO] [stderr]    Compiling either v1.17.0
[INFO] [stderr]    Compiling beef v0.5.2
[INFO] [stderr]    Compiling libc v0.2.189
[INFO] [stderr]    Compiling unicode-width v0.1.14
[INFO] [stderr]    Compiling num-traits v0.2.19
[INFO] [stderr]    Compiling thiserror v1.0.69
[INFO] [stderr]    Compiling regex-automata v0.4.16
[INFO] [stderr]    Compiling petgraph v0.7.1
[INFO] [stderr]    Compiling onnx-runtime-ir v0.1.0-dev.6
[INFO] [stderr]    Compiling serde_json v1.0.151
[INFO] [stderr]    Compiling memmap2 v0.9.11
[INFO] [stderr]    Compiling serde_yaml v0.9.34+deprecated
[INFO] [stderr]    Compiling itertools v0.14.0
[INFO] [stderr]    Compiling ordered-float v2.10.1
[INFO] [stderr]    Compiling serde-value v0.7.0
[INFO] [stderr]    Compiling onnx-runtime-shape-inference v0.1.0-dev.6
[INFO] [stderr]    Compiling regex v1.13.1
[INFO] [stderr]    Compiling getrandom v0.4.3
[INFO] [stderr]    Compiling tempfile v3.27.0
[INFO] [stderr]    Compiling logos-codegen v0.14.4
[INFO] [stderr]    Compiling prettyplease v0.2.37
[INFO] [stderr]    Compiling prost-derive v0.13.5
[INFO] [stderr]    Compiling miette-derive v7.6.0
[INFO] [stderr]    Compiling thiserror-impl v1.0.69
[INFO] [stderr]    Compiling logos-derive v0.14.4
[INFO] [stderr]    Compiling miette v7.6.0
[INFO] [stderr]    Compiling logos v0.14.4
[INFO] [stderr]    Compiling prost v0.13.5
[INFO] [stderr]    Compiling prost-types v0.13.5
[INFO] [stderr]    Compiling onnx-runtime-tracer v0.1.0-dev.6
[INFO] [stderr]    Compiling prost-reflect v0.14.7
[INFO] [stderr]    Compiling protox-parse v0.7.0
[INFO] [stderr]    Compiling prost-build v0.13.5
[INFO] [stderr]    Compiling protox v0.7.2
[INFO] [stderr]    Compiling onnx-runtime-loader v0.1.0-dev.6
[INFO] [stderr]    Compiling onnx-std v0.1.0-dev.6 (/opt/rustwide/workdir)
[INFO] [stderr]     Finished `release` profile [optimized] target(s) in 42.50s
[INFO] running `Command { std: "docker" "inspect" "573642f35067a894c0f72a3c58a60ac9ecb634da6d0e73d712821f3c428eecbf", kill_on_drop: false }`
[INFO] running `Command { std: "docker" "exec" "-e" "SOURCE_DIR=/opt/rustwide/workdir" "-e" "CARGO_HOME=/opt/rustwide/cargo-home" "-e" "RUSTUP_HOME=/opt/rustwide/rustup-home" "-e" "CARGO_TARGET_DIR=/opt/rustwide/target" "-e" "CARGO_INCREMENTAL=0" "-e" "RUST_BACKTRACE=full" "-e" "RUSTFLAGS=--cap-lints=warn" "-e" "RUSTDOCFLAGS=--cap-lints=warn" "-w" "/opt/rustwide/workdir" "--user" "0:0" "573642f35067a894c0f72a3c58a60ac9ecb634da6d0e73d712821f3c428eecbf" "/opt/rustwide/cargo-home/bin/cargo" "+1.99.0-beta.8" "test" "--frozen" "--no-run" "--message-format=json" "--release", kill_on_drop: false }`
[INFO] [stderr]    Compiling onnx-std v0.1.0-dev.6 (/opt/rustwide/workdir)
[INFO] [stderr]     Finished `release` profile [optimized] target(s) in 14.73s
[INFO] running `Command { std: "docker" "inspect" "573642f35067a894c0f72a3c58a60ac9ecb634da6d0e73d712821f3c428eecbf", kill_on_drop: false }`
[INFO] running `Command { std: "docker" "exec" "-e" "SOURCE_DIR=/opt/rustwide/workdir" "-e" "CARGO_HOME=/opt/rustwide/cargo-home" "-e" "RUSTUP_HOME=/opt/rustwide/rustup-home" "-e" "CARGO_TARGET_DIR=/opt/rustwide/target" "-e" "CARGO_INCREMENTAL=0" "-e" "RUST_BACKTRACE=full" "-e" "RUSTFLAGS=--cap-lints=warn" "-e" "RUSTDOCFLAGS=--cap-lints=warn" "-w" "/opt/rustwide/workdir" "--user" "0:0" "573642f35067a894c0f72a3c58a60ac9ecb634da6d0e73d712821f3c428eecbf" "/opt/rustwide/cargo-home/bin/cargo" "+1.99.0-beta.8" "test" "--frozen" "--release", kill_on_drop: false }`
[INFO] [stderr]     Finished `release` profile [optimized] target(s) in 0.09s
[INFO] [stderr]      Running unittests src/lib.rs (/opt/rustwide/target/release/deps/onnx_std-d71711d7498808ab)
[INFO] [stdout] 
[INFO] [stdout] running 157 tests
[INFO] [stdout] test check::rules::tests::attribute_rule_checks_discriminator_union_and_references ... ok
[INFO] [stdout] test check::rules::tests::attribute_type_is_required_starting_with_ir_v2 ... ok
[INFO] [stdout] test check::rules::tests::function_rule_accepts_empty_default_domain ... ok
[INFO] [stdout] test check::rules::tests::captured_node_output_passes ... ok
[INFO] [stdout] test check::rules::tests::duplicate_value_name_inside_subgraph_is_flagged ... ok
[INFO] [stdout] test check::rules::tests::if_requires_else_branch ... ok
[INFO] [stdout] test check::rules::tests::function_rule_accepts_call_site_arity_and_attribute_mismatches ... ok
[INFO] [stdout] test check::rules::tests::declared_graph_io_passes ... ok
[INFO] [stdout] test check::rules::tests::initializer_symbolic_and_unknown_declared_shapes_pass ... ok
[INFO] [stdout] test check::rules::tests::function_rule_accepts_consistent_call_with_omitted_default_attribute ... ok
[INFO] [stdout] test check::rules::tests::dangling_node_output_is_flagged ... ok
[INFO] [stdout] test check::rules::tests::function_rule_checks_defaults_topology_imports_and_unique_ids ... ok
[INFO] [stdout] test check::rules::tests::absent_ir_version_is_flagged ... ok
[INFO] [stdout] test check::rules::tests::if_variadic_outputs_require_at_least_one_value ... ok
[INFO] [stdout] test check::rules::tests::function_rule_rejects_undeclared_attribute_refs_and_recursion ... ok
[INFO] [stdout] test check::rules::tests::connected_node_inputs_pass ... ok
[INFO] [stdout] test check::rules::tests::function_rule_accepts_valid_signature_and_body ... ok
[INFO] [stdout] test check::rules::tests::metadata_rule_rejects_duplicate_keys ... ok
[INFO] [stdout] test check::rules::tests::concrete_schema_input_type_is_enforced ... ok
[INFO] [stdout] test check::rules::tests::missing_opset_import_is_flagged ... ok
[INFO] [stdout] test check::rules::tests::ir_feature_rule_accepts_model_metadata_before_ir10 ... ok
[INFO] [stdout] test check::rules::tests::matching_initializer_type_passes ... ok
[INFO] [stdout] test check::rules::tests::missing_opset_import_inside_subgraph_is_flagged ... ok
[INFO] [stdout] test check::rules::tests::mismatched_initializer_type_is_flagged ... ok
[INFO] [stdout] test check::rules::tests::present_opset_import_passes ... ok
[INFO] [stdout] test check::rules::tests::schema_rule_reports_unregistered_operator ... ok
[INFO] [stdout] test check::rules::tests::sparse_tensor_indices_are_optional_only_for_zero_nnz ... ok
[INFO] [stdout] test check::rules::tests::sparse_tensor_requires_positive_rank_and_dimensions ... ok
[INFO] [stdout] test check::rules::tests::ir_feature_rule_checks_opset_initializer_and_dtype_gates ... ok
[INFO] [stdout] test check::rules::tests::sparse_tensor_rule_checks_order_and_bounds ... ok
[INFO] [stdout] test check::rules::tests::schema_type_constraint_violation_is_flagged ... ok
[INFO] [stdout] test check::rules::tests::schema_type_constraints_accept_consistent_allowed_types ... ok
[INFO] [stdout] test check::rules::tests::duplicate_value_name_is_flagged ... ok
[INFO] [stdout] test check::rules::tests::schema_rule_checks_arity_required_and_typed_attributes ... ok
[INFO] [stdout] test check::rules::tests::schema_type_constraints_skip_unknown_placeholder_types ... ok
[INFO] [stdout] test check::rules::tests::top_level_tensor_requires_shape_but_nested_tensor_does_not ... ok
[INFO] [stdout] test check::rules::tests::type_rule_accepts_opaque_and_rejects_invalid_containers ... ok
[INFO] [stdout] test check::rules::tests::schema_rule_accepts_conforming_node ... ok
[INFO] [stdout] test check::rules::tests::tensor_payload_rule_checks_sizes_and_external_offsets ... ok
[INFO] [stdout] test check::rules::tests::valid_nested_model_passes ... ok
[INFO] [stdout] test check::rules::tests::unnamed_graph_io_is_flagged ... ok
[INFO] [stdout] test check::tests::custom_rule_runs_and_counts_errors ... ok
[INFO] [stdout] test check::rules::tests::tensor_payload_rule_accepts_unused_packed_bits_but_checks_length ... ok
[INFO] [stdout] test check::rules::tests::schema_rule_checks_required_attributes_and_opset_range ... ok
[INFO] [stdout] test check::rules::tests::undefined_node_input_is_flagged ... ok
[INFO] [stdout] test check::rules::tests::mismatched_initializer_shape_is_flagged ... ok
[INFO] [stdout] test check::rules::tests::omitted_optional_node_output_passes ... ok
[INFO] [stdout] test metadata_hints::tests::boolean_parsing_is_case_insensitive ... ok
[INFO] [stdout] test metadata_hints::tests::contradicting_force_devices_are_a_hard_error ... ok
[INFO] [stdout] test metadata_hints::tests::control_flow_subgraph_hints_are_scanned_with_qualified_paths ... ok
[INFO] [stdout] test metadata_hints::tests::deeply_nested_graph_attributes_are_scanned ... ok
[INFO] [stdout] test check::tests::default_checker_has_builtin_rules ... ok
[INFO] [stdout] test metadata_hints::tests::duplicate_key_from_same_source_keeps_first ... ok
[INFO] [stdout] test metadata_hints::tests::empty_input_yields_defaults_and_no_warnings ... ok
[INFO] [stdout] test metadata_hints::tests::force_overrides_prefer_regardless_of_source_priority ... ok
[INFO] [stdout] test metadata_hints::tests::external_named_hint_for_unknown_node_is_kept_without_colliding ... ok
[INFO] [stdout] test metadata_hints::tests::from_model_reads_model_level_metadata_props ... ok
[INFO] [stdout] test metadata_hints::tests::from_model_reads_node_level_metadata_props ... ok
[INFO] [stdout] test metadata_hints::tests::from_model_with_no_metadata_is_safe ... ok
[INFO] [stdout] test metadata_hints::tests::graph_and_graphs_paths_that_render_the_same_stay_distinct ... ok
[INFO] [stdout] test metadata_hints::tests::external_named_hint_resolves_onto_the_structural_node_it_names ... ok
[INFO] [stdout] test metadata_hints::tests::higher_priority_source_wins_for_node_scalar_hint ... ok
[INFO] [stdout] test metadata_hints::tests::higher_priority_source_wins_for_the_same_key ... ok
[INFO] [stdout] test metadata_hints::tests::invalid_value_inside_subgraph_warns_with_qualified_node ... ok
[INFO] [stdout] test check::tests::empty_checker_reports_no_violations ... ok
[INFO] [stdout] test check::tests::disabled_rule_is_skipped ... ok
[INFO] [stdout] test metadata_hints::tests::malformed_integer_value_warns_with_expected_type ... ok
[INFO] [stdout] test metadata_hints::tests::malformed_boolean_and_enum_values_warn ... ok
[INFO] [stdout] test metadata_hints::tests::keys_outside_namespace_are_ignored ... ok
[INFO] [stdout] test metadata_hints::tests::top_level_node_identity_is_unchanged_when_subgraphs_are_scanned ... ok
[INFO] [stdout] test metadata_hints::tests::preferred_device_defaults_strength_to_prefer ... ok
[INFO] [stdout] test metadata_hints::tests::top_level_name_matching_a_subgraph_display_path_stays_distinct ... ok
[INFO] [stdout] test metadata_hints::tests::two_same_named_top_level_nodes_stay_distinct ... ok
[INFO] [stdout] test metadata_hints::tests::valid_model_and_graph_hints_are_consumed ... ok
[INFO] [stdout] test metadata_hints::tests::unknown_namespace_key_warns_but_is_not_an_error ... ok
[INFO] [stdout] test metadata_hints::tests::valid_node_hints_are_consumed_with_correct_types ... ok
[INFO] [stdout] test model::tests::new_wraps_graph_with_default_metadata ... ok
[INFO] [stdout] test json::tests::rejects_unknown_fields ... ok
[INFO] [stdout] test json::tests::simple_model_round_trips ... ok
[INFO] [stdout] test model::tests::load_missing_file_is_read_error ... ok
[INFO] [stdout] test metadata_hints::tests::two_anonymous_top_level_nodes_stay_distinct ... ok
[INFO] [stdout] test check::tests::validation_context_exposes_custom_registry ... ok
[INFO] [stdout] test model::tests::save_then_load_round_trips_structure_and_metadata ... FAILED
[INFO] [stdout] test schema::tests::concat_schema_matches_opset_13 ... ok
[INFO] [stdout] test schema::tests::added_schema_details_match_onnx_v1_20 ... ok
[INFO] [stdout] test check::rules::tests::supported_ir_versions_pass_and_future_version_fails ... ok
[INFO] [stdout] test schema::tests::div_schema_matches_opset_14 ... ok
[INFO] [stdout] test schema::tests::expand_schema_matches_opset_13 ... ok
[INFO] [stdout] test schema::tests::gather_schema_matches_opset_13 ... ok
[INFO] [stdout] test check::rules::tests::round_six_schemas_accept_official_minimal_forms ... ok
[INFO] [stdout] test schema::tests::builtins_contain_expected_common_ops ... ok
[INFO] [stdout] test metadata_hints::tests::nested_node_identity_does_not_collide_with_slash_named_top_level_node ... ok
[INFO] [stdout] test schema::tests::kernel_gap_schemas_match_opset_boundaries_and_catalog_count ... ok
[INFO] [stdout] test schema::tests::clip_schema_matches_opset_13 ... ok
[INFO] [stdout] test schema::tests::exp_schema_matches_opset_13 ... ok
[INFO] [stdout] test schema::tests::abs_schema_matches_opset_13 ... ok
[INFO] [stdout] test schema::tests::erf_schema_matches_opset_13 ... ok
[INFO] [stdout] test schema::tests::log_schema_matches_opset_13 ... ok
[INFO] [stdout] test schema::tests::registry_rejects_invalid_and_duplicate_version_schemas ... ok
[INFO] [stdout] test schema::tests::mod_schema_matches_opset_13 ... ok
[INFO] [stdout] test schema::tests::layer_normalization_schema_matches_opset_17 ... ok
[INFO] [stdout] test schema::tests::round_five_schemas_match_official_signatures ... ok
[INFO] [stdout] test schema::tests::reduce_mean_schema_matches_opset_18 ... ok
[INFO] [stdout] test schema::tests::neg_schema_matches_opset_13 ... ok
[INFO] [stdout] test schema::tests::pow_schema_matches_opset_15 ... ok
[INFO] [stdout] test check::rules::tests::round_seven_schemas_accept_official_minimal_forms ... ok
[INFO] [stdout] test schema::tests::reduce_sum_schema_matches_opset_13 ... ok
[INFO] [stdout] test schema::tests::reshape_schema_matches_opset_24 ... ok
[INFO] [stdout] test schema::tests::round_eight_schemas_match_official_signatures ... ok
[INFO] [stdout] test check::rules::tests::round_four_optional_inputs_and_attributes_may_be_omitted ... ok
[INFO] [stdout] test schema::tests::softmax_schema_matches_opset_13 ... ok
[INFO] [stdout] test schema::tests::round_four_schemas_match_official_signatures ... ok
[INFO] [stdout] test schema::tests::slice_schema_matches_opset_13 ... ok
[INFO] [stdout] test schema::tests::round_seven_schemas_match_official_signatures ... ok
[INFO] [stdout] test schema::tests::round_six_schemas_match_official_signatures ... ok
[INFO] [stdout] test check::rules::tests::common_builtin_arity_boundaries_pass ... ok
[INFO] [stdout] test schema::tests::tanh_schema_matches_opset_13 ... ok
[INFO] [stdout] test schema::tests::sqrt_schema_matches_opset_13 ... ok
[INFO] [stdout] test schema::tests::yaml_schema_round_trips_every_public_field ... ok
[INFO] [stdout] test shape::tests::infers_existing_conv_norm_and_movement_schemas ... ok
[INFO] [stdout] test shape::tests::if_inference_unions_branch_output_shapes ... ok
[INFO] [stdout] test shape::tests::infers_matmul_and_add_output_shapes ... ok
[INFO] [stdout] test shape::tests::if_inference_preserves_known_scalar_branch_outputs ... ok
[INFO] [stdout] test schema::tests::sigmoid_schema_matches_opset_13 ... ok
[INFO] [stdout] test shape::tests::custom_rule_uses_underlying_registry ... ok
[INFO] [stdout] test shape::tests::infers_added_elementwise_expand_where_and_reduction_schemas ... ok
[INFO] [stdout] test schema::tests::sub_schema_matches_opset_14 ... ok
[INFO] [stdout] test text::ser::tests::dumps_header_signature_and_node ... ok
[INFO] [stdout] test shape::tests::round_five_shape_arithmetic_rejects_unrepresentable_values ... ok
[INFO] [stdout] test shape::tests::infers_round_five_index_predicate_and_shape_ops ... ok
[INFO] [stdout] test text::de::tests::round_trips_simple_graph_and_domain_imports ... ok
[INFO] [stdout] test shape::tests::infers_round_four_normalization_reduction_and_arg_shapes ... ok
[INFO] [stdout] test text::de::tests::round_trips_empty_typed_attribute_lists ... ok
[INFO] [stdout] test text::de::tests::round_trips_lists_tensor_attribute_and_initializer_reference ... ok
[INFO] [stdout] test text::ser::tests::renders_inline_attribute ... ok
[INFO] [stdout] test metadata_hints::tests::node_level_key_at_model_scope_is_unknown ... ok
[INFO] [stdout] test text::ser::tests::initializers_are_references_not_data ... ok
[INFO] [stdout] test metadata_hints::tests::unknown_key_inside_subgraph_warns_with_qualified_node ... ok
[INFO] [stdout] test schema::tests::registry_resolves_domains_and_opset_ranges ... ok
[INFO] [stdout] test shape::tests::if_inference_does_not_invent_unresolved_branch_shapes ... ok
[INFO] [stdout] test text::ser::tests::prints_single_and_list_subgraph_bodies ... ok
[INFO] [stdout] test textproto::tests::parses_comments_and_alternate_delimiters ... ok
[INFO] [stdout] test text::de::tests::malformed_text_returns_error ... ok
[INFO] [stdout] test text::de::tests::round_trips_if_subgraphs ... ok
[INFO] [stdout] test schema::tests::transpose_schema_matches_opset_24 ... ok
[INFO] [stdout] test schema::tests::where_schema_matches_opset_16 ... ok
[INFO] [stdout] test version::tests::target_beyond_known_schema_history_is_rejected ... ok
[INFO] [stdout] test version::tests::softmax_last_axis_is_rewritten_without_decomposition ... ok
[INFO] [stdout] test version::tests::softmax_non_last_axis_uses_official_flatten_reshape_rewrite ... ok
[INFO] [stdout] test version::tests::nested_subgraph_nodes_are_converted_and_indexes_stay_in_sync ... ok
[INFO] [stdout] test version::tests::schema_compatible_bump_requires_a_known_later_boundary ... ok
[INFO] [stdout] test version::tests::missing_adapter_is_reported_and_model_is_unchanged ... ok
[INFO] [stdout] test version::tests::softmax_and_log_softmax_12_to_13_adapters_are_registered ... ok
[INFO] [stdout] test version::tests::nested_rejection_rolls_back_root_rewrites_and_opset_bump ... ok
[INFO] [stdout] test version::tests::downgrade_returns_clear_error ... ok
[INFO] [stdout] test version::tests::reshape_adapter_materializes_allowzero_default ... ok
[INFO] [stdout] test check::rules::tests::round_five_schemas_accept_official_minimal_forms ... ok
[INFO] [stdout] 
[INFO] [stdout] failures:
[INFO] [stdout] 
[INFO] [stdout] ---- model::tests::save_then_load_round_trips_structure_and_metadata stdout ----
[INFO] [stdout] 
[INFO] [stdout] thread 'model::tests::save_then_load_round_trips_structure_and_metadata' (1245) panicked at src/model.rs:331:39:
[INFO] [stdout] called `Result::unwrap()` on an `Err` value: Os { code: 30, kind: ReadOnlyFilesystem, message: "Read-only file system" }
[INFO] [stdout] stack backtrace:
[INFO] [stdout]    0:     0x62f481a77281 - <<std[70759c8f55707aa4]::sys::backtrace::BacktraceLock>::print::DisplayBacktrace as core[df12db4294e9bfd3]::fmt::Display>::fmt
[INFO] [stdout]    1:     0x62f481a8e41a - core[df12db4294e9bfd3]::fmt::write
[INFO] [stdout]    2:     0x62f481a7b73c - <alloc[2182bb758b4b3781]::vec::Vec<u8> as core[df12db4294e9bfd3]::io::write::Write>::write_fmt
[INFO] [stdout]    3:     0x62f481a52346 - std[70759c8f55707aa4]::panicking::default_hook::{closure#0}
[INFO] [stdout]    4:     0x62f481a6f1c9 - std[70759c8f55707aa4]::panicking::default_hook
[INFO] [stdout]    5:     0x62f48180a9b0 - test[9d35eded1c95d3be]::test_main_inner::<test[9d35eded1c95d3be]::test_main_static::{closure#0}>::{closure#0}
[INFO] [stdout]    6:     0x62f481a6f382 - std[70759c8f55707aa4]::panicking::panic_with_hook
[INFO] [stdout]    7:     0x62f481a523f2 - std[70759c8f55707aa4]::panicking::panic_handler::{closure#0}
[INFO] [stdout]    8:     0x62f481a4aec9 - std[70759c8f55707aa4]::sys::backtrace::__rust_end_short_backtrace::<std[70759c8f55707aa4]::panicking::panic_handler::{closure#0}, !>
[INFO] [stdout]    9:     0x62f481a52fed - __rustc[8fa7c3cbc660c2b3]::rust_begin_unwind
[INFO] [stdout]   10:     0x62f481a8ec0c - core[df12db4294e9bfd3]::panicking::panic_fmt
[INFO] [stdout]   11:     0x62f481a8e9e2 - core[df12db4294e9bfd3]::result::unwrap_failed
[INFO] [stdout]   12:     0x62f4816e81c3 - onnx_std[7c1dac69e98f1fd2]::model::tests::save_then_load_round_trips_structure_and_metadata
[INFO] [stdout]   13:     0x62f48171adf9 - <onnx_std[7c1dac69e98f1fd2]::model::tests::save_then_load_round_trips_structure_and_metadata::{closure#0} as core[df12db4294e9bfd3]::ops::function::FnOnce<()>>::call_once
[INFO] [stdout]   14:     0x62f4817fdc9b - test[9d35eded1c95d3be]::__rust_begin_short_backtrace::<core[df12db4294e9bfd3]::result::Result<(), alloc[2182bb758b4b3781]::string::String>, fn() -> core[df12db4294e9bfd3]::result::Result<(), alloc[2182bb758b4b3781]::string::String>>
[INFO] [stdout]   15:     0x62f48180b305 - test[9d35eded1c95d3be]::run_test::{closure#0}
[INFO] [stdout]   16:     0x62f481804bc4 - std[70759c8f55707aa4]::sys::backtrace::__rust_begin_short_backtrace::<test[9d35eded1c95d3be]::run_test::{closure#1}, ()>
[INFO] [stdout]   17:     0x62f48180e462 - <std[70759c8f55707aa4]::thread::lifecycle::spawn_unchecked<test[9d35eded1c95d3be]::run_test::{closure#1}, ()>::{closure#1} as core[df12db4294e9bfd3]::ops::function::FnOnce<()>>::call_once::{shim:vtable#0}
[INFO] [stdout]   18:     0x62f481a76619 - <std[70759c8f55707aa4]::sys::thread::unix::Thread>::new::thread_start
[INFO] [stdout]   19:     0x753b098dedfa - <unknown>
[INFO] [stdout]   20:     0x753b099723d4 - clone
[INFO] [stdout]   21:                0x0 - <unknown>
[INFO] [stdout] 
[INFO] [stdout] 
[INFO] [stdout] failures:
[INFO] [stdout]     model::tests::save_then_load_round_trips_structure_and_metadata
[INFO] [stdout] 
[INFO] [stdout] test result: FAILED. 156 passed; 1 failed; 0 ignored; 0 measured; 0 filtered out; finished in 0.33s
[INFO] [stdout] 
[INFO] [stderr] error: test failed, to rerun pass `--lib`
[INFO] running `Command { std: "docker" "inspect" "573642f35067a894c0f72a3c58a60ac9ecb634da6d0e73d712821f3c428eecbf", kill_on_drop: false }`
[INFO] running `Command { std: "docker" "rm" "-f" "573642f35067a894c0f72a3c58a60ac9ecb634da6d0e73d712821f3c428eecbf", kill_on_drop: false }`
[INFO] [stdout] 573642f35067a894c0f72a3c58a60ac9ecb634da6d0e73d712821f3c428eecbf
