[INFO] fetching crate onnx-runtime-loader 0.1.0-dev.6...
[INFO] testing onnx-runtime-loader-0.1.0-dev.6 against 1.99.0-beta.8+cargoflags=--release for beta-release-1.100-2
[INFO] extracting crate onnx-runtime-loader 0.1.0-dev.6 into /workspace/builds/worker-1-tc1/source
[INFO] started tweaking crates.io crate onnx-runtime-loader 0.1.0-dev.6
[INFO] removed 0 missing tests
[INFO] finished tweaking crates.io crate onnx-runtime-loader 0.1.0-dev.6
[INFO] tweaked toml for crates.io crate onnx-runtime-loader 0.1.0-dev.6 written to /workspace/builds/worker-1-tc1/source/Cargo.toml
[INFO] validating manifest of crates.io crate onnx-runtime-loader 0.1.0-dev.6 on toolchain 1.99.0-beta.8
[INFO] running `Command { std: CARGO_HOME="/workspace/cargo-home" RUSTUP_HOME="/workspace/rustup-home" "/workspace/cargo-home/bin/cargo" "+1.99.0-beta.8" "metadata" "--manifest-path" "Cargo.toml" "--no-deps", kill_on_drop: false }`
[INFO] crate crates.io crate onnx-runtime-loader 0.1.0-dev.6 already has a lockfile, it will not be regenerated
[INFO] running `Command { std: CARGO_HOME="/workspace/cargo-home" RUSTUP_HOME="/workspace/rustup-home" "/workspace/cargo-home/bin/cargo" "+1.99.0-beta.8" "fetch" "--manifest-path" "Cargo.toml", kill_on_drop: false }`
[INFO] [stderr]     Updating crates.io index
[INFO] [stderr]  Downloading crates ...
[INFO] [stderr]   Downloaded protox-parse v0.7.0
[INFO] [stderr]   Downloaded thiserror v2.0.19
[INFO] [stderr]   Downloaded prost-types v0.13.5
[INFO] [stderr]   Downloaded protox v0.7.2
[INFO] [stderr]   Downloaded logos-derive v0.14.4
[INFO] [stderr]   Downloaded thiserror-impl v2.0.19
[INFO] [stderr]   Downloaded multimap v0.10.1
[INFO] [stderr]   Downloaded beef v0.5.2
[INFO] [stderr]   Downloaded prost-derive v0.13.5
[INFO] [stderr]   Downloaded onnx-runtime-einsum-conformance v0.1.0-dev.6
[INFO] [stderr]   Downloaded prost v0.13.5
[INFO] [stderr]   Downloaded miette-derive v7.6.0
[INFO] [stderr]   Downloaded prost-build v0.13.5
[INFO] [stderr]   Downloaded logos-codegen v0.14.4
[INFO] [stderr]   Downloaded onnx-runtime-tracer v0.1.0-dev.6
[INFO] [stderr]   Downloaded onnx-runtime-ir v0.1.0-dev.6
[INFO] [stderr]   Downloaded prost-reflect v0.14.7
[INFO] [stderr]   Downloaded zerocopy-derive v0.8.55
[INFO] [stderr]   Downloaded onnx-runtime-shape-inference v0.1.0-dev.6
[INFO] [stderr]   Downloaded miette v7.6.0
[INFO] [stderr]   Downloaded zerocopy v0.8.55
[INFO] [stderr]   Downloaded regex-automata v0.4.16
[INFO] [stderr]   Downloaded petgraph v0.7.1
[INFO] [stderr]   Downloaded logos v0.14.4
[INFO] running `Command { std: "docker" "create" "-v" "/var/lib/crater-agent-workspace/builds/worker-1-tc1/source:/opt/rustwide/workdir:ro,Z" "-v" "/var/lib/crater-agent-workspace/builds/worker-1-tc1/target:/opt/rustwide/target:rw,Z" "-v" "/var/lib/crater-agent-workspace/cargo-home:/opt/rustwide/cargo-home:ro,Z" "-v" "/var/lib/crater-agent-workspace/rustup-home:/opt/rustwide/rustup-home:ro,Z" "-m" "1610612736" "--network" "none" "ghcr.io/rust-lang/crates-build-env/linux@sha256:77db811e55d90add9212f6832c23229e3de5f1c1f9905e8cb07319ea15df73ac" "sleep" "infinity", kill_on_drop: false }`
[INFO] [stdout] 791369f164f578bce20a299c6edc25b63f7e8101e2881e146a401b35edf3ca6e
[INFO] running `Command { std: "docker" "start" "791369f164f578bce20a299c6edc25b63f7e8101e2881e146a401b35edf3ca6e", kill_on_drop: false }`
[INFO] running `Command { std: "docker" "inspect" "791369f164f578bce20a299c6edc25b63f7e8101e2881e146a401b35edf3ca6e", kill_on_drop: false }`
[INFO] running `Command { std: "docker" "exec" "-e" "SOURCE_DIR=/opt/rustwide/workdir" "-e" "CARGO_HOME=/opt/rustwide/cargo-home" "-e" "RUSTUP_HOME=/opt/rustwide/rustup-home" "-e" "CARGO_TARGET_DIR=/opt/rustwide/target" "-w" "/opt/rustwide/workdir" "--user" "0:0" "791369f164f578bce20a299c6edc25b63f7e8101e2881e146a401b35edf3ca6e" "/opt/rustwide/cargo-home/bin/cargo" "+1.99.0-beta.8" "metadata" "--no-deps" "--format-version=1", kill_on_drop: false }`
[INFO] running `Command { std: "docker" "inspect" "791369f164f578bce20a299c6edc25b63f7e8101e2881e146a401b35edf3ca6e", kill_on_drop: false }`
[INFO] running `Command { std: "docker" "exec" "-e" "SOURCE_DIR=/opt/rustwide/workdir" "-e" "CARGO_HOME=/opt/rustwide/cargo-home" "-e" "RUSTUP_HOME=/opt/rustwide/rustup-home" "-e" "CARGO_TARGET_DIR=/opt/rustwide/target" "-e" "CARGO_INCREMENTAL=0" "-e" "RUST_BACKTRACE=full" "-e" "RUSTFLAGS=--cap-lints=warn" "-e" "RUSTDOCFLAGS=--cap-lints=warn" "-w" "/opt/rustwide/workdir" "--user" "0:0" "791369f164f578bce20a299c6edc25b63f7e8101e2881e146a401b35edf3ca6e" "/opt/rustwide/cargo-home/bin/cargo" "+1.99.0-beta.8" "build" "--frozen" "--message-format=json" "--release", kill_on_drop: false }`
[INFO] [stderr]    Compiling anyhow v1.0.104
[INFO] [stderr]    Compiling either v1.17.0
[INFO] [stderr]    Compiling regex-syntax v0.8.11
[INFO] [stderr]    Compiling beef v0.5.2
[INFO] [stderr]    Compiling lazy_static v1.5.0
[INFO] [stderr]    Compiling fnv v1.0.7
[INFO] [stderr]    Compiling bytes v1.12.1
[INFO] [stderr]    Compiling libc v0.2.189
[INFO] [stderr]    Compiling unicode-width v0.1.14
[INFO] [stderr]    Compiling thiserror v1.0.69
[INFO] [stderr]    Compiling getrandom v0.4.3
[INFO] [stderr]    Compiling once_cell v1.21.4
[INFO] [stderr]    Compiling rustix v1.1.4
[INFO] [stderr]    Compiling hashbrown v0.17.1
[INFO] [stderr]    Compiling syn v2.0.119
[INFO] [stderr]    Compiling linux-raw-sys v0.12.1
[INFO] [stderr]    Compiling bitflags v2.13.1
[INFO] [stderr]    Compiling serde_core v1.0.229
[INFO] [stderr]    Compiling prettyplease v0.2.37
[INFO] [stderr]    Compiling fastrand v2.5.0
[INFO] [stderr]    Compiling thiserror v2.0.19
[INFO] [stderr]    Compiling fixedbitset v0.5.7
[INFO] [stderr]    Compiling thiserror-impl v2.0.19
[INFO] [stderr]    Compiling heck v0.5.0
[INFO] [stderr]    Compiling serde_json v1.0.151
[INFO] [stderr]    Compiling itertools v0.14.0
[INFO] [stderr]    Compiling serde v1.0.229
[INFO] [stderr]    Compiling multimap v0.10.1
[INFO] [stderr]    Compiling log v0.4.33
[INFO] [stderr]    Compiling indexmap v2.14.0
[INFO] [stderr]    Compiling onnx-runtime-ir v0.1.0-dev.6
[INFO] [stderr]    Compiling petgraph v0.7.1
[INFO] [stderr]    Compiling regex-automata v0.4.16
[INFO] [stderr]    Compiling tempfile v3.27.0
[INFO] [stderr]    Compiling logos-codegen v0.14.4
[INFO] [stderr]    Compiling onnx-runtime-shape-inference v0.1.0-dev.6
[INFO] [stderr]    Compiling prost-derive v0.13.5
[INFO] [stderr]    Compiling miette-derive v7.6.0
[INFO] [stderr]    Compiling thiserror-impl v1.0.69
[INFO] [stderr]    Compiling regex v1.13.1
[INFO] [stderr]    Compiling logos-derive v0.14.4
[INFO] [stderr]    Compiling logos v0.14.4
[INFO] [stderr]    Compiling miette v7.6.0
[INFO] [stderr]    Compiling prost v0.13.5
[INFO] [stderr]    Compiling prost-types v0.13.5
[INFO] [stderr]    Compiling onnx-runtime-tracer v0.1.0-dev.6
[INFO] [stderr]    Compiling prost-reflect v0.14.7
[INFO] [stderr]    Compiling protox-parse v0.7.0
[INFO] [stderr]    Compiling prost-build v0.13.5
[INFO] [stderr]    Compiling protox v0.7.2
[INFO] [stderr]    Compiling onnx-runtime-loader v0.1.0-dev.6 (/opt/rustwide/workdir)
[INFO] [stdout] warning: use of deprecated method `std::sync::atomic::Atomic::<usize>::fetch_update`: renamed to `try_update` for consistency
[INFO] [stdout]    --> src/weights.rs:717:14
[INFO] [stdout]     |
[INFO] [stdout] 717 |             .fetch_update(Ordering::Relaxed, Ordering::Relaxed, |id| id.checked_add(1))
[INFO] [stdout]     |              ^^^^^^^^^^^^
[INFO] [stdout]     |
[INFO] [stdout]     = note: `#[warn(deprecated)]` on by default
[INFO] [stdout] help: replace the use of the deprecated method
[INFO] [stdout]     |
[INFO] [stdout] 717 -             .fetch_update(Ordering::Relaxed, Ordering::Relaxed, |id| id.checked_add(1))
[INFO] [stdout] 717 +             .try_update(Ordering::Relaxed, Ordering::Relaxed, |id| id.checked_add(1))
[INFO] [stdout]     |
[INFO] [stdout] 
[INFO] [stdout] 
[INFO] [stderr]     Finished `release` profile [optimized] target(s) in 51.90s
[INFO] running `Command { std: "docker" "inspect" "791369f164f578bce20a299c6edc25b63f7e8101e2881e146a401b35edf3ca6e", kill_on_drop: false }`
[INFO] running `Command { std: "docker" "exec" "-e" "SOURCE_DIR=/opt/rustwide/workdir" "-e" "CARGO_HOME=/opt/rustwide/cargo-home" "-e" "RUSTUP_HOME=/opt/rustwide/rustup-home" "-e" "CARGO_TARGET_DIR=/opt/rustwide/target" "-e" "CARGO_INCREMENTAL=0" "-e" "RUST_BACKTRACE=full" "-e" "RUSTFLAGS=--cap-lints=warn" "-e" "RUSTDOCFLAGS=--cap-lints=warn" "-w" "/opt/rustwide/workdir" "--user" "0:0" "791369f164f578bce20a299c6edc25b63f7e8101e2881e146a401b35edf3ca6e" "/opt/rustwide/cargo-home/bin/cargo" "+1.99.0-beta.8" "test" "--frozen" "--no-run" "--message-format=json" "--release", kill_on_drop: false }`
[INFO] [stderr]    Compiling version_check v0.9.5
[INFO] [stderr]    Compiling typenum v1.20.1
[INFO] [stderr]    Compiling zerocopy v0.8.55
[INFO] [stderr]    Compiling zerocopy-derive v0.8.55
[INFO] [stderr]    Compiling cpufeatures v0.2.17
[INFO] [stdout] warning: use of deprecated method `std::sync::atomic::Atomic::<usize>::fetch_update`: renamed to `try_update` for consistency
[INFO] [stdout]    --> src/weights.rs:717:14
[INFO] [stdout]     |
[INFO] [stdout] 717 |             .fetch_update(Ordering::Relaxed, Ordering::Relaxed, |id| id.checked_add(1))
[INFO] [stdout]     |              ^^^^^^^^^^^^
[INFO] [stdout]     |
[INFO] [stdout]     = note: `#[warn(deprecated)]` on by default
[INFO] [stdout] help: replace the use of the deprecated method
[INFO] [stdout]     |
[INFO] [stdout] 717 -             .fetch_update(Ordering::Relaxed, Ordering::Relaxed, |id| id.checked_add(1))
[INFO] [stdout] 717 +             .try_update(Ordering::Relaxed, Ordering::Relaxed, |id| id.checked_add(1))
[INFO] [stdout]     |
[INFO] [stdout] 
[INFO] [stdout] 
[INFO] [stderr]    Compiling generic-array v0.14.7
[INFO] [stderr]    Compiling block-buffer v0.10.4
[INFO] [stderr]    Compiling crypto-common v0.1.7
[INFO] [stderr]    Compiling digest v0.10.7
[INFO] [stderr]    Compiling sha2 v0.10.9
[INFO] [stderr]    Compiling half v2.7.1
[INFO] [stderr]    Compiling onnx-runtime-einsum-conformance v0.1.0-dev.6
[INFO] [stderr]    Compiling onnx-runtime-loader v0.1.0-dev.6 (/opt/rustwide/workdir)
[INFO] [stdout] warning: use of deprecated method `std::sync::atomic::Atomic::<usize>::fetch_update`: renamed to `try_update` for consistency
[INFO] [stdout]    --> src/weights.rs:717:14
[INFO] [stdout]     |
[INFO] [stdout] 717 |             .fetch_update(Ordering::Relaxed, Ordering::Relaxed, |id| id.checked_add(1))
[INFO] [stdout]     |              ^^^^^^^^^^^^
[INFO] [stdout]     |
[INFO] [stdout]     = note: `#[warn(deprecated)]` on by default
[INFO] [stdout] help: replace the use of the deprecated method
[INFO] [stdout]     |
[INFO] [stdout] 717 -             .fetch_update(Ordering::Relaxed, Ordering::Relaxed, |id| id.checked_add(1))
[INFO] [stdout] 717 +             .try_update(Ordering::Relaxed, Ordering::Relaxed, |id| id.checked_add(1))
[INFO] [stdout]     |
[INFO] [stdout] 
[INFO] [stdout] 
[INFO] [stderr]     Finished `release` profile [optimized] target(s) in 21.62s
[INFO] running `Command { std: "docker" "inspect" "791369f164f578bce20a299c6edc25b63f7e8101e2881e146a401b35edf3ca6e", kill_on_drop: false }`
[INFO] running `Command { std: "docker" "exec" "-e" "SOURCE_DIR=/opt/rustwide/workdir" "-e" "CARGO_HOME=/opt/rustwide/cargo-home" "-e" "RUSTUP_HOME=/opt/rustwide/rustup-home" "-e" "CARGO_TARGET_DIR=/opt/rustwide/target" "-e" "CARGO_INCREMENTAL=0" "-e" "RUST_BACKTRACE=full" "-e" "RUSTFLAGS=--cap-lints=warn" "-e" "RUSTDOCFLAGS=--cap-lints=warn" "-w" "/opt/rustwide/workdir" "--user" "0:0" "791369f164f578bce20a299c6edc25b63f7e8101e2881e146a401b35edf3ca6e" "/opt/rustwide/cargo-home/bin/cargo" "+1.99.0-beta.8" "test" "--frozen" "--release", kill_on_drop: false }`
[INFO] [stderr] warning: use of deprecated method `std::sync::atomic::Atomic::<usize>::fetch_update`: renamed to `try_update` for consistency
[INFO] [stderr]    --> src/weights.rs:717:14
[INFO] [stderr]     |
[INFO] [stderr] 717 |             .fetch_update(Ordering::Relaxed, Ordering::Relaxed, |id| id.checked_add(1))
[INFO] [stderr]     |              ^^^^^^^^^^^^
[INFO] [stderr]     |
[INFO] [stderr]     = note: `#[warn(deprecated)]` on by default
[INFO] [stderr] help: replace the use of the deprecated method
[INFO] [stderr]     |
[INFO] [stderr] 717 -             .fetch_update(Ordering::Relaxed, Ordering::Relaxed, |id| id.checked_add(1))
[INFO] [stderr] 717 +             .try_update(Ordering::Relaxed, Ordering::Relaxed, |id| id.checked_add(1))
[INFO] [stderr]     |
[INFO] [stderr] 
[INFO] [stderr] warning: `onnx-runtime-loader` (lib) generated 1 warning (run `cargo fix --lib -p onnx-runtime-loader` to apply 1 suggestion)
[INFO] [stderr] warning: `onnx-runtime-loader` (lib test) generated 1 warning (1 duplicate)
[INFO] [stderr]     Finished `release` profile [optimized] target(s) in 0.10s
[INFO] [stderr]      Running unittests src/lib.rs (/opt/rustwide/target/release/deps/onnx_runtime_loader-26696ed0ddbbad08)
[INFO] [stdout] 
[INFO] [stdout] running 19 tests
[INFO] [stdout] test encoder::node_version_tests::allows_versions_the_format_can_represent ... ok
[INFO] [stdout] test encoder::node_version_tests::refuses_to_write_a_node_whose_version_the_format_cannot_hold ... ok
[INFO] [stdout] test pathsafe::tests::allows_current_and_nested_paths ... ok
[INFO] [stdout] test weights::tests::catalog_range_math_rejects_zero_masked_overflow_and_isize_excess ... ok
[INFO] [stdout] test weights::tests::float8e8m0_typed_data_preserves_each_byte ... ok
[INFO] [stdout] test pathsafe::tests::rejects_absolute_path ... ok
[INFO] [stdout] test weights::tests::two_bit_typed_data_preserves_four_packed_elements_per_byte ... ok
[INFO] [stdout] test pathsafe::tests::rejects_parent_traversal ... ok
[INFO] [stdout] test weights::tests::expert_major_external_tensor_catalogs_contiguous_ranges ... FAILED
[INFO] [stdout] test weights::tests::unreferenced_external_bytes_reports_an_orphaned_blob_prefix ... FAILED
[INFO] [stdout] test weights::tests::unreferenced_external_bytes_is_zero_for_a_fully_referenced_blob ... FAILED
[INFO] [stdout] test weights::tests::qmoe_expert_tensor_layout_rejects_inline_tensor_with_reason ... ok
[INFO] [stdout] test weights::tests::qmoe_expert_tensor_layout_rejects_non_rank3_dims ... ok
[INFO] [stdout] test weights::tests::float8_typed_data_preserves_each_byte ... ok
[INFO] [stdout] test weights::tests::interleaved_external_tensor_is_non_pageable_without_error ... ok
[INFO] [stdout] test weights::tests::qmoe_expert_tensor_layout_classifies_as_pageable_and_partitions_the_bank ... FAILED
[INFO] [stdout] test weights::tests::four_bit_typed_data_preserves_packed_nibbles ... ok
[INFO] [stdout] test weights::tests::qmoe_expert_tensor_layout_populates_expert_major_fields_for_rank3_dims ... ok
[INFO] [stdout] test weights::tests::external_initializer_rejects_geometry_overflow ... FAILED
[INFO] [stdout] 
[INFO] [stdout] failures:
[INFO] [stdout] 
[INFO] [stdout] ---- weights::tests::expert_major_external_tensor_catalogs_contiguous_ranges stdout ----
[INFO] [stdout] 
[INFO] [stdout] thread 'weights::tests::expert_major_external_tensor_catalogs_contiguous_ranges' (1981) panicked at src/weights.rs:1260:65:
[INFO] [stdout] create target: Os { code: 30, kind: ReadOnlyFilesystem, message: "Read-only file system" }
[INFO] [stdout] stack backtrace:
[INFO] [stdout]    0:     0x655544c56141 - <<std[70759c8f55707aa4]::sys::backtrace::BacktraceLock>::print::DisplayBacktrace as core[df12db4294e9bfd3]::fmt::Display>::fmt
[INFO] [stdout]    1:     0x655544c6acfa - core[df12db4294e9bfd3]::fmt::write
[INFO] [stdout]    2:     0x655544c5a5fc - <alloc[2182bb758b4b3781]::vec::Vec<u8> as core[df12db4294e9bfd3]::io::write::Write>::write_fmt
[INFO] [stdout]    3:     0x655544c316e6 - std[70759c8f55707aa4]::panicking::default_hook::{closure#0}
[INFO] [stdout]    4:     0x655544c4e529 - std[70759c8f55707aa4]::panicking::default_hook
[INFO] [stdout]    5:     0x655544be40a0 - test[9d35eded1c95d3be]::test_main_inner::<test[9d35eded1c95d3be]::test_main_static::{closure#0}>::{closure#0}
[INFO] [stdout]    6:     0x655544c4e6e2 - std[70759c8f55707aa4]::panicking::panic_with_hook
[INFO] [stdout]    7:     0x655544c31792 - std[70759c8f55707aa4]::panicking::panic_handler::{closure#0}
[INFO] [stdout]    8:     0x655544c2a3f9 - std[70759c8f55707aa4]::sys::backtrace::__rust_end_short_backtrace::<std[70759c8f55707aa4]::panicking::panic_handler::{closure#0}, !>
[INFO] [stdout]    9:     0x655544c3238d - __rustc[8fa7c3cbc660c2b3]::rust_begin_unwind
[INFO] [stdout]   10:     0x655544c6b42c - core[df12db4294e9bfd3]::panicking::panic_fmt
[INFO] [stdout]   11:     0x655544c6b202 - core[df12db4294e9bfd3]::result::unwrap_failed
[INFO] [stdout]   12:     0x655544bc47bf - onnx_runtime_loader[811805afd51a181f]::weights::tests::expert_major_external_tensor_catalogs_contiguous_ranges
[INFO] [stdout]   13:     0x655544bd3479 - <onnx_runtime_loader[811805afd51a181f]::weights::tests::expert_major_external_tensor_catalogs_contiguous_ranges::{closure#0} as core[df12db4294e9bfd3]::ops::function::FnOnce<()>>::call_once
[INFO] [stdout]   14:     0x655544bd738b - test[9d35eded1c95d3be]::__rust_begin_short_backtrace::<core[df12db4294e9bfd3]::result::Result<(), alloc[2182bb758b4b3781]::string::String>, fn() -> core[df12db4294e9bfd3]::result::Result<(), alloc[2182bb758b4b3781]::string::String>>
[INFO] [stdout]   15:     0x655544be49f5 - test[9d35eded1c95d3be]::run_test::{closure#0}
[INFO] [stdout]   16:     0x655544bde2b4 - std[70759c8f55707aa4]::sys::backtrace::__rust_begin_short_backtrace::<test[9d35eded1c95d3be]::run_test::{closure#1}, ()>
[INFO] [stdout]   17:     0x655544be7b52 - <std[70759c8f55707aa4]::thread::lifecycle::spawn_unchecked<test[9d35eded1c95d3be]::run_test::{closure#1}, ()>::{closure#1} as core[df12db4294e9bfd3]::ops::function::FnOnce<()>>::call_once::{shim:vtable#0}
[INFO] [stdout]   18:     0x655544c55829 - <std[70759c8f55707aa4]::sys::thread::unix::Thread>::new::thread_start
[INFO] [stdout]   19:     0x7a79a3133dfa - <unknown>
[INFO] [stdout]   20:     0x7a79a31c73d4 - clone
[INFO] [stdout]   21:                0x0 - <unknown>
[INFO] [stdout] 
[INFO] [stdout] ---- weights::tests::unreferenced_external_bytes_reports_an_orphaned_blob_prefix stdout ----
[INFO] [stdout] 
[INFO] [stdout] thread 'weights::tests::unreferenced_external_bytes_reports_an_orphaned_blob_prefix' (1993) panicked at src/weights.rs:1098:45:
[INFO] [stdout] create target: Os { code: 30, kind: ReadOnlyFilesystem, message: "Read-only file system" }
[INFO] [stdout] stack backtrace:
[INFO] [stdout]    0:     0x655544c56141 - <<std[70759c8f55707aa4]::sys::backtrace::BacktraceLock>::print::DisplayBacktrace as core[df12db4294e9bfd3]::fmt::Display>::fmt
[INFO] [stdout]    1:     0x655544c6acfa - core[df12db4294e9bfd3]::fmt::write
[INFO] [stdout]    2:     0x655544c5a5fc - <alloc[2182bb758b4b3781]::vec::Vec<u8> as core[df12db4294e9bfd3]::io::write::Write>::write_fmt
[INFO] [stdout]    3:     0x655544c316e6 - std[70759c8f55707aa4]::panicking::default_hook::{closure#0}
[INFO] [stdout]    4:     0x655544c4e529 - std[70759c8f55707aa4]::panicking::default_hook
[INFO] [stdout]    5:     0x655544be40a0 - test[9d35eded1c95d3be]::test_main_inner::<test[9d35eded1c95d3be]::test_main_static::{closure#0}>::{closure#0}
[INFO] [stdout]    6:     0x655544c4e6e2 - std[70759c8f55707aa4]::panicking::panic_with_hook
[INFO] [stdout]    7:     0x655544c31792 - std[70759c8f55707aa4]::panicking::panic_handler::{closure#0}
[INFO] [stdout]    8:     0x655544c2a3f9 - std[70759c8f55707aa4]::sys::backtrace::__rust_end_short_backtrace::<std[70759c8f55707aa4]::panicking::panic_handler::{closure#0}, !>
[INFO] [stdout]    9:     0x655544c3238d - __rustc[8fa7c3cbc660c2b3]::rust_begin_unwind
[INFO] [stdout]   10:     0x655544c6b42c - core[df12db4294e9bfd3]::panicking::panic_fmt
[INFO] [stdout]   11:     0x655544c6b202 - core[df12db4294e9bfd3]::result::unwrap_failed
[INFO] [stdout]   12:     0x655544bc62e6 - onnx_runtime_loader[811805afd51a181f]::weights::tests::unreferenced_external_bytes_reports_an_orphaned_blob_prefix
[INFO] [stdout]   13:     0x655544bd34f9 - <onnx_runtime_loader[811805afd51a181f]::weights::tests::unreferenced_external_bytes_reports_an_orphaned_blob_prefix::{closure#0} as core[df12db4294e9bfd3]::ops::function::FnOnce<()>>::call_once
[INFO] [stdout]   14:     0x655544bd738b - test[9d35eded1c95d3be]::__rust_begin_short_backtrace::<core[df12db4294e9bfd3]::result::Result<(), alloc[2182bb758b4b3781]::string::String>, fn() -> core[df12db4294e9bfd3]::result::Result<(), alloc[2182bb758b4b3781]::string::String>>
[INFO] [stdout]   15:     0x655544be49f5 - test[9d35eded1c95d3be]::run_test::{closure#0}
[INFO] [stdout]   16:     0x655544bde2b4 - std[70759c8f55707aa4]::sys::backtrace::__rust_begin_short_backtrace::<test[9d35eded1c95d3be]::run_test::{closure#1}, ()>
[INFO] [stdout]   17:     0x655544be7b52 - <std[70759c8f55707aa4]::thread::lifecycle::spawn_unchecked<test[9d35eded1c95d3be]::run_test::{closure#1}, ()>::{closure#1} as core[df12db4294e9bfd3]::ops::function::FnOnce<()>>::call_once::{shim:vtable#0}
[INFO] [stdout]   18:     0x655544c55829 - <std[70759c8f55707aa4]::sys::thread::unix::Thread>::new::thread_start
[INFO] [stdout]   19:     0x7a79a3133dfa - <unknown>
[INFO] [stdout]   20:     0x7a79a31c73d4 - clone
[INFO] [stdout]   21:                0x0 - <unknown>
[INFO] [stdout] 
[INFO] [stdout] ---- weights::tests::unreferenced_external_bytes_is_zero_for_a_fully_referenced_blob stdout ----
[INFO] [stdout] 
[INFO] [stdout] thread 'weights::tests::unreferenced_external_bytes_is_zero_for_a_fully_referenced_blob' (1992) panicked at src/weights.rs:1160:45:
[INFO] [stdout] create target: Os { code: 30, kind: ReadOnlyFilesystem, message: "Read-only file system" }
[INFO] [stdout] stack backtrace:
[INFO] [stdout]    0:     0x655544c56141 - <<std[70759c8f55707aa4]::sys::backtrace::BacktraceLock>::print::DisplayBacktrace as core[df12db4294e9bfd3]::fmt::Display>::fmt
[INFO] [stdout]    1:     0x655544c6acfa - core[df12db4294e9bfd3]::fmt::write
[INFO] [stdout]    2:     0x655544c5a5fc - <alloc[2182bb758b4b3781]::vec::Vec<u8> as core[df12db4294e9bfd3]::io::write::Write>::write_fmt
[INFO] [stdout]    3:     0x655544c316e6 - std[70759c8f55707aa4]::panicking::default_hook::{closure#0}
[INFO] [stdout]    4:     0x655544c4e529 - std[70759c8f55707aa4]::panicking::default_hook
[INFO] [stdout]    5:     0x655544be40a0 - test[9d35eded1c95d3be]::test_main_inner::<test[9d35eded1c95d3be]::test_main_static::{closure#0}>::{closure#0}
[INFO] [stdout]    6:     0x655544c4e6e2 - std[70759c8f55707aa4]::panicking::panic_with_hook
[INFO] [stdout]    7:     0x655544c31792 - std[70759c8f55707aa4]::panicking::panic_handler::{closure#0}
[INFO] [stdout]    8:     0x655544c2a3f9 - std[70759c8f55707aa4]::sys::backtrace::__rust_end_short_backtrace::<std[70759c8f55707aa4]::panicking::panic_handler::{closure#0}, !>
[INFO] [stdout]    9:     0x655544c3238d - __rustc[8fa7c3cbc660c2b3]::rust_begin_unwind
[INFO] [stdout]   10:     0x655544c6b42c - core[df12db4294e9bfd3]::panicking::panic_fmt
[INFO] [stdout]   11:     0x655544c6b202 - core[df12db4294e9bfd3]::result::unwrap_failed
[INFO] [stdout]   12:     0x655544bc761e - onnx_runtime_loader[811805afd51a181f]::weights::tests::unreferenced_external_bytes_is_zero_for_a_fully_referenced_blob
[INFO] [stdout]   13:     0x655544bd3519 - <onnx_runtime_loader[811805afd51a181f]::weights::tests::unreferenced_external_bytes_is_zero_for_a_fully_referenced_blob::{closure#0} as core[df12db4294e9bfd3]::ops::function::FnOnce<()>>::call_once
[INFO] [stdout]   14:     0x655544bd738b - test[9d35eded1c95d3be]::__rust_begin_short_backtrace::<core[df12db4294e9bfd3]::result::Result<(), alloc[2182bb758b4b3781]::string::String>, fn() -> core[df12db4294e9bfd3]::result::Result<(), alloc[2182bb758b4b3781]::string::String>>
[INFO] [stdout]   15:     0x655544be49f5 - test[9d35eded1c95d3be]::run_test::{closure#0}
[INFO] [stdout]   16:     0x655544bde2b4 - std[70759c8f55707aa4]::sys::backtrace::__rust_begin_short_backtrace::<test[9d35eded1c95d3be]::run_test::{closure#1}, ()>
[INFO] [stdout]   17:     0x655544be7b52 - <std[70759c8f55707aa4]::thread::lifecycle::spawn_unchecked<test[9d35eded1c95d3be]::run_test::{closure#1}, ()>::{closure#1} as core[df12db4294e9bfd3]::ops::function::FnOnce<()>>::call_once::{shim:vtable#0}
[INFO] [stdout]   18:     0x655544c55829 - <std[70759c8f55707aa4]::sys::thread::unix::Thread>::new::thread_start
[INFO] [stdout]   19:     0x7a79a3133dfa - <unknown>
[INFO] [stdout]   20:     0x7a79a31c73d4 - clone
[INFO] [stdout]   21:                0x0 - <unknown>
[INFO] [stdout] 
[INFO] [stdout] ---- weights::tests::qmoe_expert_tensor_layout_classifies_as_pageable_and_partitions_the_bank stdout ----
[INFO] [stdout] 
[INFO] [stdout] thread 'weights::tests::qmoe_expert_tensor_layout_classifies_as_pageable_and_partitions_the_bank' (1987) panicked at src/weights.rs:1379:39:
[INFO] [stdout] create target: Os { code: 30, kind: ReadOnlyFilesystem, message: "Read-only file system" }
[INFO] [stdout] stack backtrace:
[INFO] [stdout]    0:     0x655544c56141 - <<std[70759c8f55707aa4]::sys::backtrace::BacktraceLock>::print::DisplayBacktrace as core[df12db4294e9bfd3]::fmt::Display>::fmt
[INFO] [stdout]    1:     0x655544c6acfa - core[df12db4294e9bfd3]::fmt::write
[INFO] [stdout]    2:     0x655544c5a5fc - <alloc[2182bb758b4b3781]::vec::Vec<u8> as core[df12db4294e9bfd3]::io::write::Write>::write_fmt
[INFO] [stdout]    3:     0x655544c316e6 - std[70759c8f55707aa4]::panicking::default_hook::{closure#0}
[INFO] [stdout]    4:     0x655544c4e529 - std[70759c8f55707aa4]::panicking::default_hook
[INFO] [stdout]    5:     0x655544be40a0 - test[9d35eded1c95d3be]::test_main_inner::<test[9d35eded1c95d3be]::test_main_static::{closure#0}>::{closure#0}
[INFO] [stdout]    6:     0x655544c4e6e2 - std[70759c8f55707aa4]::panicking::panic_with_hook
[INFO] [stdout]    7:     0x655544c31792 - std[70759c8f55707aa4]::panicking::panic_handler::{closure#0}
[INFO] [stdout]    8:     0x655544c2a3f9 - std[70759c8f55707aa4]::sys::backtrace::__rust_end_short_backtrace::<std[70759c8f55707aa4]::panicking::panic_handler::{closure#0}, !>
[INFO] [stdout]    9:     0x655544c3238d - __rustc[8fa7c3cbc660c2b3]::rust_begin_unwind
[INFO] [stdout]   10:     0x655544c6b42c - core[df12db4294e9bfd3]::panicking::panic_fmt
[INFO] [stdout]   11:     0x655544c6b202 - core[df12db4294e9bfd3]::result::unwrap_failed
[INFO] [stdout]   12:     0x655544bc8949 - onnx_runtime_loader[811805afd51a181f]::weights::tests::qmoe_expert_tensor_layout_classifies_as_pageable_and_partitions_the_bank
[INFO] [stdout]   13:     0x655544bd3559 - <onnx_runtime_loader[811805afd51a181f]::weights::tests::qmoe_expert_tensor_layout_classifies_as_pageable_and_partitions_the_bank::{closure#0} as core[df12db4294e9bfd3]::ops::function::FnOnce<()>>::call_once
[INFO] [stdout]   14:     0x655544bd738b - test[9d35eded1c95d3be]::__rust_begin_short_backtrace::<core[df12db4294e9bfd3]::result::Result<(), alloc[2182bb758b4b3781]::string::String>, fn() -> core[df12db4294e9bfd3]::result::Result<(), alloc[2182bb758b4b3781]::string::String>>
[INFO] [stdout]   15:     0x655544be49f5 - test[9d35eded1c95d3be]::run_test::{closure#0}
[INFO] [stdout]   16:     0x655544bde2b4 - std[70759c8f55707aa4]::sys::backtrace::__rust_begin_short_backtrace::<test[9d35eded1c95d3be]::run_test::{closure#1}, ()>
[INFO] [stdout]   17:     0x655544be7b52 - <std[70759c8f55707aa4]::thread::lifecycle::spawn_unchecked<test[9d35eded1c95d3be]::run_test::{closure#1}, ()>::{closure#1} as core[df12db4294e9bfd3]::ops::function::FnOnce<()>>::call_once::{shim:vtable#0}
[INFO] [stdout]   18:     0x655544c55829 - <std[70759c8f55707aa4]::sys::thread::unix::Thread>::new::thread_start
[INFO] [stdout]   19:     0x7a79a3133dfa - <unknown>
[INFO] [stdout]   20:     0x7a79a31c73d4 - clone
[INFO] [stdout]   21:                0x0 - <unknown>
[INFO] [stdout] 
[INFO] [stdout] ---- weights::tests::external_initializer_rejects_geometry_overflow stdout ----
[INFO] [stdout] 
[INFO] [stdout] thread 'weights::tests::external_initializer_rejects_geometry_overflow' (1982) panicked at src/weights.rs:1050:45:
[INFO] [stdout] create target: Os { code: 30, kind: ReadOnlyFilesystem, message: "Read-only file system" }
[INFO] [stdout] stack backtrace:
[INFO] [stdout]    0:     0x655544c56141 - <<std[70759c8f55707aa4]::sys::backtrace::BacktraceLock>::print::DisplayBacktrace as core[df12db4294e9bfd3]::fmt::Display>::fmt
[INFO] [stdout]    1:     0x655544c6acfa - core[df12db4294e9bfd3]::fmt::write
[INFO] [stdout]    2:     0x655544c5a5fc - <alloc[2182bb758b4b3781]::vec::Vec<u8> as core[df12db4294e9bfd3]::io::write::Write>::write_fmt
[INFO] [stdout]    3:     0x655544c316e6 - std[70759c8f55707aa4]::panicking::default_hook::{closure#0}
[INFO] [stdout]    4:     0x655544c4e529 - std[70759c8f55707aa4]::panicking::default_hook
[INFO] [stdout]    5:     0x655544be40a0 - test[9d35eded1c95d3be]::test_main_inner::<test[9d35eded1c95d3be]::test_main_static::{closure#0}>::{closure#0}
[INFO] [stdout]    6:     0x655544c4e6e2 - std[70759c8f55707aa4]::panicking::panic_with_hook
[INFO] [stdout]    7:     0x655544c31792 - std[70759c8f55707aa4]::panicking::panic_handler::{closure#0}
[INFO] [stdout]    8:     0x655544c2a3f9 - std[70759c8f55707aa4]::sys::backtrace::__rust_end_short_backtrace::<std[70759c8f55707aa4]::panicking::panic_handler::{closure#0}, !>
[INFO] [stdout]    9:     0x655544c3238d - __rustc[8fa7c3cbc660c2b3]::rust_begin_unwind
[INFO] [stdout]   10:     0x655544c6b42c - core[df12db4294e9bfd3]::panicking::panic_fmt
[INFO] [stdout]   11:     0x655544c6b202 - core[df12db4294e9bfd3]::result::unwrap_failed
[INFO] [stdout]   12:     0x655544bc3d8f - onnx_runtime_loader[811805afd51a181f]::weights::tests::external_initializer_rejects_geometry_overflow
[INFO] [stdout]   13:     0x655544bd3449 - <onnx_runtime_loader[811805afd51a181f]::weights::tests::external_initializer_rejects_geometry_overflow::{closure#0} as core[df12db4294e9bfd3]::ops::function::FnOnce<()>>::call_once
[INFO] [stdout]   14:     0x655544bd738b - test[9d35eded1c95d3be]::__rust_begin_short_backtrace::<core[df12db4294e9bfd3]::result::Result<(), alloc[2182bb758b4b3781]::string::String>, fn() -> core[df12db4294e9bfd3]::result::Result<(), alloc[2182bb758b4b3781]::string::String>>
[INFO] [stdout]   15:     0x655544be49f5 - test[9d35eded1c95d3be]::run_test::{closure#0}
[INFO] [stdout]   16:     0x655544bde2b4 - std[70759c8f55707aa4]::sys::backtrace::__rust_begin_short_backtrace::<test[9d35eded1c95d3be]::run_test::{closure#1}, ()>
[INFO] [stdout]   17:     0x655544be7b52 - <std[70759c8f55707aa4]::thread::lifecycle::spawn_unchecked<test[9d35eded1c95d3be]::run_test::{closure#1}, ()>::{closure#1} as core[df12db4294e9bfd3]::ops::function::FnOnce<()>>::call_once::{shim:vtable#0}
[INFO] [stdout]   18:     0x655544c55829 - <std[70759c8f55707aa4]::sys::thread::unix::Thread>::new::thread_start
[INFO] [stdout]   19:     0x7a79a3133dfa - <unknown>
[INFO] [stdout]   20:     0x7a79a31c73d4 - clone
[INFO] [stdout]   21:                0x0 - <unknown>
[INFO] [stdout] 
[INFO] [stdout] 
[INFO] [stdout] failures:
[INFO] [stdout]     weights::tests::expert_major_external_tensor_catalogs_contiguous_ranges
[INFO] [stdout]     weights::tests::external_initializer_rejects_geometry_overflow
[INFO] [stdout]     weights::tests::qmoe_expert_tensor_layout_classifies_as_pageable_and_partitions_the_bank
[INFO] [stdout]     weights::tests::unreferenced_external_bytes_is_zero_for_a_fully_referenced_blob
[INFO] [stdout]     weights::tests::unreferenced_external_bytes_reports_an_orphaned_blob_prefix
[INFO] [stdout] 
[INFO] [stdout] test result: FAILED. 14 passed; 5 failed; 0 ignored; 0 measured; 0 filtered out; finished in 0.08s
[INFO] [stdout] 
[INFO] [stderr] error: test failed, to rerun pass `--lib`
[INFO] running `Command { std: "docker" "inspect" "791369f164f578bce20a299c6edc25b63f7e8101e2881e146a401b35edf3ca6e", kill_on_drop: false }`
[INFO] running `Command { std: "docker" "rm" "-f" "791369f164f578bce20a299c6edc25b63f7e8101e2881e146a401b35edf3ca6e", kill_on_drop: false }`
[INFO] [stdout] 791369f164f578bce20a299c6edc25b63f7e8101e2881e146a401b35edf3ca6e
