[INFO] fetching crate onnx-runtime-cpuinfo 0.1.0-dev.6...
[INFO] testing onnx-runtime-cpuinfo-0.1.0-dev.6 against 1.100.0-beta.1+cargoflags=--release for beta-release-1.100-2
[INFO] extracting crate onnx-runtime-cpuinfo 0.1.0-dev.6 into /workspace/builds/worker-4-tc2/source
[INFO] started tweaking crates.io crate onnx-runtime-cpuinfo 0.1.0-dev.6
[INFO] removed 0 missing tests
[INFO] finished tweaking crates.io crate onnx-runtime-cpuinfo 0.1.0-dev.6
[INFO] tweaked toml for crates.io crate onnx-runtime-cpuinfo 0.1.0-dev.6 written to /workspace/builds/worker-4-tc2/source/Cargo.toml
[INFO] validating manifest of crates.io crate onnx-runtime-cpuinfo 0.1.0-dev.6 on toolchain 1.100.0-beta.1
[INFO] running `Command { std: CARGO_HOME="/workspace/cargo-home" RUSTUP_HOME="/workspace/rustup-home" "/workspace/cargo-home/bin/cargo" "+1.100.0-beta.1" "metadata" "--manifest-path" "Cargo.toml" "--no-deps", kill_on_drop: false }`
[INFO] crate crates.io crate onnx-runtime-cpuinfo 0.1.0-dev.6 already has a lockfile, it will not be regenerated
[INFO] running `Command { std: CARGO_HOME="/workspace/cargo-home" RUSTUP_HOME="/workspace/rustup-home" "/workspace/cargo-home/bin/cargo" "+1.100.0-beta.1" "fetch" "--manifest-path" "Cargo.toml", kill_on_drop: false }`
[INFO] running `Command { std: "docker" "create" "-v" "/var/lib/crater-agent-workspace/builds/worker-4-tc2/source:/opt/rustwide/workdir:ro,Z" "-v" "/var/lib/crater-agent-workspace/builds/worker-4-tc2/target:/opt/rustwide/target:rw,Z" "-v" "/var/lib/crater-agent-workspace/cargo-home:/opt/rustwide/cargo-home:ro,Z" "-v" "/var/lib/crater-agent-workspace/rustup-home:/opt/rustwide/rustup-home:ro,Z" "-m" "1610612736" "--network" "none" "ghcr.io/rust-lang/crates-build-env/linux@sha256:77db811e55d90add9212f6832c23229e3de5f1c1f9905e8cb07319ea15df73ac" "sleep" "infinity", kill_on_drop: false }`
[INFO] [stdout] 74f778c311da514e3bdd198075e79e43d3b19cda34c3ef03af2f31613f922abb
[INFO] running `Command { std: "docker" "start" "74f778c311da514e3bdd198075e79e43d3b19cda34c3ef03af2f31613f922abb", kill_on_drop: false }`
[INFO] running `Command { std: "docker" "inspect" "74f778c311da514e3bdd198075e79e43d3b19cda34c3ef03af2f31613f922abb", kill_on_drop: false }`
[INFO] running `Command { std: "docker" "exec" "-e" "SOURCE_DIR=/opt/rustwide/workdir" "-e" "CARGO_HOME=/opt/rustwide/cargo-home" "-e" "RUSTUP_HOME=/opt/rustwide/rustup-home" "-e" "CARGO_TARGET_DIR=/opt/rustwide/target" "-w" "/opt/rustwide/workdir" "--user" "0:0" "74f778c311da514e3bdd198075e79e43d3b19cda34c3ef03af2f31613f922abb" "/opt/rustwide/cargo-home/bin/cargo" "+1.100.0-beta.1" "metadata" "--no-deps" "--format-version=1", kill_on_drop: false }`
[INFO] running `Command { std: "docker" "inspect" "74f778c311da514e3bdd198075e79e43d3b19cda34c3ef03af2f31613f922abb", kill_on_drop: false }`
[INFO] running `Command { std: "docker" "exec" "-e" "SOURCE_DIR=/opt/rustwide/workdir" "-e" "CARGO_HOME=/opt/rustwide/cargo-home" "-e" "RUSTUP_HOME=/opt/rustwide/rustup-home" "-e" "CARGO_TARGET_DIR=/opt/rustwide/target" "-e" "CARGO_INCREMENTAL=0" "-e" "RUST_BACKTRACE=full" "-e" "RUSTFLAGS=--cap-lints=warn" "-e" "RUSTDOCFLAGS=--cap-lints=warn" "-w" "/opt/rustwide/workdir" "--user" "0:0" "74f778c311da514e3bdd198075e79e43d3b19cda34c3ef03af2f31613f922abb" "/opt/rustwide/cargo-home/bin/cargo" "+1.100.0-beta.1" "build" "--frozen" "--message-format=json" "--release", kill_on_drop: false }`
[INFO] [stderr]    Compiling glob v0.3.4
[INFO] [stderr]    Compiling prettyplease v0.2.37
[INFO] [stderr]    Compiling libc v0.2.189
[INFO] [stderr]    Compiling either v1.17.0
[INFO] [stderr]    Compiling bindgen v0.72.1
[INFO] [stderr]    Compiling rustc-hash v2.1.3
[INFO] [stderr]    Compiling nom v7.1.3
[INFO] [stderr]    Compiling cc v1.4.0
[INFO] [stderr]    Compiling bitflags v2.13.1
[INFO] [stderr]    Compiling log v0.4.33
[INFO] [stderr]    Compiling thiserror v2.0.19
[INFO] [stderr]    Compiling syn v2.0.119
[INFO] [stderr]    Compiling syn v3.0.3
[INFO] [stderr]    Compiling itertools v0.13.0
[INFO] [stderr]    Compiling clang-sys v1.8.1
[INFO] [stderr]    Compiling cmake v0.1.58
[INFO] [stderr]    Compiling cexpr v0.6.0
[INFO] [stderr]    Compiling thiserror-impl v2.0.19
[INFO] [stderr]    Compiling onnx-runtime-cpuinfo v0.1.0-dev.6 (/opt/rustwide/workdir)
[INFO] [stderr]     Finished `release` profile [optimized] target(s) in 17.60s
[INFO] running `Command { std: "docker" "inspect" "74f778c311da514e3bdd198075e79e43d3b19cda34c3ef03af2f31613f922abb", kill_on_drop: false }`
[INFO] running `Command { std: "docker" "exec" "-e" "SOURCE_DIR=/opt/rustwide/workdir" "-e" "CARGO_HOME=/opt/rustwide/cargo-home" "-e" "RUSTUP_HOME=/opt/rustwide/rustup-home" "-e" "CARGO_TARGET_DIR=/opt/rustwide/target" "-e" "CARGO_INCREMENTAL=0" "-e" "RUST_BACKTRACE=full" "-e" "RUSTFLAGS=--cap-lints=warn" "-e" "RUSTDOCFLAGS=--cap-lints=warn" "-w" "/opt/rustwide/workdir" "--user" "0:0" "74f778c311da514e3bdd198075e79e43d3b19cda34c3ef03af2f31613f922abb" "/opt/rustwide/cargo-home/bin/cargo" "+1.100.0-beta.1" "test" "--frozen" "--no-run" "--message-format=json" "--release", kill_on_drop: false }`
[INFO] [stderr]    Compiling onnx-runtime-cpuinfo v0.1.0-dev.6 (/opt/rustwide/workdir)
[INFO] [stderr]     Finished `release` profile [optimized] target(s) in 0.73s
[INFO] running `Command { std: "docker" "inspect" "74f778c311da514e3bdd198075e79e43d3b19cda34c3ef03af2f31613f922abb", kill_on_drop: false }`
[INFO] running `Command { std: "docker" "exec" "-e" "SOURCE_DIR=/opt/rustwide/workdir" "-e" "CARGO_HOME=/opt/rustwide/cargo-home" "-e" "RUSTUP_HOME=/opt/rustwide/rustup-home" "-e" "CARGO_TARGET_DIR=/opt/rustwide/target" "-e" "CARGO_INCREMENTAL=0" "-e" "RUST_BACKTRACE=full" "-e" "RUSTFLAGS=--cap-lints=warn" "-e" "RUSTDOCFLAGS=--cap-lints=warn" "-w" "/opt/rustwide/workdir" "--user" "0:0" "74f778c311da514e3bdd198075e79e43d3b19cda34c3ef03af2f31613f922abb" "/opt/rustwide/cargo-home/bin/cargo" "+1.100.0-beta.1" "test" "--frozen" "--release", kill_on_drop: false }`
[INFO] [stderr]     Finished `release` profile [optimized] target(s) in 0.05s
[INFO] [stderr]      Running unittests src/lib.rs (/opt/rustwide/target/release/build/onnx-runtime-cpuinfo/dc509a8b94954456/out/onnx_runtime_cpuinfo-dc509a8b94954456)
[INFO] [stderr]      Running tests/vendor_submodule_guard.rs (/opt/rustwide/target/release/build/onnx-runtime-cpuinfo/33b829f912a23c9a/out/vendor_submodule_guard-33b829f912a23c9a)
[INFO] [stdout] 
[INFO] [stdout] running 0 tests
[INFO] [stdout] 
[INFO] [stdout] test result: ok. 0 passed; 0 failed; 0 ignored; 0 measured; 0 filtered out; finished in 0.00s
[INFO] [stdout] 
[INFO] [stdout] 
[INFO] [stdout] running 6 tests
[INFO] [stdout] test the_fix_command_names_the_path_gitmodules_declares ... FAILED
[INFO] [stdout] test the_vendor_tree_this_crate_builds_from_satisfies_the_guard ... ok
[INFO] [stdout] test an_unpopulated_vendor_directory_is_reported_as_a_submodule_fault ... ok
[INFO] [stdout] test a_half_populated_tree_is_reported_and_names_only_what_is_missing ... ok
[INFO] [stdout] test a_populated_vendor_tree_is_not_a_problem ... ok
[INFO] [stdout] test a_directory_standing_in_for_a_required_file_is_still_a_fault ... ok
[INFO] [stdout] 
[INFO] [stdout] failures:
[INFO] [stdout] 
[INFO] [stdout] ---- the_fix_command_names_the_path_gitmodules_declares stdout ----
[INFO] [stdout] 
[INFO] [stdout] thread 'the_fix_command_names_the_path_gitmodules_declares' (1057) panicked at tests/vendor_submodule_guard.rs:147:29:
[INFO] [stdout] read /opt/.gitmodules: No such file or directory (os error 2)
[INFO] [stdout] stack backtrace:
[INFO] [stdout]    0:     0x62e523f777b1 - <<std[617be2ca0a6fd877]::sys::backtrace::BacktraceLock>::print::DisplayBacktrace as core[a373ad73a504971]::fmt::Display>::fmt
[INFO] [stdout]    1:     0x62e523f8b99a - core[a373ad73a504971]::fmt::write
[INFO] [stdout]    2:     0x62e523f7bc4c - <alloc[2e1b2a31b91974c5]::vec::Vec<u8> as core[a373ad73a504971]::io::write::Write>::write_fmt
[INFO] [stdout]    3:     0x62e523f52486 - std[617be2ca0a6fd877]::panicking::default_hook::{closure#0}
[INFO] [stdout]    4:     0x62e523f6f229 - std[617be2ca0a6fd877]::panicking::default_hook
[INFO] [stdout]    5:     0x62e523f0a620 - test[aada8e7e76ba119b]::test_main_inner::{closure#0}
[INFO] [stdout]    6:     0x62e523f6f3e2 - std[617be2ca0a6fd877]::panicking::panic_with_hook
[INFO] [stdout]    7:     0x62e523f52532 - std[617be2ca0a6fd877]::panicking::panic_handler::{closure#0}
[INFO] [stdout]    8:     0x62e523f4af99 - std[617be2ca0a6fd877]::sys::backtrace::__rust_end_short_backtrace::<std[617be2ca0a6fd877]::panicking::panic_handler::{closure#0}, !>
[INFO] [stdout]    9:     0x62e523f5313d - __rustc[ea4f61d10b84890b]::rust_begin_unwind
[INFO] [stdout]   10:     0x62e523f8c0cc - core[a373ad73a504971]::panicking::panic_fmt
[INFO] [stdout]   11:     0x62e523efbd09 - vendor_submodule_guard[52d7c5bd838b0339]::the_fix_command_names_the_path_gitmodules_declares::{closure#0}
[INFO] [stdout]   12:     0x62e523efd174 - <vendor_submodule_guard[52d7c5bd838b0339]::the_fix_command_names_the_path_gitmodules_declares::{closure#0} as core[a373ad73a504971]::ops::function::FnOnce<()>>::call_once
[INFO] [stdout]   13:     0x62e523efda6b - test[aada8e7e76ba119b]::__rust_begin_short_backtrace::<core[a373ad73a504971]::result::Result<(), alloc[2e1b2a31b91974c5]::string::String>, fn() -> core[a373ad73a504971]::result::Result<(), alloc[2e1b2a31b91974c5]::string::String>>
[INFO] [stdout]   14:     0x62e523f0ac45 - test[aada8e7e76ba119b]::run_test::{closure#0}
[INFO] [stdout]   15:     0x62e523f04534 - std[617be2ca0a6fd877]::sys::backtrace::__rust_begin_short_backtrace::<test[aada8e7e76ba119b]::run_test::{closure#1}, ()>
[INFO] [stdout]   16:     0x62e523f0dcd2 - <std[617be2ca0a6fd877]::thread::lifecycle::spawn_unchecked<test[aada8e7e76ba119b]::run_test::{closure#1}, ()>::{closure#1} as core[a373ad73a504971]::ops::function::FnOnce<()>>::call_once::{shim:vtable#0}
[INFO] [stdout]   17:     0x62e523f76acf - <std[617be2ca0a6fd877]::sys::thread::unix::Thread>::new::thread_start
[INFO] [stdout]   18:     0x76118f6acdfa - <unknown>
[INFO] [stdout]   19:     0x76118f7403d4 - clone
[INFO] [stdout]   20:                0x0 - <unknown>
[INFO] [stdout] 
[INFO] [stdout] 
[INFO] [stdout] failures:
[INFO] [stdout]     the_fix_command_names_the_path_gitmodules_declares
[INFO] [stdout] 
[INFO] [stdout] test result: FAILED. 5 passed; 1 failed; 0 ignored; 0 measured; 0 filtered out; finished in 0.01s
[INFO] [stdout] 
[INFO] [stderr] error: test failed, to rerun pass `--test vendor_submodule_guard`
[INFO] running `Command { std: "docker" "inspect" "74f778c311da514e3bdd198075e79e43d3b19cda34c3ef03af2f31613f922abb", kill_on_drop: false }`
[INFO] running `Command { std: "docker" "rm" "-f" "74f778c311da514e3bdd198075e79e43d3b19cda34c3ef03af2f31613f922abb", kill_on_drop: false }`
[INFO] [stdout] 74f778c311da514e3bdd198075e79e43d3b19cda34c3ef03af2f31613f922abb
