[INFO] fetching crate onitama 0.1.2...
[INFO] testing onitama-0.1.2 against 1.100.0-beta.1+cargoflags=--release for beta-release-1.100-2
[INFO] extracting crate onitama 0.1.2 into /workspace/builds/worker-3-tc2/source
[INFO] started tweaking crates.io crate onitama 0.1.2
[INFO] finished tweaking crates.io crate onitama 0.1.2
[INFO] tweaked toml for crates.io crate onitama 0.1.2 written to /workspace/builds/worker-3-tc2/source/Cargo.toml
[INFO] validating manifest of crates.io crate onitama 0.1.2 on toolchain 1.100.0-beta.1
[INFO] running `Command { std: CARGO_HOME="/workspace/cargo-home" RUSTUP_HOME="/workspace/rustup-home" "/workspace/cargo-home/bin/cargo" "+1.100.0-beta.1" "metadata" "--manifest-path" "Cargo.toml" "--no-deps", kill_on_drop: false }`
[INFO] running `Command { std: CARGO_HOME="/workspace/cargo-home" RUSTUP_HOME="/workspace/rustup-home" "/workspace/cargo-home/bin/cargo" "+1.100.0-beta.1" "generate-lockfile" "--manifest-path" "Cargo.toml", kill_on_drop: false }`
[INFO] [stderr]     Updating crates.io index
[INFO] [stderr]      Locking 12 packages to highest compatible versions
[INFO] [stderr]       Adding lazy_static v0.2.11 (available: v1.5.1)
[INFO] running `Command { std: CARGO_HOME="/workspace/cargo-home" RUSTUP_HOME="/workspace/rustup-home" "/workspace/cargo-home/bin/cargo" "+1.100.0-beta.1" "fetch" "--manifest-path" "Cargo.toml", kill_on_drop: false }`
[INFO] [stderr] warning: Cargo.toml: `package.edition` is unspecified, defaulting to `2015` while the latest is `2024`
[INFO] [stderr] warning: `onitama` (manifest) generated 1 warning
[INFO] running `Command { std: "docker" "create" "-v" "/var/lib/crater-agent-workspace/builds/worker-3-tc2/source:/opt/rustwide/workdir:ro,Z" "-v" "/var/lib/crater-agent-workspace/builds/worker-3-tc2/target:/opt/rustwide/target:rw,Z" "-v" "/var/lib/crater-agent-workspace/cargo-home:/opt/rustwide/cargo-home:ro,Z" "-v" "/var/lib/crater-agent-workspace/rustup-home:/opt/rustwide/rustup-home:ro,Z" "-m" "1610612736" "--network" "none" "ghcr.io/rust-lang/crates-build-env/linux@sha256:77db811e55d90add9212f6832c23229e3de5f1c1f9905e8cb07319ea15df73ac" "sleep" "infinity", kill_on_drop: false }`
[INFO] [stdout] 6d09b5beeba6415b20cce1eefb158389145017919d849b7760ce2d82e2c8dfb0
[INFO] running `Command { std: "docker" "start" "6d09b5beeba6415b20cce1eefb158389145017919d849b7760ce2d82e2c8dfb0", kill_on_drop: false }`
[INFO] running `Command { std: "docker" "inspect" "6d09b5beeba6415b20cce1eefb158389145017919d849b7760ce2d82e2c8dfb0", kill_on_drop: false }`
[INFO] running `Command { std: "docker" "exec" "-e" "SOURCE_DIR=/opt/rustwide/workdir" "-e" "CARGO_HOME=/opt/rustwide/cargo-home" "-e" "RUSTUP_HOME=/opt/rustwide/rustup-home" "-e" "CARGO_TARGET_DIR=/opt/rustwide/target" "-w" "/opt/rustwide/workdir" "--user" "0:0" "6d09b5beeba6415b20cce1eefb158389145017919d849b7760ce2d82e2c8dfb0" "/opt/rustwide/cargo-home/bin/cargo" "+1.100.0-beta.1" "metadata" "--no-deps" "--format-version=1", kill_on_drop: false }`
[INFO] running `Command { std: "docker" "inspect" "6d09b5beeba6415b20cce1eefb158389145017919d849b7760ce2d82e2c8dfb0", kill_on_drop: false }`
[INFO] running `Command { std: "docker" "exec" "-e" "SOURCE_DIR=/opt/rustwide/workdir" "-e" "CARGO_HOME=/opt/rustwide/cargo-home" "-e" "RUSTUP_HOME=/opt/rustwide/rustup-home" "-e" "CARGO_TARGET_DIR=/opt/rustwide/target" "-e" "CARGO_INCREMENTAL=0" "-e" "RUST_BACKTRACE=full" "-e" "RUSTFLAGS=--cap-lints=warn" "-e" "RUSTDOCFLAGS=--cap-lints=warn" "-w" "/opt/rustwide/workdir" "--user" "0:0" "6d09b5beeba6415b20cce1eefb158389145017919d849b7760ce2d82e2c8dfb0" "/opt/rustwide/cargo-home/bin/cargo" "+1.100.0-beta.1" "build" "--frozen" "--message-format=json" "--release", kill_on_drop: false }`
[INFO] [stderr] warning: Cargo.toml: `package.edition` is unspecified, defaulting to `2015` while the latest is `2024`
[INFO] [stderr] warning: `onitama` (manifest) generated 1 warning
[INFO] [stderr]    Compiling proc-macro2 v1.0.107
[INFO] [stderr]    Compiling quote v1.0.47
[INFO] [stderr]    Compiling lazy_static v0.2.11
[INFO] [stderr]    Compiling syn v3.0.9
[INFO] [stderr]    Compiling serde_derive v1.0.229
[INFO] [stderr]    Compiling onitama v0.1.2 (/opt/rustwide/workdir)
[INFO] [stdout] warning: use of deprecated constant `std::sync::ONCE_INIT`: the `Once::new()` function is now preferred
[INFO] [stdout]   --> src/cards.rs:25:1
[INFO] [stdout]    |
[INFO] [stdout] 25 | / lazy_static! {
[INFO] [stdout] 26 | |     pub static ref CARDS: [StepAlternatives; 16] = [
[INFO] [stdout] 27 | |         c!(s!(0, -2), s!(0, 1)),                        // tiger
[INFO] [stdout] 28 | |         c!(s!(-2, -1), s!(2, -1), s!(-1, 1), s!(1, 1)), // dragon
[INFO] [stdout] ...  |
[INFO] [stdout] 43 | |     ];
[INFO] [stdout] 44 | | }
[INFO] [stdout]    | |_^
[INFO] [stdout]    |
[INFO] [stdout]    = note: `#[warn(deprecated)]` on by default
[INFO] [stdout]    = note: this warning originates in the macro `__lazy_static_create` which comes from the expansion of the macro `lazy_static` (in Nightly builds, run with -Z macro-backtrace for more info)
[INFO] [stdout] 
[INFO] [stdout] 
[INFO] [stderr] warning: unused dependency `serde_json`
[INFO] [stderr]   --> Cargo.toml:10:15
[INFO] [stderr]    |
[INFO] [stderr] 10 | [dependencies.serde_json]
[INFO] [stderr]    |               ^^^^^^^^^^^
[INFO] [stderr]    |
[INFO] [stderr]    = note: `cargo::unused_dependencies` is set to `warn` by default
[INFO] [stderr] help: consider removing the dependency on `serde_json`
[INFO] [stderr] warning: `onitama` (manifest) generated 1 warning
[INFO] [stderr]     Finished `release` profile [optimized] target(s) in 6.16s
[INFO] running `Command { std: "docker" "inspect" "6d09b5beeba6415b20cce1eefb158389145017919d849b7760ce2d82e2c8dfb0", kill_on_drop: false }`
[INFO] running `Command { std: "docker" "exec" "-e" "SOURCE_DIR=/opt/rustwide/workdir" "-e" "CARGO_HOME=/opt/rustwide/cargo-home" "-e" "RUSTUP_HOME=/opt/rustwide/rustup-home" "-e" "CARGO_TARGET_DIR=/opt/rustwide/target" "-e" "CARGO_INCREMENTAL=0" "-e" "RUST_BACKTRACE=full" "-e" "RUSTFLAGS=--cap-lints=warn" "-e" "RUSTDOCFLAGS=--cap-lints=warn" "-w" "/opt/rustwide/workdir" "--user" "0:0" "6d09b5beeba6415b20cce1eefb158389145017919d849b7760ce2d82e2c8dfb0" "/opt/rustwide/cargo-home/bin/cargo" "+1.100.0-beta.1" "test" "--frozen" "--no-run" "--message-format=json" "--release", kill_on_drop: false }`
[INFO] [stderr] warning: Cargo.toml: `package.edition` is unspecified, defaulting to `2015` while the latest is `2024`
[INFO] [stderr] warning: `onitama` (manifest) generated 1 warning
[INFO] [stdout] warning: use of deprecated constant `std::sync::ONCE_INIT`: the `Once::new()` function is now preferred
[INFO] [stdout]   --> src/cards.rs:25:1
[INFO] [stdout]    |
[INFO] [stdout] 25 | / lazy_static! {
[INFO] [stdout] 26 | |     pub static ref CARDS: [StepAlternatives; 16] = [
[INFO] [stdout] 27 | |         c!(s!(0, -2), s!(0, 1)),                        // tiger
[INFO] [stdout] 28 | |         c!(s!(-2, -1), s!(2, -1), s!(-1, 1), s!(1, 1)), // dragon
[INFO] [stdout] ...  |
[INFO] [stdout] 43 | |     ];
[INFO] [stdout] 44 | | }
[INFO] [stdout]    | |_^
[INFO] [stdout]    |
[INFO] [stdout]    = note: `#[warn(deprecated)]` on by default
[INFO] [stdout]    = note: this warning originates in the macro `__lazy_static_create` which comes from the expansion of the macro `lazy_static` (in Nightly builds, run with -Z macro-backtrace for more info)
[INFO] [stdout] 
[INFO] [stdout] 
[INFO] [stderr]    Compiling onitama v0.1.2 (/opt/rustwide/workdir)
[INFO] [stdout] warning: use of deprecated constant `std::sync::ONCE_INIT`: the `Once::new()` function is now preferred
[INFO] [stdout]   --> src/cards.rs:25:1
[INFO] [stdout]    |
[INFO] [stdout] 25 | / lazy_static! {
[INFO] [stdout] 26 | |     pub static ref CARDS: [StepAlternatives; 16] = [
[INFO] [stdout] 27 | |         c!(s!(0, -2), s!(0, 1)),                        // tiger
[INFO] [stdout] 28 | |         c!(s!(-2, -1), s!(2, -1), s!(-1, 1), s!(1, 1)), // dragon
[INFO] [stdout] ...  |
[INFO] [stdout] 43 | |     ];
[INFO] [stdout] 44 | | }
[INFO] [stdout]    | |_^
[INFO] [stdout]    |
[INFO] [stdout]    = note: `#[warn(deprecated)]` on by default
[INFO] [stdout]    = note: this warning originates in the macro `__lazy_static_create` which comes from the expansion of the macro `lazy_static` (in Nightly builds, run with -Z macro-backtrace for more info)
[INFO] [stdout] 
[INFO] [stdout] 
[INFO] [stderr] warning: unused dependency `serde_json`
[INFO] [stderr]   --> Cargo.toml:10:15
[INFO] [stderr]    |
[INFO] [stderr] 10 | [dependencies.serde_json]
[INFO] [stderr]    |               ^^^^^^^^^^^
[INFO] [stderr]    |
[INFO] [stderr]    = note: `cargo::unused_dependencies` is set to `warn` by default
[INFO] [stderr] help: consider removing the dependency on `serde_json`
[INFO] [stderr] warning: `onitama` (manifest) generated 1 warning
[INFO] [stderr]     Finished `release` profile [optimized] target(s) in 0.52s
[INFO] running `Command { std: "docker" "inspect" "6d09b5beeba6415b20cce1eefb158389145017919d849b7760ce2d82e2c8dfb0", kill_on_drop: false }`
[INFO] running `Command { std: "docker" "exec" "-e" "SOURCE_DIR=/opt/rustwide/workdir" "-e" "CARGO_HOME=/opt/rustwide/cargo-home" "-e" "RUSTUP_HOME=/opt/rustwide/rustup-home" "-e" "CARGO_TARGET_DIR=/opt/rustwide/target" "-e" "CARGO_INCREMENTAL=0" "-e" "RUST_BACKTRACE=full" "-e" "RUSTFLAGS=--cap-lints=warn" "-e" "RUSTDOCFLAGS=--cap-lints=warn" "-w" "/opt/rustwide/workdir" "--user" "0:0" "6d09b5beeba6415b20cce1eefb158389145017919d849b7760ce2d82e2c8dfb0" "/opt/rustwide/cargo-home/bin/cargo" "+1.100.0-beta.1" "test" "--frozen" "--release", kill_on_drop: false }`
[INFO] [stderr] warning: Cargo.toml: `package.edition` is unspecified, defaulting to `2015` while the latest is `2024`
[INFO] [stderr] warning: `onitama` (manifest) generated 1 warning
[INFO] [stderr] warning: use of deprecated constant `std::sync::ONCE_INIT`: the `Once::new()` function is now preferred
[INFO] [stderr]   --> src/cards.rs:25:1
[INFO] [stderr]    |
[INFO] [stderr] 25 | / lazy_static! {
[INFO] [stderr] 26 | |     pub static ref CARDS: [StepAlternatives; 16] = [
[INFO] [stderr] 27 | |         c!(s!(0, -2), s!(0, 1)),                        // tiger
[INFO] [stderr] 28 | |         c!(s!(-2, -1), s!(2, -1), s!(-1, 1), s!(1, 1)), // dragon
[INFO] [stderr] ...  |
[INFO] [stderr] 43 | |     ];
[INFO] [stderr] 44 | | }
[INFO] [stderr]    | |_^
[INFO] [stderr]    |
[INFO] [stderr]    = note: `#[warn(deprecated)]` on by default
[INFO] [stderr]    = note: this warning originates in the macro `__lazy_static_create` which comes from the expansion of the macro `lazy_static` (in Nightly builds, run with -Z macro-backtrace for more info)
[INFO] [stderr] 
[INFO] [stderr] warning: `onitama` (lib) generated 1 warning
[INFO] [stderr] warning: `onitama` (lib test) generated 1 warning (1 duplicate)
[INFO] [stderr] warning: unused dependency `serde_json`
[INFO] [stderr]   --> Cargo.toml:10:15
[INFO] [stderr]    |
[INFO] [stderr] 10 | [dependencies.serde_json]
[INFO] [stderr]    |               ^^^^^^^^^^^
[INFO] [stderr]    |
[INFO] [stderr]    = note: `cargo::unused_dependencies` is set to `warn` by default
[INFO] [stderr] help: consider removing the dependency on `serde_json`
[INFO] [stderr] warning: `onitama` (manifest) generated 1 warning
[INFO] [stderr]     Finished `release` profile [optimized] target(s) in 0.01s
[INFO] [stderr]      Running unittests src/lib.rs (/opt/rustwide/target/release/build/onitama/3286276ae656fc6f/out/onitama-3286276ae656fc6f)
[INFO] [stdout] 
[INFO] [stdout] running 1 test
[INFO] [stdout] test tests::test_short_game ... FAILED
[INFO] [stdout] 
[INFO] [stdout] failures:
[INFO] [stdout] 
[INFO] [stdout] ---- tests::test_short_game stdout ----
[INFO] [stdout] 
[INFO] [stdout] thread 'tests::test_short_game' (316) panicked at src/game.rs:18:9:
[INFO] [stdout] assertion failed: {
[INFO] [stdout]     let mut cs: Vec<usize> =
[INFO] [stdout]         cards.clone().to_vec().iter().map(|c| c.id()).collect();
[INFO] [stdout]     cs.sort();
[INFO] [stdout]     cs.dedup();
[INFO] [stdout]     cs.len() == cards.len()
[INFO] [stdout] }
[INFO] [stdout] stack backtrace:
[INFO] [stdout]    0:     0x602713f84661 - <<std[617be2ca0a6fd877]::sys::backtrace::BacktraceLock>::print::DisplayBacktrace as core[a373ad73a504971]::fmt::Display>::fmt
[INFO] [stdout]    1:     0x602713f9855a - core[a373ad73a504971]::fmt::write
[INFO] [stdout]    2:     0x602713f8887c - <alloc[2e1b2a31b91974c5]::vec::Vec<u8> as core[a373ad73a504971]::io::write::Write>::write_fmt
[INFO] [stdout]    3:     0x602713f60ac6 - std[617be2ca0a6fd877]::panicking::default_hook::{closure#0}
[INFO] [stdout]    4:     0x602713f7ccf9 - std[617be2ca0a6fd877]::panicking::default_hook
[INFO] [stdout]    5:     0x602713f193a0 - test[aada8e7e76ba119b]::test_main_inner::{closure#0}
[INFO] [stdout]    6:     0x602713f7ceb2 - std[617be2ca0a6fd877]::panicking::panic_with_hook
[INFO] [stdout]    7:     0x602713f60ba4 - std[617be2ca0a6fd877]::panicking::panic_handler::{closure#0}
[INFO] [stdout]    8:     0x602713f59889 - std[617be2ca0a6fd877]::sys::backtrace::__rust_end_short_backtrace::<std[617be2ca0a6fd877]::panicking::panic_handler::{closure#0}, !>
[INFO] [stdout]    9:     0x602713f6177d - __rustc[ea4f61d10b84890b]::rust_begin_unwind
[INFO] [stdout]   10:     0x602713f98c8c - core[a373ad73a504971]::panicking::panic_fmt
[INFO] [stdout]   11:     0x602713f98c52 - core[a373ad73a504971]::panicking::panic
[INFO] [stdout]   12:     0x602713f0b5ff - <onitama[acc45d726c3913a7]::tests::test_short_game::{closure#0} as core[a373ad73a504971]::ops::function::FnOnce<()>>::call_once
[INFO] [stdout]   13:     0x602713f0c7eb - test[aada8e7e76ba119b]::__rust_begin_short_backtrace::<core[a373ad73a504971]::result::Result<(), alloc[2e1b2a31b91974c5]::string::String>, fn() -> core[a373ad73a504971]::result::Result<(), alloc[2e1b2a31b91974c5]::string::String>>
[INFO] [stdout]   14:     0x602713f199c5 - test[aada8e7e76ba119b]::run_test::{closure#0}
[INFO] [stdout]   15:     0x602713f132b4 - std[617be2ca0a6fd877]::sys::backtrace::__rust_begin_short_backtrace::<test[aada8e7e76ba119b]::run_test::{closure#1}, ()>
[INFO] [stdout]   16:     0x602713f1ca52 - <std[617be2ca0a6fd877]::thread::lifecycle::spawn_unchecked<test[aada8e7e76ba119b]::run_test::{closure#1}, ()>::{closure#1} as core[a373ad73a504971]::ops::function::FnOnce<()>>::call_once::{shim:vtable#0}
[INFO] [stdout]   17:     0x602713f83ebf - <std[617be2ca0a6fd877]::sys::thread::unix::Thread>::new::thread_start
[INFO] [stdout]   18:     0x7c1613019dfa - <unknown>
[INFO] [stdout]   19:     0x7c16130ad3d4 - clone
[INFO] [stdout]   20:                0x0 - <unknown>
[INFO] [stdout] 
[INFO] [stdout] 
[INFO] [stdout] failures:
[INFO] [stdout]     tests::test_short_game
[INFO] [stdout] 
[INFO] [stdout] test result: FAILED. 0 passed; 1 failed; 0 ignored; 0 measured; 0 filtered out; finished in 0.00s
[INFO] [stdout] 
[INFO] [stderr] error: test failed, to rerun pass `--lib`
[INFO] running `Command { std: "docker" "inspect" "6d09b5beeba6415b20cce1eefb158389145017919d849b7760ce2d82e2c8dfb0", kill_on_drop: false }`
[INFO] running `Command { std: "docker" "rm" "-f" "6d09b5beeba6415b20cce1eefb158389145017919d849b7760ce2d82e2c8dfb0", kill_on_drop: false }`
[INFO] [stdout] 6d09b5beeba6415b20cce1eefb158389145017919d849b7760ce2d82e2c8dfb0
