[INFO] fetching crate onetime-cli 0.4.1...
[INFO] testing onetime-cli-0.4.1 against 1.99.0-beta.8+cargoflags=--release for beta-release-1.100-2
[INFO] extracting crate onetime-cli 0.4.1 into /workspace/builds/worker-1-tc1/source
[INFO] started tweaking crates.io crate onetime-cli 0.4.1
[INFO] finished tweaking crates.io crate onetime-cli 0.4.1
[INFO] tweaked toml for crates.io crate onetime-cli 0.4.1 written to /workspace/builds/worker-1-tc1/source/Cargo.toml
[INFO] validating manifest of crates.io crate onetime-cli 0.4.1 on toolchain 1.99.0-beta.8
[INFO] running `Command { std: CARGO_HOME="/workspace/cargo-home" RUSTUP_HOME="/workspace/rustup-home" "/workspace/cargo-home/bin/cargo" "+1.99.0-beta.8" "metadata" "--manifest-path" "Cargo.toml" "--no-deps", kill_on_drop: false }`
[INFO] crate crates.io crate onetime-cli 0.4.1 already has a lockfile, it will not be regenerated
[INFO] running `Command { std: CARGO_HOME="/workspace/cargo-home" RUSTUP_HOME="/workspace/rustup-home" "/workspace/cargo-home/bin/cargo" "+1.99.0-beta.8" "fetch" "--manifest-path" "Cargo.toml", kill_on_drop: false }`
[INFO] [stderr]     Updating crates.io index
[INFO] [stderr]  Downloading crates ...
[INFO] [stderr]   Downloaded md5-rs v0.1.5
[INFO] [stderr]   Downloaded predicates-tree v1.0.9
[INFO] [stderr]   Downloaded anstyle-wincon v3.0.1
[INFO] [stderr]   Downloaded termtree v0.4.1
[INFO] [stderr]   Downloaded predicates-core v1.0.6
[INFO] [stderr]   Downloaded assert_cmd v2.0.12
[INFO] [stderr]   Downloaded anstream v0.6.4
[INFO] [stderr]   Downloaded predicates v3.0.4
[INFO] [stderr]   Downloaded proc-macro2 v1.0.69
[INFO] [stderr]   Downloaded anstyle-parse v0.2.2
[INFO] [stderr]   Downloaded clap v4.4.7
[INFO] [stderr]   Downloaded serde_derive v1.0.190
[INFO] [stderr]   Downloaded serde v1.0.190
[INFO] [stderr]   Downloaded clap_builder v4.4.7
[INFO] [stderr]   Downloaded syn v2.0.38
[INFO] [stderr]   Downloaded bstr v1.7.0
[INFO] [stderr]   Downloaded libc v0.2.149
[INFO] running `Command { std: "docker" "create" "-v" "/var/lib/crater-agent-workspace/builds/worker-1-tc1/source:/opt/rustwide/workdir:ro,Z" "-v" "/var/lib/crater-agent-workspace/builds/worker-1-tc1/target:/opt/rustwide/target:rw,Z" "-v" "/var/lib/crater-agent-workspace/cargo-home:/opt/rustwide/cargo-home:ro,Z" "-v" "/var/lib/crater-agent-workspace/rustup-home:/opt/rustwide/rustup-home:ro,Z" "-m" "1610612736" "--network" "none" "ghcr.io/rust-lang/crates-build-env/linux@sha256:77db811e55d90add9212f6832c23229e3de5f1c1f9905e8cb07319ea15df73ac" "sleep" "infinity", kill_on_drop: false }`
[INFO] [stdout] 098fad6ec51a1d0f02957baca578a8bb212c83a56f3adec25720b10393f544c0
[INFO] running `Command { std: "docker" "start" "098fad6ec51a1d0f02957baca578a8bb212c83a56f3adec25720b10393f544c0", kill_on_drop: false }`
[INFO] running `Command { std: "docker" "inspect" "098fad6ec51a1d0f02957baca578a8bb212c83a56f3adec25720b10393f544c0", kill_on_drop: false }`
[INFO] running `Command { std: "docker" "exec" "-e" "SOURCE_DIR=/opt/rustwide/workdir" "-e" "CARGO_HOME=/opt/rustwide/cargo-home" "-e" "RUSTUP_HOME=/opt/rustwide/rustup-home" "-e" "CARGO_TARGET_DIR=/opt/rustwide/target" "-w" "/opt/rustwide/workdir" "--user" "0:0" "098fad6ec51a1d0f02957baca578a8bb212c83a56f3adec25720b10393f544c0" "/opt/rustwide/cargo-home/bin/cargo" "+1.99.0-beta.8" "metadata" "--no-deps" "--format-version=1", kill_on_drop: false }`
[INFO] running `Command { std: "docker" "inspect" "098fad6ec51a1d0f02957baca578a8bb212c83a56f3adec25720b10393f544c0", kill_on_drop: false }`
[INFO] running `Command { std: "docker" "exec" "-e" "SOURCE_DIR=/opt/rustwide/workdir" "-e" "CARGO_HOME=/opt/rustwide/cargo-home" "-e" "RUSTUP_HOME=/opt/rustwide/rustup-home" "-e" "CARGO_TARGET_DIR=/opt/rustwide/target" "-e" "CARGO_INCREMENTAL=0" "-e" "RUST_BACKTRACE=full" "-e" "RUSTFLAGS=--cap-lints=warn" "-e" "RUSTDOCFLAGS=--cap-lints=warn" "-w" "/opt/rustwide/workdir" "--user" "0:0" "098fad6ec51a1d0f02957baca578a8bb212c83a56f3adec25720b10393f544c0" "/opt/rustwide/cargo-home/bin/cargo" "+1.99.0-beta.8" "build" "--frozen" "--message-format=json" "--release", kill_on_drop: false }`
[INFO] [stderr]    Compiling libc v0.2.149
[INFO] [stderr]    Compiling cfg-if v1.0.0
[INFO] [stderr]    Compiling utf8parse v0.2.1
[INFO] [stderr]    Compiling colorchoice v1.0.0
[INFO] [stderr]    Compiling anstyle-query v1.0.0
[INFO] [stderr]    Compiling anstyle v1.0.4
[INFO] [stderr]    Compiling strsim v0.10.0
[INFO] [stderr]    Compiling clap_lex v0.6.0
[INFO] [stderr]    Compiling ppv-lite86 v0.2.17
[INFO] [stderr]    Compiling anstyle-parse v0.2.2
[INFO] [stderr]    Compiling anstream v0.6.4
[INFO] [stderr]    Compiling clap_builder v4.4.7
[INFO] [stderr]    Compiling getrandom v0.2.10
[INFO] [stderr]    Compiling rand_core v0.6.4
[INFO] [stderr]    Compiling rand_chacha v0.3.1
[INFO] [stderr]    Compiling rand v0.8.5
[INFO] [stderr]    Compiling clap v4.4.7
[INFO] [stderr]    Compiling onetime-cli v0.4.1 (/opt/rustwide/workdir)
[INFO] [stderr]     Finished `release` profile [optimized] target(s) in 21.05s
[INFO] running `Command { std: "docker" "inspect" "098fad6ec51a1d0f02957baca578a8bb212c83a56f3adec25720b10393f544c0", kill_on_drop: false }`
[INFO] running `Command { std: "docker" "exec" "-e" "SOURCE_DIR=/opt/rustwide/workdir" "-e" "CARGO_HOME=/opt/rustwide/cargo-home" "-e" "RUSTUP_HOME=/opt/rustwide/rustup-home" "-e" "CARGO_TARGET_DIR=/opt/rustwide/target" "-e" "CARGO_INCREMENTAL=0" "-e" "RUST_BACKTRACE=full" "-e" "RUSTFLAGS=--cap-lints=warn" "-e" "RUSTDOCFLAGS=--cap-lints=warn" "-w" "/opt/rustwide/workdir" "--user" "0:0" "098fad6ec51a1d0f02957baca578a8bb212c83a56f3adec25720b10393f544c0" "/opt/rustwide/cargo-home/bin/cargo" "+1.99.0-beta.8" "test" "--frozen" "--no-run" "--message-format=json" "--release", kill_on_drop: false }`
[INFO] [stderr]    Compiling libc v0.2.149
[INFO] [stderr]    Compiling predicates-core v1.0.6
[INFO] [stderr]    Compiling either v1.9.0
[INFO] [stderr]    Compiling doc-comment v0.3.3
[INFO] [stderr]    Compiling regex-automata v0.4.3
[INFO] [stderr]    Compiling memchr v2.6.4
[INFO] [stderr]    Compiling termtree v0.4.1
[INFO] [stderr]    Compiling difflib v0.4.0
[INFO] [stderr]    Compiling predicates-tree v1.0.9
[INFO] [stderr]    Compiling md5-rs v0.1.5
[INFO] [stderr]    Compiling scopeguard v1.2.0
[INFO] [stderr]    Compiling itertools v0.11.0
[INFO] [stderr]    Compiling getrandom v0.2.10
[INFO] [stderr]    Compiling wait-timeout v0.2.0
[INFO] [stderr]    Compiling rand_core v0.6.4
[INFO] [stderr]    Compiling rand_chacha v0.3.1
[INFO] [stderr]    Compiling bstr v1.7.0
[INFO] [stderr]    Compiling rand v0.8.5
[INFO] [stderr]    Compiling onetime-cli v0.4.1 (/opt/rustwide/workdir)
[INFO] [stderr]    Compiling predicates v3.0.4
[INFO] [stderr]    Compiling assert_cmd v2.0.12
[INFO] [stderr]     Finished `release` profile [optimized] target(s) in 47.29s
[INFO] running `Command { std: "docker" "inspect" "098fad6ec51a1d0f02957baca578a8bb212c83a56f3adec25720b10393f544c0", kill_on_drop: false }`
[INFO] running `Command { std: "docker" "exec" "-e" "SOURCE_DIR=/opt/rustwide/workdir" "-e" "CARGO_HOME=/opt/rustwide/cargo-home" "-e" "RUSTUP_HOME=/opt/rustwide/rustup-home" "-e" "CARGO_TARGET_DIR=/opt/rustwide/target" "-e" "CARGO_INCREMENTAL=0" "-e" "RUST_BACKTRACE=full" "-e" "RUSTFLAGS=--cap-lints=warn" "-e" "RUSTDOCFLAGS=--cap-lints=warn" "-w" "/opt/rustwide/workdir" "--user" "0:0" "098fad6ec51a1d0f02957baca578a8bb212c83a56f3adec25720b10393f544c0" "/opt/rustwide/cargo-home/bin/cargo" "+1.99.0-beta.8" "test" "--frozen" "--release", kill_on_drop: false }`
[INFO] [stderr]     Finished `release` profile [optimized] target(s) in 0.10s
[INFO] [stderr]      Running unittests src/lib.rs (/opt/rustwide/target/release/deps/onetime_cli-3f5314c656528639)
[INFO] [stdout] 
[INFO] [stdout] running 4 tests
[INFO] [stdout] test error::test::test_invalid_input_error_display ... ok
[INFO] [stdout] test error::test::test_io_error_debug ... ok
[INFO] [stdout] test error::test::test_invalid_input_error_debug ... ok
[INFO] [stdout] test error::test::test_io_error_display ... ok
[INFO] [stdout] 
[INFO] [stdout] test result: ok. 4 passed; 0 failed; 0 ignored; 0 measured; 0 filtered out; finished in 0.01s
[INFO] [stdout] 
[INFO] [stderr]      Running unittests src/bin/onetime-cli/main.rs (/opt/rustwide/target/release/deps/onetime_cli-1dd04b361ea6cae4)
[INFO] [stdout] 
[INFO] [stdout] running 2 tests
[INFO] [stdout] test error_handler::test::test_print_err_with_io_error ... ok
[INFO] [stdout] test error_handler::test::test_print_err_with_input_error ... ok
[INFO] [stdout] 
[INFO] [stdout] test result: ok. 2 passed; 0 failed; 0 ignored; 0 measured; 0 filtered out; finished in 0.00s
[INFO] [stdout] 
[INFO] [stderr]      Running tests/integration_tests.rs (/opt/rustwide/target/release/deps/integration_tests-c5122bad8696df48)
[INFO] [stdout] 
[INFO] [stdout] running 5 tests
[INFO] [stdout] test test_delete_after_encryption ... FAILED
[INFO] [stdout] test test_delete_after_decryption ... FAILED
[INFO] [stdout] test test_encrypt_decrypt_quiet ... FAILED
[INFO] [stdout] test test_encrypt_decrypt_with_manually_set_input_and_output_files ... FAILED
[INFO] [stdout] test test_encrypt_decrypt ... FAILED
[INFO] [stdout] 
[INFO] [stdout] failures:
[INFO] [stdout] 
[INFO] [stdout] ---- test_delete_after_encryption stdout ----
[INFO] [stdout] 
[INFO] [stdout] thread 'test_delete_after_encryption' (558) panicked at tests/integration_tests.rs:64:17:
[INFO] [stdout] ./tests/files/test_delete_after_encryption: Read-only file system (os error 30)
[INFO] [stdout] stack backtrace:
[INFO] [stdout]    0:     0x5bad7c667b37 - <unknown>
[INFO] [stdout]    1:     0x5bad7c645dba - <unknown>
[INFO] [stdout]    2:     0x5bad7c6670eb - <unknown>
[INFO] [stdout]    3:     0x5bad7c666bcf - <unknown>
[INFO] [stdout]    4:     0x5bad7c6667fa - <unknown>
[INFO] [stdout]    5:     0x5bad7c666332 - <unknown>
[INFO] [stdout]    6:     0x5bad7c68d151 - <unknown>
[INFO] [stdout]    7:     0x5bad7c68d109 - <unknown>
[INFO] [stdout]    8:     0x5bad7c68d61c - <unknown>
[INFO] [stdout]    9:     0x5bad7c645c4b - <unknown>
[INFO] [stdout]   10:     0x5bad7c6350ca - <unknown>
[INFO] [stdout]   11:     0x5bad7c63a75c - <unknown>
[INFO] [stdout]   12:     0x5bad7c6aab3b - <unknown>
[INFO] [stdout]   13:     0x5bad7c6a679c - <unknown>
[INFO] [stdout]   14:     0x5bad7c6a5ecc - <unknown>
[INFO] [stdout]   15:     0x5bad7c6c27dc - <unknown>
[INFO] [stdout]   16:     0x5bad7c68ee32 - <unknown>
[INFO] [stdout]   17:     0x70f67575edfa - <unknown>
[INFO] [stdout]   18:     0x70f6757f23d4 - clone
[INFO] [stdout]   19:                0x0 - <unknown>
[INFO] [stdout] 
[INFO] [stdout] ---- test_delete_after_decryption stdout ----
[INFO] [stdout] 
[INFO] [stdout] thread 'test_delete_after_decryption' (557) panicked at tests/integration_tests.rs:64:17:
[INFO] [stdout] ./tests/files/test_delete_after_decryption: Read-only file system (os error 30)
[INFO] [stdout] stack backtrace:
[INFO] [stdout]    0:     0x5bad7c667b37 - <unknown>
[INFO] [stdout]    1:     0x5bad7c645dba - <unknown>
[INFO] [stdout]    2:     0x5bad7c6670eb - <unknown>
[INFO] [stdout]    3:     0x5bad7c666bcf - <unknown>
[INFO] [stdout]    4:     0x5bad7c6667fa - <unknown>
[INFO] [stdout]    5:     0x5bad7c666332 - <unknown>
[INFO] [stdout]    6:     0x5bad7c68d151 - <unknown>
[INFO] [stdout]    7:     0x5bad7c68d109 - <unknown>
[INFO] [stdout]    8:     0x5bad7c68d61c - <unknown>
[INFO] [stdout]    9:     0x5bad7c645c4b - <unknown>
[INFO] [stdout]   10:     0x5bad7c6350ca - <unknown>
[INFO] [stdout]   11:     0x5bad7c63a19c - <unknown>
[INFO] [stdout]   12:     0x5bad7c6aab3b - <unknown>
[INFO] [stdout]   13:     0x5bad7c6a679c - <unknown>
[INFO] [stdout]   14:     0x5bad7c6a5ecc - <unknown>
[INFO] [stdout]   15:     0x5bad7c6c27dc - <unknown>
[INFO] [stdout]   16:     0x5bad7c68ee32 - <unknown>
[INFO] [stdout]   17:     0x70f67575edfa - <unknown>
[INFO] [stdout]   18:     0x70f6757f23d4 - clone
[INFO] [stdout]   19:                0x0 - <unknown>
[INFO] [stdout] 
[INFO] [stdout] ---- test_encrypt_decrypt_quiet stdout ----
[INFO] [stdout] 
[INFO] [stdout] thread 'test_encrypt_decrypt_quiet' (560) panicked at tests/integration_tests.rs:64:17:
[INFO] [stdout] ./tests/files/test_encrypt_decrypt_quiet: Read-only file system (os error 30)
[INFO] [stdout] stack backtrace:
[INFO] [stdout]    0:     0x5bad7c667b37 - <unknown>
[INFO] [stdout]    1:     0x5bad7c645dba - <unknown>
[INFO] [stdout]    2:     0x5bad7c6670eb - <unknown>
[INFO] [stdout]    3:     0x5bad7c666bcf - <unknown>
[INFO] [stdout]    4:     0x5bad7c6667fa - <unknown>
[INFO] [stdout]    5:     0x5bad7c666332 - <unknown>
[INFO] [stdout]    6:     0x5bad7c68d151 - <unknown>
[INFO] [stdout]    7:     0x5bad7c68d109 - <unknown>
[INFO] [stdout]    8:     0x5bad7c68d61c - <unknown>
[INFO] [stdout]    9:     0x5bad7c645c4b - <unknown>
[INFO] [stdout]   10:     0x5bad7c6350ca - <unknown>
[INFO] [stdout]   11:     0x5bad7c639835 - <unknown>
[INFO] [stdout]   12:     0x5bad7c6aab3b - <unknown>
[INFO] [stdout]   13:     0x5bad7c6a679c - <unknown>
[INFO] [stdout]   14:     0x5bad7c6a5ecc - <unknown>
[INFO] [stdout]   15:     0x5bad7c6c27dc - <unknown>
[INFO] [stdout]   16:     0x5bad7c68ee32 - <unknown>
[INFO] [stdout]   17:     0x70f67575edfa - <unknown>
[INFO] [stdout]   18:     0x70f6757f23d4 - clone
[INFO] [stdout]   19:                0x0 - <unknown>
[INFO] [stdout] 
[INFO] [stdout] ---- test_encrypt_decrypt_with_manually_set_input_and_output_files stdout ----
[INFO] [stdout] 
[INFO] [stdout] thread 'test_encrypt_decrypt_with_manually_set_input_and_output_files' (561) panicked at tests/integration_tests.rs:64:17:
[INFO] [stdout] ./tests/files/test_encrypt_decrypt_with_manually_set_input_and_output_files: Read-only file system (os error 30)
[INFO] [stdout] stack backtrace:
[INFO] [stdout]    0:     0x5bad7c667b37 - <unknown>
[INFO] [stdout]    1:     0x5bad7c645dba - <unknown>
[INFO] [stdout]    2:     0x5bad7c6670eb - <unknown>
[INFO] [stdout]    3:     0x5bad7c666bcf - <unknown>
[INFO] [stdout]    4:     0x5bad7c6667fa - <unknown>
[INFO] [stdout]    5:     0x5bad7c666332 - <unknown>
[INFO] [stdout]    6:     0x5bad7c68d151 - <unknown>
[INFO] [stdout]    7:     0x5bad7c68d109 - <unknown>
[INFO] [stdout]    8:     0x5bad7c68d61c - <unknown>
[INFO] [stdout]    9:     0x5bad7c645c4b - <unknown>
[INFO] [stdout]   10:     0x5bad7c6350ca - <unknown>
[INFO] [stdout]   11:     0x5bad7c63adac - <unknown>
[INFO] [stdout]   12:     0x5bad7c6aab3b - <unknown>
[INFO] [stdout]   13:     0x5bad7c6a679c - <unknown>
[INFO] [stdout]   14:     0x5bad7c6a5ecc - <unknown>
[INFO] [stdout]   15:     0x5bad7c6c27dc - <unknown>
[INFO] [stdout]   16:     0x5bad7c68ee32 - <unknown>
[INFO] [stdout]   17:     0x70f67575edfa - <unknown>
[INFO] [stdout]   18:     0x70f6757f23d4 - clone
[INFO] [stdout]   19:                0x0 - <unknown>
[INFO] [stdout] 
[INFO] [stdout] ---- test_encrypt_decrypt stdout ----
[INFO] [stdout] 
[INFO] [stdout] thread 'test_encrypt_decrypt' (559) panicked at tests/integration_tests.rs:64:17:
[INFO] [stdout] ./tests/files/test_encrypt_decrypt: Read-only file system (os error 30)
[INFO] [stdout] stack backtrace:
[INFO] [stdout]    0:     0x5bad7c667b37 - <unknown>
[INFO] [stdout]    1:     0x5bad7c645dba - <unknown>
[INFO] [stdout]    2:     0x5bad7c6670eb - <unknown>
[INFO] [stdout]    3:     0x5bad7c666bcf - <unknown>
[INFO] [stdout]    4:     0x5bad7c6667fa - <unknown>
[INFO] [stdout]    5:     0x5bad7c666332 - <unknown>
[INFO] [stdout]    6:     0x5bad7c68d151 - <unknown>
[INFO] [stdout]    7:     0x5bad7c68d109 - <unknown>
[INFO] [stdout]    8:     0x5bad7c68d61c - <unknown>
[INFO] [stdout]    9:     0x5bad7c645c4b - <unknown>
[INFO] [stdout]   10:     0x5bad7c6350ca - <unknown>
[INFO] [stdout]   11:     0x5bad7c638f05 - <unknown>
[INFO] [stdout]   12:     0x5bad7c6aab3b - <unknown>
[INFO] [stdout]   13:     0x5bad7c6a679c - <unknown>
[INFO] [stdout]   14:     0x5bad7c6a5ecc - <unknown>
[INFO] [stdout]   15:     0x5bad7c6c27dc - <unknown>
[INFO] [stdout]   16:     0x5bad7c68ee32 - <unknown>
[INFO] [stdout]   17:     0x70f67575edfa - <unknown>
[INFO] [stdout]   18:     0x70f6757f23d4 - clone
[INFO] [stdout]   19:                0x0 - <unknown>
[INFO] [stdout] 
[INFO] [stdout] 
[INFO] [stdout] failures:
[INFO] [stdout]     test_delete_after_decryption
[INFO] [stdout]     test_delete_after_encryption
[INFO] [stdout]     test_encrypt_decrypt
[INFO] [stdout]     test_encrypt_decrypt_quiet
[INFO] [stdout]     test_encrypt_decrypt_with_manually_set_input_and_output_files
[INFO] [stdout] 
[INFO] [stdout] test result: FAILED. 0 passed; 5 failed; 0 ignored; 0 measured; 0 filtered out; finished in 0.00s
[INFO] [stdout] 
[INFO] [stderr] error: test failed, to rerun pass `--test integration_tests`
[INFO] running `Command { std: "docker" "inspect" "098fad6ec51a1d0f02957baca578a8bb212c83a56f3adec25720b10393f544c0", kill_on_drop: false }`
[INFO] running `Command { std: "docker" "rm" "-f" "098fad6ec51a1d0f02957baca578a8bb212c83a56f3adec25720b10393f544c0", kill_on_drop: false }`
[INFO] [stdout] 098fad6ec51a1d0f02957baca578a8bb212c83a56f3adec25720b10393f544c0
