[INFO] fetching crate onetaskgraph-core 0.7.0...
[INFO] testing onetaskgraph-core-0.7.0 against 1.99.0-beta.8+cargoflags=--release for beta-release-1.100-2
[INFO] extracting crate onetaskgraph-core 0.7.0 into /workspace/builds/worker-1-tc1/source
[INFO] started tweaking crates.io crate onetaskgraph-core 0.7.0
[INFO] removed 0 missing tests
[INFO] finished tweaking crates.io crate onetaskgraph-core 0.7.0
[INFO] tweaked toml for crates.io crate onetaskgraph-core 0.7.0 written to /workspace/builds/worker-1-tc1/source/Cargo.toml
[INFO] validating manifest of crates.io crate onetaskgraph-core 0.7.0 on toolchain 1.99.0-beta.8
[INFO] running `Command { std: CARGO_HOME="/workspace/cargo-home" RUSTUP_HOME="/workspace/rustup-home" "/workspace/cargo-home/bin/cargo" "+1.99.0-beta.8" "metadata" "--manifest-path" "Cargo.toml" "--no-deps", kill_on_drop: false }`
[INFO] crate crates.io crate onetaskgraph-core 0.7.0 already has a lockfile, it will not be regenerated
[INFO] running `Command { std: CARGO_HOME="/workspace/cargo-home" RUSTUP_HOME="/workspace/rustup-home" "/workspace/cargo-home/bin/cargo" "+1.99.0-beta.8" "fetch" "--manifest-path" "Cargo.toml", kill_on_drop: false }`
[INFO] [stderr]     Updating crates.io index
[INFO] [stderr]  Downloading crates ...
[INFO] [stderr]   Downloaded annotate-snippets v0.12.16
[INFO] [stderr]   Downloaded encoding_rs_io v0.1.8
[INFO] [stderr]   Downloaded secrecy v0.10.3
[INFO] [stderr]   Downloaded github-graphql-node-count v0.0.1
[INFO] [stderr]   Downloaded graphql-parser v0.4.1
[INFO] [stderr]   Downloaded memo-map v0.3.4
[INFO] [stderr]   Downloaded onetaskgraph-in-memory v0.7.0
[INFO] [stderr]   Downloaded jsonschema-regex v0.50.1
[INFO] [stderr]   Downloaded cc v1.4.4
[INFO] [stderr]   Downloaded onetaskgraph-plugin-api v0.7.0
[INFO] [stderr]   Downloaded jsonschema-value v0.50.1
[INFO] [stderr]   Downloaded referencing v0.50.1
[INFO] [stderr]   Downloaded micromap v0.3.0
[INFO] [stderr]   Downloaded granit-parser v1.3.0
[INFO] [stderr]   Downloaded fraction v0.16.0
[INFO] [stderr]   Downloaded onetaskgraph-linear v0.7.0
[INFO] [stderr]   Downloaded minijinja v2.24.0
[INFO] [stderr]   Downloaded fancy-regex v0.19.0
[INFO] [stderr]   Downloaded onetaskgraph-local-md v0.7.0
[INFO] [stderr]   Downloaded encoding_rs v0.8.42
[INFO] [stderr]   Downloaded serde-saphyr v1.3.0
[INFO] [stderr]   Downloaded onetaskgraph-github-projects v0.7.0
[INFO] [stderr]   Downloaded jsonschema v0.50.1
[INFO] [stderr]   Downloaded openssl-src v300.6.1+3.6.3
[INFO] running `Command { std: "docker" "create" "-v" "/var/lib/crater-agent-workspace/builds/worker-1-tc1/source:/opt/rustwide/workdir:ro,Z" "-v" "/var/lib/crater-agent-workspace/builds/worker-1-tc1/target:/opt/rustwide/target:rw,Z" "-v" "/var/lib/crater-agent-workspace/cargo-home:/opt/rustwide/cargo-home:ro,Z" "-v" "/var/lib/crater-agent-workspace/rustup-home:/opt/rustwide/rustup-home:ro,Z" "-m" "1610612736" "--network" "none" "ghcr.io/rust-lang/crates-build-env/linux@sha256:77db811e55d90add9212f6832c23229e3de5f1c1f9905e8cb07319ea15df73ac" "sleep" "infinity", kill_on_drop: false }`
[INFO] [stdout] d5a82795d75b3498aa448b83af057f3537436b7d8bf2b8b018c0c75fecedc878
[INFO] running `Command { std: "docker" "start" "d5a82795d75b3498aa448b83af057f3537436b7d8bf2b8b018c0c75fecedc878", kill_on_drop: false }`
[INFO] running `Command { std: "docker" "inspect" "d5a82795d75b3498aa448b83af057f3537436b7d8bf2b8b018c0c75fecedc878", kill_on_drop: false }`
[INFO] running `Command { std: "docker" "exec" "-e" "SOURCE_DIR=/opt/rustwide/workdir" "-e" "CARGO_HOME=/opt/rustwide/cargo-home" "-e" "RUSTUP_HOME=/opt/rustwide/rustup-home" "-e" "CARGO_TARGET_DIR=/opt/rustwide/target" "-w" "/opt/rustwide/workdir" "--user" "0:0" "d5a82795d75b3498aa448b83af057f3537436b7d8bf2b8b018c0c75fecedc878" "/opt/rustwide/cargo-home/bin/cargo" "+1.99.0-beta.8" "metadata" "--no-deps" "--format-version=1", kill_on_drop: false }`
[INFO] running `Command { std: "docker" "inspect" "d5a82795d75b3498aa448b83af057f3537436b7d8bf2b8b018c0c75fecedc878", kill_on_drop: false }`
[INFO] running `Command { std: "docker" "exec" "-e" "SOURCE_DIR=/opt/rustwide/workdir" "-e" "CARGO_HOME=/opt/rustwide/cargo-home" "-e" "RUSTUP_HOME=/opt/rustwide/rustup-home" "-e" "CARGO_TARGET_DIR=/opt/rustwide/target" "-e" "CARGO_INCREMENTAL=0" "-e" "RUST_BACKTRACE=full" "-e" "RUSTFLAGS=--cap-lints=warn" "-e" "RUSTDOCFLAGS=--cap-lints=warn" "-w" "/opt/rustwide/workdir" "--user" "0:0" "d5a82795d75b3498aa448b83af057f3537436b7d8bf2b8b018c0c75fecedc878" "/opt/rustwide/cargo-home/bin/cargo" "+1.99.0-beta.8" "build" "--frozen" "--message-format=json" "--release", kill_on_drop: false }`
[INFO] [stderr]    Compiling serde_core v1.0.229
[INFO] [stderr]    Compiling num-traits v0.2.19
[INFO] [stderr]    Compiling stable_deref_trait v1.2.1
[INFO] [stderr]    Compiling serde_json v1.0.151
[INFO] [stderr]    Compiling smallvec v1.15.2
[INFO] [stderr]    Compiling syn v3.0.4
[INFO] [stderr]    Compiling syn v2.0.119
[INFO] [stderr]    Compiling generic-array v0.14.7
[INFO] [stderr]    Compiling ref-cast v1.0.27
[INFO] [stderr]    Compiling typenum v1.20.1
[INFO] [stderr]    Compiling rustversion v1.0.23
[INFO] [stderr]    Compiling litemap v0.8.3
[INFO] [stderr]    Compiling writeable v0.6.4
[INFO] [stderr]    Compiling zerocopy v0.8.56
[INFO] [stderr]    Compiling icu_normalizer_data v2.3.0
[INFO] [stderr]    Compiling icu_properties_data v2.3.0
[INFO] [stderr]    Compiling utf8_iter v1.0.4
[INFO] [stderr]    Compiling ahash v0.8.12
[INFO] [stderr]    Compiling pulldown-cmark v0.13.4
[INFO] [stderr]    Compiling encoding_rs v0.8.42
[INFO] [stderr]    Compiling unicase v2.9.0
[INFO] [stderr]    Compiling bitflags v2.13.1
[INFO] [stderr]    Compiling multiversion_no_op v1.0.0
[INFO] [stderr]    Compiling once_cell v1.21.4
[INFO] [stderr]    Compiling num-integer v0.1.47
[INFO] [stderr]    Compiling num-complex v0.4.6
[INFO] [stderr]    Compiling zeroize v1.9.0
[INFO] [stderr]    Compiling core_detect v1.0.0
[INFO] [stderr]    Compiling num-bigint v0.4.8
[INFO] [stderr]    Compiling block-buffer v0.10.4
[INFO] [stderr]    Compiling crypto-common v0.1.7
[INFO] [stderr]    Compiling num-iter v0.1.46
[INFO] [stderr]    Compiling digest v0.10.7
[INFO] [stderr]    Compiling simdutf8 v0.1.5
[INFO] [stderr]    Compiling dyn-clone v1.0.20
[INFO] [stderr]    Compiling base64 v0.22.1
[INFO] [stderr]    Compiling cpufeatures v0.2.17
[INFO] [stderr]    Compiling sha2 v0.10.9
[INFO] [stderr]    Compiling synstructure v0.13.2
[INFO] [stderr]    Compiling secrecy v0.10.3
[INFO] [stderr]    Compiling zerofrom-derive v0.1.7
[INFO] [stderr]    Compiling yoke-derive v0.8.2
[INFO] [stderr]    Compiling zerofrom v0.1.8
[INFO] [stderr]    Compiling yoke v0.8.3
[INFO] [stderr]    Compiling serde_derive_internals v0.30.0
[INFO] [stderr]    Compiling num-rational v0.4.2
[INFO] [stderr]    Compiling num v0.4.3
[INFO] [stderr]    Compiling regex-automata v0.4.18
[INFO] [stderr]    Compiling serde_derive v1.0.229
[INFO] [stderr]    Compiling zerovec-derive v0.11.6
[INFO] [stderr]    Compiling displaydoc v0.2.7
[INFO] [stderr]    Compiling ref-cast-impl v1.0.27
[INFO] [stderr]    Compiling zerotrie v0.2.5
[INFO] [stderr]    Compiling schemars_derive v1.2.2
[INFO] [stderr]    Compiling zerovec v0.11.8
[INFO] [stderr]    Compiling tokio-macros v2.7.2
[INFO] [stderr]    Compiling tinystr v0.8.4
[INFO] [stderr]    Compiling potential_utf v0.1.6
[INFO] [stderr]    Compiling icu_collections v2.3.0
[INFO] [stderr]    Compiling icu_locale_core v2.3.0
[INFO] [stderr]    Compiling thiserror-impl v2.0.20
[INFO] [stderr]    Compiling tokio v1.53.1
[INFO] [stderr]    Compiling async-trait v0.1.92
[INFO] [stderr]    Compiling parking_lot_core v0.9.12
[INFO] [stderr]    Compiling arraydeque v0.5.1
[INFO] [stderr]    Compiling unicode-width v0.2.2
[INFO] [stderr]    Compiling borrow-or-share v0.2.4
[INFO] [stderr]    Compiling percent-encoding v2.3.2
[INFO] [stderr]    Compiling unicode-general-category v1.1.0
[INFO] [stderr]    Compiling icu_provider v2.3.1
[INFO] [stderr]    Compiling serde v1.0.229
[INFO] [stderr]    Compiling heck v0.5.0
[INFO] [stderr]    Compiling anstyle v1.0.14
[INFO] [stderr]    Compiling icu_properties v2.3.0
[INFO] [stderr]    Compiling thiserror v2.0.20
[INFO] [stderr]    Compiling icu_normalizer v2.3.0
[INFO] [stderr]    Compiling bit-vec v0.8.0
[INFO] [stderr]    Compiling annotate-snippets v0.12.16
[INFO] [stderr]    Compiling bit-set v0.8.0
[INFO] [stderr]    Compiling strum_macros v0.28.0
[INFO] [stderr]    Compiling chrono v0.4.45
[INFO] [stderr]    Compiling idna_adapter v1.2.2
[INFO] [stderr]    Compiling fluent-uri v0.4.1
[INFO] [stderr]    Compiling granit-parser v1.3.0
[INFO] [stderr]    Compiling schemars v1.2.2
[INFO] [stderr]    Compiling parking_lot v0.12.5
[INFO] [stderr]    Compiling fraction v0.16.0
[INFO] [stderr]    Compiling encoding_rs_io v0.1.8
[INFO] [stderr]    Compiling num-cmp v0.1.0
[INFO] [stderr]    Compiling vsimd v0.8.0
[INFO] [stderr]    Compiling bytecount v0.6.9
[INFO] [stderr]    Compiling onetaskgraph-plugin-api v0.7.0
[INFO] [stderr]    Compiling nohash-hasher v0.2.0
[INFO] [stderr]    Compiling outref v0.5.2
[INFO] [stderr]    Compiling micromap v0.3.0
[INFO] [stderr]    Compiling uuid-simd v0.8.0
[INFO] [stderr]    Compiling referencing v0.50.1
[INFO] [stderr]    Compiling serde-saphyr v1.3.0
[INFO] [stderr]    Compiling jsonschema-value v0.50.1
[INFO] [stderr]    Compiling strum v0.28.0
[INFO] [stderr]    Compiling idna v1.1.0
[INFO] [stderr]    Compiling regex v1.13.1
[INFO] [stderr]    Compiling fancy-regex v0.19.0
[INFO] [stderr]    Compiling email_address v0.2.9
[INFO] [stderr]    Compiling serde_path_to_error v0.1.20
[INFO] [stderr]    Compiling jsonschema-regex v0.50.1
[INFO] [stderr]    Compiling memo-map v0.3.4
[INFO] [stderr]    Compiling data-encoding v2.11.1
[INFO] [stderr]    Compiling jsonschema v0.50.1
[INFO] [stderr]    Compiling minijinja v2.24.0
[INFO] [stderr]    Compiling onetaskgraph-local-md v0.7.0
[INFO] [stderr]    Compiling onetaskgraph-in-memory v0.7.0
[INFO] [stderr]    Compiling onetaskgraph-core v0.7.0 (/opt/rustwide/workdir)
[INFO] [stderr]     Finished `release` profile [optimized] target(s) in 6m 57s
[INFO] running `Command { std: "docker" "inspect" "d5a82795d75b3498aa448b83af057f3537436b7d8bf2b8b018c0c75fecedc878", kill_on_drop: false }`
[INFO] running `Command { std: "docker" "exec" "-e" "SOURCE_DIR=/opt/rustwide/workdir" "-e" "CARGO_HOME=/opt/rustwide/cargo-home" "-e" "RUSTUP_HOME=/opt/rustwide/rustup-home" "-e" "CARGO_TARGET_DIR=/opt/rustwide/target" "-e" "CARGO_INCREMENTAL=0" "-e" "RUST_BACKTRACE=full" "-e" "RUSTFLAGS=--cap-lints=warn" "-e" "RUSTDOCFLAGS=--cap-lints=warn" "-w" "/opt/rustwide/workdir" "--user" "0:0" "d5a82795d75b3498aa448b83af057f3537436b7d8bf2b8b018c0c75fecedc878" "/opt/rustwide/cargo-home/bin/cargo" "+1.99.0-beta.8" "test" "--frozen" "--no-run" "--message-format=json" "--release", kill_on_drop: false }`
[INFO] [stderr]    Compiling pulldown-cmark v0.13.4
[INFO] [stderr]    Compiling ahash v0.8.12
[INFO] [stderr]    Compiling tempfile v3.27.0
[INFO] [stderr]    Compiling jsonschema-value v0.50.1
[INFO] [stderr]    Compiling referencing v0.50.1
[INFO] [stderr]    Compiling onetaskgraph-plugin-api v0.7.0
[INFO] [stderr]    Compiling jsonschema v0.50.1
[INFO] [stderr]    Compiling onetaskgraph-in-memory v0.7.0
[INFO] [stderr]    Compiling onetaskgraph-local-md v0.7.0
[INFO] [stderr]    Compiling onetaskgraph-core v0.7.0 (/opt/rustwide/workdir)
[INFO] [stderr]     Finished `release` profile [optimized] target(s) in 9m 39s
[INFO] running `Command { std: "docker" "inspect" "d5a82795d75b3498aa448b83af057f3537436b7d8bf2b8b018c0c75fecedc878", kill_on_drop: false }`
[INFO] running `Command { std: "docker" "exec" "-e" "SOURCE_DIR=/opt/rustwide/workdir" "-e" "CARGO_HOME=/opt/rustwide/cargo-home" "-e" "RUSTUP_HOME=/opt/rustwide/rustup-home" "-e" "CARGO_TARGET_DIR=/opt/rustwide/target" "-e" "CARGO_INCREMENTAL=0" "-e" "RUST_BACKTRACE=full" "-e" "RUSTFLAGS=--cap-lints=warn" "-e" "RUSTDOCFLAGS=--cap-lints=warn" "-w" "/opt/rustwide/workdir" "--user" "0:0" "d5a82795d75b3498aa448b83af057f3537436b7d8bf2b8b018c0c75fecedc878" "/opt/rustwide/cargo-home/bin/cargo" "+1.99.0-beta.8" "test" "--frozen" "--release", kill_on_drop: false }`
[INFO] [stderr]     Finished `release` profile [optimized] target(s) in 0.36s
[INFO] [stderr]      Running unittests src/lib.rs (/opt/rustwide/target/release/deps/onetaskgraph_core-951bddaac947261a)
[INFO] [stdout] 
[INFO] [stdout] running 42 tests
[INFO] [stdout] test cache::source::tests::a_file_replaced_after_it_was_inspected_is_never_emptied ... ok
[INFO] [stdout] test cache::source::tests::a_read_answered_with_another_task_writes_no_entry ... ok
[INFO] [stdout] test cache::source::tests::a_board_context_the_filesystem_will_not_replace_or_drop_is_served_to_no_one ... ok
[INFO] [stdout] test cache::source::tests::a_project_write_whose_entry_cannot_be_retired_is_refused_unsent ... ok
[INFO] [stdout] test cache::source::tests::a_write_the_filesystem_will_not_take_leaves_the_old_entry_served_to_no_one ... ok
[INFO] [stdout] test cache::source::tests::a_project_or_document_write_is_sent_only_once_no_other_process_can_read_its_entry ... ok
[INFO] [stdout] test cache::source::tests::a_walk_resumed_from_a_cursor_its_first_page_never_gave_keeps_no_edges ... ok
[INFO] [stdout] test cache::source::tests::a_read_answered_with_its_own_task_writes_its_entry ... ok
[INFO] [stdout] test cache::source::tests::a_write_is_sent_only_once_no_other_process_can_read_its_entry ... ok
[INFO] [stdout] test cache::source::tests::an_entry_whose_own_mode_refuses_writes_is_still_taken_out_of_service ... ok
[INFO] [stdout] test cache::source::tests::an_invalidation_the_filesystem_will_not_remove_still_serves_the_old_entry_to_no_one ... ok
[INFO] [stdout] test cache::source::tests::whether_a_source_is_answering_is_asked_of_the_source_every_time ... ok
[INFO] [stdout] test clock::tests::a_value_names_the_coordinator_and_the_client ... ok
[INFO] [stdout] test clock::tests::the_variable_unset_or_empty_selects_the_real_clock ... ok
[INFO] [stdout] test config::routes::tests::a_malformed_pattern_is_refused ... ok
[INFO] [stdout] test cache::source::tests::a_write_whose_response_shows_another_task_advances_no_entry ... ok
[INFO] [stdout] test cache::source::tests::an_entry_that_is_a_symlink_never_changes_the_file_it_points_at ... ok
[INFO] [stdout] test cache::source::tests::a_write_whose_response_shows_its_own_task_whole_advances_its_entry ... ok
[INFO] [stdout] test config::routes::tests::a_star_matches_exactly_one_whole_segment ... ok
[INFO] [stdout] test config::routes::tests::a_private_classification_entry_naming_a_source_not_declared_private_is_refused ... ok
[INFO] [stdout] test config::routes::tests::a_private_item_with_no_private_destination_stays_where_it_was_sent ... ok
[INFO] [stdout] test config::routes::tests::safety_is_decided_before_any_repository_entry_matches ... ok
[INFO] [stdout] test engine::copy::comments::tests::a_chained_copy_keeps_the_first_origin_and_leaves_foreign_copies ... ok
[INFO] [stdout] test engine::graph::tests::a_label_writes_each_line_break_as_one_space_and_escapes_four_characters_once ... ok
[INFO] [stdout] test engine::copy::comments::tests::adds_edits_deletes_and_leaves_native_comments_alone ... ok
[INFO] [stdout] test subprocess::serve::tests::a_detail_read_of_one_task_is_held_to_one_answer_about_that_task ... ok
[INFO] [stdout] test engine::copy::comments::tests::never_sends_back_a_copy_of_the_destinations_own_comment ... ok
[INFO] [stdout] test config::routes::tests::an_entry_matches_only_when_every_repository_does ... ok
[INFO] [stdout] test template::provenance::tests::a_provenance_entry_reads_back_and_a_foreign_one_is_refused_by_name ... ok
[INFO] [stdout] test engine::assets::tests::a_write_carries_what_the_content_references_in_order_and_refuses_the_rest ... ok
[INFO] [stdout] test template::front_matter::tests::the_published_keys_are_exactly_the_ones_read ... ok
[INFO] [stdout] test cache::source::tests::a_cache_directory_mounted_read_only_withholds_refuses_and_recovers ... ok
[INFO] [stdout] test engine::graph::tests::a_group_key_is_refused_only_when_it_is_empty ... ok
[INFO] [stdout] test template::provenance::tests::the_answers_digest_is_over_keys_sorted_at_every_depth_and_no_whitespace ... ok
[INFO] [stdout] test template::scan::tests::every_kind_of_tag_is_read_in_the_order_it_is_written ... ok
[INFO] [stdout] test template::scan::tests::comments_raw_blocks_expressions_and_strings_name_nothing ... ok
[INFO] [stdout] test template::scan::tests::a_hooked_template_wraps_each_expression_and_nothing_else ... ok
[INFO] [stdout] test template::scan::tests::an_expression_tag_is_found_by_its_place_less_what_the_tag_carries_after_it ... ok
[INFO] [stdout] test template::scan::tests::only_a_trailer_outside_the_name_makes_an_include_optional ... ok
[INFO] [stdout] test template::scan::tests::every_form_of_a_naming_tag_still_parses_and_renders_the_same_once_hooked ... ok
[INFO] [stdout] test clock::tests::an_unset_variable_builds_the_real_clock_which_sleeps_for_real ... ok
[INFO] [stdout] test subprocess::wire::tests::a_writes_asset_members_are_the_trait_arguments_and_the_emitted_schemas ... ok
[INFO] [stdout] 
[INFO] [stdout] test result: ok. 42 passed; 0 failed; 0 ignored; 0 measured; 0 filtered out; finished in 0.13s
[INFO] [stdout] 
[INFO] [stderr]      Running tests/assets.rs (/opt/rustwide/target/release/deps/assets-ab14089aaa90b3cd)
[INFO] [stdout] 
[INFO] [stdout] running 10 tests
[INFO] [stdout] test a_regenerate_on_a_serving_source_stores_its_assets_and_points_its_references_at_them ... ok
[INFO] [stdout] test a_project_render_given_assets_is_refused_before_anything_is_read ... ok
[INFO] [stdout] test a_copy_into_a_destination_that_stores_no_assets_is_refused_before_anything_is_written ... ok
[INFO] [stdout] test a_rendering_edited_by_hand_keeps_its_provenance_verbatim_when_its_references_are_served ... ok
[INFO] [stdout] test a_copy_hands_a_serving_destination_the_assets_and_lands_its_rewritten_references ... ok
[INFO] [stdout] test a_record_holding_a_malformed_upload_record_is_refused_and_left_as_it_was ... ok
[INFO] [stdout] test an_upload_record_of_the_right_shape_with_a_bad_digest_or_no_url_is_refused_and_left_as_it_was ... ok
[INFO] [stdout] test a_copy_that_cannot_finish_puts_back_the_assets_of_each_task_it_changed ... ok
[INFO] [stdout] test a_copy_of_a_record_that_dropped_its_assets_takes_them_away_and_an_undo_puts_them_back ... ok
[INFO] [stdout] test a_copy_that_cannot_finish_takes_away_the_assets_it_added_to_tasks_and_documents ... ok
[INFO] [stdout] 
[INFO] [stdout] test result: ok. 10 passed; 0 failed; 0 ignored; 0 measured; 0 filtered out; finished in 0.09s
[INFO] [stdout] 
[INFO] [stderr]      Running tests/cache.rs (/opt/rustwide/target/release/deps/cache-42e7b0de00431b1e)
[INFO] [stdout] 
[INFO] [stdout] running 2 tests
[INFO] [stderr]      Running tests/commented_since.rs (/opt/rustwide/target/release/deps/commented_since-3dfa58fd8d00758f)
[INFO] [stdout] test the_entry_schema_number_moves_whenever_the_entry_shape_does ... ok
[INFO] [stdout] test the_kind_entry_schema_number_moves_whenever_a_kind_entry_shape_does ... ok
[INFO] [stdout] 
[INFO] [stdout] test result: ok. 2 passed; 0 failed; 0 ignored; 0 measured; 0 filtered out; finished in 0.00s
[INFO] [stdout] 
[INFO] [stdout] 
[INFO] [stdout] running 2 tests
[INFO] [stdout] test a_source_whose_tasks_have_no_comments_holds_no_comment_activity ... ok
[INFO] [stdout] test the_engine_narrowing_a_source_answers_exactly_what_a_native_source_answers ... ok
[INFO] [stdout] 
[INFO] [stdout] test result: ok. 2 passed; 0 failed; 0 ignored; 0 measured; 0 filtered out; finished in 0.01s
[INFO] [stdout] 
[INFO] [stderr]      Running tests/comments.rs (/opt/rustwide/target/release/deps/comments-cba353795b28ea24)
[INFO] [stdout] 
[INFO] [stdout] running 9 tests
[INFO] [stdout] test a_source_answering_the_wrong_number_of_details_fails_every_id_it_was_asked ... ok
[INFO] [stdout] test a_source_that_fails_a_comment_call_is_named_and_a_task_detail_keeps_the_task ... ok
[INFO] [stdout] test a_task_detail_reports_a_comment_read_its_source_refuses_as_that_sources_failure ... ok
[INFO] [stdout] test a_walk_refuses_a_repeated_cursor_and_an_overlong_page_rather_than_trusting_them ... ok
[INFO] [stdout] test copies_on_a_source_keeping_the_marker_read_back_as_copies_and_stay_so_through_an_edit ... ok
[INFO] [stdout] test task_details_answer_each_id_as_one_task_detail_does_in_the_order_asked ... ok
[INFO] [stdout] test every_refusal_names_what_was_not_there_and_says_what_to_do_next ... ok
[INFO] [stdout] test a_comment_added_is_listed_edited_and_deleted_by_the_same_engine ... ok
[INFO] [stdout] test a_task_detail_carries_comments_only_for_a_task_found_on_a_source_that_has_them ... ok
[INFO] [stdout] 
[INFO] [stdout] test result: ok. 9 passed; 0 failed; 0 ignored; 0 measured; 0 filtered out; finished in 0.03s
[INFO] [stdout] 
[INFO] [stderr]      Running tests/copy.rs (/opt/rustwide/target/release/deps/copy-7bdd34fc896f3dd8)
[INFO] [stdout] 
[INFO] [stdout] running 73 tests
[INFO] [stdout] test a_destination_holding_two_records_for_one_referent_is_ambiguous_and_scan_still_answers ... ok
[INFO] [stdout] test a_copy_that_cannot_finish_leaves_the_destination_as_it_found_it ... ok
[INFO] [stdout] test a_copy_resolves_a_dependency_on_an_item_it_created_in_the_same_run ... ok
[INFO] [stdout] test a_destination_item_the_source_no_longer_holds_is_left_alone_and_reported ... ok
[INFO] [stdout] test a_counterpart_the_destination_does_not_hold_or_reports_no_location_for_is_left_alone ... ok
[INFO] [stdout] test a_copy_that_cannot_finish_puts_back_the_items_it_overwrote ... ok
[INFO] [stdout] test a_copy_that_stops_part_way_through_an_update_puts_that_item_back_too ... ok
[INFO] [stdout] test a_destination_that_overruns_its_page_stops_that_walk_at_the_document_level ... ok
[INFO] [stdout] test a_destination_that_overruns_its_page_stops_that_walk_at_the_project_level ... ok
[INFO] [stdout] test a_destination_that_overruns_its_page_stops_the_scan_for_a_counterpart ... ok
[INFO] [stdout] test a_destination_that_overruns_its_page_stops_the_scan_for_a_document ... ok
[INFO] [stdout] test a_destination_that_overruns_its_page_stops_the_scan_for_a_project ... ok
[INFO] [stdout] test a_destination_that_overruns_its_page_stops_the_walk_for_what_a_copy_left_behind ... ok
[INFO] [stdout] test a_destination_that_overruns_its_page_stops_the_walk_for_a_documents_references ... ok
[INFO] [stdout] test a_copy_that_cannot_be_undone_names_what_it_left_behind ... ok
[INFO] [stdout] test a_destination_that_repeats_its_cursor_stops_the_walk_for_what_a_copy_left_behind ... ok
[INFO] [stdout] test a_destination_whose_cursors_cycle_stops_the_walk_for_a_documents_references ... ok
[INFO] [stdout] test a_destination_never_keeps_the_change_token_a_copied_task_arrives_with ... ok
[INFO] [stdout] test a_destination_that_repeats_its_cursor_stops_the_walk_for_a_documents_references ... ok
[INFO] [stdout] test a_document_arrives_naming_the_destinations_own_records_across_a_one_level_fan_out ... ok
[INFO] [stdout] test a_document_copies_into_another_source_whole_and_a_second_copy_updates_it ... ok
[INFO] [stdout] test a_destination_that_cannot_carry_a_key_refuses_the_write_naming_it ... ok
[INFO] [stdout] test a_destination_that_could_not_be_built_and_a_source_that_could_not_be_read_both_refuse ... ok
[INFO] [stdout] test a_document_copy_naming_a_destination_with_no_documents_is_refused_before_anything_is_read ... ok
[INFO] [stdout] test a_dry_run_reports_the_references_it_would_have_rewritten_and_writes_nothing ... ok
[INFO] [stdout] test a_document_copy_out_of_a_source_with_no_documents_is_refused_naming_that_source ... ok
[INFO] [stdout] test a_document_copy_that_cannot_finish_leaves_the_destination_as_it_found_it ... ok
[INFO] [stdout] test a_destination_that_repeats_its_cursor_stops_the_scan_for_a_counterpart ... ok
[INFO] [stdout] test a_history_the_two_keys_cannot_prove_is_left_byte_for_byte_and_counted_unresolved ... ok
[INFO] [stdout] test a_reference_carrying_a_fragment_is_rewritten_and_keeps_the_fragment ... ok
[INFO] [stdout] test a_document_naming_another_document_of_its_project_is_rewritten_too ... ok
[INFO] [stdout] test a_location_before_a_full_stop_is_not_recognised_and_comes_through_byte_for_byte ... ok
[INFO] [stdout] test a_fragment_reference_is_left_and_counted_as_any_other_reference_without_a_counterpart ... ok
[INFO] [stdout] test a_restore_the_destination_refuses_names_the_item_left_holding_this_copys_writing ... ok
[INFO] [stdout] test a_dry_run_reads_everything_and_writes_nothing ... ok
[INFO] [stdout] test a_project_origin_that_still_names_something_updates_that_project_directly ... ok
[INFO] [stdout] test a_rust_caller_is_refused_by_a_destination_configured_with_no_write_side ... ok
[INFO] [stdout] test a_rust_caller_reads_what_a_copy_spent_summed_over_the_sources_that_meter ... ok
[INFO] [stdout] test a_rust_caller_copying_back_leaves_the_destination_its_own_origin ... ok
[INFO] [stdout] test a_source_that_overruns_its_page_stops_the_read_of_a_documents_own_project_documents ... ok
[INFO] [stdout] test a_second_copy_updates_every_counterpart_and_repairs_the_edges_among_them ... ok
[INFO] [stdout] test a_source_that_overruns_its_page_stops_the_walk_of_a_projects_members ... ok
[INFO] [stdout] test a_rust_caller_creates_then_updates_the_same_destination_item ... ok
[INFO] [stdout] test a_source_that_overruns_its_page_stops_the_walk_of_the_edges_a_copy_reads ... ok
[INFO] [stdout] test a_source_that_repeats_its_cursor_stops_the_walk_of_the_edges_a_copy_reads ... ok
[INFO] [stdout] test a_source_whose_cursors_cycle_stops_the_walk_of_a_projects_graph ... ok
[INFO] [stdout] test a_rust_caller_copies_a_project_and_exactly_the_members_it_names ... ok
[INFO] [stdout] test a_lost_origin_creates_a_second_item_until_match_by_re_establishes_it ... ok
[INFO] [stdout] test a_source_whose_cursors_cycle_stops_the_walk_of_a_projects_members ... ok
[INFO] [stdout] test a_source_that_overruns_its_page_stops_the_read_of_a_documents_own_project_members ... ok
[INFO] [stdout] test a_reference_reported_as_a_link_is_rewritten_and_not_inside_a_longer_link ... ok
[INFO] [stdout] test a_source_whose_readings_are_not_a_running_total_is_reported_as_not_metering ... ok
[INFO] [stdout] test a_well_behaved_copy_still_walks_every_page_of_every_loop_it_has ... ok
[INFO] [stdout] test a_task_sharing_the_documents_own_id_is_still_a_referent ... ok
[INFO] [stdout] test a_source_that_repeats_its_cursor_stops_the_walk_of_a_projects_own_edges ... ok
[INFO] [stdout] test an_id_that_names_nothing_and_a_destination_nothing_configures_are_both_refused ... ok
[INFO] [stdout] test an_undo_tells_a_task_from_a_project_sharing_one_destination_id ... ok
[INFO] [stdout] test a_rust_caller_is_refused_a_member_copy_before_anything_is_written ... ok
[INFO] [stdout] test copying_a_project_carries_its_tasks_and_reports_one_the_source_no_longer_holds ... ok
[INFO] [stdout] test create_lands_each_task_without_looking_and_refuses_what_says_there_is_a_counterpart ... ok
[INFO] [stdout] test an_item_created_under_one_kind_does_not_hold_back_the_others_restore ... ok
[INFO] [stdout] test a_stale_origin_refuses_until_recreate_says_to_create_instead ... ok
[INFO] [stdout] test routes_a_rust_caller_builds_place_a_copy_exactly_as_a_configuration_does ... ok
[INFO] [stdout] test an_updating_copy_keeps_every_key_only_the_destination_holds ... ok
[INFO] [stdout] test the_edges_a_copy_read_are_written_and_a_far_end_that_leaves_the_set_is_qualified ... ok
[INFO] [stdout] test the_reference_figures_are_absent_when_zero_and_read_back_as_zero_when_absent ... ok
[INFO] [stdout] test the_destination_is_walked_once_for_a_whole_invocation_and_not_at_all_for_nothing ... ok
[INFO] [stdout] test every_reserved_key_has_the_owner_docs_metadata_states_on_an_update ... FAILED
[INFO] [stdout] test a_task_copied_on_its_own_is_filed_under_the_destinations_own_counterpart ... ok
[INFO] [stdout] test what_a_copy_spent_survives_the_public_reports_wire_round_trip ... ok
[INFO] [stdout] test a_rust_caller_asking_what_only_a_task_copy_can_do_of_another_is_refused_first ... ok
[INFO] [stdout] test two_referents_reporting_one_location_leave_every_occurrence_of_it_alone ... ok
[INFO] [stdout] test the_scan_that_finds_a_counterpart_walks_the_destination_a_page_at_a_time ... ok
[INFO] [stdout] 
[INFO] [stdout] failures:
[INFO] [stdout] 
[INFO] [stdout] ---- every_reserved_key_has_the_owner_docs_metadata_states_on_an_update stdout ----
[INFO] [stdout] 
[INFO] [stdout] thread 'every_reserved_key_has_the_owner_docs_metadata_states_on_an_update' (3423) panicked at tests/copy.rs:370:6:
[INFO] [stdout] docs/metadata.md is readable: Os { code: 2, kind: NotFound, message: "No such file or directory" }
[INFO] [stdout] stack backtrace:
[INFO] [stdout]    0:     0x5ab005ab9981 - <<std[70759c8f55707aa4]::sys::backtrace::BacktraceLock>::print::DisplayBacktrace as core[df12db4294e9bfd3]::fmt::Display>::fmt
[INFO] [stdout]    1:     0x5ab005ad23ca - core[df12db4294e9bfd3]::fmt::write
[INFO] [stdout]    2:     0x5ab005abe3bc - <alloc[2182bb758b4b3781]::vec::Vec<u8> as core[df12db4294e9bfd3]::io::write::Write>::write_fmt
[INFO] [stdout]    3:     0x5ab005a92416 - std[70759c8f55707aa4]::panicking::default_hook::{closure#0}
[INFO] [stdout]    4:     0x5ab005ab0e89 - std[70759c8f55707aa4]::panicking::default_hook
[INFO] [stdout]    5:     0x5ab00533ec10 - test[9d35eded1c95d3be]::test_main_inner::<test[9d35eded1c95d3be]::test_main_static::{closure#0}>::{closure#0}
[INFO] [stdout]    6:     0x5ab005ab11b2 - std[70759c8f55707aa4]::panicking::panic_with_hook
[INFO] [stdout]    7:     0x5ab005a924c2 - std[70759c8f55707aa4]::panicking::panic_handler::{closure#0}
[INFO] [stdout]    8:     0x5ab005a8ae69 - std[70759c8f55707aa4]::sys::backtrace::__rust_end_short_backtrace::<std[70759c8f55707aa4]::panicking::panic_handler::{closure#0}, !>
[INFO] [stdout]    9:     0x5ab005a931ad - __rustc[8fa7c3cbc660c2b3]::rust_begin_unwind
[INFO] [stdout]   10:     0x5ab005ad2bac - core[df12db4294e9bfd3]::panicking::panic_fmt
[INFO] [stdout]   11:     0x5ab005ad2982 - core[df12db4294e9bfd3]::result::unwrap_failed
[INFO] [stdout]   12:     0x5ab005164ae9 - copy[30dc649824a902fe]::every_reserved_key_has_the_owner_docs_metadata_states_on_an_update::{closure#0}
[INFO] [stdout]   13:     0x5ab0053085fb - <tokio[b6ecb04ffc3a82c8]::runtime::runtime::Runtime>::block_on::<core[df12db4294e9bfd3]::pin::Pin<&mut dyn core[df12db4294e9bfd3]::future::future::Future<Output = ()>>>
[INFO] [stdout]   14:     0x5ab00522c5fb - <copy[30dc649824a902fe]::every_reserved_key_has_the_owner_docs_metadata_states_on_an_update::{closure#0} as core[df12db4294e9bfd3]::ops::function::FnOnce<()>>::call_once
[INFO] [stdout]   15:     0x5ab005331efb - test[9d35eded1c95d3be]::__rust_begin_short_backtrace::<core[df12db4294e9bfd3]::result::Result<(), alloc[2182bb758b4b3781]::string::String>, fn() -> core[df12db4294e9bfd3]::result::Result<(), alloc[2182bb758b4b3781]::string::String>>
[INFO] [stdout]   16:     0x5ab00533f565 - test[9d35eded1c95d3be]::run_test::{closure#0}
[INFO] [stdout]   17:     0x5ab005338e24 - std[70759c8f55707aa4]::sys::backtrace::__rust_begin_short_backtrace::<test[9d35eded1c95d3be]::run_test::{closure#1}, ()>
[INFO] [stdout]   18:     0x5ab0053426c2 - <std[70759c8f55707aa4]::thread::lifecycle::spawn_unchecked<test[9d35eded1c95d3be]::run_test::{closure#1}, ()>::{closure#1} as core[df12db4294e9bfd3]::ops::function::FnOnce<()>>::call_once::{shim:vtable#0}
[INFO] [stdout]   19:     0x5ab005ab89c9 - <std[70759c8f55707aa4]::sys::thread::unix::Thread>::new::thread_start
[INFO] [stdout]   20:     0x728ae0d58dfa - <unknown>
[INFO] [stdout]   21:     0x728ae0dec3d4 - clone
[INFO] [stdout]   22:                0x0 - <unknown>
[INFO] [stdout] 
[INFO] [stdout] 
[INFO] [stdout] failures:
[INFO] [stdout]     every_reserved_key_has_the_owner_docs_metadata_states_on_an_update
[INFO] [stdout] 
[INFO] [stdout] test result: FAILED. 72 passed; 1 failed; 0 ignored; 0 measured; 0 filtered out; finished in 0.14s
[INFO] [stdout] 
[INFO] [stderr] error: test failed, to rerun pass `--test copy`
[INFO] running `Command { std: "docker" "inspect" "d5a82795d75b3498aa448b83af057f3537436b7d8bf2b8b018c0c75fecedc878", kill_on_drop: false }`
[INFO] running `Command { std: "docker" "rm" "-f" "d5a82795d75b3498aa448b83af057f3537436b7d8bf2b8b018c0c75fecedc878", kill_on_drop: false }`
[INFO] [stdout] d5a82795d75b3498aa448b83af057f3537436b7d8bf2b8b018c0c75fecedc878
