[INFO] fetching crate oneseed 0.8.2...
[INFO] testing oneseed-0.8.2 against 1.99.0-beta.8+cargoflags=--release for beta-release-1.100-2
[INFO] extracting crate oneseed 0.8.2 into /workspace/builds/worker-4-tc1/source
[INFO] started tweaking crates.io crate oneseed 0.8.2
[INFO] removed 0 missing tests
[INFO] finished tweaking crates.io crate oneseed 0.8.2
[INFO] tweaked toml for crates.io crate oneseed 0.8.2 written to /workspace/builds/worker-4-tc1/source/Cargo.toml
[INFO] validating manifest of crates.io crate oneseed 0.8.2 on toolchain 1.99.0-beta.8
[INFO] running `Command { std: CARGO_HOME="/workspace/cargo-home" RUSTUP_HOME="/workspace/rustup-home" "/workspace/cargo-home/bin/cargo" "+1.99.0-beta.8" "metadata" "--manifest-path" "Cargo.toml" "--no-deps", kill_on_drop: false }`
[INFO] crate crates.io crate oneseed 0.8.2 already has a lockfile, it will not be regenerated
[INFO] running `Command { std: CARGO_HOME="/workspace/cargo-home" RUSTUP_HOME="/workspace/rustup-home" "/workspace/cargo-home/bin/cargo" "+1.99.0-beta.8" "fetch" "--manifest-path" "Cargo.toml", kill_on_drop: false }`
[INFO] [stderr]     Updating crates.io index
[INFO] [stderr]  Downloading crates ...
[INFO] [stderr]   Downloaded ssh-key v0.6.7
[INFO] [stderr]   Downloaded ssh-encoding v0.2.0
[INFO] [stderr]   Downloaded rtoolbox v0.0.5
[INFO] [stderr]   Downloaded ssh-cipher v0.2.0
[INFO] [stderr]   Downloaded rpassword v7.5.4
[INFO] [stderr]   Downloaded rust-embed-utils v8.12.0
[INFO] [stderr]   Downloaded linux-keyutils v0.2.5
[INFO] [stderr]   Downloaded rust-embed-impl v8.12.0
[INFO] [stderr]   Downloaded kem v0.3.0-pre.0
[INFO] [stderr]   Downloaded i18n-embed-fl v0.10.1
[INFO] [stderr]   Downloaded ml-kem v0.2.3
[INFO] [stderr]   Downloaded hybrid-array v0.2.3
[INFO] [stderr]   Downloaded i18n-embed v0.16.0
[INFO] [stderr]   Downloaded i18n-embed-impl v0.8.4
[INFO] [stderr]   Downloaded i18n-config v0.4.8
[INFO] [stderr]   Downloaded find-crate v0.6.3
[INFO] [stderr]   Downloaded io_tee v0.1.1
[INFO] [stderr]   Downloaded age-core v0.12.0
[INFO] [stderr]   Downloaded age v0.12.1
[INFO] [stderr]   Downloaded rust-embed v8.12.0
[INFO] [stderr]   Downloaded hpke v0.12.0
[INFO] running `Command { std: "docker" "create" "-v" "/var/lib/crater-agent-workspace/builds/worker-4-tc1/source:/opt/rustwide/workdir:ro,Z" "-v" "/var/lib/crater-agent-workspace/builds/worker-4-tc1/target:/opt/rustwide/target:rw,Z" "-v" "/var/lib/crater-agent-workspace/cargo-home:/opt/rustwide/cargo-home:ro,Z" "-v" "/var/lib/crater-agent-workspace/rustup-home:/opt/rustwide/rustup-home:ro,Z" "-m" "1610612736" "--network" "none" "ghcr.io/rust-lang/crates-build-env/linux@sha256:77db811e55d90add9212f6832c23229e3de5f1c1f9905e8cb07319ea15df73ac" "sleep" "infinity", kill_on_drop: false }`
[INFO] [stdout] d923bb4476c9031f73a7a7c4538235455b0574fd0d9c24ab8c1d9cd60186d0a1
[INFO] running `Command { std: "docker" "start" "d923bb4476c9031f73a7a7c4538235455b0574fd0d9c24ab8c1d9cd60186d0a1", kill_on_drop: false }`
[INFO] running `Command { std: "docker" "inspect" "d923bb4476c9031f73a7a7c4538235455b0574fd0d9c24ab8c1d9cd60186d0a1", kill_on_drop: false }`
[INFO] running `Command { std: "docker" "exec" "-e" "SOURCE_DIR=/opt/rustwide/workdir" "-e" "CARGO_HOME=/opt/rustwide/cargo-home" "-e" "RUSTUP_HOME=/opt/rustwide/rustup-home" "-e" "CARGO_TARGET_DIR=/opt/rustwide/target" "-w" "/opt/rustwide/workdir" "--user" "0:0" "d923bb4476c9031f73a7a7c4538235455b0574fd0d9c24ab8c1d9cd60186d0a1" "/opt/rustwide/cargo-home/bin/cargo" "+1.99.0-beta.8" "metadata" "--no-deps" "--format-version=1", kill_on_drop: false }`
[INFO] running `Command { std: "docker" "inspect" "d923bb4476c9031f73a7a7c4538235455b0574fd0d9c24ab8c1d9cd60186d0a1", kill_on_drop: false }`
[INFO] running `Command { std: "docker" "exec" "-e" "SOURCE_DIR=/opt/rustwide/workdir" "-e" "CARGO_HOME=/opt/rustwide/cargo-home" "-e" "RUSTUP_HOME=/opt/rustwide/rustup-home" "-e" "CARGO_TARGET_DIR=/opt/rustwide/target" "-e" "CARGO_INCREMENTAL=0" "-e" "RUST_BACKTRACE=full" "-e" "RUSTFLAGS=--cap-lints=warn" "-e" "RUSTDOCFLAGS=--cap-lints=warn" "-w" "/opt/rustwide/workdir" "--user" "0:0" "d923bb4476c9031f73a7a7c4538235455b0574fd0d9c24ab8c1d9cd60186d0a1" "/opt/rustwide/cargo-home/bin/cargo" "+1.99.0-beta.8" "build" "--frozen" "--message-format=json" "--release", kill_on_drop: false }`
[INFO] [stderr]    Compiling proc-macro2 v1.0.107
[INFO] [stderr]    Compiling quote v1.0.47
[INFO] [stderr]    Compiling unicode-ident v1.0.24
[INFO] [stderr]    Compiling libc v0.2.189
[INFO] [stderr]    Compiling cfg-if v1.0.4
[INFO] [stderr]    Compiling typenum v1.20.1
[INFO] [stderr]    Compiling version_check v0.9.5
[INFO] [stderr]    Compiling subtle v2.6.1
[INFO] [stderr]    Compiling serde_core v1.0.229
[INFO] [stderr]    Compiling cpufeatures v0.2.17
[INFO] [stderr]    Compiling serde v1.0.229
[INFO] [stderr]    Compiling thiserror v2.0.20
[INFO] [stderr]    Compiling memchr v2.8.3
[INFO] [stderr]    Compiling thiserror v1.0.69
[INFO] [stderr]    Compiling parking_lot_core v0.9.12
[INFO] [stderr]    Compiling const-oid v0.10.2
[INFO] [stderr]    Compiling unicase v2.9.0
[INFO] [stderr]    Compiling cpufeatures v0.3.0
[INFO] [stderr]    Compiling const-oid v0.9.6
[INFO] [stderr]    Compiling same-file v1.0.6
[INFO] [stderr]    Compiling walkdir v2.5.0
[INFO] [stderr]    Compiling mime_guess v2.0.5
[INFO] [stderr]    Compiling base16ct v0.2.0
[INFO] [stderr]    Compiling opaque-debug v0.3.1
[INFO] [stderr]    Compiling semver v1.0.28
[INFO] [stderr]    Compiling mime v0.3.17
[INFO] [stderr]    Compiling rustversion v1.0.23
[INFO] [stderr]    Compiling zerocopy v0.8.56
[INFO] [stderr]    Compiling generic-array v0.14.7
[INFO] [stderr]    Compiling smallvec v1.15.2
[INFO] [stderr]    Compiling base64ct v1.8.3
[INFO] [stderr]    Compiling futures-core v0.3.34
[INFO] [stderr]    Compiling rustc-hash v2.1.3
[INFO] [stderr]    Compiling futures-sink v0.3.34
[INFO] [stderr]    Compiling type-map v0.5.1
[INFO] [stderr]    Compiling futures-io v0.3.34
[INFO] [stderr]    Compiling rustc_version v0.4.1
[INFO] [stderr]    Compiling slab v0.4.12
[INFO] [stderr]    Compiling futures-channel v0.3.34
[INFO] [stderr]    Compiling pin-project-lite v0.2.17
[INFO] [stderr]    Compiling futures-task v0.3.34
[INFO] [stderr]    Compiling hybrid-array v0.4.14
[INFO] [stderr]    Compiling log v0.4.33
[INFO] [stderr]    Compiling syn v2.0.119
[INFO] [stderr]    Compiling syn v3.0.3
[INFO] [stderr]    Compiling curve25519-dalek v4.1.3
[INFO] [stderr]    Compiling scopeguard v1.2.0
[INFO] [stderr]    Compiling self_cell v1.3.0
[INFO] [stderr]    Compiling lock_api v0.4.14
[INFO] [stderr]    Compiling utf8parse v0.2.2
[INFO] [stderr]    Compiling anstyle-parse v1.0.0
[INFO] [stderr]    Compiling proc-macro-error-attr3 v3.1.0
[INFO] [stderr]    Compiling arc-swap v1.9.2
[INFO] [stderr]    Compiling pem-rfc7468 v0.7.0
[INFO] [stderr]    Compiling anstyle v1.0.14
[INFO] [stderr]    Compiling colorchoice v1.0.5
[INFO] [stderr]    Compiling tinyvec_macros v0.1.1
[INFO] [stderr]    Compiling keccak v0.1.6
[INFO] [stderr]    Compiling arrayvec v0.7.8
[INFO] [stderr]    Compiling getrandom v0.2.17
[INFO] [stderr]    Compiling signature v2.2.0
[INFO] [stderr]    Compiling anstyle-query v1.1.5
[INFO] [stderr]    Compiling is_terminal_polyfill v1.70.2
[INFO] [stderr]    Compiling block-buffer v0.12.1
[INFO] [stderr]    Compiling crypto-common v0.2.2
[INFO] [stderr]    Compiling hex-conservative v0.2.2
[INFO] [stderr]    Compiling tinyvec v1.12.0
[INFO] [stderr]    Compiling rand_core v0.6.4
[INFO] [stderr]    Compiling anstream v1.0.0
[INFO] [stderr]    Compiling ed25519 v2.2.3
[INFO] [stderr]    Compiling parking_lot v0.12.5
[INFO] [stderr]    Compiling ff v0.13.1
[INFO] [stderr]    Compiling password-hash v0.5.0
[INFO] [stderr]    Compiling hybrid-array v0.2.3
[INFO] [stderr]    Compiling nom v8.0.0
[INFO] [stderr]    Compiling group v0.13.0
[INFO] [stderr]    Compiling clap_lex v1.1.0
[INFO] [stderr]    Compiling heck v0.5.0
[INFO] [stderr]    Compiling bech32 v0.11.1
[INFO] [stderr]    Compiling bitflags v2.13.1
[INFO] [stderr]    Compiling strsim v0.11.1
[INFO] [stderr]    Compiling option-ext v0.2.0
[INFO] [stderr]    Compiling base64 v0.22.1
[INFO] [stderr]    Compiling digest v0.11.3
[INFO] [stderr]    Compiling sha2 v0.11.0
[INFO] [stderr]    Compiling io_tee v0.1.1
[INFO] [stderr]    Compiling linux-keyutils v0.2.5
[INFO] [stderr]    Compiling dirs-sys v0.4.1
[INFO] [stderr]    Compiling unicode-normalization v0.1.25
[INFO] [stderr]    Compiling bitcoin_hashes v0.14.101
[INFO] [stderr]    Compiling rtoolbox v0.0.5
[INFO] [stderr]    Compiling clap_builder v4.6.6
[INFO] [stderr]    Compiling lazy_static v1.5.0
[INFO] [stderr]    Compiling rpassword v7.5.4
[INFO] [stderr]    Compiling keyring v3.6.3
[INFO] [stderr]    Compiling dirs v5.0.1
[INFO] [stderr]    Compiling base64 v0.21.7
[INFO] [stderr]    Compiling hex v0.4.3
[INFO] [stderr]    Compiling bech32 v0.9.1
[INFO] [stderr]    Compiling rust-embed-utils v8.12.0
[INFO] [stderr]    Compiling proc-macro-error3 v3.1.0
[INFO] [stderr]    Compiling displaydoc v0.2.7
[INFO] [stderr]    Compiling serde_derive v1.0.229
[INFO] [stderr]    Compiling thiserror-impl v2.0.20
[INFO] [stderr]    Compiling futures-macro v0.3.34
[INFO] [stderr]    Compiling clap_derive v4.6.4
[INFO] [stderr]    Compiling bip39 v2.2.2
[INFO] [stderr]    Compiling zeroize_derive v1.5.0
[INFO] [stderr]    Compiling thiserror-impl v1.0.69
[INFO] [stderr]    Compiling rust-embed-impl v8.12.0
[INFO] [stderr]    Compiling curve25519-dalek-derive v0.1.1
[INFO] [stderr]    Compiling pin-project-internal v1.1.13
[INFO] [stderr]    Compiling tinystr v0.8.4
[INFO] [stderr]    Compiling futures-util v0.3.34
[INFO] [stderr]    Compiling unic-langid-impl v0.9.6
[INFO] [stderr]    Compiling ppv-lite86 v0.2.21
[INFO] [stderr]    Compiling unic-langid v0.9.6
[INFO] [stderr]    Compiling zeroize v1.9.0
[INFO] [stderr]    Compiling fluent-langneg v0.13.1
[INFO] [stderr]    Compiling intl-memoizer v0.5.3
[INFO] [stderr]    Compiling der v0.7.10
[INFO] [stderr]    Compiling intl_pluralrules v7.0.2
[INFO] [stderr]    Compiling fluent-syntax v0.12.0
[INFO] [stderr]    Compiling rand_chacha v0.3.1
[INFO] [stderr]    Compiling rust-embed v8.12.0
[INFO] [stderr]    Compiling secrecy v0.10.3
[INFO] [stderr]    Compiling kem v0.3.0-pre.0
[INFO] [stderr]    Compiling rand v0.8.7
[INFO] [stderr]    Compiling fluent-bundle v0.16.0
[INFO] [stderr]    Compiling pin-project v1.1.13
[INFO] [stderr]    Compiling crypto-common v0.1.7
[INFO] [stderr]    Compiling block-buffer v0.10.4
[INFO] [stderr]    Compiling inout v0.1.4
[INFO] [stderr]    Compiling crypto-bigint v0.5.5
[INFO] [stderr]    Compiling digest v0.10.7
[INFO] [stderr]    Compiling universal-hash v0.5.1
[INFO] [stderr]    Compiling aead v0.5.2
[INFO] [stderr]    Compiling cipher v0.4.4
[INFO] [stderr]    Compiling sec1 v0.7.3
[INFO] [stderr]    Compiling clap v4.6.6
[INFO] [stderr]    Compiling polyval v0.6.2
[INFO] [stderr]    Compiling poly1305 v0.8.0
[INFO] [stderr]    Compiling hmac v0.12.1
[INFO] [stderr]    Compiling sha2 v0.10.9
[INFO] [stderr]    Compiling hkdf v0.12.4
[INFO] [stderr]    Compiling ghash v0.5.1
[INFO] [stderr]    Compiling chacha20 v0.9.1
[INFO] [stderr]    Compiling ctr v0.9.2
[INFO] [stderr]    Compiling aes v0.8.4
[INFO] [stderr]    Compiling pbkdf2 v0.12.2
[INFO] [stderr]    Compiling fluent v0.17.0
[INFO] [stderr]    Compiling sha3 v0.10.9
[INFO] [stderr]    Compiling salsa20 v0.10.2
[INFO] [stderr]    Compiling ssh-encoding v0.2.0
[INFO] [stderr]    Compiling chacha20poly1305 v0.10.1
[INFO] [stderr]    Compiling scrypt v0.11.0
[INFO] [stderr]    Compiling ml-kem v0.2.3
[INFO] [stderr]    Compiling ssh-cipher v0.2.0
[INFO] [stderr]    Compiling aes-gcm v0.10.3
[INFO] [stderr]    Compiling toml v0.5.11
[INFO] [stderr]    Compiling basic-toml v0.1.10
[INFO] [stderr]    Compiling elliptic-curve v0.13.8
[INFO] [stderr]    Compiling x25519-dalek v2.0.1
[INFO] [stderr]    Compiling ed25519-dalek v2.2.0
[INFO] [stderr]    Compiling primeorder v0.13.6
[INFO] [stderr]    Compiling ssh-key v0.6.7
[INFO] [stderr]    Compiling p256 v0.13.2
[INFO] [stderr]    Compiling i18n-config v0.4.8
[INFO] [stderr]    Compiling hpke v0.12.0
[INFO] [stderr]    Compiling find-crate v0.6.3
[INFO] [stderr]    Compiling futures-executor v0.3.34
[INFO] [stderr]    Compiling futures v0.3.34
[INFO] [stderr]    Compiling cookie-factory v0.3.3
[INFO] [stderr]    Compiling i18n-embed-impl v0.8.4
[INFO] [stderr]    Compiling i18n-embed v0.16.0
[INFO] [stderr]    Compiling age-core v0.12.0
[INFO] [stderr]    Compiling i18n-embed-fl v0.10.1
[INFO] [stderr]    Compiling age v0.12.1
[INFO] [stderr]    Compiling oneseed v0.8.2 (/opt/rustwide/workdir)
[INFO] [stderr]     Finished `release` profile [optimized] target(s) in 41.70s
[INFO] running `Command { std: "docker" "inspect" "d923bb4476c9031f73a7a7c4538235455b0574fd0d9c24ab8c1d9cd60186d0a1", kill_on_drop: false }`
[INFO] running `Command { std: "docker" "exec" "-e" "SOURCE_DIR=/opt/rustwide/workdir" "-e" "CARGO_HOME=/opt/rustwide/cargo-home" "-e" "RUSTUP_HOME=/opt/rustwide/rustup-home" "-e" "CARGO_TARGET_DIR=/opt/rustwide/target" "-e" "CARGO_INCREMENTAL=0" "-e" "RUST_BACKTRACE=full" "-e" "RUSTFLAGS=--cap-lints=warn" "-e" "RUSTDOCFLAGS=--cap-lints=warn" "-w" "/opt/rustwide/workdir" "--user" "0:0" "d923bb4476c9031f73a7a7c4538235455b0574fd0d9c24ab8c1d9cd60186d0a1" "/opt/rustwide/cargo-home/bin/cargo" "+1.99.0-beta.8" "test" "--frozen" "--no-run" "--message-format=json" "--release", kill_on_drop: false }`
[INFO] [stderr]    Compiling getrandom v0.4.3
[INFO] [stderr]    Compiling rustix v1.1.4
[INFO] [stderr]    Compiling linux-raw-sys v0.12.1
[INFO] [stderr]    Compiling once_cell v1.21.4
[INFO] [stderr]    Compiling fastrand v2.5.0
[INFO] [stderr]    Compiling tempfile v3.27.0
[INFO] [stderr]    Compiling oneseed v0.8.2 (/opt/rustwide/workdir)
[INFO] [stderr]     Finished `release` profile [optimized] target(s) in 22.24s
[INFO] running `Command { std: "docker" "inspect" "d923bb4476c9031f73a7a7c4538235455b0574fd0d9c24ab8c1d9cd60186d0a1", kill_on_drop: false }`
[INFO] running `Command { std: "docker" "exec" "-e" "SOURCE_DIR=/opt/rustwide/workdir" "-e" "CARGO_HOME=/opt/rustwide/cargo-home" "-e" "RUSTUP_HOME=/opt/rustwide/rustup-home" "-e" "CARGO_TARGET_DIR=/opt/rustwide/target" "-e" "CARGO_INCREMENTAL=0" "-e" "RUST_BACKTRACE=full" "-e" "RUSTFLAGS=--cap-lints=warn" "-e" "RUSTDOCFLAGS=--cap-lints=warn" "-w" "/opt/rustwide/workdir" "--user" "0:0" "d923bb4476c9031f73a7a7c4538235455b0574fd0d9c24ab8c1d9cd60186d0a1" "/opt/rustwide/cargo-home/bin/cargo" "+1.99.0-beta.8" "test" "--frozen" "--release", kill_on_drop: false }`
[INFO] [stderr]     Finished `release` profile [optimized] target(s) in 0.19s
[INFO] [stderr]      Running unittests src/lib.rs (/opt/rustwide/target/release/deps/oneseed-eddae6031929f786)
[INFO] [stdout] 
[INFO] [stdout] running 82 tests
[INFO] [stdout] test age::tests::encrypt_rejects_empty_recipients ... ok
[INFO] [stdout] test age::tests::parse_recipient_rejects_garbage ... ok
[INFO] [stdout] test age::tests::decrypt_passphrase_rejects_recipient_encrypted_file ... ok
[INFO] [stdout] test age::tests::encrypt_decrypt_empty_plaintext ... ok
[INFO] [stdout] test age::tests::encrypt_decrypt_armored_roundtrip ... ok
[INFO] [stdout] test age::tests::decrypt_with_key_file_roundtrip ... ok
[INFO] [stdout] test age::tests::identity_format ... ok
[INFO] [stdout] test age::tests::wrong_identity_fails_decrypt ... ok
[INFO] [stdout] test age::tests::encrypt_decrypt_large_plaintext ... ok
[INFO] [stdout] test age::tests::recipient_format ... ok
[INFO] [stdout] test derive::tests::integer_deterministic ... ok
[INFO] [stdout] test age::tests::encrypt_decrypt_in_memory ... ok
[INFO] [stdout] test age::tests::identity_roundtrips_to_recipient ... ok
[INFO] [stdout] test age::tests::encrypt_to_multiple_recipients ... ok
[INFO] [stdout] test derive::tests::mnemonic_rejects_invalid_word_count ... ok
[INFO] [stdout] test derive::tests::integer_negative_range ... ok
[INFO] [stdout] test derive::tests::integer_in_range ... ok
[INFO] [stdout] test derive::tests::raw_deterministic ... ok
[INFO] [stdout] test derive::tests::integer_single_value_range ... ok
[INFO] [stdout] test derive::tests::mnemonic_deterministic ... ok
[INFO] [stdout] test derive::tests::integer_rejects_min_greater_than_max ... ok
[INFO] [stdout] test derive::tests::mnemonic_valid_words ... ok
[INFO] [stdout] test derive::tests::raw_rejects_too_long ... ok
[INFO] [stdout] test derive::tests::raw_respects_length ... ok
[INFO] [stdout] test derive::tests::uuid_format ... ok
[INFO] [stdout] test password::tests::different_sites_different_passwords ... ok
[INFO] [stdout] test derive::tests::uuid_deterministic ... ok
[INFO] [stdout] test password::tests::no_symbols_mode ... ok
[INFO] [stdout] test password::tests::counter_changes_password ... ok
[INFO] [stdout] test seed::tests::decode_storage_empty_errors ... ok
[INFO] [stdout] test seed::tests::decode_storage_long_text_with_newline_errors ... ok
[INFO] [stdout] test seed::tests::decode_storage_truncated_magic_errors ... ok
[INFO] [stdout] test seed::tests::decode_storage_magic_with_trailing_byte_errors ... ok
[INFO] [stdout] test password::tests::password_meets_requirements ... ok
[INFO] [stdout] test password::tests::minimum_length ... ok
[INFO] [stdout] test password::tests::rejects_too_short ... ok
[INFO] [stdout] test password::tests::maximum_length ... ok
[INFO] [stdout] test password::tests::password_deterministic ... ok
[INFO] [stdout] test seed::tests::encode_master_roundtrip ... ok
[INFO] [stdout] test password::tests::rejects_too_long ... ok
[INFO] [stdout] test age::tests::different_realms_different_recipients ... ok
[INFO] [stdout] test seed::tests::from_bytes_binary_uses_raw ... ok
[INFO] [stdout] test seed::tests::different_realms_different_keys ... ok
[INFO] [stdout] test seed::tests::legacy_raw_binary_parity ... ok
[INFO] [stdout] test seed::tests::keyring_found_separates_no_entry_from_failure ... ok
[INFO] [stdout] test seed::tests::load_stored_corrupt_keyring_entry_errors ... ok
[INFO] [stdout] test seed::tests::load_stored_copies_keyring_seed_to_missing_file ... ok
[INFO] [stdout] test seed::tests::load_stored_keyring_failure_without_file_reports_it ... ok
[INFO] [stdout] test seed::tests::load_stored_returns_keyring_seed_when_copy_fails ... ok
[INFO] [stdout] test seed::tests::derive_32_matches_derive ... ok
[INFO] [stdout] test seed::tests::remove_stored_keyring_entry_alone_is_removed ... ok
[INFO] [stdout] test seed::tests::remove_stored_keyring_failure_removes_files_and_reports_it ... ok
[INFO] [stdout] test seed::tests::remove_stored_no_entry_removes_files ... ok
[INFO] [stdout] test seed::tests::remove_stored_nothing_to_remove_errors ... ok
[INFO] [stdout] test seed::tests::write_seed_file_failure_leaves_no_target ... ok
[INFO] [stdout] test seed::tests::different_types_different_keys ... ok
[INFO] [stdout] test derive::tests::uuid_different_paths ... ok
[INFO] [stdout] test password::tests::custom_symbols ... ok
[INFO] [stdout] test seed::tests::write_seed_file_writes_exact_bytes_and_no_temp ... ok
[INFO] [stdout] test seed::tests::derive_various_lengths ... ok
[INFO] [stdout] test seed::tests::load_stored_keyring_failure_uses_existing_file ... ok
[INFO] [stdout] test age::tests::recipient_deterministic ... ok
[INFO] [stdout] test seed::tests::legacy_passphrase_parity ... ok
[INFO] [stdout] test sign::tests::different_realms_different_signing_keys ... ok
[INFO] [stdout] test sign::tests::verify_rejects_wrong_key ... ok
[INFO] [stdout] test sign::tests::sign_verify_file ... ok
[INFO] [stdout] test ssh::tests::private_key_openssh_format ... ok
[INFO] [stdout] test sign::tests::public_key_deterministic ... ok
[INFO] [stdout] test seed::tests::deterministic_derivation ... ok
[INFO] [stdout] test seed::tests::non_ascii_passphrase_uses_scrypt ... ok
[INFO] [stdout] test ssh::tests::different_realms_different_keys ... ok
[INFO] [stdout] test sign::tests::public_key_is_valid_base64 ... ok
[INFO] [stdout] test sign::tests::verify_rejects_tampered_data ... ok
[INFO] [stdout] test seed::tests::different_passphrases_different_keys ... ok
[INFO] [stdout] test seed::tests::from_bytes_ascii_uses_passphrase ... ok
[INFO] [stdout] test ssh::tests::private_key_matches_public_key ... ok
[INFO] [stdout] test ssh::tests::public_key_format ... ok
[INFO] [stdout] test ssh::tests::public_key_deterministic ... ok
[INFO] [stdout] test age::tests::decrypt_rejects_passphrase_encrypted_file ... ok
[INFO] [stdout] test age::tests::encrypt_decrypt_passphrase_roundtrip ... ok
[INFO] [stdout] test age::tests::encrypt_decrypt_passphrase_armored_roundtrip ... ok
[INFO] [stdout] test age::tests::wrong_passphrase_fails_decrypt ... ok
[INFO] [stdout] 
[INFO] [stdout] test result: ok. 82 passed; 0 failed; 0 ignored; 0 measured; 0 filtered out; finished in 3.95s
[INFO] [stdout] 
[INFO] [stderr]      Running unittests src/main.rs (/opt/rustwide/target/release/deps/1seed-8399b0f7992507b0)
[INFO] [stdout] 
[INFO] [stdout] running 0 tests
[INFO] [stdout] 
[INFO] [stdout] test result: ok. 0 passed; 0 failed; 0 ignored; 0 measured; 0 filtered out; finished in 0.00s
[INFO] [stdout] 
[INFO] [stderr]      Running tests/integration.rs (/opt/rustwide/target/release/deps/integration-cf1670edf0f78e50)
[INFO] [stdout] 
[INFO] [stdout] running 24 tests
[INFO] [stdout] test derive_uuid_format ... ok
[INFO] [stdout] test derive_integer_full_range ... ok
[INFO] [stdout] test derive_raw_too_long_errors ... ok
[INFO] [stdout] test init_from_magic_file_rejected ... ok
[INFO] [stdout] test init_from_first_32_bytes_keeps_legacy_raw_key ... ok
[INFO] [stdout] test encrypt_decrypt_roundtrip ... ok
[INFO] [stdout] test derive_integer_range ... ok
[INFO] [stdout] test password_length ... ok
[INFO] [stdout] test different_realms_different_keys ... ok
[INFO] [stdout] test init_generate_stores_magic_seed ... ok
[INFO] [stdout] test password_counter_changes_output ... ok
[INFO] [stdout] test init_on_linux_stores_seed_file_without_keyring_override ... ok
[INFO] [stdout] test ssh_pub_format ... ok
[INFO] [stdout] test raw_base64_output ... ok
[INFO] [stdout] test password_deterministic ... ok
[INFO] [stdout] test malformed_seed_files_rejected ... ok
[INFO] [stdout] test raw_hex_output ... ok
[INFO] [stdout] test sign_verify_roundtrip ... ok
[INFO] [stdout] test verify_fails_wrong_data ... ok
[INFO] [stdout] test pub_deterministic ... ok
[INFO] [stdout] test mnemonic_word_counts ... ok
[INFO] [stdout] test sign_output_file_verifies ... ok
[INFO] [stdout] test test_mode_env_does_not_weaken_kdf ... FAILED
[INFO] [stdout] test init_from_utf8_passphrase_scrypts ... ok
[INFO] [stdout] 
[INFO] [stdout] failures:
[INFO] [stdout] 
[INFO] [stdout] ---- test_mode_env_does_not_weaken_kdf stdout ----
[INFO] [stdout] 
[INFO] [stdout] thread 'test_mode_env_does_not_weaken_kdf' (3019) panicked at tests/integration.rs:484:9:
[INFO] [stdout] assertion failed: out.status.success()
[INFO] [stdout] stack backtrace:
[INFO] [stdout]    0:     0x59b3c6b6ef35 - <unknown>
[INFO] [stdout]    1:     0x59b3c6b5468a - <unknown>
[INFO] [stdout]    2:     0x59b3c6b6e5cb - <unknown>
[INFO] [stdout]    3:     0x59b3c6b6e0af - <unknown>
[INFO] [stdout]    4:     0x59b3c6b6dcda - <unknown>
[INFO] [stdout]    5:     0x59b3c6b6d812 - <unknown>
[INFO] [stdout]    6:     0x59b3c6b946f2 - <unknown>
[INFO] [stdout]    7:     0x59b3c6b94679 - <unknown>
[INFO] [stdout]    8:     0x59b3c6b94b8c - <unknown>
[INFO] [stdout]    9:     0x59b3c6b5451b - <unknown>
[INFO] [stdout]   10:     0x59b3c6b563c1 - <unknown>
[INFO] [stdout]   11:     0x59b3c6b475ea - <unknown>
[INFO] [stdout]   12:     0x59b3c6b5231a - <unknown>
[INFO] [stdout]   13:     0x59b3c6bb05cb - <unknown>
[INFO] [stdout]   14:     0x59b3c6bac741 - <unknown>
[INFO] [stdout]   15:     0x59b3c6babf2c - <unknown>
[INFO] [stdout]   16:     0x59b3c6bc881c - <unknown>
[INFO] [stdout]   17:     0x59b3c6b95fe2 - <unknown>
[INFO] [stdout]   18:     0x77903533adfa - <unknown>
[INFO] [stdout]   19:     0x7790353ce3d4 - clone
[INFO] [stdout]   20:                0x0 - <unknown>
[INFO] [stdout] 
[INFO] [stdout] 
[INFO] [stdout] failures:
[INFO] [stdout]     test_mode_env_does_not_weaken_kdf
[INFO] [stdout] 
[INFO] [stdout] test result: FAILED. 23 passed; 1 failed; 0 ignored; 0 measured; 0 filtered out; finished in 3.98s
[INFO] [stdout] 
[INFO] [stderr] error: test failed, to rerun pass `--test integration`
[INFO] running `Command { std: "docker" "inspect" "d923bb4476c9031f73a7a7c4538235455b0574fd0d9c24ab8c1d9cd60186d0a1", kill_on_drop: false }`
[INFO] running `Command { std: "docker" "rm" "-f" "d923bb4476c9031f73a7a7c4538235455b0574fd0d9c24ab8c1d9cd60186d0a1", kill_on_drop: false }`
[INFO] [stdout] d923bb4476c9031f73a7a7c4538235455b0574fd0d9c24ab8c1d9cd60186d0a1
