[INFO] fetching crate onepassword-cli 0.3.4...
[INFO] testing onepassword-cli-0.3.4 against 1.99.0-beta.8+cargoflags=--release for beta-release-1.100-2
[INFO] extracting crate onepassword-cli 0.3.4 into /workspace/builds/worker-2-tc1/source
[INFO] started tweaking crates.io crate onepassword-cli 0.3.4
[INFO] removed 0 missing examples
[INFO] finished tweaking crates.io crate onepassword-cli 0.3.4
[INFO] tweaked toml for crates.io crate onepassword-cli 0.3.4 written to /workspace/builds/worker-2-tc1/source/Cargo.toml
[INFO] validating manifest of crates.io crate onepassword-cli 0.3.4 on toolchain 1.99.0-beta.8
[INFO] running `Command { std: CARGO_HOME="/workspace/cargo-home" RUSTUP_HOME="/workspace/rustup-home" "/workspace/cargo-home/bin/cargo" "+1.99.0-beta.8" "metadata" "--manifest-path" "Cargo.toml" "--no-deps", kill_on_drop: false }`
[INFO] crate crates.io crate onepassword-cli 0.3.4 already has a lockfile, it will not be regenerated
[INFO] running `Command { std: CARGO_HOME="/workspace/cargo-home" RUSTUP_HOME="/workspace/rustup-home" "/workspace/cargo-home/bin/cargo" "+1.99.0-beta.8" "fetch" "--manifest-path" "Cargo.toml", kill_on_drop: false }`
[INFO] [stderr]     Blocking waiting for file lock on package cache
[INFO] [stderr]  Downloading crates ...
[INFO] [stderr]   Downloaded tokio-macros v1.1.0
[INFO] [stderr]   Downloaded itoa v0.4.7
[INFO] [stderr]   Downloaded instant v0.1.9
[INFO] [stderr]   Downloaded hermit-abi v0.1.18
[INFO] [stderr]   Downloaded signal-hook-registry v1.3.0
[INFO] [stderr]   Downloaded pin-project-lite v0.2.6
[INFO] [stderr]   Downloaded smallvec v1.6.1
[INFO] [stderr]   Downloaded redox_syscall v0.2.5
[INFO] [stderr]   Downloaded lock_api v0.4.2
[INFO] [stderr]   Downloaded async-trait v0.1.48
[INFO] [stderr]   Downloaded parking_lot_core v0.8.3
[INFO] [stderr]   Downloaded miow v0.3.6
[INFO] [stderr]   Downloaded once_cell v1.7.2
[INFO] [stderr]   Downloaded parking_lot v0.11.1
[INFO] [stderr]   Downloaded serde_derive v1.0.124
[INFO] [stderr]   Downloaded syn v1.0.64
[INFO] [stderr]   Downloaded bytes v1.0.1
[INFO] [stderr]   Downloaded serde v1.0.124
[INFO] [stderr]   Downloaded mio v0.7.10
[INFO] [stderr]   Downloaded serde_json v1.0.64
[INFO] [stderr]   Downloaded tokio v1.4.0
[INFO] [stderr]   Downloaded libc v0.2.90
[INFO] running `Command { std: "docker" "create" "-v" "/var/lib/crater-agent-workspace/builds/worker-2-tc1/source:/opt/rustwide/workdir:ro,Z" "-v" "/var/lib/crater-agent-workspace/builds/worker-2-tc1/target:/opt/rustwide/target:rw,Z" "-v" "/var/lib/crater-agent-workspace/cargo-home:/opt/rustwide/cargo-home:ro,Z" "-v" "/var/lib/crater-agent-workspace/rustup-home:/opt/rustwide/rustup-home:ro,Z" "-m" "1610612736" "--network" "none" "ghcr.io/rust-lang/crates-build-env/linux@sha256:77db811e55d90add9212f6832c23229e3de5f1c1f9905e8cb07319ea15df73ac" "sleep" "infinity", kill_on_drop: false }`
[INFO] [stdout] fd74c70703b00d93276e294f32690ee7aec33ef33e92a39cab0a9f628985dc90
[INFO] running `Command { std: "docker" "start" "fd74c70703b00d93276e294f32690ee7aec33ef33e92a39cab0a9f628985dc90", kill_on_drop: false }`
[INFO] running `Command { std: "docker" "inspect" "fd74c70703b00d93276e294f32690ee7aec33ef33e92a39cab0a9f628985dc90", kill_on_drop: false }`
[INFO] running `Command { std: "docker" "exec" "-e" "SOURCE_DIR=/opt/rustwide/workdir" "-e" "CARGO_HOME=/opt/rustwide/cargo-home" "-e" "RUSTUP_HOME=/opt/rustwide/rustup-home" "-e" "CARGO_TARGET_DIR=/opt/rustwide/target" "-w" "/opt/rustwide/workdir" "--user" "0:0" "fd74c70703b00d93276e294f32690ee7aec33ef33e92a39cab0a9f628985dc90" "/opt/rustwide/cargo-home/bin/cargo" "+1.99.0-beta.8" "metadata" "--no-deps" "--format-version=1", kill_on_drop: false }`
[INFO] running `Command { std: "docker" "inspect" "fd74c70703b00d93276e294f32690ee7aec33ef33e92a39cab0a9f628985dc90", kill_on_drop: false }`
[INFO] running `Command { std: "docker" "exec" "-e" "SOURCE_DIR=/opt/rustwide/workdir" "-e" "CARGO_HOME=/opt/rustwide/cargo-home" "-e" "RUSTUP_HOME=/opt/rustwide/rustup-home" "-e" "CARGO_TARGET_DIR=/opt/rustwide/target" "-e" "CARGO_INCREMENTAL=0" "-e" "RUST_BACKTRACE=full" "-e" "RUSTFLAGS=--cap-lints=warn" "-e" "RUSTDOCFLAGS=--cap-lints=warn" "-w" "/opt/rustwide/workdir" "--user" "0:0" "fd74c70703b00d93276e294f32690ee7aec33ef33e92a39cab0a9f628985dc90" "/opt/rustwide/cargo-home/bin/cargo" "+1.99.0-beta.8" "build" "--frozen" "--message-format=json" "--release", kill_on_drop: false }`
[INFO] [stderr]    Compiling libc v0.2.90
[INFO] [stderr]    Compiling syn v1.0.64
[INFO] [stderr]    Compiling log v0.4.14
[INFO] [stderr]    Compiling serde_derive v1.0.124
[INFO] [stderr]    Compiling smallvec v1.6.1
[INFO] [stderr]    Compiling serde v1.0.124
[INFO] [stderr]    Compiling memchr v2.3.4
[INFO] [stderr]    Compiling async-trait v0.1.48
[INFO] [stderr]    Compiling serde_json v1.0.64
[INFO] [stderr]    Compiling bytes v1.0.1
[INFO] [stderr]    Compiling num-traits v0.2.14
[INFO] [stderr]    Compiling instant v0.1.9
[INFO] [stderr]    Compiling num-integer v0.1.44
[INFO] [stderr]    Compiling tokio v1.4.0
[INFO] [stderr]    Compiling lock_api v0.4.2
[INFO] [stderr]    Compiling quote v1.0.9
[INFO] [stderr]    Compiling itoa v0.4.7
[INFO] [stderr]    Compiling once_cell v1.7.2
[INFO] [stderr]    Compiling pin-project-lite v0.2.6
[INFO] [stderr]    Compiling parking_lot_core v0.8.3
[INFO] [stderr]    Compiling time v0.1.44
[INFO] [stderr]    Compiling mio v0.7.10
[INFO] [stderr]    Compiling signal-hook-registry v1.3.0
[INFO] [stderr]    Compiling num_cpus v1.13.0
[INFO] [stderr]    Compiling parking_lot v0.11.1
[INFO] [stderr]    Compiling chrono v0.4.19
[INFO] [stderr]    Compiling tokio-macros v1.1.0
[INFO] [stderr]    Compiling onepassword-cli v0.3.4 (/opt/rustwide/workdir)
[INFO] [stdout] warning: field `expiration_time` is never read
[INFO] [stdout]   --> src/lib.rs:19:5
[INFO] [stdout]    |
[INFO] [stdout] 18 | pub struct OpCLI {
[INFO] [stdout]    |            ----- field in this struct
[INFO] [stdout] 19 |     expiration_time: DateTime<Utc>,
[INFO] [stdout]    |     ^^^^^^^^^^^^^^^
[INFO] [stdout]    |
[INFO] [stdout]    = note: `OpCLI` has a derived impl for the trait `Clone`, but this is intentionally ignored during dead code analysis
[INFO] [stdout]    = note: `#[warn(dead_code)]` (part of `#[warn(unused)]`) on by default
[INFO] [stdout] 
[INFO] [stdout] 
[INFO] [stderr]     Finished `release` profile [optimized] target(s) in 11.86s
[INFO] running `Command { std: "docker" "inspect" "fd74c70703b00d93276e294f32690ee7aec33ef33e92a39cab0a9f628985dc90", kill_on_drop: false }`
[INFO] running `Command { std: "docker" "exec" "-e" "SOURCE_DIR=/opt/rustwide/workdir" "-e" "CARGO_HOME=/opt/rustwide/cargo-home" "-e" "RUSTUP_HOME=/opt/rustwide/rustup-home" "-e" "CARGO_TARGET_DIR=/opt/rustwide/target" "-e" "CARGO_INCREMENTAL=0" "-e" "RUST_BACKTRACE=full" "-e" "RUSTFLAGS=--cap-lints=warn" "-e" "RUSTDOCFLAGS=--cap-lints=warn" "-w" "/opt/rustwide/workdir" "--user" "0:0" "fd74c70703b00d93276e294f32690ee7aec33ef33e92a39cab0a9f628985dc90" "/opt/rustwide/cargo-home/bin/cargo" "+1.99.0-beta.8" "test" "--frozen" "--no-run" "--message-format=json" "--release", kill_on_drop: false }`
[INFO] [stdout] warning: field `expiration_time` is never read
[INFO] [stdout]   --> src/lib.rs:19:5
[INFO] [stdout]    |
[INFO] [stdout] 18 | pub struct OpCLI {
[INFO] [stdout]    |            ----- field in this struct
[INFO] [stdout] 19 |     expiration_time: DateTime<Utc>,
[INFO] [stdout]    |     ^^^^^^^^^^^^^^^
[INFO] [stdout]    |
[INFO] [stdout]    = note: `OpCLI` has a derived impl for the trait `Clone`, but this is intentionally ignored during dead code analysis
[INFO] [stdout]    = note: `#[warn(dead_code)]` (part of `#[warn(unused)]`) on by default
[INFO] [stdout] 
[INFO] [stdout] 
[INFO] [stderr]    Compiling onepassword-cli v0.3.4 (/opt/rustwide/workdir)
[INFO] [stdout] warning: field `expiration_time` is never read
[INFO] [stdout]   --> src/lib.rs:19:5
[INFO] [stdout]    |
[INFO] [stdout] 18 | pub struct OpCLI {
[INFO] [stdout]    |            ----- field in this struct
[INFO] [stdout] 19 |     expiration_time: DateTime<Utc>,
[INFO] [stdout]    |     ^^^^^^^^^^^^^^^
[INFO] [stdout]    |
[INFO] [stdout]    = note: `OpCLI` has a derived impl for the trait `Clone`, but this is intentionally ignored during dead code analysis
[INFO] [stdout]    = note: `#[warn(dead_code)]` (part of `#[warn(unused)]`) on by default
[INFO] [stdout] 
[INFO] [stdout] 
[INFO] [stderr]     Finished `release` profile [optimized] target(s) in 3.97s
[INFO] running `Command { std: "docker" "inspect" "fd74c70703b00d93276e294f32690ee7aec33ef33e92a39cab0a9f628985dc90", kill_on_drop: false }`
[INFO] running `Command { std: "docker" "exec" "-e" "SOURCE_DIR=/opt/rustwide/workdir" "-e" "CARGO_HOME=/opt/rustwide/cargo-home" "-e" "RUSTUP_HOME=/opt/rustwide/rustup-home" "-e" "CARGO_TARGET_DIR=/opt/rustwide/target" "-e" "CARGO_INCREMENTAL=0" "-e" "RUST_BACKTRACE=full" "-e" "RUSTFLAGS=--cap-lints=warn" "-e" "RUSTDOCFLAGS=--cap-lints=warn" "-w" "/opt/rustwide/workdir" "--user" "0:0" "fd74c70703b00d93276e294f32690ee7aec33ef33e92a39cab0a9f628985dc90" "/opt/rustwide/cargo-home/bin/cargo" "+1.99.0-beta.8" "test" "--frozen" "--release", kill_on_drop: false }`
[INFO] [stderr] warning: field `expiration_time` is never read
[INFO] [stderr]   --> src/lib.rs:19:5
[INFO] [stderr]    |
[INFO] [stderr] 18 | pub struct OpCLI {
[INFO] [stderr]    |            ----- field in this struct
[INFO] [stderr] 19 |     expiration_time: DateTime<Utc>,
[INFO] [stderr]    |     ^^^^^^^^^^^^^^^
[INFO] [stderr]    |
[INFO] [stderr]    = note: `OpCLI` has a derived impl for the trait `Clone`, but this is intentionally ignored during dead code analysis
[INFO] [stderr]    = note: `#[warn(dead_code)]` (part of `#[warn(unused)]`) on by default
[INFO] [stderr] 
[INFO] [stderr] warning: `onepassword-cli` (lib) generated 1 warning
[INFO] [stderr] warning: `onepassword-cli` (lib test) generated 1 warning (1 duplicate)
[INFO] [stderr]     Finished `release` profile [optimized] target(s) in 0.05s
[INFO] [stderr]      Running unittests src/lib.rs (/opt/rustwide/target/release/deps/onepassword_cli-dc77aa1cddb417a1)
[INFO] [stdout] 
[INFO] [stdout] running 13 tests
[INFO] [stdout] test tests::test_account_flags ... FAILED
[INFO] [stdout] test tests::test_get_user ... FAILED
[INFO] [stdout] test tests::test_account ... FAILED
[INFO] [stdout] test tests::test_create_document ... FAILED
[INFO] [stdout] test tests::test_list_items ... FAILED
[INFO] [stdout] test tests::test_list_documents ... FAILED
[INFO] [stdout] test tests::test_new_with_pass ... FAILED
[INFO] [stdout] test tests::test_get_item_lite ... FAILED
[INFO] [stdout] test tests::test_delete_document ... FAILED
[INFO] [stdout] test tests::test_list_users ... FAILED
[INFO] [stdout] test tests::test_get_totp ... FAILED
[INFO] [stdout] test tests::test_get_item ... FAILED
[INFO] [stdout] test tests::test_get_document ... FAILED
[INFO] [stdout] 
[INFO] [stdout] failures:
[INFO] [stdout] 
[INFO] [stdout] ---- tests::test_account_flags stdout ----
[INFO] [stdout] 
[INFO] [stdout] thread 'tests::test_account_flags' (981) panicked at src/tests.rs:24:22:
[INFO] [stdout] called `Result::unwrap()` on an `Err` value: Io(Custom { kind: NotFound, error: "path not found" })
[INFO] [stdout] stack backtrace:
[INFO] [stdout]    0:     0x5bc677297fd1 - <<std[70759c8f55707aa4]::sys::backtrace::BacktraceLock>::print::DisplayBacktrace as core[df12db4294e9bfd3]::fmt::Display>::fmt
[INFO] [stdout]    1:     0x5bc6772ad07a - core[df12db4294e9bfd3]::fmt::write
[INFO] [stdout]    2:     0x5bc67729c6dc - <alloc[2182bb758b4b3781]::vec::Vec<u8> as core[df12db4294e9bfd3]::io::write::Write>::write_fmt
[INFO] [stdout]    3:     0x5bc677273976 - std[70759c8f55707aa4]::panicking::default_hook::{closure#0}
[INFO] [stdout]    4:     0x5bc677290279 - std[70759c8f55707aa4]::panicking::default_hook
[INFO] [stdout]    5:     0x5bc6771f8ec0 - test[9d35eded1c95d3be]::test_main_inner::<test[9d35eded1c95d3be]::test_main_static::{closure#0}>::{closure#0}
[INFO] [stdout]    6:     0x5bc6772905a2 - std[70759c8f55707aa4]::panicking::panic_with_hook
[INFO] [stdout]    7:     0x5bc677273a22 - std[70759c8f55707aa4]::panicking::panic_handler::{closure#0}
[INFO] [stdout]    8:     0x5bc67726c539 - std[70759c8f55707aa4]::sys::backtrace::__rust_end_short_backtrace::<std[70759c8f55707aa4]::panicking::panic_handler::{closure#0}, !>
[INFO] [stdout]    9:     0x5bc6772746bd - __rustc[8fa7c3cbc660c2b3]::rust_begin_unwind
[INFO] [stdout]   10:     0x5bc6772ad7dc - core[df12db4294e9bfd3]::panicking::panic_fmt
[INFO] [stdout]   11:     0x5bc6772ad5b2 - core[df12db4294e9bfd3]::result::unwrap_failed
[INFO] [stdout]   12:     0x5bc6771caa2e - <core[df12db4294e9bfd3]::pin::Pin<&mut onepassword_cli[a6b571ae30334c79]::tests::test_account_flags::{closure#0}> as core[df12db4294e9bfd3]::future::future::Future>::poll
[INFO] [stdout]   13:     0x5bc6771d3e03 - <tokio[a06707d311dd8e3]::macros::scoped_tls::ScopedKey<tokio[a06707d311dd8e3]::runtime::basic_scheduler::Context>>::set::<tokio[a06707d311dd8e3]::runtime::basic_scheduler::enter<<tokio[a06707d311dd8e3]::runtime::basic_scheduler::Inner<tokio[a06707d311dd8e3]::runtime::driver::Driver>>::block_on<core[df12db4294e9bfd3]::pin::Pin<&mut onepassword_cli[a6b571ae30334c79]::tests::test_account_flags::{closure#0}>>::{closure#0}, (), tokio[a06707d311dd8e3]::runtime::driver::Driver>::{closure#0}, ()>
[INFO] [stdout]   14:     0x5bc6771cebb8 - <tokio[a06707d311dd8e3]::runtime::basic_scheduler::BasicScheduler<tokio[a06707d311dd8e3]::runtime::driver::Driver>>::block_on::<onepassword_cli[a6b571ae30334c79]::tests::test_account_flags::{closure#0}>
[INFO] [stdout]   15:     0x5bc6771e6854 - <tokio[a06707d311dd8e3]::runtime::Runtime>::block_on::<onepassword_cli[a6b571ae30334c79]::tests::test_account_flags::{closure#0}>
[INFO] [stdout]   16:     0x5bc6771ddc69 - onepassword_cli[a6b571ae30334c79]::tests::test_account_flags
[INFO] [stdout]   17:     0x5bc6771bbca9 - <onepassword_cli[a6b571ae30334c79]::tests::test_account_flags::{closure#0} as core[df12db4294e9bfd3]::ops::function::FnOnce<()>>::call_once
[INFO] [stdout]   18:     0x5bc6771ec1ab - test[9d35eded1c95d3be]::__rust_begin_short_backtrace::<core[df12db4294e9bfd3]::result::Result<(), alloc[2182bb758b4b3781]::string::String>, fn() -> core[df12db4294e9bfd3]::result::Result<(), alloc[2182bb758b4b3781]::string::String>>
[INFO] [stdout]   19:     0x5bc6771f9815 - test[9d35eded1c95d3be]::run_test::{closure#0}
[INFO] [stdout]   20:     0x5bc6771f30d4 - std[70759c8f55707aa4]::sys::backtrace::__rust_begin_short_backtrace::<test[9d35eded1c95d3be]::run_test::{closure#1}, ()>
[INFO] [stdout]   21:     0x5bc6771fc972 - <std[70759c8f55707aa4]::thread::lifecycle::spawn_unchecked<test[9d35eded1c95d3be]::run_test::{closure#1}, ()>::{closure#1} as core[df12db4294e9bfd3]::ops::function::FnOnce<()>>::call_once::{shim:vtable#0}
[INFO] [stdout]   22:     0x5bc677297869 - <std[70759c8f55707aa4]::sys::thread::unix::Thread>::new::thread_start
[INFO] [stdout]   23:     0x7e52343fadfa - <unknown>
[INFO] [stdout]   24:     0x7e523448e3d4 - clone
[INFO] [stdout]   25:                0x0 - <unknown>
[INFO] [stdout] 
[INFO] [stdout] ---- tests::test_get_user stdout ----
[INFO] [stdout] 
[INFO] [stdout] thread 'tests::test_get_user' (988) panicked at src/tests.rs:123:22:
[INFO] [stdout] called `Result::unwrap()` on an `Err` value: Io(Custom { kind: NotFound, error: "path not found" })
[INFO] [stdout] stack backtrace:
[INFO] [stdout]    0:     0x5bc677297fd1 - <<std[70759c8f55707aa4]::sys::backtrace::BacktraceLock>::print::DisplayBacktrace as core[df12db4294e9bfd3]::fmt::Display>::fmt
[INFO] [stdout]    1:     0x5bc6772ad07a - core[df12db4294e9bfd3]::fmt::write
[INFO] [stdout]    2:     0x5bc67729c6dc - <alloc[2182bb758b4b3781]::vec::Vec<u8> as core[df12db4294e9bfd3]::io::write::Write>::write_fmt
[INFO] [stdout]    3:     0x5bc677273976 - std[70759c8f55707aa4]::panicking::default_hook::{closure#0}
[INFO] [stdout]    4:     0x5bc677290279 - std[70759c8f55707aa4]::panicking::default_hook
[INFO] [stdout]    5:     0x5bc6771f8ec0 - test[9d35eded1c95d3be]::test_main_inner::<test[9d35eded1c95d3be]::test_main_static::{closure#0}>::{closure#0}
[INFO] [stdout]    6:     0x5bc6772905a2 - std[70759c8f55707aa4]::panicking::panic_with_hook
[INFO] [stdout]    7:     0x5bc677273a22 - std[70759c8f55707aa4]::panicking::panic_handler::{closure#0}
[INFO] [stdout]    8:     0x5bc67726c539 - std[70759c8f55707aa4]::sys::backtrace::__rust_end_short_backtrace::<std[70759c8f55707aa4]::panicking::panic_handler::{closure#0}, !>
[INFO] [stdout]    9:     0x5bc6772746bd - __rustc[8fa7c3cbc660c2b3]::rust_begin_unwind
[INFO] [stdout]   10:     0x5bc6772ad7dc - core[df12db4294e9bfd3]::panicking::panic_fmt
[INFO] [stdout]   11:     0x5bc6772ad5b2 - core[df12db4294e9bfd3]::result::unwrap_failed
[INFO] [stdout]   12:     0x5bc6771c8ed5 - <core[df12db4294e9bfd3]::pin::Pin<&mut onepassword_cli[a6b571ae30334c79]::tests::test_get_user::{closure#0}> as core[df12db4294e9bfd3]::future::future::Future>::poll
[INFO] [stdout]   13:     0x5bc6771d2e03 - <tokio[a06707d311dd8e3]::macros::scoped_tls::ScopedKey<tokio[a06707d311dd8e3]::runtime::basic_scheduler::Context>>::set::<tokio[a06707d311dd8e3]::runtime::basic_scheduler::enter<<tokio[a06707d311dd8e3]::runtime::basic_scheduler::Inner<tokio[a06707d311dd8e3]::runtime::driver::Driver>>::block_on<core[df12db4294e9bfd3]::pin::Pin<&mut onepassword_cli[a6b571ae30334c79]::tests::test_get_user::{closure#0}>>::{closure#0}, (), tokio[a06707d311dd8e3]::runtime::driver::Driver>::{closure#0}, ()>
[INFO] [stdout]   14:     0x5bc6771cdb78 - <tokio[a06707d311dd8e3]::runtime::basic_scheduler::BasicScheduler<tokio[a06707d311dd8e3]::runtime::driver::Driver>>::block_on::<onepassword_cli[a6b571ae30334c79]::tests::test_get_user::{closure#0}>
[INFO] [stdout]   15:     0x5bc6771e6556 - <tokio[a06707d311dd8e3]::runtime::Runtime>::block_on::<onepassword_cli[a6b571ae30334c79]::tests::test_get_user::{closure#0}>
[INFO] [stdout]   16:     0x5bc6771dd86b - onepassword_cli[a6b571ae30334c79]::tests::test_get_user
[INFO] [stdout]   17:     0x5bc6771bbc29 - <onepassword_cli[a6b571ae30334c79]::tests::test_get_user::{closure#0} as core[df12db4294e9bfd3]::ops::function::FnOnce<()>>::call_once
[INFO] [stdout]   18:     0x5bc6771ec1ab - test[9d35eded1c95d3be]::__rust_begin_short_backtrace::<core[df12db4294e9bfd3]::result::Result<(), alloc[2182bb758b4b3781]::string::String>, fn() -> core[df12db4294e9bfd3]::result::Result<(), alloc[2182bb758b4b3781]::string::String>>
[INFO] [stdout]   19:     0x5bc6771f9815 - test[9d35eded1c95d3be]::run_test::{closure#0}
[INFO] [stdout]   20:     0x5bc6771f30d4 - std[70759c8f55707aa4]::sys::backtrace::__rust_begin_short_backtrace::<test[9d35eded1c95d3be]::run_test::{closure#1}, ()>
[INFO] [stdout]   21:     0x5bc6771fc972 - <std[70759c8f55707aa4]::thread::lifecycle::spawn_unchecked<test[9d35eded1c95d3be]::run_test::{closure#1}, ()>::{closure#1} as core[df12db4294e9bfd3]::ops::function::FnOnce<()>>::call_once::{shim:vtable#0}
[INFO] [stdout]   22:     0x5bc677297869 - <std[70759c8f55707aa4]::sys::thread::unix::Thread>::new::thread_start
[INFO] [stdout]   23:     0x7e52343fadfa - <unknown>
[INFO] [stdout]   24:     0x7e523448e3d4 - clone
[INFO] [stdout]   25:                0x0 - <unknown>
[INFO] [stdout] 
[INFO] [stdout] ---- tests::test_account stdout ----
[INFO] [stdout] 
[INFO] [stdout] thread 'tests::test_account' (980) panicked at src/tests.rs:14:22:
[INFO] [stdout] called `Result::unwrap()` on an `Err` value: Io(Custom { kind: NotFound, error: "path not found" })
[INFO] [stdout] stack backtrace:
[INFO] [stdout]    0:     0x5bc677297fd1 - <<std[70759c8f55707aa4]::sys::backtrace::BacktraceLock>::print::DisplayBacktrace as core[df12db4294e9bfd3]::fmt::Display>::fmt
[INFO] [stdout]    1:     0x5bc6772ad07a - core[df12db4294e9bfd3]::fmt::write
[INFO] [stdout]    2:     0x5bc67729c6dc - <alloc[2182bb758b4b3781]::vec::Vec<u8> as core[df12db4294e9bfd3]::io::write::Write>::write_fmt
[INFO] [stdout]    3:     0x5bc677273976 - std[70759c8f55707aa4]::panicking::default_hook::{closure#0}
[INFO] [stdout]    4:     0x5bc677290279 - std[70759c8f55707aa4]::panicking::default_hook
[INFO] [stdout]    5:     0x5bc6771f8ec0 - test[9d35eded1c95d3be]::test_main_inner::<test[9d35eded1c95d3be]::test_main_static::{closure#0}>::{closure#0}
[INFO] [stdout]    6:     0x5bc6772905a2 - std[70759c8f55707aa4]::panicking::panic_with_hook
[INFO] [stdout]    7:     0x5bc677273a22 - std[70759c8f55707aa4]::panicking::panic_handler::{closure#0}
[INFO] [stdout]    8:     0x5bc67726c539 - std[70759c8f55707aa4]::sys::backtrace::__rust_end_short_backtrace::<std[70759c8f55707aa4]::panicking::panic_handler::{closure#0}, !>
[INFO] [stdout]    9:     0x5bc6772746bd - __rustc[8fa7c3cbc660c2b3]::rust_begin_unwind
[INFO] [stdout]   10:     0x5bc6772ad7dc - core[df12db4294e9bfd3]::panicking::panic_fmt
[INFO] [stdout]   11:     0x5bc6772ad5b2 - core[df12db4294e9bfd3]::result::unwrap_failed
[INFO] [stdout]   12:     0x5bc6771c7aca - <core[df12db4294e9bfd3]::pin::Pin<&mut onepassword_cli[a6b571ae30334c79]::tests::test_account::{closure#0}> as core[df12db4294e9bfd3]::future::future::Future>::poll
[INFO] [stdout]   13:     0x5bc6771d2203 - <tokio[a06707d311dd8e3]::macros::scoped_tls::ScopedKey<tokio[a06707d311dd8e3]::runtime::basic_scheduler::Context>>::set::<tokio[a06707d311dd8e3]::runtime::basic_scheduler::enter<<tokio[a06707d311dd8e3]::runtime::basic_scheduler::Inner<tokio[a06707d311dd8e3]::runtime::driver::Driver>>::block_on<core[df12db4294e9bfd3]::pin::Pin<&mut onepassword_cli[a6b571ae30334c79]::tests::test_account::{closure#0}>>::{closure#0}, (), tokio[a06707d311dd8e3]::runtime::driver::Driver>::{closure#0}, ()>
[INFO] [stdout]   14:     0x5bc6771ccf48 - <tokio[a06707d311dd8e3]::runtime::basic_scheduler::BasicScheduler<tokio[a06707d311dd8e3]::runtime::driver::Driver>>::block_on::<onepassword_cli[a6b571ae30334c79]::tests::test_account::{closure#0}>
[INFO] [stdout]   15:     0x5bc6771e6314 - <tokio[a06707d311dd8e3]::runtime::Runtime>::block_on::<onepassword_cli[a6b571ae30334c79]::tests::test_account::{closure#0}>
[INFO] [stdout]   16:     0x5bc6771dd569 - onepassword_cli[a6b571ae30334c79]::tests::test_account
[INFO] [stdout]   17:     0x5bc6771bbbc9 - <onepassword_cli[a6b571ae30334c79]::tests::test_account::{closure#0} as core[df12db4294e9bfd3]::ops::function::FnOnce<()>>::call_once
[INFO] [stdout]   18:     0x5bc6771ec1ab - test[9d35eded1c95d3be]::__rust_begin_short_backtrace::<core[df12db4294e9bfd3]::result::Result<(), alloc[2182bb758b4b3781]::string::String>, fn() -> core[df12db4294e9bfd3]::result::Result<(), alloc[2182bb758b4b3781]::string::String>>
[INFO] [stdout]   19:     0x5bc6771f9815 - test[9d35eded1c95d3be]::run_test::{closure#0}
[INFO] [stdout]   20:     0x5bc6771f30d4 - std[70759c8f55707aa4]::sys::backtrace::__rust_begin_short_backtrace::<test[9d35eded1c95d3be]::run_test::{closure#1}, ()>
[INFO] [stdout]   21:     0x5bc6771fc972 - <std[70759c8f55707aa4]::thread::lifecycle::spawn_unchecked<test[9d35eded1c95d3be]::run_test::{closure#1}, ()>::{closure#1} as core[df12db4294e9bfd3]::ops::function::FnOnce<()>>::call_once::{shim:vtable#0}
[INFO] [stdout]   22:     0x5bc677297869 - <std[70759c8f55707aa4]::sys::thread::unix::Thread>::new::thread_start
[INFO] [stdout]   23:     0x7e52343fadfa - <unknown>
[INFO] [stdout]   24:     0x7e523448e3d4 - clone
[INFO] [stdout]   25:                0x0 - <unknown>
[INFO] [stdout] 
[INFO] [stdout] ---- tests::test_create_document stdout ----
[INFO] [stdout] 
[INFO] [stdout] thread 'tests::test_create_document' (982) panicked at src/tests.rs:59:22:
[INFO] [stdout] called `Result::unwrap()` on an `Err` value: Io(Custom { kind: NotFound, error: "path not found" })
[INFO] [stdout] stack backtrace:
[INFO] [stdout]    0:     0x5bc677297fd1 - <<std[70759c8f55707aa4]::sys::backtrace::BacktraceLock>::print::DisplayBacktrace as core[df12db4294e9bfd3]::fmt::Display>::fmt
[INFO] [stdout]    1:     0x5bc6772ad07a - core[df12db4294e9bfd3]::fmt::write
[INFO] [stdout]    2:     0x5bc67729c6dc - <alloc[2182bb758b4b3781]::vec::Vec<u8> as core[df12db4294e9bfd3]::io::write::Write>::write_fmt
[INFO] [stdout]    3:     0x5bc677273976 - std[70759c8f55707aa4]::panicking::default_hook::{closure#0}
[INFO] [stdout]    4:     0x5bc677290279 - std[70759c8f55707aa4]::panicking::default_hook
[INFO] [stdout]    5:     0x5bc6771f8ec0 - test[9d35eded1c95d3be]::test_main_inner::<test[9d35eded1c95d3be]::test_main_static::{closure#0}>::{closure#0}
[INFO] [stdout]    6:     0x5bc6772905a2 - std[70759c8f55707aa4]::panicking::panic_with_hook
[INFO] [stdout]    7:     0x5bc677273a22 - std[70759c8f55707aa4]::panicking::panic_handler::{closure#0}
[INFO] [stdout]    8:     0x5bc67726c539 - std[70759c8f55707aa4]::sys::backtrace::__rust_end_short_backtrace::<std[70759c8f55707aa4]::panicking::panic_handler::{closure#0}, !>
[INFO] [stdout]    9:     0x5bc6772746bd - __rustc[8fa7c3cbc660c2b3]::rust_begin_unwind
[INFO] [stdout]   10:     0x5bc6772ad7dc - core[df12db4294e9bfd3]::panicking::panic_fmt
[INFO] [stdout]   11:     0x5bc6772ad5b2 - core[df12db4294e9bfd3]::result::unwrap_failed
[INFO] [stdout]   12:     0x5bc6771cc180 - <core[df12db4294e9bfd3]::pin::Pin<&mut onepassword_cli[a6b571ae30334c79]::tests::test_create_document::{closure#0}> as core[df12db4294e9bfd3]::future::future::Future>::poll
[INFO] [stdout]   13:     0x5bc6771d4e03 - <tokio[a06707d311dd8e3]::macros::scoped_tls::ScopedKey<tokio[a06707d311dd8e3]::runtime::basic_scheduler::Context>>::set::<tokio[a06707d311dd8e3]::runtime::basic_scheduler::enter<<tokio[a06707d311dd8e3]::runtime::basic_scheduler::Inner<tokio[a06707d311dd8e3]::runtime::driver::Driver>>::block_on<core[df12db4294e9bfd3]::pin::Pin<&mut onepassword_cli[a6b571ae30334c79]::tests::test_create_document::{closure#0}>>::{closure#0}, (), tokio[a06707d311dd8e3]::runtime::driver::Driver>::{closure#0}, ()>
[INFO] [stdout]   14:     0x5bc6771cfc58 - <tokio[a06707d311dd8e3]::runtime::basic_scheduler::BasicScheduler<tokio[a06707d311dd8e3]::runtime::driver::Driver>>::block_on::<onepassword_cli[a6b571ae30334c79]::tests::test_create_document::{closure#0}>
[INFO] [stdout]   15:     0x5bc6771e6b54 - <tokio[a06707d311dd8e3]::runtime::Runtime>::block_on::<onepassword_cli[a6b571ae30334c79]::tests::test_create_document::{closure#0}>
[INFO] [stdout]   16:     0x5bc6771de069 - onepassword_cli[a6b571ae30334c79]::tests::test_create_document
[INFO] [stdout]   17:     0x5bc6771bbd29 - <onepassword_cli[a6b571ae30334c79]::tests::test_create_document::{closure#0} as core[df12db4294e9bfd3]::ops::function::FnOnce<()>>::call_once
[INFO] [stdout]   18:     0x5bc6771ec1ab - test[9d35eded1c95d3be]::__rust_begin_short_backtrace::<core[df12db4294e9bfd3]::result::Result<(), alloc[2182bb758b4b3781]::string::String>, fn() -> core[df12db4294e9bfd3]::result::Result<(), alloc[2182bb758b4b3781]::string::String>>
[INFO] [stdout]   19:     0x5bc6771f9815 - test[9d35eded1c95d3be]::run_test::{closure#0}
[INFO] [stdout]   20:     0x5bc6771f30d4 - std[70759c8f55707aa4]::sys::backtrace::__rust_begin_short_backtrace::<test[9d35eded1c95d3be]::run_test::{closure#1}, ()>
[INFO] [stdout]   21:     0x5bc6771fc972 - <std[70759c8f55707aa4]::thread::lifecycle::spawn_unchecked<test[9d35eded1c95d3be]::run_test::{closure#1}, ()>::{closure#1} as core[df12db4294e9bfd3]::ops::function::FnOnce<()>>::call_once::{shim:vtable#0}
[INFO] [stdout]   22:     0x5bc677297869 - <std[70759c8f55707aa4]::sys::thread::unix::Thread>::new::thread_start
[INFO] [stdout]   23:     0x7e52343fadfa - <unknown>
[INFO] [stdout]   24:     0x7e523448e3d4 - clone
[INFO] [stdout]   25:                0x0 - <unknown>
[INFO] [stdout] 
[INFO] [stdout] ---- tests::test_list_items stdout ----
[INFO] [stdout] 
[INFO] [stdout] thread 'tests::test_list_items' (990) panicked at src/tests.rs:103:22:
[INFO] [stdout] called `Result::unwrap()` on an `Err` value: Io(Custom { kind: NotFound, error: "path not found" })
[INFO] [stdout] stack backtrace:
[INFO] [stdout]    0:     0x5bc677297fd1 - <<std[70759c8f55707aa4]::sys::backtrace::BacktraceLock>::print::DisplayBacktrace as core[df12db4294e9bfd3]::fmt::Display>::fmt
[INFO] [stdout]    1:     0x5bc6772ad07a - core[df12db4294e9bfd3]::fmt::write
[INFO] [stdout]    2:     0x5bc67729c6dc - <alloc[2182bb758b4b3781]::vec::Vec<u8> as core[df12db4294e9bfd3]::io::write::Write>::write_fmt
[INFO] [stdout]    3:     0x5bc677273976 - std[70759c8f55707aa4]::panicking::default_hook::{closure#0}
[INFO] [stdout]    4:     0x5bc677290279 - std[70759c8f55707aa4]::panicking::default_hook
[INFO] [stdout]    5:     0x5bc6771f8ec0 - test[9d35eded1c95d3be]::test_main_inner::<test[9d35eded1c95d3be]::test_main_static::{closure#0}>::{closure#0}
[INFO] [stdout]    6:     0x5bc6772905a2 - std[70759c8f55707aa4]::panicking::panic_with_hook
[INFO] [stdout]    7:     0x5bc677273a22 - std[70759c8f55707aa4]::panicking::panic_handler::{closure#0}
[INFO] [stdout]    8:     0x5bc67726c539 - std[70759c8f55707aa4]::sys::backtrace::__rust_end_short_backtrace::<std[70759c8f55707aa4]::panicking::panic_handler::{closure#0}, !>
[INFO] [stdout]    9:     0x5bc6772746bd - __rustc[8fa7c3cbc660c2b3]::rust_begin_unwind
[INFO] [stdout]   10:     0x5bc6772ad7dc - core[df12db4294e9bfd3]::panicking::panic_fmt
[INFO] [stdout]   11:     0x5bc6772ad5b2 - core[df12db4294e9bfd3]::result::unwrap_failed
[INFO] [stdout]   12:     0x5bc6771c971a - <core[df12db4294e9bfd3]::pin::Pin<&mut onepassword_cli[a6b571ae30334c79]::tests::test_list_items::{closure#0}> as core[df12db4294e9bfd3]::future::future::Future>::poll
[INFO] [stdout]   13:     0x5bc6771d3203 - <tokio[a06707d311dd8e3]::macros::scoped_tls::ScopedKey<tokio[a06707d311dd8e3]::runtime::basic_scheduler::Context>>::set::<tokio[a06707d311dd8e3]::runtime::basic_scheduler::enter<<tokio[a06707d311dd8e3]::runtime::basic_scheduler::Inner<tokio[a06707d311dd8e3]::runtime::driver::Driver>>::block_on<core[df12db4294e9bfd3]::pin::Pin<&mut onepassword_cli[a6b571ae30334c79]::tests::test_list_items::{closure#0}>>::{closure#0}, (), tokio[a06707d311dd8e3]::runtime::driver::Driver>::{closure#0}, ()>
[INFO] [stdout]   14:     0x5bc6771cdf88 - <tokio[a06707d311dd8e3]::runtime::basic_scheduler::BasicScheduler<tokio[a06707d311dd8e3]::runtime::driver::Driver>>::block_on::<onepassword_cli[a6b571ae30334c79]::tests::test_list_items::{closure#0}>
[INFO] [stdout]   15:     0x5bc6771e6614 - <tokio[a06707d311dd8e3]::runtime::Runtime>::block_on::<onepassword_cli[a6b571ae30334c79]::tests::test_list_items::{closure#0}>
[INFO] [stdout]   16:     0x5bc6771dd969 - onepassword_cli[a6b571ae30334c79]::tests::test_list_items
[INFO] [stdout]   17:     0x5bc6771bbc49 - <onepassword_cli[a6b571ae30334c79]::tests::test_list_items::{closure#0} as core[df12db4294e9bfd3]::ops::function::FnOnce<()>>::call_once
[INFO] [stdout]   18:     0x5bc6771ec1ab - test[9d35eded1c95d3be]::__rust_begin_short_backtrace::<core[df12db4294e9bfd3]::result::Result<(), alloc[2182bb758b4b3781]::string::String>, fn() -> core[df12db4294e9bfd3]::result::Result<(), alloc[2182bb758b4b3781]::string::String>>
[INFO] [stdout]   19:     0x5bc6771f9815 - test[9d35eded1c95d3be]::run_test::{closure#0}
[INFO] [stdout]   20:     0x5bc6771f30d4 - std[70759c8f55707aa4]::sys::backtrace::__rust_begin_short_backtrace::<test[9d35eded1c95d3be]::run_test::{closure#1}, ()>
[INFO] [stdout]   21:     0x5bc6771fc972 - <std[70759c8f55707aa4]::thread::lifecycle::spawn_unchecked<test[9d35eded1c95d3be]::run_test::{closure#1}, ()>::{closure#1} as core[df12db4294e9bfd3]::ops::function::FnOnce<()>>::call_once::{shim:vtable#0}
[INFO] [stdout]   22:     0x5bc677297869 - <std[70759c8f55707aa4]::sys::thread::unix::Thread>::new::thread_start
[INFO] [stdout]   23:     0x7e52343fadfa - <unknown>
[INFO] [stdout]   24:     0x7e523448e3d4 - clone
[INFO] [stdout]   25:                0x0 - <unknown>
[INFO] [stdout] 
[INFO] [stdout] ---- tests::test_list_documents stdout ----
[INFO] [stdout] 
[INFO] [stdout] thread 'tests::test_list_documents' (989) panicked at src/tests.rs:93:22:
[INFO] [stdout] called `Result::unwrap()` on an `Err` value: Io(Custom { kind: NotFound, error: "path not found" })
[INFO] [stdout] stack backtrace:
[INFO] [stdout]    0:     0x5bc677297fd1 - <<std[70759c8f55707aa4]::sys::backtrace::BacktraceLock>::print::DisplayBacktrace as core[df12db4294e9bfd3]::fmt::Display>::fmt
[INFO] [stdout]    1:     0x5bc6772ad07a - core[df12db4294e9bfd3]::fmt::write
[INFO] [stdout]    2:     0x5bc67729c6dc - <alloc[2182bb758b4b3781]::vec::Vec<u8> as core[df12db4294e9bfd3]::io::write::Write>::write_fmt
[INFO] [stdout]    3:     0x5bc677273976 - std[70759c8f55707aa4]::panicking::default_hook::{closure#0}
[INFO] [stdout]    4:     0x5bc677290279 - std[70759c8f55707aa4]::panicking::default_hook
[INFO] [stdout]    5:     0x5bc6771f8ec0 - test[9d35eded1c95d3be]::test_main_inner::<test[9d35eded1c95d3be]::test_main_static::{closure#0}>::{closure#0}
[INFO] [stdout]    6:     0x5bc6772905a2 - std[70759c8f55707aa4]::panicking::panic_with_hook
[INFO] [stdout]    7:     0x5bc677273a22 - std[70759c8f55707aa4]::panicking::panic_handler::{closure#0}
[INFO] [stdout]    8:     0x5bc67726c539 - std[70759c8f55707aa4]::sys::backtrace::__rust_end_short_backtrace::<std[70759c8f55707aa4]::panicking::panic_handler::{closure#0}, !>
[INFO] [stdout]    9:     0x5bc6772746bd - __rustc[8fa7c3cbc660c2b3]::rust_begin_unwind
[INFO] [stdout]   10:     0x5bc6772ad7dc - core[df12db4294e9bfd3]::panicking::panic_fmt
[INFO] [stdout]   11:     0x5bc6772ad5b2 - core[df12db4294e9bfd3]::result::unwrap_failed
[INFO] [stdout]   12:     0x5bc6771cbb1a - <core[df12db4294e9bfd3]::pin::Pin<&mut onepassword_cli[a6b571ae30334c79]::tests::test_list_documents::{closure#0}> as core[df12db4294e9bfd3]::future::future::Future>::poll
[INFO] [stdout]   13:     0x5bc6771d4a03 - <tokio[a06707d311dd8e3]::macros::scoped_tls::ScopedKey<tokio[a06707d311dd8e3]::runtime::basic_scheduler::Context>>::set::<tokio[a06707d311dd8e3]::runtime::basic_scheduler::enter<<tokio[a06707d311dd8e3]::runtime::basic_scheduler::Inner<tokio[a06707d311dd8e3]::runtime::driver::Driver>>::block_on<core[df12db4294e9bfd3]::pin::Pin<&mut onepassword_cli[a6b571ae30334c79]::tests::test_list_documents::{closure#0}>>::{closure#0}, (), tokio[a06707d311dd8e3]::runtime::driver::Driver>::{closure#0}, ()>
[INFO] [stdout]   14:     0x5bc6771cf848 - <tokio[a06707d311dd8e3]::runtime::basic_scheduler::BasicScheduler<tokio[a06707d311dd8e3]::runtime::driver::Driver>>::block_on::<onepassword_cli[a6b571ae30334c79]::tests::test_list_documents::{closure#0}>
[INFO] [stdout]   15:     0x5bc6771e6a94 - <tokio[a06707d311dd8e3]::runtime::Runtime>::block_on::<onepassword_cli[a6b571ae30334c79]::tests::test_list_documents::{closure#0}>
[INFO] [stdout]   16:     0x5bc6771ddf69 - onepassword_cli[a6b571ae30334c79]::tests::test_list_documents
[INFO] [stdout]   17:     0x5bc6771bbd09 - <onepassword_cli[a6b571ae30334c79]::tests::test_list_documents::{closure#0} as core[df12db4294e9bfd3]::ops::function::FnOnce<()>>::call_once
[INFO] [stdout]   18:     0x5bc6771ec1ab - test[9d35eded1c95d3be]::__rust_begin_short_backtrace::<core[df12db4294e9bfd3]::result::Result<(), alloc[2182bb758b4b3781]::string::String>, fn() -> core[df12db4294e9bfd3]::result::Result<(), alloc[2182bb758b4b3781]::string::String>>
[INFO] [stdout]   19:     0x5bc6771f9815 - test[9d35eded1c95d3be]::run_test::{closure#0}
[INFO] [stdout]   20:     0x5bc6771f30d4 - std[70759c8f55707aa4]::sys::backtrace::__rust_begin_short_backtrace::<test[9d35eded1c95d3be]::run_test::{closure#1}, ()>
[INFO] [stdout]   21:     0x5bc6771fc972 - <std[70759c8f55707aa4]::thread::lifecycle::spawn_unchecked<test[9d35eded1c95d3be]::run_test::{closure#1}, ()>::{closure#1} as core[df12db4294e9bfd3]::ops::function::FnOnce<()>>::call_once::{shim:vtable#0}
[INFO] [stdout]   22:     0x5bc677297869 - <std[70759c8f55707aa4]::sys::thread::unix::Thread>::new::thread_start
[INFO] [stdout]   23:     0x7e52343fadfa - <unknown>
[INFO] [stdout]   24:     0x7e523448e3d4 - clone
[INFO] [stdout]   25:                0x0 - <unknown>
[INFO] [stdout] 
[INFO] [stdout] ---- tests::test_new_with_pass stdout ----
[INFO] [stdout] 
[INFO] [stdout] thread 'tests::test_new_with_pass' (992) panicked at src/tests.rs:6:22:
[INFO] [stdout] called `Result::unwrap()` on an `Err` value: Io(Custom { kind: NotFound, error: "path not found" })
[INFO] [stdout] stack backtrace:
[INFO] [stdout]    0:     0x5bc677297fd1 - <<std[70759c8f55707aa4]::sys::backtrace::BacktraceLock>::print::DisplayBacktrace as core[df12db4294e9bfd3]::fmt::Display>::fmt
[INFO] [stdout]    1:     0x5bc6772ad07a - core[df12db4294e9bfd3]::fmt::write
[INFO] [stdout]    2:     0x5bc67729c6dc - <alloc[2182bb758b4b3781]::vec::Vec<u8> as core[df12db4294e9bfd3]::io::write::Write>::write_fmt
[INFO] [stdout]    3:     0x5bc677273976 - std[70759c8f55707aa4]::panicking::default_hook::{closure#0}
[INFO] [stdout]    4:     0x5bc677290279 - std[70759c8f55707aa4]::panicking::default_hook
[INFO] [stdout]    5:     0x5bc6771f8ec0 - test[9d35eded1c95d3be]::test_main_inner::<test[9d35eded1c95d3be]::test_main_static::{closure#0}>::{closure#0}
[INFO] [stdout]    6:     0x5bc6772905a2 - std[70759c8f55707aa4]::panicking::panic_with_hook
[INFO] [stdout]    7:     0x5bc677273a22 - std[70759c8f55707aa4]::panicking::panic_handler::{closure#0}
[INFO] [stdout]    8:     0x5bc67726c539 - std[70759c8f55707aa4]::sys::backtrace::__rust_end_short_backtrace::<std[70759c8f55707aa4]::panicking::panic_handler::{closure#0}, !>
[INFO] [stdout]    9:     0x5bc6772746bd - __rustc[8fa7c3cbc660c2b3]::rust_begin_unwind
[INFO] [stdout]   10:     0x5bc6772ad7dc - core[df12db4294e9bfd3]::panicking::panic_fmt
[INFO] [stdout]   11:     0x5bc6772ad5b2 - core[df12db4294e9bfd3]::result::unwrap_failed
[INFO] [stdout]   12:     0x5bc6771cb4dc - <core[df12db4294e9bfd3]::pin::Pin<&mut onepassword_cli[a6b571ae30334c79]::tests::test_new_with_pass::{closure#0}> as core[df12db4294e9bfd3]::future::future::Future>::poll
[INFO] [stdout]   13:     0x5bc6771d4603 - <tokio[a06707d311dd8e3]::macros::scoped_tls::ScopedKey<tokio[a06707d311dd8e3]::runtime::basic_scheduler::Context>>::set::<tokio[a06707d311dd8e3]::runtime::basic_scheduler::enter<<tokio[a06707d311dd8e3]::runtime::basic_scheduler::Inner<tokio[a06707d311dd8e3]::runtime::driver::Driver>>::block_on<core[df12db4294e9bfd3]::pin::Pin<&mut onepassword_cli[a6b571ae30334c79]::tests::test_new_with_pass::{closure#0}>>::{closure#0}, (), tokio[a06707d311dd8e3]::runtime::driver::Driver>::{closure#0}, ()>
[INFO] [stdout]   14:     0x5bc6771cf402 - <tokio[a06707d311dd8e3]::runtime::basic_scheduler::BasicScheduler<tokio[a06707d311dd8e3]::runtime::driver::Driver>>::block_on::<onepassword_cli[a6b571ae30334c79]::tests::test_new_with_pass::{closure#0}>
[INFO] [stdout]   15:     0x5bc6771e69d4 - <tokio[a06707d311dd8e3]::runtime::Runtime>::block_on::<onepassword_cli[a6b571ae30334c79]::tests::test_new_with_pass::{closure#0}>
[INFO] [stdout]   16:     0x5bc6771dde69 - onepassword_cli[a6b571ae30334c79]::tests::test_new_with_pass
[INFO] [stdout]   17:     0x5bc6771bbce9 - <onepassword_cli[a6b571ae30334c79]::tests::test_new_with_pass::{closure#0} as core[df12db4294e9bfd3]::ops::function::FnOnce<()>>::call_once
[INFO] [stdout]   18:     0x5bc6771ec1ab - test[9d35eded1c95d3be]::__rust_begin_short_backtrace::<core[df12db4294e9bfd3]::result::Result<(), alloc[2182bb758b4b3781]::string::String>, fn() -> core[df12db4294e9bfd3]::result::Result<(), alloc[2182bb758b4b3781]::string::String>>
[INFO] [stdout]   19:     0x5bc6771f9815 - test[9d35eded1c95d3be]::run_test::{closure#0}
[INFO] [stdout]   20:     0x5bc6771f30d4 - std[70759c8f55707aa4]::sys::backtrace::__rust_begin_short_backtrace::<test[9d35eded1c95d3be]::run_test::{closure#1}, ()>
[INFO] [stdout]   21:     0x5bc6771fc972 - <std[70759c8f55707aa4]::thread::lifecycle::spawn_unchecked<test[9d35eded1c95d3be]::run_test::{closure#1}, ()>::{closure#1} as core[df12db4294e9bfd3]::ops::function::FnOnce<()>>::call_once::{shim:vtable#0}
[INFO] [stdout]   22:     0x5bc677297869 - <std[70759c8f55707aa4]::sys::thread::unix::Thread>::new::thread_start
[INFO] [stdout]   23:     0x7e52343fadfa - <unknown>
[INFO] [stdout]   24:     0x7e523448e3d4 - clone
[INFO] [stdout]   25:                0x0 - <unknown>
[INFO] [stdout] 
[INFO] [stdout] ---- tests::test_get_item_lite stdout ----
[INFO] [stdout] 
[INFO] [stdout] thread 'tests::test_get_item_lite' (986) panicked at src/tests.rs:39:22:
[INFO] [stdout] called `Result::unwrap()` on an `Err` value: Io(Custom { kind: NotFound, error: "path not found" })
[INFO] [stdout] stack backtrace:
[INFO] [stdout]    0:     0x5bc677297fd1 - <<std[70759c8f55707aa4]::sys::backtrace::BacktraceLock>::print::DisplayBacktrace as core[df12db4294e9bfd3]::fmt::Display>::fmt
[INFO] [stdout]    1:     0x5bc6772ad07a - core[df12db4294e9bfd3]::fmt::write
[INFO] [stdout]    2:     0x5bc67729c6dc - <alloc[2182bb758b4b3781]::vec::Vec<u8> as core[df12db4294e9bfd3]::io::write::Write>::write_fmt
[INFO] [stdout]    3:     0x5bc677273976 - std[70759c8f55707aa4]::panicking::default_hook::{closure#0}
[INFO] [stdout]    4:     0x5bc677290279 - std[70759c8f55707aa4]::panicking::default_hook
[INFO] [stdout]    5:     0x5bc6771f8ec0 - test[9d35eded1c95d3be]::test_main_inner::<test[9d35eded1c95d3be]::test_main_static::{closure#0}>::{closure#0}
[INFO] [stdout]    6:     0x5bc6772905a2 - std[70759c8f55707aa4]::panicking::panic_with_hook
[INFO] [stdout]    7:     0x5bc677273a22 - std[70759c8f55707aa4]::panicking::panic_handler::{closure#0}
[INFO] [stdout]    8:     0x5bc67726c539 - std[70759c8f55707aa4]::sys::backtrace::__rust_end_short_backtrace::<std[70759c8f55707aa4]::panicking::panic_handler::{closure#0}, !>
[INFO] [stdout]    9:     0x5bc6772746bd - __rustc[8fa7c3cbc660c2b3]::rust_begin_unwind
[INFO] [stdout]   10:     0x5bc6772ad7dc - core[df12db4294e9bfd3]::panicking::panic_fmt
[INFO] [stdout]   11:     0x5bc6772ad5b2 - core[df12db4294e9bfd3]::result::unwrap_failed
[INFO] [stdout]   12:     0x5bc6771cb09f - <core[df12db4294e9bfd3]::pin::Pin<&mut onepassword_cli[a6b571ae30334c79]::tests::test_get_item_lite::{closure#0}> as core[df12db4294e9bfd3]::future::future::Future>::poll
[INFO] [stdout]   13:     0x5bc6771d4203 - <tokio[a06707d311dd8e3]::macros::scoped_tls::ScopedKey<tokio[a06707d311dd8e3]::runtime::basic_scheduler::Context>>::set::<tokio[a06707d311dd8e3]::runtime::basic_scheduler::enter<<tokio[a06707d311dd8e3]::runtime::basic_scheduler::Inner<tokio[a06707d311dd8e3]::runtime::driver::Driver>>::block_on<core[df12db4294e9bfd3]::pin::Pin<&mut onepassword_cli[a6b571ae30334c79]::tests::test_get_item_lite::{closure#0}>>::{closure#0}, (), tokio[a06707d311dd8e3]::runtime::driver::Driver>::{closure#0}, ()>
[INFO] [stdout]   14:     0x5bc6771cefc8 - <tokio[a06707d311dd8e3]::runtime::basic_scheduler::BasicScheduler<tokio[a06707d311dd8e3]::runtime::driver::Driver>>::block_on::<onepassword_cli[a6b571ae30334c79]::tests::test_get_item_lite::{closure#0}>
[INFO] [stdout]   15:     0x5bc6771e6914 - <tokio[a06707d311dd8e3]::runtime::Runtime>::block_on::<onepassword_cli[a6b571ae30334c79]::tests::test_get_item_lite::{closure#0}>
[INFO] [stdout]   16:     0x5bc6771ddd69 - onepassword_cli[a6b571ae30334c79]::tests::test_get_item_lite
[INFO] [stdout]   17:     0x5bc6771bbcc9 - <onepassword_cli[a6b571ae30334c79]::tests::test_get_item_lite::{closure#0} as core[df12db4294e9bfd3]::ops::function::FnOnce<()>>::call_once
[INFO] [stdout]   18:     0x5bc6771ec1ab - test[9d35eded1c95d3be]::__rust_begin_short_backtrace::<core[df12db4294e9bfd3]::result::Result<(), alloc[2182bb758b4b3781]::string::String>, fn() -> core[df12db4294e9bfd3]::result::Result<(), alloc[2182bb758b4b3781]::string::String>>
[INFO] [stdout]   19:     0x5bc6771f9815 - test[9d35eded1c95d3be]::run_test::{closure#0}
[INFO] [stdout]   20:     0x5bc6771f30d4 - std[70759c8f55707aa4]::sys::backtrace::__rust_begin_short_backtrace::<test[9d35eded1c95d3be]::run_test::{closure#1}, ()>
[INFO] [stdout]   21:     0x5bc6771fc972 - <std[70759c8f55707aa4]::thread::lifecycle::spawn_unchecked<test[9d35eded1c95d3be]::run_test::{closure#1}, ()>::{closure#1} as core[df12db4294e9bfd3]::ops::function::FnOnce<()>>::call_once::{shim:vtable#0}
[INFO] [stdout]   22:     0x5bc677297869 - <std[70759c8f55707aa4]::sys::thread::unix::Thread>::new::thread_start
[INFO] [stdout]   23:     0x7e52343fadfa - <unknown>
[INFO] [stdout]   24:     0x7e523448e3d4 - clone
[INFO] [stdout]   25:                0x0 - <unknown>
[INFO] [stdout] 
[INFO] [stdout] ---- tests::test_delete_document stdout ----
[INFO] [stdout] 
[INFO] [stdout] thread 'tests::test_delete_document' (983) panicked at src/tests.rs:135:22:
[INFO] [stdout] called `Result::unwrap()` on an `Err` value: Io(Custom { kind: NotFound, error: "path not found" })
[INFO] [stdout] stack backtrace:
[INFO] [stdout]    0:     0x5bc677297fd1 - <<std[70759c8f55707aa4]::sys::backtrace::BacktraceLock>::print::DisplayBacktrace as core[df12db4294e9bfd3]::fmt::Display>::fmt
[INFO] [stdout]    1:     0x5bc6772ad07a - core[df12db4294e9bfd3]::fmt::write
[INFO] [stdout]    2:     0x5bc67729c6dc - <alloc[2182bb758b4b3781]::vec::Vec<u8> as core[df12db4294e9bfd3]::io::write::Write>::write_fmt
[INFO] [stdout]    3:     0x5bc677273976 - std[70759c8f55707aa4]::panicking::default_hook::{closure#0}
[INFO] [stdout]    4:     0x5bc677290279 - std[70759c8f55707aa4]::panicking::default_hook
[INFO] [stdout]    5:     0x5bc6771f8ec0 - test[9d35eded1c95d3be]::test_main_inner::<test[9d35eded1c95d3be]::test_main_static::{closure#0}>::{closure#0}
[INFO] [stdout]    6:     0x5bc6772905a2 - std[70759c8f55707aa4]::panicking::panic_with_hook
[INFO] [stdout]    7:     0x5bc677273a22 - std[70759c8f55707aa4]::panicking::panic_handler::{closure#0}
[INFO] [stdout]    8:     0x5bc67726c539 - std[70759c8f55707aa4]::sys::backtrace::__rust_end_short_backtrace::<std[70759c8f55707aa4]::panicking::panic_handler::{closure#0}, !>
[INFO] [stdout]    9:     0x5bc6772746bd - __rustc[8fa7c3cbc660c2b3]::rust_begin_unwind
[INFO] [stdout]   10:     0x5bc6772ad7dc - core[df12db4294e9bfd3]::panicking::panic_fmt
[INFO] [stdout]   11:     0x5bc6772ad5b2 - core[df12db4294e9bfd3]::result::unwrap_failed
[INFO] [stdout]   12:     0x5bc6771cc958 - <core[df12db4294e9bfd3]::pin::Pin<&mut onepassword_cli[a6b571ae30334c79]::tests::test_delete_document::{closure#0}> as core[df12db4294e9bfd3]::future::future::Future>::poll
[INFO] [stdout]   13:     0x5bc6771d5203 - <tokio[a06707d311dd8e3]::macros::scoped_tls::ScopedKey<tokio[a06707d311dd8e3]::runtime::basic_scheduler::Context>>::set::<tokio[a06707d311dd8e3]::runtime::basic_scheduler::enter<<tokio[a06707d311dd8e3]::runtime::basic_scheduler::Inner<tokio[a06707d311dd8e3]::runtime::driver::Driver>>::block_on<core[df12db4294e9bfd3]::pin::Pin<&mut onepassword_cli[a6b571ae30334c79]::tests::test_delete_document::{closure#0}>>::{closure#0}, (), tokio[a06707d311dd8e3]::runtime::driver::Driver>::{closure#0}, ()>
[INFO] [stdout]   14:     0x5bc6771d0068 - <tokio[a06707d311dd8e3]::runtime::basic_scheduler::BasicScheduler<tokio[a06707d311dd8e3]::runtime::driver::Driver>>::block_on::<onepassword_cli[a6b571ae30334c79]::tests::test_delete_document::{closure#0}>
[INFO] [stdout]   15:     0x5bc6771e6c16 - <tokio[a06707d311dd8e3]::runtime::Runtime>::block_on::<onepassword_cli[a6b571ae30334c79]::tests::test_delete_document::{closure#0}>
[INFO] [stdout]   16:     0x5bc6771de16b - onepassword_cli[a6b571ae30334c79]::tests::test_delete_document
[INFO] [stdout]   17:     0x5bc6771bbd49 - <onepassword_cli[a6b571ae30334c79]::tests::test_delete_document::{closure#0} as core[df12db4294e9bfd3]::ops::function::FnOnce<()>>::call_once
[INFO] [stdout]   18:     0x5bc6771ec1ab - test[9d35eded1c95d3be]::__rust_begin_short_backtrace::<core[df12db4294e9bfd3]::result::Result<(), alloc[2182bb758b4b3781]::string::String>, fn() -> core[df12db4294e9bfd3]::result::Result<(), alloc[2182bb758b4b3781]::string::String>>
[INFO] [stdout]   19:     0x5bc6771f9815 - test[9d35eded1c95d3be]::run_test::{closure#0}
[INFO] [stdout]   20:     0x5bc6771f30d4 - std[70759c8f55707aa4]::sys::backtrace::__rust_begin_short_backtrace::<test[9d35eded1c95d3be]::run_test::{closure#1}, ()>
[INFO] [stderr] error: test failed, to rerun pass `--lib`
[INFO] [stdout]   21:     0x5bc6771fc972 - <std[70759c8f55707aa4]::thread::lifecycle::spawn_unchecked<test[9d35eded1c95d3be]::run_test::{closure#1}, ()>::{closure#1} as core[df12db4294e9bfd3]::ops::function::FnOnce<()>>::call_once::{shim:vtable#0}
[INFO] [stdout]   22:     0x5bc677297869 - <std[70759c8f55707aa4]::sys::thread::unix::Thread>::new::thread_start
[INFO] [stdout]   23:     0x7e52343fadfa - <unknown>
[INFO] [stdout]   24:     0x7e523448e3d4 - clone
[INFO] [stdout]   25:                0x0 - <unknown>
[INFO] [stdout] 
[INFO] [stdout] ---- tests::test_list_users stdout ----
[INFO] [stdout] 
[INFO] [stdout] thread 'tests::test_list_users' (991) panicked at src/tests.rs:113:22:
[INFO] [stdout] called `Result::unwrap()` on an `Err` value: Io(Custom { kind: NotFound, error: "path not found" })
[INFO] [stdout] stack backtrace:
[INFO] [stdout]    0:     0x5bc677297fd1 - <<std[70759c8f55707aa4]::sys::backtrace::BacktraceLock>::print::DisplayBacktrace as core[df12db4294e9bfd3]::fmt::Display>::fmt
[INFO] [stdout]    1:     0x5bc6772ad07a - core[df12db4294e9bfd3]::fmt::write
[INFO] [stdout]    2:     0x5bc67729c6dc - <alloc[2182bb758b4b3781]::vec::Vec<u8> as core[df12db4294e9bfd3]::io::write::Write>::write_fmt
[INFO] [stdout]    3:     0x5bc677273976 - std[70759c8f55707aa4]::panicking::default_hook::{closure#0}
[INFO] [stdout]    4:     0x5bc677290279 - std[70759c8f55707aa4]::panicking::default_hook
[INFO] [stdout]    5:     0x5bc6771f8ec0 - test[9d35eded1c95d3be]::test_main_inner::<test[9d35eded1c95d3be]::test_main_static::{closure#0}>::{closure#0}
[INFO] [stdout]    6:     0x5bc6772905a2 - std[70759c8f55707aa4]::panicking::panic_with_hook
[INFO] [stdout]    7:     0x5bc677273a22 - std[70759c8f55707aa4]::panicking::panic_handler::{closure#0}
[INFO] [stdout]    8:     0x5bc67726c539 - std[70759c8f55707aa4]::sys::backtrace::__rust_end_short_backtrace::<std[70759c8f55707aa4]::panicking::panic_handler::{closure#0}, !>
[INFO] [stdout]    9:     0x5bc6772746bd - __rustc[8fa7c3cbc660c2b3]::rust_begin_unwind
[INFO] [stdout]   10:     0x5bc6772ad7dc - core[df12db4294e9bfd3]::panicking::panic_fmt
[INFO] [stdout]   11:     0x5bc6772ad5b2 - core[df12db4294e9bfd3]::result::unwrap_failed
[INFO] [stdout]   12:     0x5bc6771c9e2a - <core[df12db4294e9bfd3]::pin::Pin<&mut onepassword_cli[a6b571ae30334c79]::tests::test_list_users::{closure#0}> as core[df12db4294e9bfd3]::future::future::Future>::poll
[INFO] [stdout]   13:     0x5bc6771d3603 - <tokio[a06707d311dd8e3]::macros::scoped_tls::ScopedKey<tokio[a06707d311dd8e3]::runtime::basic_scheduler::Context>>::set::<tokio[a06707d311dd8e3]::runtime::basic_scheduler::enter<<tokio[a06707d311dd8e3]::runtime::basic_scheduler::Inner<tokio[a06707d311dd8e3]::runtime::driver::Driver>>::block_on<core[df12db4294e9bfd3]::pin::Pin<&mut onepassword_cli[a6b571ae30334c79]::tests::test_list_users::{closure#0}>>::{closure#0}, (), tokio[a06707d311dd8e3]::runtime::driver::Driver>::{closure#0}, ()>
[INFO] [stdout]   14:     0x5bc6771ce398 - <tokio[a06707d311dd8e3]::runtime::basic_scheduler::BasicScheduler<tokio[a06707d311dd8e3]::runtime::driver::Driver>>::block_on::<onepassword_cli[a6b571ae30334c79]::tests::test_list_users::{closure#0}>
[INFO] [stdout]   15:     0x5bc6771e66d4 - <tokio[a06707d311dd8e3]::runtime::Runtime>::block_on::<onepassword_cli[a6b571ae30334c79]::tests::test_list_users::{closure#0}>
[INFO] [stdout]   16:     0x5bc6771dda69 - onepassword_cli[a6b571ae30334c79]::tests::test_list_users
[INFO] [stdout]   17:     0x5bc6771bbc69 - <onepassword_cli[a6b571ae30334c79]::tests::test_list_users::{closure#0} as core[df12db4294e9bfd3]::ops::function::FnOnce<()>>::call_once
[INFO] [stdout]   18:     0x5bc6771ec1ab - test[9d35eded1c95d3be]::__rust_begin_short_backtrace::<core[df12db4294e9bfd3]::result::Result<(), alloc[2182bb758b4b3781]::string::String>, fn() -> core[df12db4294e9bfd3]::result::Result<(), alloc[2182bb758b4b3781]::string::String>>
[INFO] [stdout]   19:     0x5bc6771f9815 - test[9d35eded1c95d3be]::run_test::{closure#0}
[INFO] [stdout]   20:     0x5bc6771f30d4 - std[70759c8f55707aa4]::sys::backtrace::__rust_begin_short_backtrace::<test[9d35eded1c95d3be]::run_test::{closure#1}, ()>
[INFO] [stdout]   21:     0x5bc6771fc972 - <std[70759c8f55707aa4]::thread::lifecycle::spawn_unchecked<test[9d35eded1c95d3be]::run_test::{closure#1}, ()>::{closure#1} as core[df12db4294e9bfd3]::ops::function::FnOnce<()>>::call_once::{shim:vtable#0}
[INFO] [stdout]   22:     0x5bc677297869 - <std[70759c8f55707aa4]::sys::thread::unix::Thread>::new::thread_start
[INFO] [stdout]   23:     0x7e52343fadfa - <unknown>
[INFO] [stdout]   24:     0x7e523448e3d4 - clone
[INFO] [stdout]   25:                0x0 - <unknown>
[INFO] [stdout] 
[INFO] [stdout] ---- tests::test_get_totp stdout ----
[INFO] [stdout] 
[INFO] [stdout] thread 'tests::test_get_totp' (987) panicked at src/tests.rs:83:22:
[INFO] [stdout] called `Result::unwrap()` on an `Err` value: Io(Custom { kind: NotFound, error: "path not found" })
[INFO] [stdout] stack backtrace:
[INFO] [stdout]    0:     0x5bc677297fd1 - <<std[70759c8f55707aa4]::sys::backtrace::BacktraceLock>::print::DisplayBacktrace as core[df12db4294e9bfd3]::fmt::Display>::fmt
[INFO] [stdout]    1:     0x5bc6772ad07a - core[df12db4294e9bfd3]::fmt::write
[INFO] [stdout]    2:     0x5bc67729c6dc - <alloc[2182bb758b4b3781]::vec::Vec<u8> as core[df12db4294e9bfd3]::io::write::Write>::write_fmt
[INFO] [stdout]    3:     0x5bc677273976 - std[70759c8f55707aa4]::panicking::default_hook::{closure#0}
[INFO] [stdout]    4:     0x5bc677290279 - std[70759c8f55707aa4]::panicking::default_hook
[INFO] [stdout]    5:     0x5bc6771f8ec0 - test[9d35eded1c95d3be]::test_main_inner::<test[9d35eded1c95d3be]::test_main_static::{closure#0}>::{closure#0}
[INFO] [stdout]    6:     0x5bc6772905a2 - std[70759c8f55707aa4]::panicking::panic_with_hook
[INFO] [stdout]    7:     0x5bc677273a22 - std[70759c8f55707aa4]::panicking::panic_handler::{closure#0}
[INFO] [stdout]    8:     0x5bc67726c539 - std[70759c8f55707aa4]::sys::backtrace::__rust_end_short_backtrace::<std[70759c8f55707aa4]::panicking::panic_handler::{closure#0}, !>
[INFO] [stdout]    9:     0x5bc6772746bd - __rustc[8fa7c3cbc660c2b3]::rust_begin_unwind
[INFO] [stdout]   10:     0x5bc6772ad7dc - core[df12db4294e9bfd3]::panicking::panic_fmt
[INFO] [stdout]   11:     0x5bc6772ad5b2 - core[df12db4294e9bfd3]::result::unwrap_failed
[INFO] [stdout]   12:     0x5bc6771c86c7 - <core[df12db4294e9bfd3]::pin::Pin<&mut onepassword_cli[a6b571ae30334c79]::tests::test_get_totp::{closure#0}> as core[df12db4294e9bfd3]::future::future::Future>::poll
[INFO] [stdout]   13:     0x5bc6771d2a03 - <tokio[a06707d311dd8e3]::macros::scoped_tls::ScopedKey<tokio[a06707d311dd8e3]::runtime::basic_scheduler::Context>>::set::<tokio[a06707d311dd8e3]::runtime::basic_scheduler::enter<<tokio[a06707d311dd8e3]::runtime::basic_scheduler::Inner<tokio[a06707d311dd8e3]::runtime::driver::Driver>>::block_on<core[df12db4294e9bfd3]::pin::Pin<&mut onepassword_cli[a6b571ae30334c79]::tests::test_get_totp::{closure#0}>>::{closure#0}, (), tokio[a06707d311dd8e3]::runtime::driver::Driver>::{closure#0}, ()>
[INFO] [stdout]   14:     0x5bc6771cd768 - <tokio[a06707d311dd8e3]::runtime::basic_scheduler::BasicScheduler<tokio[a06707d311dd8e3]::runtime::driver::Driver>>::block_on::<onepassword_cli[a6b571ae30334c79]::tests::test_get_totp::{closure#0}>
[INFO] [stdout]   15:     0x5bc6771e6494 - <tokio[a06707d311dd8e3]::runtime::Runtime>::block_on::<onepassword_cli[a6b571ae30334c79]::tests::test_get_totp::{closure#0}>
[INFO] [stdout]   16:     0x5bc6771dd769 - onepassword_cli[a6b571ae30334c79]::tests::test_get_totp
[INFO] [stdout]   17:     0x5bc6771bbc09 - <onepassword_cli[a6b571ae30334c79]::tests::test_get_totp::{closure#0} as core[df12db4294e9bfd3]::ops::function::FnOnce<()>>::call_once
[INFO] [stdout]   18:     0x5bc6771ec1ab - test[9d35eded1c95d3be]::__rust_begin_short_backtrace::<core[df12db4294e9bfd3]::result::Result<(), alloc[2182bb758b4b3781]::string::String>, fn() -> core[df12db4294e9bfd3]::result::Result<(), alloc[2182bb758b4b3781]::string::String>>
[INFO] [stdout]   19:     0x5bc6771f9815 - test[9d35eded1c95d3be]::run_test::{closure#0}
[INFO] [stdout]   20:     0x5bc6771f30d4 - std[70759c8f55707aa4]::sys::backtrace::__rust_begin_short_backtrace::<test[9d35eded1c95d3be]::run_test::{closure#1}, ()>
[INFO] [stdout]   21:     0x5bc6771fc972 - <std[70759c8f55707aa4]::thread::lifecycle::spawn_unchecked<test[9d35eded1c95d3be]::run_test::{closure#1}, ()>::{closure#1} as core[df12db4294e9bfd3]::ops::function::FnOnce<()>>::call_once::{shim:vtable#0}
[INFO] [stdout]   22:     0x5bc677297869 - <std[70759c8f55707aa4]::sys::thread::unix::Thread>::new::thread_start
[INFO] [stdout]   23:     0x7e52343fadfa - <unknown>
[INFO] [stdout]   24:     0x7e523448e3d4 - clone
[INFO] [stdout]   25:                0x0 - <unknown>
[INFO] [stdout] 
[INFO] [stdout] ---- tests::test_get_item stdout ----
[INFO] [stdout] 
[INFO] [stdout] thread 'tests::test_get_item' (985) panicked at src/tests.rs:49:22:
[INFO] [stdout] called `Result::unwrap()` on an `Err` value: Io(Custom { kind: NotFound, error: "path not found" })
[INFO] [stdout] stack backtrace:
[INFO] [stdout]    0:     0x5bc677297fd1 - <<std[70759c8f55707aa4]::sys::backtrace::BacktraceLock>::print::DisplayBacktrace as core[df12db4294e9bfd3]::fmt::Display>::fmt
[INFO] [stdout]    1:     0x5bc6772ad07a - core[df12db4294e9bfd3]::fmt::write
[INFO] [stdout]    2:     0x5bc67729c6dc - <alloc[2182bb758b4b3781]::vec::Vec<u8> as core[df12db4294e9bfd3]::io::write::Write>::write_fmt
[INFO] [stdout]    3:     0x5bc677273976 - std[70759c8f55707aa4]::panicking::default_hook::{closure#0}
[INFO] [stdout]    4:     0x5bc677290279 - std[70759c8f55707aa4]::panicking::default_hook
[INFO] [stdout]    5:     0x5bc6771f8ec0 - test[9d35eded1c95d3be]::test_main_inner::<test[9d35eded1c95d3be]::test_main_static::{closure#0}>::{closure#0}
[INFO] [stdout]    6:     0x5bc6772905a2 - std[70759c8f55707aa4]::panicking::panic_with_hook
[INFO] [stdout]    7:     0x5bc677273a22 - std[70759c8f55707aa4]::panicking::panic_handler::{closure#0}
[INFO] [stdout]    8:     0x5bc67726c539 - std[70759c8f55707aa4]::sys::backtrace::__rust_end_short_backtrace::<std[70759c8f55707aa4]::panicking::panic_handler::{closure#0}, !>
[INFO] [stdout]    9:     0x5bc6772746bd - __rustc[8fa7c3cbc660c2b3]::rust_begin_unwind
[INFO] [stdout]   10:     0x5bc6772ad7dc - core[df12db4294e9bfd3]::panicking::panic_fmt
[INFO] [stdout]   11:     0x5bc6772ad5b2 - core[df12db4294e9bfd3]::result::unwrap_failed
[INFO] [stdout]   12:     0x5bc6771c80bc - <core[df12db4294e9bfd3]::pin::Pin<&mut onepassword_cli[a6b571ae30334c79]::tests::test_get_item::{closure#0}> as core[df12db4294e9bfd3]::future::future::Future>::poll
[INFO] [stdout]   13:     0x5bc6771d2603 - <tokio[a06707d311dd8e3]::macros::scoped_tls::ScopedKey<tokio[a06707d311dd8e3]::runtime::basic_scheduler::Context>>::set::<tokio[a06707d311dd8e3]::runtime::basic_scheduler::enter<<tokio[a06707d311dd8e3]::runtime::basic_scheduler::Inner<tokio[a06707d311dd8e3]::runtime::driver::Driver>>::block_on<core[df12db4294e9bfd3]::pin::Pin<&mut onepassword_cli[a6b571ae30334c79]::tests::test_get_item::{closure#0}>>::{closure#0}, (), tokio[a06707d311dd8e3]::runtime::driver::Driver>::{closure#0}, ()>
[INFO] [stdout]   14:     0x5bc6771cd358 - <tokio[a06707d311dd8e3]::runtime::basic_scheduler::BasicScheduler<tokio[a06707d311dd8e3]::runtime::driver::Driver>>::block_on::<onepassword_cli[a6b571ae30334c79]::tests::test_get_item::{closure#0}>
[INFO] [stdout]   15:     0x5bc6771e63d4 - <tokio[a06707d311dd8e3]::runtime::Runtime>::block_on::<onepassword_cli[a6b571ae30334c79]::tests::test_get_item::{closure#0}>
[INFO] [stdout]   16:     0x5bc6771dd669 - onepassword_cli[a6b571ae30334c79]::tests::test_get_item
[INFO] [stdout]   17:     0x5bc6771bbbe9 - <onepassword_cli[a6b571ae30334c79]::tests::test_get_item::{closure#0} as core[df12db4294e9bfd3]::ops::function::FnOnce<()>>::call_once
[INFO] [stdout]   18:     0x5bc6771ec1ab - test[9d35eded1c95d3be]::__rust_begin_short_backtrace::<core[df12db4294e9bfd3]::result::Result<(), alloc[2182bb758b4b3781]::string::String>, fn() -> core[df12db4294e9bfd3]::result::Result<(), alloc[2182bb758b4b3781]::string::String>>
[INFO] [stdout]   19:     0x5bc6771f9815 - test[9d35eded1c95d3be]::run_test::{closure#0}
[INFO] [stdout]   20:     0x5bc6771f30d4 - std[70759c8f55707aa4]::sys::backtrace::__rust_begin_short_backtrace::<test[9d35eded1c95d3be]::run_test::{closure#1}, ()>
[INFO] [stdout]   21:     0x5bc6771fc972 - <std[70759c8f55707aa4]::thread::lifecycle::spawn_unchecked<test[9d35eded1c95d3be]::run_test::{closure#1}, ()>::{closure#1} as core[df12db4294e9bfd3]::ops::function::FnOnce<()>>::call_once::{shim:vtable#0}
[INFO] [stdout]   22:     0x5bc677297869 - <std[70759c8f55707aa4]::sys::thread::unix::Thread>::new::thread_start
[INFO] [stdout]   23:     0x7e52343fadfa - <unknown>
[INFO] [stdout]   24:     0x7e523448e3d4 - clone
[INFO] [stdout]   25:                0x0 - <unknown>
[INFO] [stdout] 
[INFO] [stdout] ---- tests::test_get_document stdout ----
[INFO] [stdout] 
[INFO] [stdout] thread 'tests::test_get_document' (984) panicked at src/tests.rs:73:22:
[INFO] [stdout] called `Result::unwrap()` on an `Err` value: Io(Custom { kind: NotFound, error: "path not found" })
[INFO] [stdout] stack backtrace:
[INFO] [stdout]    0:     0x5bc677297fd1 - <<std[70759c8f55707aa4]::sys::backtrace::BacktraceLock>::print::DisplayBacktrace as core[df12db4294e9bfd3]::fmt::Display>::fmt
[INFO] [stdout]    1:     0x5bc6772ad07a - core[df12db4294e9bfd3]::fmt::write
[INFO] [stdout]    2:     0x5bc67729c6dc - <alloc[2182bb758b4b3781]::vec::Vec<u8> as core[df12db4294e9bfd3]::io::write::Write>::write_fmt
[INFO] [stdout]    3:     0x5bc677273976 - std[70759c8f55707aa4]::panicking::default_hook::{closure#0}
[INFO] [stdout]    4:     0x5bc677290279 - std[70759c8f55707aa4]::panicking::default_hook
[INFO] [stdout]    5:     0x5bc6771f8ec0 - test[9d35eded1c95d3be]::test_main_inner::<test[9d35eded1c95d3be]::test_main_static::{closure#0}>::{closure#0}
[INFO] [stdout]    6:     0x5bc6772905a2 - std[70759c8f55707aa4]::panicking::panic_with_hook
[INFO] [stdout]    7:     0x5bc677273a22 - std[70759c8f55707aa4]::panicking::panic_handler::{closure#0}
[INFO] [stdout]    8:     0x5bc67726c539 - std[70759c8f55707aa4]::sys::backtrace::__rust_end_short_backtrace::<std[70759c8f55707aa4]::panicking::panic_handler::{closure#0}, !>
[INFO] [stdout]    9:     0x5bc6772746bd - __rustc[8fa7c3cbc660c2b3]::rust_begin_unwind
[INFO] [stdout]   10:     0x5bc6772ad7dc - core[df12db4294e9bfd3]::panicking::panic_fmt
[INFO] [stdout]   11:     0x5bc6772ad5b2 - core[df12db4294e9bfd3]::result::unwrap_failed
[INFO] [stdout]   12:     0x5bc6771ca487 - <core[df12db4294e9bfd3]::pin::Pin<&mut onepassword_cli[a6b571ae30334c79]::tests::test_get_document::{closure#0}> as core[df12db4294e9bfd3]::future::future::Future>::poll
[INFO] [stdout]   13:     0x5bc6771d3a03 - <tokio[a06707d311dd8e3]::macros::scoped_tls::ScopedKey<tokio[a06707d311dd8e3]::runtime::basic_scheduler::Context>>::set::<tokio[a06707d311dd8e3]::runtime::basic_scheduler::enter<<tokio[a06707d311dd8e3]::runtime::basic_scheduler::Inner<tokio[a06707d311dd8e3]::runtime::driver::Driver>>::block_on<core[df12db4294e9bfd3]::pin::Pin<&mut onepassword_cli[a6b571ae30334c79]::tests::test_get_document::{closure#0}>>::{closure#0}, (), tokio[a06707d311dd8e3]::runtime::driver::Driver>::{closure#0}, ()>
[INFO] [stdout]   14:     0x5bc6771ce7a8 - <tokio[a06707d311dd8e3]::runtime::basic_scheduler::BasicScheduler<tokio[a06707d311dd8e3]::runtime::driver::Driver>>::block_on::<onepassword_cli[a6b571ae30334c79]::tests::test_get_document::{closure#0}>
[INFO] [stdout]   15:     0x5bc6771e6794 - <tokio[a06707d311dd8e3]::runtime::Runtime>::block_on::<onepassword_cli[a6b571ae30334c79]::tests::test_get_document::{closure#0}>
[INFO] [stdout]   16:     0x5bc6771ddb69 - onepassword_cli[a6b571ae30334c79]::tests::test_get_document
[INFO] [stdout]   17:     0x5bc6771bbc89 - <onepassword_cli[a6b571ae30334c79]::tests::test_get_document::{closure#0} as core[df12db4294e9bfd3]::ops::function::FnOnce<()>>::call_once
[INFO] [stdout]   18:     0x5bc6771ec1ab - test[9d35eded1c95d3be]::__rust_begin_short_backtrace::<core[df12db4294e9bfd3]::result::Result<(), alloc[2182bb758b4b3781]::string::String>, fn() -> core[df12db4294e9bfd3]::result::Result<(), alloc[2182bb758b4b3781]::string::String>>
[INFO] [stdout]   19:     0x5bc6771f9815 - test[9d35eded1c95d3be]::run_test::{closure#0}
[INFO] [stdout]   20:     0x5bc6771f30d4 - std[70759c8f55707aa4]::sys::backtrace::__rust_begin_short_backtrace::<test[9d35eded1c95d3be]::run_test::{closure#1}, ()>
[INFO] [stdout]   21:     0x5bc6771fc972 - <std[70759c8f55707aa4]::thread::lifecycle::spawn_unchecked<test[9d35eded1c95d3be]::run_test::{closure#1}, ()>::{closure#1} as core[df12db4294e9bfd3]::ops::function::FnOnce<()>>::call_once::{shim:vtable#0}
[INFO] [stdout]   22:     0x5bc677297869 - <std[70759c8f55707aa4]::sys::thread::unix::Thread>::new::thread_start
[INFO] [stdout]   23:     0x7e52343fadfa - <unknown>
[INFO] [stdout]   24:     0x7e523448e3d4 - clone
[INFO] [stdout]   25:                0x0 - <unknown>
[INFO] [stdout] 
[INFO] [stdout] 
[INFO] [stdout] failures:
[INFO] [stdout]     tests::test_account
[INFO] [stdout]     tests::test_account_flags
[INFO] [stdout]     tests::test_create_document
[INFO] [stdout]     tests::test_delete_document
[INFO] [stdout]     tests::test_get_document
[INFO] [stdout]     tests::test_get_item
[INFO] [stdout]     tests::test_get_item_lite
[INFO] [stdout]     tests::test_get_totp
[INFO] [stdout]     tests::test_get_user
[INFO] [stdout]     tests::test_list_documents
[INFO] [stdout]     tests::test_list_items
[INFO] [stdout]     tests::test_list_users
[INFO] [stdout]     tests::test_new_with_pass
[INFO] [stdout] 
[INFO] [stdout] test result: FAILED. 0 passed; 13 failed; 0 ignored; 0 measured; 0 filtered out; finished in 0.01s
[INFO] [stdout] 
[INFO] running `Command { std: "docker" "inspect" "fd74c70703b00d93276e294f32690ee7aec33ef33e92a39cab0a9f628985dc90", kill_on_drop: false }`
[INFO] running `Command { std: "docker" "rm" "-f" "fd74c70703b00d93276e294f32690ee7aec33ef33e92a39cab0a9f628985dc90", kill_on_drop: false }`
[INFO] [stdout] fd74c70703b00d93276e294f32690ee7aec33ef33e92a39cab0a9f628985dc90
