[INFO] fetching crate onemoney-protocol 0.18.0...
[INFO] testing onemoney-protocol-0.18.0 against 1.99.0-beta.8+cargoflags=--release for beta-release-1.100-2
[INFO] extracting crate onemoney-protocol 0.18.0 into /workspace/builds/worker-2-tc1/source
[INFO] started tweaking crates.io crate onemoney-protocol 0.18.0
[INFO] removed 0 missing examples
[INFO] removed 0 missing tests
[INFO] finished tweaking crates.io crate onemoney-protocol 0.18.0
[INFO] tweaked toml for crates.io crate onemoney-protocol 0.18.0 written to /workspace/builds/worker-2-tc1/source/Cargo.toml
[INFO] validating manifest of crates.io crate onemoney-protocol 0.18.0 on toolchain 1.99.0-beta.8
[INFO] running `Command { std: CARGO_HOME="/workspace/cargo-home" RUSTUP_HOME="/workspace/rustup-home" "/workspace/cargo-home/bin/cargo" "+1.99.0-beta.8" "metadata" "--manifest-path" "Cargo.toml" "--no-deps", kill_on_drop: false }`
[INFO] crate crates.io crate onemoney-protocol 0.18.0 already has a lockfile, it will not be regenerated
[INFO] running `Command { std: CARGO_HOME="/workspace/cargo-home" RUSTUP_HOME="/workspace/rustup-home" "/workspace/cargo-home/bin/cargo" "+1.99.0-beta.8" "fetch" "--manifest-path" "Cargo.toml", kill_on_drop: false }`
[INFO] [stderr]     Updating crates.io index
[INFO] [stderr]  Downloading crates ...
[INFO] [stderr]   Downloaded psl-types v2.0.11
[INFO] [stderr]   Downloaded alloy-rlp-derive v0.3.13
[INFO] [stderr]   Downloaded alloy-rlp v0.3.13
[INFO] [stderr]   Downloaded keccak v0.1.5
[INFO] [stderr]   Downloaded zmij v1.0.19
[INFO] [stderr]   Downloaded enum-ordinalize-derive v4.3.2
[INFO] [stderr]   Downloaded cookie_store v0.22.0
[INFO] [stderr]   Downloaded enum-ordinalize v4.3.2
[INFO] [stderr]   Downloaded time-macros v0.2.26
[INFO] [stderr]   Downloaded om-rest-types v0.3.0
[INFO] [stderr]   Downloaded om-primitives-types v0.3.0
[INFO] [stderr]   Downloaded keccak-asm v0.1.5
[INFO] [stderr]   Downloaded publicsuffix v2.3.0
[INFO] [stderr]   Downloaded utoipa v5.4.0
[INFO] [stderr]   Downloaded cc v1.2.55
[INFO] [stderr]   Downloaded const_format v0.2.35
[INFO] [stderr]   Downloaded rapidhash v4.2.1
[INFO] [stderr]   Downloaded const-hex v1.17.0
[INFO] [stderr]   Downloaded alloy-primitives v1.5.4
[INFO] [stderr]   Downloaded zerocopy v0.8.37
[INFO] [stderr]   Downloaded zerocopy-derive v0.8.37
[INFO] [stderr]   Downloaded ruint v1.17.2
[INFO] [stderr]   Downloaded utoipa-gen v5.4.0
[INFO] [stderr]   Downloaded proptest v1.9.0
[INFO] [stderr]   Downloaded pest v2.8.5
[INFO] [stderr]   Downloaded alloy-consensus v1.5.2
[INFO] [stderr]   Downloaded time v0.3.46
[INFO] [stderr]   Downloaded sha3-asm v0.1.5
[INFO] [stderr]   Downloaded alloy-trie v0.9.3
[INFO] [stderr]   Downloaded blst v0.3.16
[INFO] [stderr]   Downloaded nybbles v0.4.7
[INFO] [stderr]   Downloaded alloy-serde v1.5.2
[INFO] [stderr]   Downloaded alloy-eips v1.5.2
[INFO] [stderr]   Downloaded alloy-eip7928 v0.3.2
[INFO] [stderr]   Downloaded alloy-eip2930 v0.2.3
[INFO] [stderr]   Downloaded alloy v1.5.2
[INFO] [stderr]   Downloaded alloy-signer-local v1.5.2
[INFO] [stderr]   Downloaded alloy-tx-macros v1.5.2
[INFO] [stderr]   Downloaded syn-solidity v1.5.4
[INFO] [stderr]   Downloaded alloy-network-primitives v1.5.2
[INFO] [stderr]   Downloaded alloy-rpc-types v1.5.2
[INFO] [stderr]   Downloaded c-kzg v2.1.5
[INFO] [stderr]   Downloaded alloy-json-rpc v1.5.2
[INFO] [stderr]   Downloaded alloy-sol-macro-expander v1.5.4
[INFO] [stderr]   Downloaded alloy-network v1.5.2
[INFO] [stderr]   Downloaded alloy-rpc-types-any v1.5.2
[INFO] [stderr]   Downloaded alloy-core v1.5.4
[INFO] [stderr]   Downloaded alloy-contract v1.5.2
[INFO] [stderr]   Downloaded alloy-signer v1.5.2
[INFO] [stderr]   Downloaded alloy-consensus-any v1.5.2
[INFO] [stderr]   Downloaded alloy-genesis v1.5.2
[INFO] [stderr]   Downloaded alloy-transport-http v1.5.2
[INFO] [stderr]   Downloaded alloy-transport v1.5.2
[INFO] [stderr]   Downloaded alloy-sol-macro v1.5.4
[INFO] [stderr]   Downloaded alloy-sol-macro-input v1.5.4
[INFO] [stderr]   Downloaded alloy-json-abi v1.5.4
[INFO] [stderr]   Downloaded alloy-sol-type-parser v1.5.4
[INFO] [stderr]   Downloaded alloy-rpc-client v1.5.2
[INFO] [stderr]   Downloaded om-crypto-types v0.2.0
[INFO] [stderr]   Downloaded alloy-sol-types v1.5.4
[INFO] [stderr]   Downloaded alloy-chains v0.2.30
[INFO] [stderr]   Downloaded mockito v1.7.2
[INFO] [stderr]   Downloaded bcs v0.1.6
[INFO] [stderr]   Downloaded alloy-rpc-types-eth v1.5.2
[INFO] [stderr]   Downloaded alloy-provider v1.5.2
[INFO] [stderr]   Downloaded alloy-dyn-abi v1.5.4
[INFO] running `Command { std: "docker" "create" "-v" "/var/lib/crater-agent-workspace/builds/worker-2-tc1/source:/opt/rustwide/workdir:ro,Z" "-v" "/var/lib/crater-agent-workspace/builds/worker-2-tc1/target:/opt/rustwide/target:rw,Z" "-v" "/var/lib/crater-agent-workspace/cargo-home:/opt/rustwide/cargo-home:ro,Z" "-v" "/var/lib/crater-agent-workspace/rustup-home:/opt/rustwide/rustup-home:ro,Z" "-m" "1610612736" "--network" "none" "ghcr.io/rust-lang/crates-build-env/linux@sha256:77db811e55d90add9212f6832c23229e3de5f1c1f9905e8cb07319ea15df73ac" "sleep" "infinity", kill_on_drop: false }`
[INFO] [stdout] 3a76fc77f0d940550fb5a5aa7e65fe8849c8a079e0774707a14b16b3184ef62b
[INFO] running `Command { std: "docker" "start" "3a76fc77f0d940550fb5a5aa7e65fe8849c8a079e0774707a14b16b3184ef62b", kill_on_drop: false }`
[INFO] running `Command { std: "docker" "inspect" "3a76fc77f0d940550fb5a5aa7e65fe8849c8a079e0774707a14b16b3184ef62b", kill_on_drop: false }`
[INFO] running `Command { std: "docker" "exec" "-e" "SOURCE_DIR=/opt/rustwide/workdir" "-e" "CARGO_HOME=/opt/rustwide/cargo-home" "-e" "RUSTUP_HOME=/opt/rustwide/rustup-home" "-e" "CARGO_TARGET_DIR=/opt/rustwide/target" "-w" "/opt/rustwide/workdir" "--user" "0:0" "3a76fc77f0d940550fb5a5aa7e65fe8849c8a079e0774707a14b16b3184ef62b" "/opt/rustwide/cargo-home/bin/cargo" "+1.99.0-beta.8" "metadata" "--no-deps" "--format-version=1", kill_on_drop: false }`
[INFO] running `Command { std: "docker" "inspect" "3a76fc77f0d940550fb5a5aa7e65fe8849c8a079e0774707a14b16b3184ef62b", kill_on_drop: false }`
[INFO] running `Command { std: "docker" "exec" "-e" "SOURCE_DIR=/opt/rustwide/workdir" "-e" "CARGO_HOME=/opt/rustwide/cargo-home" "-e" "RUSTUP_HOME=/opt/rustwide/rustup-home" "-e" "CARGO_TARGET_DIR=/opt/rustwide/target" "-e" "CARGO_INCREMENTAL=0" "-e" "RUST_BACKTRACE=full" "-e" "RUSTFLAGS=--cap-lints=warn" "-e" "RUSTDOCFLAGS=--cap-lints=warn" "-w" "/opt/rustwide/workdir" "--user" "0:0" "3a76fc77f0d940550fb5a5aa7e65fe8849c8a079e0774707a14b16b3184ef62b" "/opt/rustwide/cargo-home/bin/cargo" "+1.99.0-beta.8" "build" "--frozen" "--message-format=json" "--release", kill_on_drop: false }`
[INFO] [stderr]    Compiling syn v2.0.114
[INFO] [stderr]    Compiling serde_core v1.0.228
[INFO] [stderr]    Compiling serde v1.0.228
[INFO] [stderr]    Compiling unicode-segmentation v1.12.0
[INFO] [stderr]    Compiling ruint-macro v1.2.1
[INFO] [stderr]    Compiling base16ct v0.2.0
[INFO] [stderr]    Compiling zmij v1.0.19
[INFO] [stderr]    Compiling keccak v0.1.5
[INFO] [stderr]    Compiling rustc-hash v2.1.1
[INFO] [stderr]    Compiling getrandom v0.2.17
[INFO] [stderr]    Compiling typenum v1.19.0
[INFO] [stderr]    Compiling cc v1.2.55
[INFO] [stderr]    Compiling generic-array v0.14.7
[INFO] [stderr]    Compiling serde_json v1.0.149
[INFO] [stderr]    Compiling cpufeatures v0.2.17
[INFO] [stderr]    Compiling itoa v1.0.17
[INFO] [stderr]    Compiling rand_core v0.6.4
[INFO] [stderr]    Compiling winnow v0.7.14
[INFO] [stderr]    Compiling socket2 v0.6.2
[INFO] [stderr]    Compiling ff v0.13.1
[INFO] [stderr]    Compiling mio v1.0.3
[INFO] [stderr]    Compiling proc-macro-error-attr2 v2.0.0
[INFO] [stderr]    Compiling group v0.13.0
[INFO] [stderr]    Compiling dunce v1.0.5
[INFO] [stderr]    Compiling convert_case v0.10.0
[INFO] [stderr]    Compiling hashbrown v0.16.1
[INFO] [stderr]    Compiling futures-channel v0.3.31
[INFO] [stderr]    Compiling futures-task v0.3.31
[INFO] [stderr]    Compiling futures-io v0.3.31
[INFO] [stderr]    Compiling crc-catalog v2.4.0
[INFO] [stderr]    Compiling untrusted v0.9.0
[INFO] [stderr]    Compiling crc v3.4.0
[INFO] [stderr]    Compiling rustls v0.23.36
[INFO] [stderr]    Compiling num-conv v0.2.0
[INFO] [stderr]    Compiling powerfmt v0.2.0
[INFO] [stderr]    Compiling time-core v0.1.8
[INFO] [stderr]    Compiling cookie v0.18.1
[INFO] [stderr]    Compiling deranged v0.5.5
[INFO] [stderr]    Compiling indexmap v2.13.0
[INFO] [stderr]    Compiling time-macros v0.2.26
[INFO] [stderr]    Compiling mime_guess v2.0.5
[INFO] [stderr]    Compiling psl-types v2.0.11
[INFO] [stderr]    Compiling zerocopy v0.8.37
[INFO] [stderr]    Compiling futures-utils-wasm v0.1.0
[INFO] [stderr]    Compiling crypto-common v0.1.7
[INFO] [stderr]    Compiling block-buffer v0.10.4
[INFO] [stderr]    Compiling crossbeam-utils v0.8.21
[INFO] [stderr]    Compiling digest v0.10.7
[INFO] [stderr]    Compiling aho-corasick v1.1.4
[INFO] [stderr]    Compiling sha3 v0.10.8
[INFO] [stderr]    Compiling hashbrown v0.14.5
[INFO] [stderr]    Compiling thiserror v1.0.69
[INFO] [stderr]    Compiling num_cpus v1.17.0
[INFO] [stderr]    Compiling threadpool v1.8.1
[INFO] [stderr]    Compiling openssl-sys v0.9.111
[INFO] [stderr]    Compiling ring v0.17.14
[INFO] [stderr]    Compiling blst v0.3.16
[INFO] [stderr]    Compiling regex-automata v0.4.13
[INFO] [stderr]    Compiling time v0.3.46
[INFO] [stderr]    Compiling openssl v0.10.75
[INFO] [stderr]    Compiling native-tls v0.2.14
[INFO] [stderr]    Compiling const-hex v1.17.0
[INFO] [stderr]    Compiling ruint v1.17.2
[INFO] [stderr]    Compiling lru v0.16.3
[INFO] [stderr]    Compiling synstructure v0.13.2
[INFO] [stderr]    Compiling macro-string v0.1.4
[INFO] [stderr]    Compiling syn-solidity v1.5.4
[INFO] [stderr]    Compiling proc-macro-error2 v2.0.1
[INFO] [stderr]    Compiling regex v1.12.2
[INFO] [stderr]    Compiling serde_derive v1.0.228
[INFO] [stderr]    Compiling zeroize_derive v1.4.3
[INFO] [stderr]    Compiling derive_more-impl v2.1.1
[INFO] [stderr]    Compiling alloy-rlp-derive v0.3.13
[INFO] [stderr]    Compiling zerofrom-derive v0.1.6
[INFO] [stderr]    Compiling tracing-attributes v0.1.31
[INFO] [stderr]    Compiling yoke-derive v0.8.1
[INFO] [stderr]    Compiling thiserror-impl v2.0.18
[INFO] [stderr]    Compiling zerovec-derive v0.11.2
[INFO] [stderr]    Compiling tokio-macros v2.6.0
[INFO] [stderr]    Compiling displaydoc v0.2.5
[INFO] [stderr]    Compiling auto_impl v1.3.0
[INFO] [stderr]    Compiling zeroize v1.8.2
[INFO] [stderr]    Compiling futures-macro v0.3.31
[INFO] [stderr]    Compiling der v0.7.10
[INFO] [stderr]    Compiling rustls-pki-types v1.14.0
[INFO] [stderr]    Compiling openssl-macros v0.1.1
[INFO] [stderr]    Compiling async-trait v0.1.89
[INFO] [stderr]    Compiling webpki-roots v1.0.5
[INFO] [stderr]    Compiling strum_macros v0.27.2
[INFO] [stderr]    Compiling num_enum_derive v0.7.5
[INFO] [stderr]    Compiling zerofrom v0.1.6
[INFO] [stderr]    Compiling yoke v0.8.1
[INFO] [stderr]    Compiling ppv-lite86 v0.2.21
[INFO] [stderr]    Compiling pin-project-internal v1.1.10
[INFO] [stderr]    Compiling futures-util v0.3.31
[INFO] [stderr]    Compiling crypto-bigint v0.5.5
[INFO] [stderr]    Compiling tracing v0.1.44
[INFO] [stderr]    Compiling thiserror v2.0.18
[INFO] [stderr]    Compiling zerovec v0.11.5
[INFO] [stderr]    Compiling zerotrie v0.2.3
[INFO] [stderr]    Compiling hmac v0.12.1
[INFO] [stderr]    Compiling signature v2.2.0
[INFO] [stderr]    Compiling rfc6979 v0.4.0
[INFO] [stderr]    Compiling sha2 v0.10.9
[INFO] [stderr]    Compiling spki v0.7.3
[INFO] [stderr]    Compiling rand_chacha v0.3.1
[INFO] [stderr]    Compiling pkcs8 v0.10.2
[INFO] [stderr]    Compiling num_enum v0.7.5
[INFO] [stderr]    Compiling async-stream-impl v0.3.6
[INFO] [stderr]    Compiling pin-project v1.1.10
[INFO] [stderr]    Compiling rand v0.8.5
[INFO] [stderr]    Compiling tinystr v0.8.2
[INFO] [stderr]    Compiling potential_utf v0.1.4
[INFO] [stderr]    Compiling icu_locale_core v2.1.1
[INFO] [stderr]    Compiling icu_collections v2.1.1
[INFO] [stderr]    Compiling async-stream v0.3.6
[INFO] [stderr]    Compiling utoipa-gen v5.4.0
[INFO] [stderr]    Compiling thiserror-impl v1.0.69
[INFO] [stderr]    Compiling strum v0.27.2
[INFO] [stderr]    Compiling icu_provider v2.1.1
[INFO] [stderr]    Compiling bytes v1.11.0
[INFO] [stderr]    Compiling serdect v0.2.0
[INFO] [stderr]    Compiling arrayvec v0.7.6
[INFO] [stderr]    Compiling smallvec v1.15.1
[INFO] [stderr]    Compiling alloy-sol-type-parser v1.5.4
[INFO] [stderr]    Compiling derive_more v2.1.1
[INFO] [stderr]    Compiling sec1 v0.7.3
[INFO] [stderr]    Compiling darling_core v0.21.3
[INFO] [stderr]    Compiling either v1.15.0
[INFO] [stderr]    Compiling icu_normalizer v2.1.1
[INFO] [stderr]    Compiling icu_properties v2.1.2
[INFO] [stderr]    Compiling elliptic-curve v0.13.8
[INFO] [stderr]    Compiling alloy-primitives v1.5.4
[INFO] [stderr]    Compiling alloy-rlp v0.3.13
[INFO] [stderr]    Compiling tokio v1.49.0
[INFO] [stderr]    Compiling http v1.4.0
[INFO] [stderr]    Compiling ecdsa v0.16.9
[INFO] [stderr]    Compiling itertools v0.14.0
[INFO] [stderr]    Compiling parking_lot_core v0.9.12
[INFO] [stderr]    Compiling futures-executor v0.3.31
[INFO] [stderr]    Compiling futures v0.3.31
[INFO] [stderr]    Compiling k256 v0.13.4
[INFO] [stderr]    Compiling parking_lot v0.12.5
[INFO] [stderr]    Compiling serde_urlencoded v0.7.1
[INFO] [stderr]    Compiling idna_adapter v1.2.1
[INFO] [stderr]    Compiling idna v1.1.0
[INFO] [stderr]    Compiling dashmap v6.1.0
[INFO] [stderr]    Compiling alloy-json-abi v1.5.4
[INFO] [stderr]    Compiling nybbles v0.4.7
[INFO] [stderr]    Compiling http-body v1.0.1
[INFO] [stderr]    Compiling http-body-util v0.1.3
[INFO] [stderr]    Compiling hex v0.4.3
[INFO] [stderr]    Compiling bcs v0.1.6
[INFO] [stderr]    Compiling url v2.5.8
[INFO] [stderr]    Compiling publicsuffix v2.3.0
[INFO] [stderr]    Compiling alloy-sol-macro-input v1.5.4
[INFO] [stderr]    Compiling darling_macro v0.21.3
[INFO] [stderr]    Compiling alloy-sol-macro-expander v1.5.4
[INFO] [stderr]    Compiling darling v0.21.3
[INFO] [stderr]    Compiling cookie_store v0.22.0
[INFO] [stderr]    Compiling serde_with_macros v3.16.1
[INFO] [stderr]    Compiling alloy-tx-macros v1.5.2
[INFO] [stderr]    Compiling alloy-eip7702 v0.6.3
[INFO] [stderr]    Compiling alloy-eip7928 v0.3.2
[INFO] [stderr]    Compiling alloy-serde v1.5.2
[INFO] [stderr]    Compiling alloy-eip2124 v0.2.0
[INFO] [stderr]    Compiling alloy-eip2930 v0.2.3
[INFO] [stderr]    Compiling alloy-trie v0.9.3
[INFO] [stderr]    Compiling serde_with v3.16.1
[INFO] [stderr]    Compiling alloy-signer v1.5.2
[INFO] [stderr]    Compiling alloy-chains v0.2.30
[INFO] [stderr]    Compiling utoipa v5.4.0
[INFO] [stderr]    Compiling om-crypto-types v0.2.0
[INFO] [stderr]    Compiling alloy-sol-macro v1.5.4
[INFO] [stderr]    Compiling alloy-sol-types v1.5.4
[INFO] [stderr]    Compiling rustls-webpki v0.103.9
[INFO] [stderr]    Compiling alloy-eips v1.5.2
[INFO] [stderr]    Compiling tokio-util v0.7.18
[INFO] [stderr]    Compiling tower v0.5.3
[INFO] [stderr]    Compiling tokio-native-tls v0.3.1
[INFO] [stderr]    Compiling h2 v0.4.13
[INFO] [stderr]    Compiling tokio-stream v0.1.18
[INFO] [stderr]    Compiling tower-http v0.6.8
[INFO] [stderr]    Compiling alloy-consensus v1.5.2
[INFO] [stderr]    Compiling alloy-json-rpc v1.5.2
[INFO] [stderr]    Compiling alloy-dyn-abi v1.5.4
[INFO] [stderr]    Compiling alloy-transport v1.5.2
[INFO] [stderr]    Compiling alloy-core v1.5.4
[INFO] [stderr]    Compiling alloy-network-primitives v1.5.2
[INFO] [stderr]    Compiling alloy-consensus-any v1.5.2
[INFO] [stderr]    Compiling alloy-rpc-types-eth v1.5.2
[INFO] [stderr]    Compiling hyper v1.8.1
[INFO] [stderr]    Compiling tokio-rustls v0.26.4
[INFO] [stderr]    Compiling hyper-util v0.1.20
[INFO] [stderr]    Compiling alloy-rpc-types-any v1.5.2
[INFO] [stderr]    Compiling alloy-rpc-types v1.5.2
[INFO] [stderr]    Compiling alloy-network v1.5.2
[INFO] [stderr]    Compiling hyper-rustls v0.27.7
[INFO] [stderr]    Compiling hyper-tls v0.6.0
[INFO] [stderr]    Compiling reqwest v0.12.28
[INFO] [stderr]    Compiling alloy-signer-local v1.5.2
[INFO] [stderr]    Compiling alloy-transport-http v1.5.2
[INFO] [stderr]    Compiling alloy-rpc-client v1.5.2
[INFO] [stderr]    Compiling alloy-provider v1.5.2
[INFO] [stderr]    Compiling alloy-contract v1.5.2
[INFO] [stderr]    Compiling alloy v1.5.2
[INFO] [stderr]    Compiling om-primitives-types v0.3.0
[INFO] [stderr]    Compiling om-rest-types v0.3.0
[INFO] [stderr]    Compiling onemoney-protocol v0.18.0 (/opt/rustwide/workdir)
[INFO] [stderr]     Finished `release` profile [optimized] target(s) in 1m 00s
[INFO] [stderr] warning: the following packages contain code that will be rejected by a future version of Rust: proc-macro-error2 v2.0.1
[INFO] [stderr] note: to see what the problems were, use the option `--future-incompat-report`, or run `cargo report future-incompatibilities --id 1`
[INFO] running `Command { std: "docker" "inspect" "3a76fc77f0d940550fb5a5aa7e65fe8849c8a079e0774707a14b16b3184ef62b", kill_on_drop: false }`
[INFO] running `Command { std: "docker" "exec" "-e" "SOURCE_DIR=/opt/rustwide/workdir" "-e" "CARGO_HOME=/opt/rustwide/cargo-home" "-e" "RUSTUP_HOME=/opt/rustwide/rustup-home" "-e" "CARGO_TARGET_DIR=/opt/rustwide/target" "-e" "CARGO_INCREMENTAL=0" "-e" "RUST_BACKTRACE=full" "-e" "RUSTFLAGS=--cap-lints=warn" "-e" "RUSTDOCFLAGS=--cap-lints=warn" "-w" "/opt/rustwide/workdir" "--user" "0:0" "3a76fc77f0d940550fb5a5aa7e65fe8849c8a079e0774707a14b16b3184ef62b" "/opt/rustwide/cargo-home/bin/cargo" "+1.99.0-beta.8" "test" "--frozen" "--no-run" "--message-format=json" "--release", kill_on_drop: false }`
[INFO] [stderr]    Compiling tokio v1.49.0
[INFO] [stderr]    Compiling assert-json-diff v2.0.2
[INFO] [stderr]    Compiling colored v3.1.1
[INFO] [stderr]    Compiling getrandom v0.3.4
[INFO] [stderr]    Compiling regex-automata v0.4.13
[INFO] [stderr]    Compiling similar v2.7.0
[INFO] [stderr]    Compiling rand_core v0.9.5
[INFO] [stderr]    Compiling rand_chacha v0.9.0
[INFO] [stderr]    Compiling rand v0.9.2
[INFO] [stderr]    Compiling regex v1.12.2
[INFO] [stderr]    Compiling tokio-util v0.7.18
[INFO] [stderr]    Compiling tower v0.5.3
[INFO] [stderr]    Compiling tokio-native-tls v0.3.1
[INFO] [stderr]    Compiling tokio-rustls v0.26.4
[INFO] [stderr]    Compiling tower-http v0.6.8
[INFO] [stderr]    Compiling alloy-transport v1.5.2
[INFO] [stderr]    Compiling h2 v0.4.13
[INFO] [stderr]    Compiling tokio-stream v0.1.18
[INFO] [stderr]    Compiling tokio-test v0.4.5
[INFO] [stderr]    Compiling hyper v1.8.1
[INFO] [stderr]    Compiling hyper-util v0.1.20
[INFO] [stderr]    Compiling hyper-tls v0.6.0
[INFO] [stderr]    Compiling hyper-rustls v0.27.7
[INFO] [stderr]    Compiling mockito v1.7.2
[INFO] [stderr]    Compiling reqwest v0.12.28
[INFO] [stderr]    Compiling alloy-transport-http v1.5.2
[INFO] [stderr]    Compiling alloy-rpc-client v1.5.2
[INFO] [stderr]    Compiling alloy-provider v1.5.2
[INFO] [stderr]    Compiling alloy-contract v1.5.2
[INFO] [stderr]    Compiling alloy v1.5.2
[INFO] [stderr]    Compiling om-primitives-types v0.3.0
[INFO] [stderr]    Compiling om-rest-types v0.3.0
[INFO] [stderr]    Compiling onemoney-protocol v0.18.0 (/opt/rustwide/workdir)
[INFO] [stderr]     Finished `release` profile [optimized] target(s) in 35.03s
[INFO] [stderr] warning: the following packages contain code that will be rejected by a future version of Rust: proc-macro-error2 v2.0.1
[INFO] [stderr] note: to see what the problems were, use the option `--future-incompat-report`, or run `cargo report future-incompatibilities --id 1`
[INFO] running `Command { std: "docker" "inspect" "3a76fc77f0d940550fb5a5aa7e65fe8849c8a079e0774707a14b16b3184ef62b", kill_on_drop: false }`
[INFO] running `Command { std: "docker" "exec" "-e" "SOURCE_DIR=/opt/rustwide/workdir" "-e" "CARGO_HOME=/opt/rustwide/cargo-home" "-e" "RUSTUP_HOME=/opt/rustwide/rustup-home" "-e" "CARGO_TARGET_DIR=/opt/rustwide/target" "-e" "CARGO_INCREMENTAL=0" "-e" "RUST_BACKTRACE=full" "-e" "RUSTFLAGS=--cap-lints=warn" "-e" "RUSTDOCFLAGS=--cap-lints=warn" "-w" "/opt/rustwide/workdir" "--user" "0:0" "3a76fc77f0d940550fb5a5aa7e65fe8849c8a079e0774707a14b16b3184ef62b" "/opt/rustwide/cargo-home/bin/cargo" "+1.99.0-beta.8" "test" "--frozen" "--release", kill_on_drop: false }`
[INFO] [stderr]     Finished `release` profile [optimized] target(s) in 0.35s
[INFO] [stderr] warning: the following packages contain code that will be rejected by a future version of Rust: proc-macro-error2 v2.0.1
[INFO] [stderr] note: to see what the problems were, use the option `--future-incompat-report`, or run `cargo report future-incompatibilities --id 1`
[INFO] [stderr]      Running unittests src/lib.rs (/opt/rustwide/target/release/deps/onemoney_protocol-a3bc65d909667d63)
[INFO] [stdout] 
[INFO] [stdout] running 138 tests
[INFO] [stdout] test api::accounts::tests::test_account_nonce_display ... ok
[INFO] [stdout] test api::accounts::tests::test_account_bbnonce_display ... ok
[INFO] [stdout] test api::accounts::tests::test_associated_token_account_clone ... ok
[INFO] [stdout] test api::accounts::tests::test_associated_token_account_display ... ok
[INFO] [stdout] test api::accounts::tests::test_associated_token_account_default ... ok
[INFO] [stdout] test api::accounts::tests::test_associated_token_account_equality ... ok
[INFO] [stdout] test api::accounts::tests::test_bbnonce_api_path_construction ... ok
[INFO] [stdout] test api::accounts::tests::test_nonce_api_path_construction ... ok
[INFO] [stdout] test api::accounts::tests::test_token_account_api_path_construction ... ok
[INFO] [stdout] test api::chains::tests::test_chain_id_response_structure ... ok
[INFO] [stdout] test api::checkpoints::tests::test_checkpoint_number ... ok
[INFO] [stdout] test api::checkpoints::tests::test_checkpoint_structure ... ok
[INFO] [stdout] test api::governance::tests::test_current_epoch_endpoint_path ... ok
[INFO] [stdout] test api::governance::tests::test_epoch_by_id_endpoint_path ... ok
[INFO] [stdout] test api::tokens::tests::test_authority_action_serialization ... ok
[INFO] [stdout] test api::tokens::tests::test_authority_values ... ok
[INFO] [stdout] test api::tokens::tests::test_blacklist_action_serialization ... ok
[INFO] [stdout] test api::tokens::tests::test_pause_action_serialization ... ok
[INFO] [stdout] test api::tokens::tests::test_token_authority_payload_structure ... ok
[INFO] [stdout] test api::tokens::tests::test_token_blacklist_payload_structure ... ok
[INFO] [stdout] test api::tokens::tests::test_token_burn_payload_structure ... ok
[INFO] [stdout] test api::tokens::tests::test_token_mint_payload_structure ... ok
[INFO] [stdout] test api::tokens::tests::test_token_pause_payload_structure ... ok
[INFO] [stdout] test api::tokens::tests::test_token_whitelist_payload_structure ... ok
[INFO] [stdout] test api::tokens::tests::test_whitelist_action_serialization ... ok
[INFO] [stdout] test api::transactions::tests::test_fee_estimate_request ... ok
[INFO] [stdout] test api::transactions::tests::test_finalized_transaction_api_path_construction ... ok
[INFO] [stdout] test api::transactions::tests::test_finalized_transaction_json_output ... ok
[INFO] [stdout] test api::transactions::tests::test_finalized_transaction_structure ... ok
[INFO] [stdout] test api::transactions::tests::test_payment_payload_alloy_rlp ... ok
[INFO] [stdout] test api::transactions::tests::test_wait_for_transaction_receipt_respects_errors ... ok
[INFO] [stdout] test api::transactions::tests::test_wait_for_transaction_receipt_with_zero_timeout_is_rejected ... ok
[INFO] [stdout] test client::builder::tests::test_app_user_agent ... ok
[INFO] [stdout] test client::builder::tests::test_builder_debug_implementation ... ok
[INFO] [stdout] test client::builder::tests::test_builder_default_trait ... ok
[INFO] [stdout] test client::config::tests::test_api_path_construction ... ok
[INFO] [stdout] test client::config::tests::test_constants ... ok
[INFO] [stdout] test client::config::tests::test_endpoint_constants ... ok
[INFO] [stdout] test client::config::tests::test_network_chain_ids ... ok
[INFO] [stdout] test client::config::tests::test_network_default ... ok
[INFO] [stdout] test client::config::tests::test_network_properties ... ok
[INFO] [stdout] test client::config::tests::test_network_urls ... ok
[INFO] [stdout] test client::config::tests::test_predefined_chain_id_panics_for_custom ... ok
[INFO] [stdout] test client::hooks::tests::test_after_response_with_redaction ... ok
[INFO] [stdout] test client::hooks::tests::test_before_request_with_empty_body ... ok
[INFO] [stdout] test client::hooks::tests::test_before_request_with_long_body ... ok
[INFO] [stdout] test client::hooks::tests::test_redaction_callback ... ok
[INFO] [stdout] test client::hooks::tests::test_safe_preview_empty_body ... ok
[INFO] [stdout] test client::hooks::tests::test_safe_preview_long_body ... ok
[INFO] [stdout] test client::hooks::tests::test_safe_preview_short_body ... ok
[INFO] [stdout] test client::hooks::tests::test_safe_preview_with_multibyte_characters ... ok
[INFO] [stdout] test api::transactions::tests::test_wait_for_transaction_receipt_eventually_succeeds ... ok
[INFO] [stdout] test client::builder::tests::test_builder_validation_errors ... ok
[INFO] [stdout] test api::multisig::tests::test_create_multisig_account_payload ... ok
[INFO] [stdout] test api::multisig::tests::test_create_multisig_payment_payload ... ok
[INFO] [stdout] test client::builder::tests::test_builder_hooks_management ... ok
[INFO] [stdout] test client::http::tests::test_client_new_method ... ok
[INFO] [stdout] test client::builder::tests::test_builder_http_client_configuration ... ok
[INFO] [stdout] test client::builder::tests::test_builder_multiple_configurations ... ok
[INFO] [stdout] test client::http::tests::test_client_debug_implementation ... ok
[INFO] [stdout] test api::multisig::tests::test_create_multisig_account_invalid_threshold ... ok
[INFO] [stdout] test client::http::tests::test_error_classification_authentication_errors ... ok
[INFO] [stdout] test client::http::tests::test_error_classification_business_logic_errors ... ok
[INFO] [stdout] test client::http::tests::test_error_classification_authorization_errors ... ok
[INFO] [stdout] test client::http::tests::test_error_classification_rate_limit_errors ... ok
[INFO] [stdout] test client::http::tests::test_error_classification_generic_api_errors ... ok
[INFO] [stdout] test client::http::tests::test_error_classification_timeout_errors ... ok
[INFO] [stdout] test client::http::tests::test_error_classification_resource_not_found_errors ... ok
[INFO] [stdout] test client::http::tests::test_error_classification_validation_errors ... ok
[INFO] [stdout] test client::http::tests::test_error_classification_server_errors ... ok
[INFO] [stdout] test client::tests::test_endpoints_accessibility ... ok
[INFO] [stdout] test client::tests::test_module_organization ... ok
[INFO] [stdout] test client::tests::test_logging_functionality ... ok
[INFO] [stdout] test error::tests::test_authentication_and_authorization_errors ... ok
[INFO] [stdout] test error::tests::test_business_logic_error_creation ... ok
[INFO] [stdout] test error::tests::test_config_error_creation ... ok
[INFO] [stdout] test error::tests::test_connection_and_dns_errors ... ok
[INFO] [stdout] test error::tests::test_crypto_error_creation ... ok
[INFO] [stdout] test error::tests::test_error_creation_methods ... ok
[INFO] [stdout] test error::tests::test_error_display_formatting ... ok
[INFO] [stdout] test error::tests::test_error_debug_formatting ... ok
[INFO] [stdout] test error::tests::test_error_from_conversions ... ok
[INFO] [stdout] test error::tests::test_error_response_structure ... ok
[INFO] [stdout] test error::tests::test_error_source_chain ... ok
[INFO] [stdout] test error::tests::test_error_type_checking_methods ... ok
[INFO] [stdout] test error::tests::test_http_transport_error_creation ... ok
[INFO] [stdout] test error::tests::test_parameter_and_resource_errors ... ok
[INFO] [stdout] test error::tests::test_rate_limit_error_creation ... ok
[INFO] [stdout] test error::tests::test_request_timeout_error_creation ... ok
[INFO] [stdout] test error::tests::test_reqwest_error_conversion ... ok
[INFO] [stdout] test error::tests::test_response_deserialization_error ... ok
[INFO] [stdout] test error::tests::test_result_type_alias ... ok
[INFO] [stdout] test error::tests::test_status_code_and_error_code_extraction ... ok
[INFO] [stdout] test transport::retry::tests::test_delay_calculation ... ok
[INFO] [stdout] test transport::retry::tests::test_is_retryable_status ... ok
[INFO] [stdout] test transport::retry::tests::test_retry_config_builder ... ok
[INFO] [stdout] test transport::retry::tests::test_retry_config_default ... ok
[INFO] [stdout] test transport::retry::tests::test_should_retry ... ok
[INFO] [stdout] test transport::tests::test_module_structure ... ok
[INFO] [stdout] test transport::tests::test_retry_config_accessibility ... ok
[INFO] [stdout] test transport::tests::test_transport_module_exports ... ok
[INFO] [stdout] test utils::address::tests::test_is_valid_address_format ... ok
[INFO] [stdout] test utils::address::tests::test_public_key_to_address ... ok
[INFO] [stdout] test utils::address::tests::test_public_key_to_address_error_cases ... ok
[INFO] [stdout] test utils::multisig::tests::test_derive_multisig_address_duplicate_pubkey ... ok
[INFO] [stdout] test utils::multisig::tests::test_derive_multisig_address_2_of_3 ... ok
[INFO] [stdout] test utils::multisig::tests::test_derive_multisig_address_no_signers ... ok
[INFO] [stdout] test utils::multisig::tests::test_derive_multisig_address_threshold_exceeds_weight ... ok
[INFO] [stdout] test utils::multisig::tests::test_multisig_collector ... ok
[INFO] [stdout] test utils::multisig::tests::test_multisig_collector_default ... ok
[INFO] [stdout] test utils::multisig::tests::test_signer_config_invalid_pubkey_length ... ok
[INFO] [stdout] test utils::multisig::tests::test_signer_config_new_valid ... ok
[INFO] [stdout] test utils::multisig::tests::test_threshold_config_zero ... ok
[INFO] [stdout] test utils::multisig::tests::test_signer_config_zero_weight ... ok
[INFO] [stdout] test utils::multisig::tests::test_threshold_config_new_valid ... ok
[INFO] [stdout] test utils::verify::tests::test_verify_fails_with_invalid_signature ... ok
[INFO] [stdout] test utils::verify::tests::test_verify_fails_with_wrong_message ... ok
[INFO] [stdout] test utils::verify::tests::test_verify_multiple_validators_signature ... ok
[INFO] [stdout] test utils::wallet::tests::test_generate_random_wallet ... ok
[INFO] [stdout] test utils::wallet::tests::test_wallet_display ... ok
[INFO] [stdout] test utils::wallet::tests::test_wallet_format_validation ... ok
[INFO] [stdout] test utils::verify::tests::test_verify_single_validator_signature ... ok
[INFO] [stdout] test utils::wallet::tests::test_wallet_generation_uniqueness ... ok
[INFO] [stdout] test utils::wallet::tests::test_wallet_serialization ... ok
[INFO] [stdout] test utils::verify::tests::test_verify_fails_with_wrong_public_key ... ok
[INFO] [stdout] test client::tests::test_client_creation_workflow ... ok
[INFO] [stdout] test client::http::tests::test_handle_error_response_fallback_to_status_code ... ok
[INFO] [stdout] test client::tests::test_client_module_exports ... ok
[INFO] [stdout] test client::http::tests::test_handle_error_response_with_structured_json ... ok
[INFO] [stdout] test client::builder::tests::test_builder_extreme_timeout_values ... ok
[INFO] [stdout] test api::chains::tests::test_get_chain_id ... ok
[INFO] [stdout] test client::http::tests::test_client_creation_methods ... ok
[INFO] [stdout] test client::builder::tests::test_builder_network_configuration ... ok
[INFO] [stdout] test client::builder::tests::test_builder_custom_base_url ... ok
[INFO] [stdout] test client::tests::test_network_configuration ... ok
[INFO] [stdout] test client::http::tests::test_network_url_configuration ... ok
[INFO] [stdout] test client::builder::tests::test_builder_edge_case_urls ... ok
[INFO] [stdout] test client::builder::tests::test_builder_timeout_configuration ... ok
[INFO] [stdout] 
[INFO] [stdout] test result: ok. 138 passed; 0 failed; 0 ignored; 0 measured; 0 filtered out; finished in 0.15s
[INFO] [stdout] 
[INFO] [stderr]      Running tests/advanced_integration_scenarios.rs (/opt/rustwide/target/release/deps/advanced_integration_scenarios-2f86942bcb9b5f1a)
[INFO] [stdout] 
[INFO] [stdout] running 7 tests
[INFO] [stdout] test test_complex_payload_transformations ... ok
[INFO] [stdout] test test_high_volume_payload_processing ... ok
[INFO] [stdout] test test_client_recovery_from_network_errors ... ok
[INFO] [stdout] test test_cross_component_data_consistency ... ok
[INFO] [stdout] test test_complete_token_lifecycle_simulation ... ok
[INFO] [stdout] test test_multi_client_coordination_pattern ... ok
[INFO] [stdout] test test_configuration_validation_patterns ... ok
[INFO] [stdout] 
[INFO] [stdout] test result: ok. 7 passed; 0 failed; 0 ignored; 0 measured; 0 filtered out; finished in 0.09s
[INFO] [stdout] 
[INFO] [stderr]      Running tests/api_integration_tests.rs (/opt/rustwide/target/release/deps/api_integration_tests-e8d48a938ddb4e6e)
[INFO] [stdout] 
[INFO] [stdout] running 19 tests
[INFO] [stdout] test test_accounts_api_path_construction ... ok
[INFO] [stdout] test test_accounts_endpoint_constants ... ok
[INFO] [stdout] test test_address_parameter_validation ... ok
[INFO] [stdout] test test_api_module_organization ... ok
[INFO] [stdout] test test_chains_api_path_construction ... ok
[INFO] [stdout] test test_api_version_consistency ... ok
[INFO] [stdout] test test_checkpoints_api_path_construction ... ok
[INFO] [stdout] test test_checkpoints_query_parameter_formatting ... ok
[INFO] [stdout] test test_hash_parameter_validation ... ok
[INFO] [stdout] test test_tokens_api_path_construction ... ok
[INFO] [stdout] test test_api_path_uniqueness ... ok
[INFO] [stdout] test test_numeric_parameter_validation ... ok
[INFO] [stdout] test test_tokens_endpoint_constants ... ok
[INFO] [stdout] test test_checkpoints_endpoint_constants ... ok
[INFO] [stdout] test test_chains_endpoint_constants ... ok
[INFO] [stdout] test test_tokens_query_parameter_construction ... ok
[INFO] [stdout] test test_transactions_api_path_construction ... ok
[INFO] [stdout] test test_transactions_endpoint_constants ... ok
[INFO] [stdout] test test_transactions_query_parameter_construction ... ok
[INFO] [stdout] 
[INFO] [stdout] test result: ok. 19 passed; 0 failed; 0 ignored; 0 measured; 0 filtered out; finished in 0.00s
[INFO] [stdout] 
[INFO] [stderr]      Running tests/crypto_integration_tests.rs (/opt/rustwide/target/release/deps/crypto_integration_tests-35854328485d33e9)
[INFO] [stdout] 
[INFO] [stdout] running 12 tests
[INFO] [stdout] test test_address_derivation_error_cases ... ok
[INFO] [stdout] test test_address_derivation_integration ... ok
[INFO] [stdout] test test_complete_key_to_signature_workflow ... ok
[INFO] [stdout] test test_multiple_private_keys_produce_unique_addresses ... ok
[INFO] [stdout] test test_end_to_end_transaction_signing ... ok
[INFO] [stdout] test test_extreme_value_handling ... ok
[INFO] [stdout] test test_token_mint_payload_signing_integration ... ok
[INFO] [stdout] test test_signing_with_invalid_private_keys ... ok
[INFO] [stdout] test test_concurrent_signing_consistency ... ok
[INFO] [stdout] test test_multiple_transaction_types_signing ... ok
[INFO] [stdout] test test_signature_determinism_across_restarts ... ok
[INFO] [stdout] test test_signing_performance_baseline ... ok
[INFO] [stdout] 
[INFO] [stdout] test result: ok. 12 passed; 0 failed; 0 ignored; 0 measured; 0 filtered out; finished in 0.01s
[INFO] [stdout] 
[INFO] [stderr]      Running tests/enhanced_edge_case_tests.rs (/opt/rustwide/target/release/deps/enhanced_edge_case_tests-19171332bdccfc9a)
[INFO] [stdout] 
[INFO] [stdout] running 8 tests
[INFO] [stdout] test test_address_boundary_values ... ok
[INFO] [stdout] test test_large_payload_memory_efficiency ... ok
[INFO] [stdout] test test_extreme_numeric_values ... ok
[INFO] [stdout] test test_malformed_json_resilience ... ok
[INFO] [stdout] test test_unicode_handling_in_error_messages ... ok
[INFO] [stdout] test test_rapid_payload_creation_performance ... ok
[INFO] [stdout] test test_concurrent_client_creation_stress ... ok
[INFO] [stdout] test test_resource_cleanup_during_failures ... ok
[INFO] [stdout] 
[INFO] [stdout] test result: ok. 8 passed; 0 failed; 0 ignored; 0 measured; 0 filtered out; finished in 0.32s
[INFO] [stdout] 
[INFO] [stderr]      Running tests/error_integration_tests.rs (/opt/rustwide/target/release/deps/error_integration_tests-dcd82e63b8ba987e)
[INFO] [stdout] 
[INFO] [stdout] running 41 tests
[INFO] [stdout] test test_address_parsing_errors ... ok
[INFO] [stdout] test test_config_error_creation ... ok
[INFO] [stdout] test test_crypto_error_creation ... ok
[INFO] [stdout] test test_cross_error_type_compatibility ... ok
[INFO] [stdout] test test_error_api_creation ... ok
[INFO] [stdout] test test_error_address_creation ... ok
[INFO] [stdout] test test_error_array_conversion ... ok
[INFO] [stdout] test test_error_authentication ... ok
[INFO] [stdout] test test_error_authorization ... ok
[INFO] [stdout] test test_error_business_logic ... ok
[INFO] [stdout] test test_error_categories ... ok
[INFO] [stdout] test test_error_chain_integration ... ok
[INFO] [stdout] test test_error_connection ... ok
[INFO] [stdout] test test_error_constructors_heterogeneous_types ... ok
[INFO] [stdout] test test_error_context_preservation ... ok
[INFO] [stdout] test test_error_custom_creation ... ok
[INFO] [stdout] test test_error_debug_contains_variant ... ok
[INFO] [stdout] test test_error_display ... ok
[INFO] [stdout] test test_error_dns_resolution ... ok
[INFO] [stdout] test test_error_from_config_error ... ok
[INFO] [stdout] test test_error_from_crypto_error ... ok
[INFO] [stdout] test test_error_from_try_from_slice_error ... ok
[INFO] [stdout] test test_error_http_transport ... ok
[INFO] [stdout] test test_error_from_conversions ... ok
[INFO] [stdout] test test_error_messages_are_helpful ... ok
[INFO] [stdout] test test_error_invalid_parameter ... ok
[INFO] [stdout] test test_error_propagation ... ok
[INFO] [stdout] test test_error_resource_not_found ... ok
[INFO] [stdout] test test_error_request_timeout ... ok
[INFO] [stdout] test test_error_response_deserialization ... ok
[INFO] [stdout] test test_error_response_serialization ... ok
[INFO] [stdout] test test_error_rate_limit_exceeded ... ok
[INFO] [stdout] test test_error_source ... ok
[INFO] [stdout] test test_error_status_code_methods ... ok
[INFO] [stdout] test test_error_types ... ok
[INFO] [stdout] test test_result_type ... ok
[INFO] [stdout] test test_error_validation_creation ... ok
[INFO] [stdout] test test_error_type_checks ... ok
[INFO] [stdout] test test_error_send_sync ... ok
[INFO] [stdout] test reqwest_error_tests::test_reqwest_error_conversion_with_mock ... ok
[INFO] [stdout] test test_api_error_responses ... ok
[INFO] [stdout] 
[INFO] [stdout] test result: ok. 41 passed; 0 failed; 0 ignored; 0 measured; 0 filtered out; finished in 0.02s
[INFO] [stdout] 
[INFO] [stderr]      Running tests/http_integration_tests.rs (/opt/rustwide/target/release/deps/http_integration_tests-1fafa18fb2d57df5)
[INFO] [stdout] 
[INFO] [stdout] running 23 tests
[INFO] [stdout] test test_error_response_json_structure ... ok
[INFO] [stdout] test test_error_response_serialization ... ok
[INFO] [stdout] test test_error_response_various_codes ... ok
[INFO] [stdout] test test_error_response_edge_cases ... ok
[INFO] [stdout] test test_client_builder_invalid_timeout ... ok
[INFO] [stdout] test test_rate_limit_errors ... ok
[INFO] [stdout] test test_client_debug_implementation ... ok
[INFO] [stdout] test test_authorization_errors ... ok
[INFO] [stdout] test test_resource_not_found_errors ... ok
[INFO] [stdout] test test_authentication_errors ... ok
[INFO] [stdout] test test_business_logic_errors ... ok
[INFO] [stdout] test test_client_creation_methods ... ok
[INFO] [stdout] test test_client_builder_creation ... ok
[INFO] [stdout] test test_network_enum_coverage ... ok
[INFO] [stdout] test test_error_classification_edge_cases ... ok
[INFO] [stdout] test test_server_errors ... ok
[INFO] [stdout] test test_http_client_cross_network_functionality ... ok
[INFO] [stdout] test test_network_client_creation ... ok
[INFO] [stdout] test test_client_builder_timeout ... ok
[INFO] [stdout] test test_validation_parameter_errors ... ok
[INFO] [stdout] test test_fallback_error_classification_cases ... ok
[INFO] [stdout] test test_timeout_configuration_integration ... ok
[INFO] [stdout] test test_http_transport_error_status_codes ... ok
[INFO] [stdout] 
[INFO] [stdout] test result: ok. 23 passed; 0 failed; 0 ignored; 0 measured; 0 filtered out; finished in 0.12s
[INFO] [stdout] 
[INFO] [stderr]      Running tests/integration_tests.rs (/opt/rustwide/target/release/deps/integration_tests-f16c8f78bb931cad)
[INFO] [stdout] 
[INFO] [stdout] running 11 tests
[INFO] [stdout] test test_account_operations ... ignored
[INFO] [stdout] test test_account_operations_offline ... ignored
[INFO] [stdout] test test_address_validation ... ignored
[INFO] [stdout] test test_chain_operations ... ignored
[INFO] [stdout] test test_client_creation ... ignored
[INFO] [stdout] test test_concurrent_requests ... ignored
[INFO] [stdout] test test_error_handling ... ignored
[INFO] [stdout] test test_network_connectivity ... ignored
[INFO] [stdout] test test_performance_characteristics ... ignored
[INFO] [stdout] test test_timeout_handling ... ignored
[INFO] [stdout] test test_token_metadata ... ignored
[INFO] [stdout] 
[INFO] [stdout] test result: ok. 0 passed; 0 failed; 11 ignored; 0 measured; 0 filtered out; finished in 0.00s
[INFO] [stdout] 
[INFO] [stderr]      Running tests/mock_integration_tests.rs (/opt/rustwide/target/release/deps/mock_integration_tests-114b429d54c1feb9)
[INFO] [stdout] 
[INFO] [stdout] running 22 tests
[INFO] [stdout] test test_hash_response_structure ... ok
[INFO] [stdout] test test_concurrent_payload_operations ... ok
[INFO] [stdout] test test_payload_edge_cases ... ok
[INFO] [stdout] test test_request_structure_creation ... ok
[INFO] [stdout] test test_invalid_payload_handling ... ok
[INFO] [stdout] test test_network_timeout_mock ... ok
[INFO] [stdout] test test_chain_id_mock ... ok
[INFO] [stdout] test test_invalid_json_response ... ok
[INFO] [stdout] test test_http_error_responses ... ok
[INFO] [stdout] test test_large_response_handling ... ok
[INFO] [stdout] test test_latest_state_mock ... ok
[INFO] [stdout] test test_api_rate_limiting_simulation ... ok
[INFO] [stdout] test test_token_payload_serialization ... ok
[INFO] [stdout] test test_token_metadata_mock ... ok
[INFO] [stdout] test test_account_nonce_mock ... ok
[INFO] [stdout] test test_mock_server_edge_cases ... ok
[INFO] [stdout] test test_missing_fields_in_response ... ok
[INFO] [stdout] test test_content_type_validation ... ok
[INFO] [stdout] test test_mock_response_consistency ... ok
[INFO] [stdout] test test_token_method_signatures ... ok
[INFO] [stdout] test test_mock_error_response_formats ... ok
[INFO] [stdout] test test_multiple_concurrent_requests ... ok
[INFO] [stdout] 
[INFO] [stdout] test result: ok. 22 passed; 0 failed; 0 ignored; 0 measured; 0 filtered out; finished in 0.11s
[INFO] [stdout] 
[INFO] [stderr]      Running tests/test_documentation_enhancement.rs (/opt/rustwide/target/release/deps/test_documentation_enhancement-4c4837861411bb38)
[INFO] [stdout] 
[INFO] [stdout] running 7 tests
[INFO] [stdout] test test_naming_convention_example_should_succeed ... ok
[INFO] [stdout] test test_meta_testing_infrastructure_should_work_correctly ... ok
[INFO] [stdout] test test_error_handling_pattern_should_reject_invalid_input ... ok
[INFO] [stdout] test test_anti_patterns_demonstration_for_documentation ... ok
[INFO] [stdout] test test_data_patterns_should_be_consistent ... ok
[INFO] [stdout] test test_comprehensive_client_configuration_matrix ... ok
[INFO] [stdout] test test_performance_baseline_should_meet_expectations ... ok
[INFO] [stdout] 
[INFO] [stdout] test result: ok. 7 passed; 0 failed; 0 ignored; 0 measured; 0 filtered out; finished in 12.37s
[INFO] [stdout] 
[INFO] [stderr]    Doc-tests onemoney_protocol
[INFO] [stdout] 
[INFO] [stdout] running 19 tests
[INFO] [stdout] test src/api/transactions.rs - api::transactions::Client::get_and_verify_finalized_transaction_by_hash (line 193) ... ignored
[INFO] [stdout] test src/api/governance.rs - api::governance::Client::get_current_epoch (line 28) - compile ... ok
[INFO] [stdout] test src/utils/verify.rs - utils::verify::verify_bls_aggregate_signature (line 37) ... ignored
[INFO] [stdout] test src/api/accounts.rs - api::accounts::Client::get_associated_token_account (line 104) - compile ... ok
[INFO] [stdout] test src/api/accounts.rs - api::accounts::Client::get_account_nonce (line 30) - compile ... ok
[INFO] [stdout] test src/api/checkpoints.rs - api::checkpoints::Client::get_checkpoint_by_number (line 30) - compile ... ok
[INFO] [stdout] test src/api/tokens.rs - api::tokens::Client::get_token_metadata (line 124) - compile ... ok
[INFO] [stdout] test src/api/checkpoints.rs - api::checkpoints::Client::get_checkpoint_number (line 88) - compile ... ok
[INFO] [stdout] test src/api/multisig.rs - api::multisig::Client::create_multisig_account_payload (line 43) - compile ... FAILED
[INFO] [stdout] test src/api/chains.rs - api::chains::Client::fetch_chain_id_from_network (line 50) - compile ... FAILED
[INFO] [stdout] test src/api/transactions.rs - api::transactions::Client::send_payment (line 44) - compile ... ok
[INFO] [stdout] test src/api/accounts.rs - api::accounts::Client::get_account_bbonce (line 64) - compile ... ok
[INFO] [stdout] test src/utils/multisig.rs - utils::multisig::MultiSigSignatureCollector (line 199) - compile ... FAILED
[INFO] [stdout] test src/api/checkpoints.rs - api::checkpoints::Client::get_checkpoint_by_hash (line 61) - compile ... ok
[INFO] [stdout] test src/api/multisig.rs - api::multisig::Client::create_multisig_payment_payload (line 211) - compile ... FAILED
[INFO] [stdout] test src/api/chains.rs - api::chains::Client::chain_id (line 27) ... FAILED
[INFO] [stdout] test src/utils/multisig.rs - utils::multisig::derive_multisig_address (line 121) ... ok
[INFO] [stdout] test src/utils/wallet.rs - utils::wallet::EvmWallet::generate_random (line 49) ... ok
[INFO] [stdout] test src/lib.rs - (line 7) ... ok
[INFO] [stdout] 
[INFO] [stdout] failures:
[INFO] [stdout] 
[INFO] [stdout] ---- src/api/multisig.rs - api::multisig::Client::create_multisig_account_payload (line 43) stdout ----
[INFO] [stdout] error: expected one of `,`, `::`, `as`, or `}`, found `utils`
[INFO] [stdout]   --> src/api/multisig.rs:48:5
[INFO] [stdout]    |
[INFO] [stdout] 47 |     NamedChain
[INFO] [stdout]    |               -
[INFO] [stdout]    |               |
[INFO] [stdout]    |               expected one of `,`, `::`, `as`, or `}`
[INFO] [stdout]    |               help: missing `,`
[INFO] [stdout] 48 |     utils::{SignerConfig, ThresholdConfig},
[INFO] [stdout]    |     ^^^^^ unexpected token
[INFO] [stdout] 
[INFO] [stdout] error: aborting due to 1 previous error
[INFO] [stdout] 
[INFO] [stdout] Couldn't compile the test.
[INFO] [stdout] ---- src/api/chains.rs - api::chains::Client::fetch_chain_id_from_network (line 50) stdout ----
[INFO] [stdout] error[E0599]: no method named `predefined_chain_id` found for struct `Client` in the current scope
[INFO] [stdout]   --> src/api/chains.rs:59:36
[INFO] [stdout]    |
[INFO] [stdout] 59 |     let expected_chain_id = client.predefined_chain_id();
[INFO] [stdout]    |                                    ^^^^^^^^^^^^^^^^^^^ method not found in `Client`
[INFO] [stdout] 
[INFO] [stdout] error: aborting due to 1 previous error
[INFO] [stdout] 
[INFO] [stdout] For more information about this error, try `rustc --explain E0599`.
[INFO] [stdout] Couldn't compile the test.
[INFO] [stdout] ---- src/utils/multisig.rs - utils::multisig::MultiSigSignatureCollector (line 199) stdout ----
[INFO] [stdout] error[E0425]: cannot find value `signer_pubkey1` in this scope
[INFO] [stdout]    --> src/utils/multisig.rs:207:25
[INFO] [stdout]     |
[INFO] [stdout] 207 | collector.add_signature(signer_pubkey1, signature1);
[INFO] [stdout]     |                         ^^^^^^^^^^^^^^ not found in this scope
[INFO] [stdout] 
[INFO] [stdout] error[E0425]: cannot find value `signature1` in this scope
[INFO] [stdout]    --> src/utils/multisig.rs:207:41
[INFO] [stdout]     |
[INFO] [stdout] 207 | collector.add_signature(signer_pubkey1, signature1);
[INFO] [stdout]     |                                         ^^^^^^^^^^ not found in this scope
[INFO] [stdout] 
[INFO] [stdout] error[E0425]: cannot find value `signer_pubkey2` in this scope
[INFO] [stdout]    --> src/utils/multisig.rs:208:25
[INFO] [stdout]     |
[INFO] [stdout] 208 | collector.add_signature(signer_pubkey2, signature2);
[INFO] [stdout]     |                         ^^^^^^^^^^^^^^ not found in this scope
[INFO] [stdout] 
[INFO] [stdout] error[E0425]: cannot find value `signature2` in this scope
[INFO] [stdout]    --> src/utils/multisig.rs:208:41
[INFO] [stdout]     |
[INFO] [stdout] 208 | collector.add_signature(signer_pubkey2, signature2);
[INFO] [stdout]     |                                         ^^^^^^^^^^ not found in this scope
[INFO] [stdout] 
[INFO] [stdout] error: aborting due to 4 previous errors
[INFO] [stdout] 
[INFO] [stdout] For more information about this error, try `rustc --explain E0425`.
[INFO] [stdout] Couldn't compile the test.
[INFO] [stdout] ---- src/api/multisig.rs - api::multisig::Client::create_multisig_payment_payload (line 211) stdout ----
[INFO] [stdout] error[E0425]: cannot find value `signer1_pubkey` in this scope
[INFO] [stdout]    --> src/api/multisig.rs:239:25
[INFO] [stdout]     |
[INFO] [stdout] 239 | collector.add_signature(signer1_pubkey, sig1);
[INFO] [stdout]     |                         ^^^^^^^^^^^^^^ not found in this scope
[INFO] [stdout] 
[INFO] [stdout] error[E0425]: cannot find value `signer2_pubkey` in this scope
[INFO] [stdout]    --> src/api/multisig.rs:244:25
[INFO] [stdout]     |
[INFO] [stdout] 244 | collector.add_signature(signer2_pubkey, sig2);
[INFO] [stdout]     |                         ^^^^^^^^^^^^^^ not found in this scope
[INFO] [stdout] 
[INFO] [stdout] error[E0308]: mismatched types
[INFO] [stdout]    --> src/api/multisig.rs:239:41
[INFO] [stdout]     |
[INFO] [stdout] 239 | collector.add_signature(signer1_pubkey, sig1);
[INFO] [stdout]     |           -------------                 ^^^^ expected `alloy_primitives::Signature`, found `RestSignature`
[INFO] [stdout]     |           |
[INFO] [stdout]     |           arguments to this method are incorrect
[INFO] [stdout]     |
[INFO] [stdout] note: method defined here
[INFO] [stdout]    --> src/utils/multisig.rs:233:12
[INFO] [stdout]     |
[INFO] [stdout] 233 |     pub fn add_signature(&mut self, signer_pubkey: B264, signature: Signature) -> &mut Self {
[INFO] [stdout]     |            ^^^^^^^^^^^^^
[INFO] [stdout] 
[INFO] [stdout] error[E0308]: mismatched types
[INFO] [stdout]    --> src/api/multisig.rs:244:41
[INFO] [stdout]     |
[INFO] [stdout] 244 | collector.add_signature(signer2_pubkey, sig2);
[INFO] [stdout]     |           -------------                 ^^^^ expected `alloy_primitives::Signature`, found `RestSignature`
[INFO] [stdout]     |           |
[INFO] [stdout]     |           arguments to this method are incorrect
[INFO] [stdout]     |
[INFO] [stdout] note: method defined here
[INFO] [stdout]    --> src/utils/multisig.rs:233:12
[INFO] [stdout]     |
[INFO] [stdout] 233 |     pub fn add_signature(&mut self, signer_pubkey: B264, signature: Signature) -> &mut Self {
[INFO] [stdout]     |            ^^^^^^^^^^^^^
[INFO] [stdout] 
[INFO] [stdout] error: aborting due to 4 previous errors
[INFO] [stdout] 
[INFO] [stdout] Some errors have detailed explanations: E0308, E0425.
[INFO] [stdout] For more information about an error, try `rustc --explain E0308`.
[INFO] [stdout] Couldn't compile the test.
[INFO] [stdout] ---- src/api/chains.rs - api::chains::Client::chain_id (line 27) stdout ----
[INFO] [stdout] error[E0308]: mismatched types
[INFO] [stdout]   --> src/api/chains.rs:33:22
[INFO] [stdout]    |
[INFO] [stdout] 33 | assert_eq!(chain_id, NamedChain::MAINNET_CHAIN_ID);
[INFO] [stdout]    |                      ^^^^^^^^^^^^^^^^^^^^^^^^^^^^ expected `Option<u64>`, found `u64`
[INFO] [stdout]    |
[INFO] [stdout]    = note: expected enum `Option<u64>`
[INFO] [stdout]               found type `u64`
[INFO] [stdout] help: try wrapping the expression in `Some`
[INFO] [stdout]    |
[INFO] [stdout] 33 | assert_eq!(chain_id, Some(NamedChain::MAINNET_CHAIN_ID));
[INFO] [stdout]    |                      +++++                            +
[INFO] [stdout] 
[INFO] [stdout] error: aborting due to 1 previous error
[INFO] [stdout] 
[INFO] [stdout] For more information about this error, try `rustc --explain E0308`.
[INFO] [stdout] Couldn't compile the test.
[INFO] [stdout] 
[INFO] [stdout] failures:
[INFO] [stdout]     src/api/chains.rs - api::chains::Client::chain_id (line 27)
[INFO] [stdout]     src/api/chains.rs - api::chains::Client::fetch_chain_id_from_network (line 50)
[INFO] [stdout]     src/api/multisig.rs - api::multisig::Client::create_multisig_account_payload (line 43)
[INFO] [stdout]     src/api/multisig.rs - api::multisig::Client::create_multisig_payment_payload (line 211)
[INFO] [stdout]     src/utils/multisig.rs - utils::multisig::MultiSigSignatureCollector (line 199)
[INFO] [stdout] 
[INFO] [stdout] test result: FAILED. 12 passed; 5 failed; 2 ignored; 0 measured; 0 filtered out; finished in 0.69s
[INFO] [stdout] 
[INFO] [stdout] all doctests ran in 1.13s; merged doctests compilation took 0.44s
[INFO] [stderr] error: doctest failed, to rerun pass `--doc`
[INFO] running `Command { std: "docker" "inspect" "3a76fc77f0d940550fb5a5aa7e65fe8849c8a079e0774707a14b16b3184ef62b", kill_on_drop: false }`
[INFO] running `Command { std: "docker" "rm" "-f" "3a76fc77f0d940550fb5a5aa7e65fe8849c8a079e0774707a14b16b3184ef62b", kill_on_drop: false }`
[INFO] [stdout] 3a76fc77f0d940550fb5a5aa7e65fe8849c8a079e0774707a14b16b3184ef62b
