[INFO] fetching crate onelib 0.2.0...
[INFO] testing onelib-0.2.0 against 1.100.0-beta.1+cargoflags=--release for beta-release-1.100-2
[INFO] extracting crate onelib 0.2.0 into /workspace/builds/worker-1-tc2/source
[INFO] started tweaking crates.io crate onelib 0.2.0
[INFO] removed 0 missing tests
[INFO] finished tweaking crates.io crate onelib 0.2.0
[INFO] tweaked toml for crates.io crate onelib 0.2.0 written to /workspace/builds/worker-1-tc2/source/Cargo.toml
[INFO] validating manifest of crates.io crate onelib 0.2.0 on toolchain 1.100.0-beta.1
[INFO] running `Command { std: CARGO_HOME="/workspace/cargo-home" RUSTUP_HOME="/workspace/rustup-home" "/workspace/cargo-home/bin/cargo" "+1.100.0-beta.1" "metadata" "--manifest-path" "Cargo.toml" "--no-deps", kill_on_drop: false }`
[INFO] crate crates.io crate onelib 0.2.0 already has a lockfile, it will not be regenerated
[INFO] running `Command { std: CARGO_HOME="/workspace/cargo-home" RUSTUP_HOME="/workspace/rustup-home" "/workspace/cargo-home/bin/cargo" "+1.100.0-beta.1" "fetch" "--manifest-path" "Cargo.toml", kill_on_drop: false }`
[INFO] running `Command { std: "docker" "create" "-v" "/var/lib/crater-agent-workspace/builds/worker-1-tc2/source:/opt/rustwide/workdir:ro,Z" "-v" "/var/lib/crater-agent-workspace/builds/worker-1-tc2/target:/opt/rustwide/target:rw,Z" "-v" "/var/lib/crater-agent-workspace/cargo-home:/opt/rustwide/cargo-home:ro,Z" "-v" "/var/lib/crater-agent-workspace/rustup-home:/opt/rustwide/rustup-home:ro,Z" "-m" "1610612736" "--network" "none" "ghcr.io/rust-lang/crates-build-env/linux@sha256:77db811e55d90add9212f6832c23229e3de5f1c1f9905e8cb07319ea15df73ac" "sleep" "infinity", kill_on_drop: false }`
[INFO] [stdout] da48e1b5bb33ae03ec1063ad5c327de68dc0209177b3c424d842a26684e22e14
[INFO] running `Command { std: "docker" "start" "da48e1b5bb33ae03ec1063ad5c327de68dc0209177b3c424d842a26684e22e14", kill_on_drop: false }`
[INFO] running `Command { std: "docker" "inspect" "da48e1b5bb33ae03ec1063ad5c327de68dc0209177b3c424d842a26684e22e14", kill_on_drop: false }`
[INFO] running `Command { std: "docker" "exec" "-e" "SOURCE_DIR=/opt/rustwide/workdir" "-e" "CARGO_HOME=/opt/rustwide/cargo-home" "-e" "RUSTUP_HOME=/opt/rustwide/rustup-home" "-e" "CARGO_TARGET_DIR=/opt/rustwide/target" "-w" "/opt/rustwide/workdir" "--user" "0:0" "da48e1b5bb33ae03ec1063ad5c327de68dc0209177b3c424d842a26684e22e14" "/opt/rustwide/cargo-home/bin/cargo" "+1.100.0-beta.1" "metadata" "--no-deps" "--format-version=1", kill_on_drop: false }`
[INFO] running `Command { std: "docker" "inspect" "da48e1b5bb33ae03ec1063ad5c327de68dc0209177b3c424d842a26684e22e14", kill_on_drop: false }`
[INFO] running `Command { std: "docker" "exec" "-e" "SOURCE_DIR=/opt/rustwide/workdir" "-e" "CARGO_HOME=/opt/rustwide/cargo-home" "-e" "RUSTUP_HOME=/opt/rustwide/rustup-home" "-e" "CARGO_TARGET_DIR=/opt/rustwide/target" "-e" "CARGO_INCREMENTAL=0" "-e" "RUST_BACKTRACE=full" "-e" "RUSTFLAGS=--cap-lints=warn" "-e" "RUSTDOCFLAGS=--cap-lints=warn" "-w" "/opt/rustwide/workdir" "--user" "0:0" "da48e1b5bb33ae03ec1063ad5c327de68dc0209177b3c424d842a26684e22e14" "/opt/rustwide/cargo-home/bin/cargo" "+1.100.0-beta.1" "build" "--frozen" "--message-format=json" "--release", kill_on_drop: false }`
[INFO] [stderr]    Compiling thiserror v2.0.18
[INFO] [stderr]    Compiling once_cell v1.21.4
[INFO] [stderr]    Compiling syn v2.0.117
[INFO] [stderr]    Compiling tracing-core v0.1.36
[INFO] [stderr]    Compiling thiserror-impl v2.0.18
[INFO] [stderr]    Compiling tracing-attributes v0.1.31
[INFO] [stderr]    Compiling tracing v0.1.44
[INFO] [stderr]    Compiling onelib v0.2.0 (/opt/rustwide/workdir)
[INFO] [stderr]     Finished `release` profile [optimized] target(s) in 6.85s
[INFO] running `Command { std: "docker" "inspect" "da48e1b5bb33ae03ec1063ad5c327de68dc0209177b3c424d842a26684e22e14", kill_on_drop: false }`
[INFO] running `Command { std: "docker" "exec" "-e" "SOURCE_DIR=/opt/rustwide/workdir" "-e" "CARGO_HOME=/opt/rustwide/cargo-home" "-e" "RUSTUP_HOME=/opt/rustwide/rustup-home" "-e" "CARGO_TARGET_DIR=/opt/rustwide/target" "-e" "CARGO_INCREMENTAL=0" "-e" "RUST_BACKTRACE=full" "-e" "RUSTFLAGS=--cap-lints=warn" "-e" "RUSTDOCFLAGS=--cap-lints=warn" "-w" "/opt/rustwide/workdir" "--user" "0:0" "da48e1b5bb33ae03ec1063ad5c327de68dc0209177b3c424d842a26684e22e14" "/opt/rustwide/cargo-home/bin/cargo" "+1.100.0-beta.1" "test" "--frozen" "--no-run" "--message-format=json" "--release", kill_on_drop: false }`
[INFO] [stderr]    Compiling libc v0.2.185
[INFO] [stderr]    Compiling getrandom v0.4.2
[INFO] [stderr]    Compiling bitflags v2.11.1
[INFO] [stderr]    Compiling fastrand v2.4.1
[INFO] [stderr]    Compiling rustix v1.1.4
[INFO] [stderr]    Compiling tempfile v3.27.0
[INFO] [stderr]    Compiling onelib v0.2.0 (/opt/rustwide/workdir)
[INFO] [stderr]     Finished `release` profile [optimized] target(s) in 8.12s
[INFO] running `Command { std: "docker" "inspect" "da48e1b5bb33ae03ec1063ad5c327de68dc0209177b3c424d842a26684e22e14", kill_on_drop: false }`
[INFO] running `Command { std: "docker" "exec" "-e" "SOURCE_DIR=/opt/rustwide/workdir" "-e" "CARGO_HOME=/opt/rustwide/cargo-home" "-e" "RUSTUP_HOME=/opt/rustwide/rustup-home" "-e" "CARGO_TARGET_DIR=/opt/rustwide/target" "-e" "CARGO_INCREMENTAL=0" "-e" "RUST_BACKTRACE=full" "-e" "RUSTFLAGS=--cap-lints=warn" "-e" "RUSTDOCFLAGS=--cap-lints=warn" "-w" "/opt/rustwide/workdir" "--user" "0:0" "da48e1b5bb33ae03ec1063ad5c327de68dc0209177b3c424d842a26684e22e14" "/opt/rustwide/cargo-home/bin/cargo" "+1.100.0-beta.1" "test" "--frozen" "--release", kill_on_drop: false }`
[INFO] [stderr]     Finished `release` profile [optimized] target(s) in 0.06s
[INFO] [stderr]      Running unittests src/lib.rs (/opt/rustwide/target/release/build/onelib/df2fcc146fcee76e/out/onelib-df2fcc146fcee76e)
[INFO] [stdout] 
[INFO] [stdout] running 71 tests
[INFO] [stdout] test codec::dna::tests::case_insensitive ... ok
[INFO] [stdout] test codec::dna::tests::empty_input ... ok
[INFO] [stdout] test codec::dna::tests::bit_and_byte_counts ... ok
[INFO] [stdout] test codec::dna::tests::packing_order ... ok
[INFO] [stdout] test codec::dna::tests::round_trip_remainder_3 ... ok
[INFO] [stdout] test codec::dna::tests::round_trip_exact_multiple ... ok
[INFO] [stdout] test codec::dna::tests::round_trip_remainder_1 ... ok
[INFO] [stdout] test codec::dna::tests::round_trip_remainder_2 ... ok
[INFO] [stdout] test codec::huffman::tests::empty_input ... ok
[INFO] [stdout] test codec::huffman::tests::histogram_merge ... ok
[INFO] [stdout] test codec::huffman::tests::round_trip_partial ... ok
[INFO] [stdout] test codec::huffman::tests::uncompressed_fallback ... ok
[INFO] [stdout] test codec::dna::tests::non_acgt_maps_to_a ... ok
[INFO] [stdout] test codec::int_list::tests::identical_elements ... ok
[INFO] [stdout] test codec::int_list::tests::large_values ... ok
[INFO] [stdout] test codec::int_list::tests::round_trip_descending ... ok
[INFO] [stdout] test codec::int_list::tests::wide_spread ... ok
[INFO] [stdout] test codec::int_list::tests::round_trip_ascending ... ok
[INFO] [stdout] test codec::huffman::tests::round_trip_simple ... ok
[INFO] [stdout] test codec::int_list::tests::round_trip_big_endian ... ok
[INFO] [stdout] test codec::ltf::tests::read_write_round_trip ... ok
[INFO] [stdout] test codec::ltf::tests::single_byte_negative ... ok
[INFO] [stdout] test codec::ltf::tests::single_byte_positive ... ok
[INFO] [stdout] test codec::huffman::tests::serialise_deserialise_round_trip ... ok
[INFO] [stdout] test codec::huffman::tests::round_trip_scaling ... ok
[INFO] [stdout] test reader::tests::provenance_command_with_spaces ... ok
[INFO] [stdout] test codec::ltf::tests::two_byte_positive ... ok
[INFO] [stdout] test reader::tests::read_last_sequence_identifier ... ok
[INFO] [stdout] test reader::tests::read_binary_data ... ok
[INFO] [stdout] test reader::tests::binary_ascii_data_match ... ok
[INFO] [stdout] test reader::tests::read_small_seq_data ... ok
[INFO] [stdout] test reader::tests::read_t1_foo ... ok
[INFO] [stdout] test reader::tests::read_small_seq_header ... ok
[INFO] [stdout] test reader::tests::read_t2_seq ... ok
[INFO] [stdout] test reader::tests::validate_matching_schema_succeeds ... ok
[INFO] [stdout] test reader::tests::validate_extra_ext_line_type_ok ... ok
[INFO] [stdout] test reader::tests::validate_mismatched_field_type_fails ... ok
[INFO] [stdout] test codec::ltf::tests::boundary_values ... ok
[INFO] [stdout] test codec::int_list::tests::round_trip_mixed ... ok
[INFO] [stdout] test schema::tests::duplicate_line_type_is_error ... ok
[INFO] [stdout] test reader::tests::validate_missing_line_type_fails ... ok
[INFO] [stdout] test codec::int_list::tests::single_element ... ok
[INFO] [stdout] test schema::tests::parse_group_line ... ok
[INFO] [stdout] test schema::tests::parse_embedded_tilde_lines ... ok
[INFO] [stdout] test schema::tests::t2_seq_schema ... ok
[INFO] [stdout] test reader::tests::read_binary_header ... ok
[INFO] [stdout] test schema::tests::parse_schema_with_comments ... ok
[INFO] [stdout] test schema::tests::parse_group_with_no_fields ... ok
[INFO] [stdout] test schema::tests::parse_seq_schema ... ok
[INFO] [stdout] test schema::tests::write_schema_with_bare_group ... ok
[INFO] [stdout] test schema::tests::write_schema_with_group_and_fields ... ok
[INFO] [stdout] test schema::tests::write_schema_with_secondary ... ok
[INFO] [stdout] test schema::tests::write_simple_schema ... ok
[INFO] [stdout] test schema::tests::write_schema_with_comments ... ok
[INFO] [stdout] test schema::tests::parse_minimal_schema ... ok
[INFO] [stdout] test schema::tests::parse_multi_field_line ... ok
[INFO] [stdout] test writer::tests::accumulated_counts ... ok
[INFO] [stdout] test schema::tests::parse_secondary_types ... ok
[INFO] [stdout] test writer::tests::binary_int_list_round_trip ... ok
[INFO] [stdout] test writer::tests::binary_round_trip_seq ... ok
[INFO] [stdout] test writer::tests::write_and_read_back_seq ... ok
[INFO] [stdout] test schema::tests::write_multi_field_schema ... ok
[INFO] [stdout] test writer::tests::write_int_list ... ok
[INFO] [stdout] test writer::tests::write_multi_field_line ... ok
[INFO] [stdout] test schema::tests::write_t2_schema_round_trip ... ok
[INFO] [stdout] test writer::tests::binary_ascii_data_match ... ok
[INFO] [stdout] test writer::tests::round_trip_via_from_reader ... ok
[INFO] [stdout] test writer::tests::binary_footer_counts ... ok
[INFO] [stdout] test writer::tests::binary_index_and_goto ... ok
[INFO] [stdout] test writer::tests::write_with_provenance ... ok
[INFO] [stdout] test writer::tests::write_int_field ... ok
[INFO] [stdout] 
[INFO] [stdout] test result: ok. 71 passed; 0 failed; 0 ignored; 0 measured; 0 filtered out; finished in 0.01s
[INFO] [stdout] 
[INFO] [stderr]      Running tests/cross_validation.rs (/opt/rustwide/target/release/build/onelib/4d777d798f40b51d/out/cross_validation-4d777d798f40b51d)
[INFO] [stdout] 
[INFO] [stdout] running 5 tests
[INFO] [stderr] error: test failed, to rerun pass `--test cross_validation`
[INFO] [stdout] test rust_ascii_to_c_binary_round_trip ... FAILED
[INFO] [stdout] test c_validates_huffman_compressed_binary ... FAILED
[INFO] [stdout] test rust_binary_to_c_ascii_round_trip ... FAILED
[INFO] [stdout] test c_validates_rust_binary ... FAILED
[INFO] [stdout] test c_validates_rust_ascii ... FAILED
[INFO] [stdout] 
[INFO] [stdout] failures:
[INFO] [stdout] 
[INFO] [stdout] ---- rust_ascii_to_c_binary_round_trip stdout ----
[INFO] [stdout] 
[INFO] [stdout] thread 'rust_ascii_to_c_binary_round_trip' (542) panicked at tests/cross_validation.rs:36:29:
[INFO] [stdout] ONEview not on $PATH — skipping C cross-validation
[INFO] [stdout] stack backtrace:
[INFO] [stdout]    0:     0x5dec020f6481 - <<std[617be2ca0a6fd877]::sys::backtrace::BacktraceLock>::print::DisplayBacktrace as core[a373ad73a504971]::fmt::Display>::fmt
[INFO] [stdout]    1:     0x5dec0210b31a - core[a373ad73a504971]::fmt::write
[INFO] [stdout]    2:     0x5dec020fa96c - <alloc[2e1b2a31b91974c5]::vec::Vec<u8> as core[a373ad73a504971]::io::write::Write>::write_fmt
[INFO] [stdout]    3:     0x5dec020d1046 - std[617be2ca0a6fd877]::panicking::default_hook::{closure#0}
[INFO] [stdout]    4:     0x5dec020edf99 - std[617be2ca0a6fd877]::panicking::default_hook
[INFO] [stdout]    5:     0x5dec0207bc90 - test[aada8e7e76ba119b]::test_main_inner::{closure#0}
[INFO] [stdout]    6:     0x5dec020ee152 - std[617be2ca0a6fd877]::panicking::panic_with_hook
[INFO] [stdout]    7:     0x5dec020d10f2 - std[617be2ca0a6fd877]::panicking::panic_handler::{closure#0}
[INFO] [stdout]    8:     0x5dec020c9b59 - std[617be2ca0a6fd877]::sys::backtrace::__rust_end_short_backtrace::<std[617be2ca0a6fd877]::panicking::panic_handler::{closure#0}, !>
[INFO] [stdout]    9:     0x5dec020d1cfd - __rustc[ea4f61d10b84890b]::rust_begin_unwind
[INFO] [stdout]   10:     0x5dec0210ba7c - core[a373ad73a504971]::panicking::panic_fmt
[INFO] [stdout]   11:     0x5dec0210b7d4 - core[a373ad73a504971]::option::expect_failed
[INFO] [stdout]   12:     0x5dec0206864a - <cross_validation[99b0e3cc2241882f]::rust_ascii_to_c_binary_round_trip::{closure#0} as core[a373ad73a504971]::ops::function::FnOnce<()>>::call_once
[INFO] [stdout]   13:     0x5dec0206f0db - test[aada8e7e76ba119b]::__rust_begin_short_backtrace::<core[a373ad73a504971]::result::Result<(), alloc[2e1b2a31b91974c5]::string::String>, fn() -> core[a373ad73a504971]::result::Result<(), alloc[2e1b2a31b91974c5]::string::String>>
[INFO] [stdout]   14:     0x5dec0207c2b5 - test[aada8e7e76ba119b]::run_test::{closure#0}
[INFO] [stdout]   15:     0x5dec02075ba4 - std[617be2ca0a6fd877]::sys::backtrace::__rust_begin_short_backtrace::<test[aada8e7e76ba119b]::run_test::{closure#1}, ()>
[INFO] [stdout]   16:     0x5dec0207f342 - <std[617be2ca0a6fd877]::thread::lifecycle::spawn_unchecked<test[aada8e7e76ba119b]::run_test::{closure#1}, ()>::{closure#1} as core[a373ad73a504971]::ops::function::FnOnce<()>>::call_once::{shim:vtable#0}
[INFO] [stdout]   17:     0x5dec020f599f - <std[617be2ca0a6fd877]::sys::thread::unix::Thread>::new::thread_start
[INFO] [stdout]   18:     0x7e61cb54bdfa - <unknown>
[INFO] [stdout]   19:     0x7e61cb5df3d4 - clone
[INFO] [stdout]   20:                0x0 - <unknown>
[INFO] [stdout] 
[INFO] [stdout] ---- c_validates_huffman_compressed_binary stdout ----
[INFO] [stdout] 
[INFO] [stdout] thread 'c_validates_huffman_compressed_binary' (539) panicked at tests/cross_validation.rs:32:29:
[INFO] [stdout] ONEstat not on $PATH — skipping C cross-validation
[INFO] [stdout] stack backtrace:
[INFO] [stdout]    0:     0x5dec020f6481 - <<std[617be2ca0a6fd877]::sys::backtrace::BacktraceLock>::print::DisplayBacktrace as core[a373ad73a504971]::fmt::Display>::fmt
[INFO] [stdout]    1:     0x5dec0210b31a - core[a373ad73a504971]::fmt::write
[INFO] [stdout]    2:     0x5dec020fa96c - <alloc[2e1b2a31b91974c5]::vec::Vec<u8> as core[a373ad73a504971]::io::write::Write>::write_fmt
[INFO] [stdout]    3:     0x5dec020d1046 - std[617be2ca0a6fd877]::panicking::default_hook::{closure#0}
[INFO] [stdout]    4:     0x5dec020edf99 - std[617be2ca0a6fd877]::panicking::default_hook
[INFO] [stdout]    5:     0x5dec0207bc90 - test[aada8e7e76ba119b]::test_main_inner::{closure#0}
[INFO] [stdout]    6:     0x5dec020ee152 - std[617be2ca0a6fd877]::panicking::panic_with_hook
[INFO] [stdout]    7:     0x5dec020d10f2 - std[617be2ca0a6fd877]::panicking::panic_handler::{closure#0}
[INFO] [stdout]    8:     0x5dec020c9b59 - std[617be2ca0a6fd877]::sys::backtrace::__rust_end_short_backtrace::<std[617be2ca0a6fd877]::panicking::panic_handler::{closure#0}, !>
[INFO] [stdout]    9:     0x5dec020d1cfd - __rustc[ea4f61d10b84890b]::rust_begin_unwind
[INFO] [stdout]   10:     0x5dec0210ba7c - core[a373ad73a504971]::panicking::panic_fmt
[INFO] [stdout]   11:     0x5dec0210b7d4 - core[a373ad73a504971]::option::expect_failed
[INFO] [stdout]   12:     0x5dec0206a3ce - <cross_validation[99b0e3cc2241882f]::c_validates_huffman_compressed_binary::{closure#0} as core[a373ad73a504971]::ops::function::FnOnce<()>>::call_once
[INFO] [stdout]   13:     0x5dec0206f0db - test[aada8e7e76ba119b]::__rust_begin_short_backtrace::<core[a373ad73a504971]::result::Result<(), alloc[2e1b2a31b91974c5]::string::String>, fn() -> core[a373ad73a504971]::result::Result<(), alloc[2e1b2a31b91974c5]::string::String>>
[INFO] [stdout]   14:     0x5dec0207c2b5 - test[aada8e7e76ba119b]::run_test::{closure#0}
[INFO] [stdout]   15:     0x5dec02075ba4 - std[617be2ca0a6fd877]::sys::backtrace::__rust_begin_short_backtrace::<test[aada8e7e76ba119b]::run_test::{closure#1}, ()>
[INFO] [stdout]   16:     0x5dec0207f342 - <std[617be2ca0a6fd877]::thread::lifecycle::spawn_unchecked<test[aada8e7e76ba119b]::run_test::{closure#1}, ()>::{closure#1} as core[a373ad73a504971]::ops::function::FnOnce<()>>::call_once::{shim:vtable#0}
[INFO] [stdout]   17:     0x5dec020f599f - <std[617be2ca0a6fd877]::sys::thread::unix::Thread>::new::thread_start
[INFO] [stdout]   18:     0x7e61cb54bdfa - <unknown>
[INFO] [stdout]   19:     0x7e61cb5df3d4 - clone
[INFO] [stdout]   20:                0x0 - <unknown>
[INFO] [stdout] 
[INFO] [stdout] ---- rust_binary_to_c_ascii_round_trip stdout ----
[INFO] [stdout] 
[INFO] [stdout] thread 'rust_binary_to_c_ascii_round_trip' (543) panicked at tests/cross_validation.rs:36:29:
[INFO] [stdout] ONEview not on $PATH — skipping C cross-validation
[INFO] [stdout] stack backtrace:
[INFO] [stdout]    0:     0x5dec020f6481 - <<std[617be2ca0a6fd877]::sys::backtrace::BacktraceLock>::print::DisplayBacktrace as core[a373ad73a504971]::fmt::Display>::fmt
[INFO] [stdout]    1:     0x5dec0210b31a - core[a373ad73a504971]::fmt::write
[INFO] [stdout]    2:     0x5dec020fa96c - <alloc[2e1b2a31b91974c5]::vec::Vec<u8> as core[a373ad73a504971]::io::write::Write>::write_fmt
[INFO] [stdout]    3:     0x5dec020d1046 - std[617be2ca0a6fd877]::panicking::default_hook::{closure#0}
[INFO] [stdout]    4:     0x5dec020edf99 - std[617be2ca0a6fd877]::panicking::default_hook
[INFO] [stdout]    5:     0x5dec0207bc90 - test[aada8e7e76ba119b]::test_main_inner::{closure#0}
[INFO] [stdout]    6:     0x5dec020ee152 - std[617be2ca0a6fd877]::panicking::panic_with_hook
[INFO] [stdout]    7:     0x5dec020d10f2 - std[617be2ca0a6fd877]::panicking::panic_handler::{closure#0}
[INFO] [stdout]    8:     0x5dec020c9b59 - std[617be2ca0a6fd877]::sys::backtrace::__rust_end_short_backtrace::<std[617be2ca0a6fd877]::panicking::panic_handler::{closure#0}, !>
[INFO] [stdout]    9:     0x5dec020d1cfd - __rustc[ea4f61d10b84890b]::rust_begin_unwind
[INFO] [stdout]   10:     0x5dec0210ba7c - core[a373ad73a504971]::panicking::panic_fmt
[INFO] [stdout]   11:     0x5dec0210b7d4 - core[a373ad73a504971]::option::expect_failed
[INFO] [stdout]   12:     0x5dec020693b6 - <cross_validation[99b0e3cc2241882f]::rust_binary_to_c_ascii_round_trip::{closure#0} as core[a373ad73a504971]::ops::function::FnOnce<()>>::call_once
[INFO] [stdout]   13:     0x5dec0206f0db - test[aada8e7e76ba119b]::__rust_begin_short_backtrace::<core[a373ad73a504971]::result::Result<(), alloc[2e1b2a31b91974c5]::string::String>, fn() -> core[a373ad73a504971]::result::Result<(), alloc[2e1b2a31b91974c5]::string::String>>
[INFO] [stdout]   14:     0x5dec0207c2b5 - test[aada8e7e76ba119b]::run_test::{closure#0}
[INFO] [stdout]   15:     0x5dec02075ba4 - std[617be2ca0a6fd877]::sys::backtrace::__rust_begin_short_backtrace::<test[aada8e7e76ba119b]::run_test::{closure#1}, ()>
[INFO] [stdout]   16:     0x5dec0207f342 - <std[617be2ca0a6fd877]::thread::lifecycle::spawn_unchecked<test[aada8e7e76ba119b]::run_test::{closure#1}, ()>::{closure#1} as core[a373ad73a504971]::ops::function::FnOnce<()>>::call_once::{shim:vtable#0}
[INFO] [stdout]   17:     0x5dec020f599f - <std[617be2ca0a6fd877]::sys::thread::unix::Thread>::new::thread_start
[INFO] [stdout]   18:     0x7e61cb54bdfa - <unknown>
[INFO] [stdout]   19:     0x7e61cb5df3d4 - clone
[INFO] [stdout]   20:                0x0 - <unknown>
[INFO] [stdout] 
[INFO] [stdout] ---- c_validates_rust_binary stdout ----
[INFO] [stdout] 
[INFO] [stdout] thread 'c_validates_rust_binary' (541) panicked at tests/cross_validation.rs:32:29:
[INFO] [stdout] ONEstat not on $PATH — skipping C cross-validation
[INFO] [stdout] stack backtrace:
[INFO] [stdout]    0:     0x5dec020f6481 - <<std[617be2ca0a6fd877]::sys::backtrace::BacktraceLock>::print::DisplayBacktrace as core[a373ad73a504971]::fmt::Display>::fmt
[INFO] [stdout]    1:     0x5dec0210b31a - core[a373ad73a504971]::fmt::write
[INFO] [stdout]    2:     0x5dec020fa96c - <alloc[2e1b2a31b91974c5]::vec::Vec<u8> as core[a373ad73a504971]::io::write::Write>::write_fmt
[INFO] [stdout]    3:     0x5dec020d1046 - std[617be2ca0a6fd877]::panicking::default_hook::{closure#0}
[INFO] [stdout]    4:     0x5dec020edf99 - std[617be2ca0a6fd877]::panicking::default_hook
[INFO] [stdout]    5:     0x5dec0207bc90 - test[aada8e7e76ba119b]::test_main_inner::{closure#0}
[INFO] [stdout]    6:     0x5dec020ee152 - std[617be2ca0a6fd877]::panicking::panic_with_hook
[INFO] [stdout]    7:     0x5dec020d10f2 - std[617be2ca0a6fd877]::panicking::panic_handler::{closure#0}
[INFO] [stdout]    8:     0x5dec020c9b59 - std[617be2ca0a6fd877]::sys::backtrace::__rust_end_short_backtrace::<std[617be2ca0a6fd877]::panicking::panic_handler::{closure#0}, !>
[INFO] [stdout]    9:     0x5dec020d1cfd - __rustc[ea4f61d10b84890b]::rust_begin_unwind
[INFO] [stdout]   10:     0x5dec0210ba7c - core[a373ad73a504971]::panicking::panic_fmt
[INFO] [stdout]   11:     0x5dec0210b7d4 - core[a373ad73a504971]::option::expect_failed
[INFO] [stdout]   12:     0x5dec02067a9a - <cross_validation[99b0e3cc2241882f]::c_validates_rust_binary::{closure#0} as core[a373ad73a504971]::ops::function::FnOnce<()>>::call_once
[INFO] [stdout]   13:     0x5dec0206f0db - test[aada8e7e76ba119b]::__rust_begin_short_backtrace::<core[a373ad73a504971]::result::Result<(), alloc[2e1b2a31b91974c5]::string::String>, fn() -> core[a373ad73a504971]::result::Result<(), alloc[2e1b2a31b91974c5]::string::String>>
[INFO] [stdout]   14:     0x5dec0207c2b5 - test[aada8e7e76ba119b]::run_test::{closure#0}
[INFO] [stdout]   15:     0x5dec02075ba4 - std[617be2ca0a6fd877]::sys::backtrace::__rust_begin_short_backtrace::<test[aada8e7e76ba119b]::run_test::{closure#1}, ()>
[INFO] [stdout]   16:     0x5dec0207f342 - <std[617be2ca0a6fd877]::thread::lifecycle::spawn_unchecked<test[aada8e7e76ba119b]::run_test::{closure#1}, ()>::{closure#1} as core[a373ad73a504971]::ops::function::FnOnce<()>>::call_once::{shim:vtable#0}
[INFO] [stdout]   17:     0x5dec020f599f - <std[617be2ca0a6fd877]::sys::thread::unix::Thread>::new::thread_start
[INFO] [stdout]   18:     0x7e61cb54bdfa - <unknown>
[INFO] [stdout]   19:     0x7e61cb5df3d4 - clone
[INFO] [stdout]   20:                0x0 - <unknown>
[INFO] [stdout] 
[INFO] [stdout] ---- c_validates_rust_ascii stdout ----
[INFO] [stdout] 
[INFO] [stdout] thread 'c_validates_rust_ascii' (540) panicked at tests/cross_validation.rs:32:29:
[INFO] [stdout] ONEstat not on $PATH — skipping C cross-validation
[INFO] [stdout] stack backtrace:
[INFO] [stdout]    0:     0x5dec020f6481 - <<std[617be2ca0a6fd877]::sys::backtrace::BacktraceLock>::print::DisplayBacktrace as core[a373ad73a504971]::fmt::Display>::fmt
[INFO] [stdout]    1:     0x5dec0210b31a - core[a373ad73a504971]::fmt::write
[INFO] [stdout]    2:     0x5dec020fa96c - <alloc[2e1b2a31b91974c5]::vec::Vec<u8> as core[a373ad73a504971]::io::write::Write>::write_fmt
[INFO] [stdout]    3:     0x5dec020d1046 - std[617be2ca0a6fd877]::panicking::default_hook::{closure#0}
[INFO] [stdout]    4:     0x5dec020edf99 - std[617be2ca0a6fd877]::panicking::default_hook
[INFO] [stdout]    5:     0x5dec0207bc90 - test[aada8e7e76ba119b]::test_main_inner::{closure#0}
[INFO] [stdout]    6:     0x5dec020ee152 - std[617be2ca0a6fd877]::panicking::panic_with_hook
[INFO] [stdout]    7:     0x5dec020d10f2 - std[617be2ca0a6fd877]::panicking::panic_handler::{closure#0}
[INFO] [stdout]    8:     0x5dec020c9b59 - std[617be2ca0a6fd877]::sys::backtrace::__rust_end_short_backtrace::<std[617be2ca0a6fd877]::panicking::panic_handler::{closure#0}, !>
[INFO] [stdout]    9:     0x5dec020d1cfd - __rustc[ea4f61d10b84890b]::rust_begin_unwind
[INFO] [stdout]   10:     0x5dec0210ba7c - core[a373ad73a504971]::panicking::panic_fmt
[INFO] [stdout]   11:     0x5dec0210b7d4 - core[a373ad73a504971]::option::expect_failed
[INFO] [stdout]   12:     0x5dec020676a7 - <cross_validation[99b0e3cc2241882f]::c_validates_rust_ascii::{closure#0} as core[a373ad73a504971]::ops::function::FnOnce<()>>::call_once
[INFO] [stdout]   13:     0x5dec0206f0db - test[aada8e7e76ba119b]::__rust_begin_short_backtrace::<core[a373ad73a504971]::result::Result<(), alloc[2e1b2a31b91974c5]::string::String>, fn() -> core[a373ad73a504971]::result::Result<(), alloc[2e1b2a31b91974c5]::string::String>>
[INFO] [stdout]   14:     0x5dec0207c2b5 - test[aada8e7e76ba119b]::run_test::{closure#0}
[INFO] [stdout]   15:     0x5dec02075ba4 - std[617be2ca0a6fd877]::sys::backtrace::__rust_begin_short_backtrace::<test[aada8e7e76ba119b]::run_test::{closure#1}, ()>
[INFO] [stdout]   16:     0x5dec0207f342 - <std[617be2ca0a6fd877]::thread::lifecycle::spawn_unchecked<test[aada8e7e76ba119b]::run_test::{closure#1}, ()>::{closure#1} as core[a373ad73a504971]::ops::function::FnOnce<()>>::call_once::{shim:vtable#0}
[INFO] [stdout]   17:     0x5dec020f599f - <std[617be2ca0a6fd877]::sys::thread::unix::Thread>::new::thread_start
[INFO] [stdout]   18:     0x7e61cb54bdfa - <unknown>
[INFO] [stdout]   19:     0x7e61cb5df3d4 - clone
[INFO] [stdout]   20:                0x0 - <unknown>
[INFO] [stdout] 
[INFO] [stdout] 
[INFO] [stdout] failures:
[INFO] [stdout]     c_validates_huffman_compressed_binary
[INFO] [stdout]     c_validates_rust_ascii
[INFO] [stdout]     c_validates_rust_binary
[INFO] [stdout]     rust_ascii_to_c_binary_round_trip
[INFO] [stdout]     rust_binary_to_c_ascii_round_trip
[INFO] [stdout] 
[INFO] [stdout] test result: FAILED. 0 passed; 5 failed; 0 ignored; 0 measured; 0 filtered out; finished in 0.00s
[INFO] [stdout] 
[INFO] running `Command { std: "docker" "inspect" "da48e1b5bb33ae03ec1063ad5c327de68dc0209177b3c424d842a26684e22e14", kill_on_drop: false }`
[INFO] running `Command { std: "docker" "rm" "-f" "da48e1b5bb33ae03ec1063ad5c327de68dc0209177b3c424d842a26684e22e14", kill_on_drop: false }`
[INFO] [stdout] da48e1b5bb33ae03ec1063ad5c327de68dc0209177b3c424d842a26684e22e14
