[INFO] fetching crate oneio 0.26.1...
[INFO] testing oneio-0.26.1 against 1.100.0-beta.1+cargoflags=--release for beta-release-1.100-2
[INFO] extracting crate oneio 0.26.1 into /workspace/builds/worker-7-tc2/source
[INFO] started tweaking crates.io crate oneio 0.26.1
[INFO] removed 0 missing examples
[INFO] removed 0 missing tests
[INFO] finished tweaking crates.io crate oneio 0.26.1
[INFO] tweaked toml for crates.io crate oneio 0.26.1 written to /workspace/builds/worker-7-tc2/source/Cargo.toml
[INFO] validating manifest of crates.io crate oneio 0.26.1 on toolchain 1.100.0-beta.1
[INFO] running `Command { std: CARGO_HOME="/workspace/cargo-home" RUSTUP_HOME="/workspace/rustup-home" "/workspace/cargo-home/bin/cargo" "+1.100.0-beta.1" "metadata" "--manifest-path" "Cargo.toml" "--no-deps", kill_on_drop: false }`
[INFO] crate crates.io crate oneio 0.26.1 already has a lockfile, it will not be regenerated
[INFO] running `Command { std: CARGO_HOME="/workspace/cargo-home" RUSTUP_HOME="/workspace/rustup-home" "/workspace/cargo-home/bin/cargo" "+1.100.0-beta.1" "fetch" "--manifest-path" "Cargo.toml", kill_on_drop: false }`
[INFO] running `Command { std: "docker" "create" "-v" "/var/lib/crater-agent-workspace/builds/worker-7-tc2/source:/opt/rustwide/workdir:ro,Z" "-v" "/var/lib/crater-agent-workspace/builds/worker-7-tc2/target:/opt/rustwide/target:rw,Z" "-v" "/var/lib/crater-agent-workspace/cargo-home:/opt/rustwide/cargo-home:ro,Z" "-v" "/var/lib/crater-agent-workspace/rustup-home:/opt/rustwide/rustup-home:ro,Z" "-m" "1610612736" "--network" "none" "ghcr.io/rust-lang/crates-build-env/linux@sha256:77db811e55d90add9212f6832c23229e3de5f1c1f9905e8cb07319ea15df73ac" "sleep" "infinity", kill_on_drop: false }`
[INFO] [stdout] 757341fa7792c9d831f477cc85c9a94d3a9b63754e6e1a1bb5d5518e22617ac0
[INFO] running `Command { std: "docker" "start" "757341fa7792c9d831f477cc85c9a94d3a9b63754e6e1a1bb5d5518e22617ac0", kill_on_drop: false }`
[INFO] running `Command { std: "docker" "inspect" "757341fa7792c9d831f477cc85c9a94d3a9b63754e6e1a1bb5d5518e22617ac0", kill_on_drop: false }`
[INFO] running `Command { std: "docker" "exec" "-e" "SOURCE_DIR=/opt/rustwide/workdir" "-e" "CARGO_HOME=/opt/rustwide/cargo-home" "-e" "RUSTUP_HOME=/opt/rustwide/rustup-home" "-e" "CARGO_TARGET_DIR=/opt/rustwide/target" "-w" "/opt/rustwide/workdir" "--user" "0:0" "757341fa7792c9d831f477cc85c9a94d3a9b63754e6e1a1bb5d5518e22617ac0" "/opt/rustwide/cargo-home/bin/cargo" "+1.100.0-beta.1" "metadata" "--no-deps" "--format-version=1", kill_on_drop: false }`
[INFO] running `Command { std: "docker" "inspect" "757341fa7792c9d831f477cc85c9a94d3a9b63754e6e1a1bb5d5518e22617ac0", kill_on_drop: false }`
[INFO] running `Command { std: "docker" "exec" "-e" "SOURCE_DIR=/opt/rustwide/workdir" "-e" "CARGO_HOME=/opt/rustwide/cargo-home" "-e" "RUSTUP_HOME=/opt/rustwide/rustup-home" "-e" "CARGO_TARGET_DIR=/opt/rustwide/target" "-e" "CARGO_INCREMENTAL=0" "-e" "RUST_BACKTRACE=full" "-e" "RUSTFLAGS=--cap-lints=warn" "-e" "RUSTDOCFLAGS=--cap-lints=warn" "-w" "/opt/rustwide/workdir" "--user" "0:0" "757341fa7792c9d831f477cc85c9a94d3a9b63754e6e1a1bb5d5518e22617ac0" "/opt/rustwide/cargo-home/bin/cargo" "+1.100.0-beta.1" "build" "--frozen" "--message-format=json" "--release", kill_on_drop: false }`
[INFO] [stderr]    Compiling syn v3.0.5
[INFO] [stderr]    Compiling syn v2.0.119
[INFO] [stderr]    Compiling cc v1.4.5
[INFO] [stderr]    Compiling tokio-util v0.7.19
[INFO] [stderr]    Compiling futures-util v0.3.34
[INFO] [stderr]    Compiling rustls v0.23.44
[INFO] [stderr]    Compiling encoding_rs v0.8.41
[INFO] [stderr]    Compiling serde_urlencoded v0.7.1
[INFO] [stderr]    Compiling libbz2-rs-sys v0.2.5
[INFO] [stderr]    Compiling zlib-rs v0.6.7
[INFO] [stderr]    Compiling cmake v0.1.58
[INFO] [stderr]    Compiling h2 v0.4.19
[INFO] [stderr]    Compiling aws-lc-sys v0.45.0
[INFO] [stderr]    Compiling ring v0.17.14
[INFO] [stderr]    Compiling synstructure v0.13.2
[INFO] [stderr]    Compiling flate2 v1.1.10
[INFO] [stderr]    Compiling zerofrom-derive v0.1.7
[INFO] [stderr]    Compiling yoke-derive v0.8.2
[INFO] [stderr]    Compiling tower v0.5.3
[INFO] [stderr]    Compiling zerofrom v0.1.8
[INFO] [stderr]    Compiling hyper v1.11.1
[INFO] [stderr]    Compiling bzip2 v0.6.1
[INFO] [stderr]    Compiling yoke v0.8.3
[INFO] [stderr]    Compiling zerovec-derive v0.11.6
[INFO] [stderr]    Compiling displaydoc v0.2.7
[INFO] [stderr]    Compiling multiversion-macros v0.9.0
[INFO] [stderr]    Compiling thiserror-impl v2.0.20
[INFO] [stderr]    Compiling hyper-util v0.1.20
[INFO] [stderr]    Compiling zerotrie v0.2.5
[INFO] [stderr]    Compiling zerovec v0.11.8
[INFO] [stderr]    Compiling multiversion v0.9.0
[INFO] [stderr]    Compiling thiserror v2.0.20
[INFO] [stderr]    Compiling tinystr v0.8.4
[INFO] [stderr]    Compiling icu_locale_core v2.3.0
[INFO] [stderr]    Compiling potential_utf v0.1.6
[INFO] [stderr]    Compiling icu_collections v2.3.0
[INFO] [stderr]    Compiling icu_provider v2.3.1
[INFO] [stderr]    Compiling icu_normalizer v2.3.0
[INFO] [stderr]    Compiling icu_properties v2.3.0
[INFO] [stderr]    Compiling idna_adapter v1.2.2
[INFO] [stderr]    Compiling idna v1.1.0
[INFO] [stderr]    Compiling url v2.5.8
[INFO] [stderr]    Compiling tower-http v0.6.11
[INFO] [stderr]    Compiling aws-lc-rs v1.18.1
[INFO] [stderr]    Compiling rustls-webpki v0.103.15
[INFO] [stderr]    Compiling tokio-rustls v0.26.5
[INFO] [stderr]    Compiling hyper-rustls v0.27.9
[INFO] [stderr]    Compiling reqwest v0.12.28
[INFO] [stderr]    Compiling oneio v0.26.1 (/opt/rustwide/workdir)
[INFO] [stderr]     Finished `release` profile [optimized] target(s) in 3m 02s
[INFO] running `Command { std: "docker" "inspect" "757341fa7792c9d831f477cc85c9a94d3a9b63754e6e1a1bb5d5518e22617ac0", kill_on_drop: false }`
[INFO] running `Command { std: "docker" "exec" "-e" "SOURCE_DIR=/opt/rustwide/workdir" "-e" "CARGO_HOME=/opt/rustwide/cargo-home" "-e" "RUSTUP_HOME=/opt/rustwide/rustup-home" "-e" "CARGO_TARGET_DIR=/opt/rustwide/target" "-e" "CARGO_INCREMENTAL=0" "-e" "RUST_BACKTRACE=full" "-e" "RUSTFLAGS=--cap-lints=warn" "-e" "RUSTDOCFLAGS=--cap-lints=warn" "-w" "/opt/rustwide/workdir" "--user" "0:0" "757341fa7792c9d831f477cc85c9a94d3a9b63754e6e1a1bb5d5518e22617ac0" "/opt/rustwide/cargo-home/bin/cargo" "+1.100.0-beta.1" "test" "--frozen" "--no-run" "--message-format=json" "--release", kill_on_drop: false }`
[INFO] [stderr]    Compiling tokio-macros v2.7.2
[INFO] [stderr]    Compiling zerovec v0.11.8
[INFO] [stderr]    Compiling zerotrie v0.2.5
[INFO] [stderr]    Compiling serde_derive v1.0.229
[INFO] [stderr]    Compiling tracing v0.1.44
[INFO] [stderr]    Compiling zerocopy v0.8.57
[INFO] [stderr]    Compiling zerocopy-derive v0.8.57
[INFO] [stderr]    Compiling rustls v0.23.44
[INFO] [stderr]    Compiling rustix v1.1.4
[INFO] [stderr]    Compiling console v0.16.4
[INFO] [stderr]    Compiling tokio v1.53.1
[INFO] [stderr]    Compiling filetime v0.2.29
[INFO] [stderr]    Compiling unit-prefix v0.5.2
[INFO] [stderr]    Compiling tracing-subscriber v0.3.23
[INFO] [stderr]    Compiling tinystr v0.8.4
[INFO] [stderr]    Compiling icu_locale_core v2.3.0
[INFO] [stderr]    Compiling potential_utf v0.1.6
[INFO] [stderr]    Compiling icu_collections v2.3.0
[INFO] [stderr]    Compiling icu_provider v2.3.1
[INFO] [stderr]    Compiling icu_properties v2.3.0
[INFO] [stderr]    Compiling serde v1.0.229
[INFO] [stderr]    Compiling icu_normalizer v2.3.0
[INFO] [stderr]    Compiling serde_urlencoded v0.7.1
[INFO] [stderr]    Compiling tinytemplate v1.2.1
[INFO] [stderr]    Compiling xattr v1.6.1
[INFO] [stderr]    Compiling idna_adapter v1.2.2
[INFO] [stderr]    Compiling idna v1.1.0
[INFO] [stderr]    Compiling tar v0.4.46
[INFO] [stderr]    Compiling indicatif v0.18.6
[INFO] [stderr]    Compiling tokio-util v0.7.19
[INFO] [stderr]    Compiling tower v0.5.3
[INFO] [stderr]    Compiling tokio-rustls v0.26.5
[INFO] [stderr]    Compiling h2 v0.4.19
[INFO] [stderr]    Compiling half v2.7.1
[INFO] [stderr]    Compiling url v2.5.8
[INFO] [stderr]    Compiling ciborium-ll v0.2.2
[INFO] [stderr]    Compiling ciborium v0.2.2
[INFO] [stderr]    Compiling tower-http v0.6.11
[INFO] [stderr]    Compiling criterion v0.5.1
[INFO] [stderr]    Compiling hyper v1.11.1
[INFO] [stderr]    Compiling hyper-util v0.1.20
[INFO] [stderr]    Compiling hyper-rustls v0.27.9
[INFO] [stderr]    Compiling reqwest v0.12.28
[INFO] [stderr]    Compiling oneio v0.26.1 (/opt/rustwide/workdir)
[INFO] [stderr]     Finished `release` profile [optimized] target(s) in 2m 30s
[INFO] running `Command { std: "docker" "inspect" "757341fa7792c9d831f477cc85c9a94d3a9b63754e6e1a1bb5d5518e22617ac0", kill_on_drop: false }`
[INFO] running `Command { std: "docker" "exec" "-e" "SOURCE_DIR=/opt/rustwide/workdir" "-e" "CARGO_HOME=/opt/rustwide/cargo-home" "-e" "RUSTUP_HOME=/opt/rustwide/rustup-home" "-e" "CARGO_TARGET_DIR=/opt/rustwide/target" "-e" "CARGO_INCREMENTAL=0" "-e" "RUST_BACKTRACE=full" "-e" "RUSTFLAGS=--cap-lints=warn" "-e" "RUSTDOCFLAGS=--cap-lints=warn" "-w" "/opt/rustwide/workdir" "--user" "0:0" "757341fa7792c9d831f477cc85c9a94d3a9b63754e6e1a1bb5d5518e22617ac0" "/opt/rustwide/cargo-home/bin/cargo" "+1.100.0-beta.1" "test" "--frozen" "--release", kill_on_drop: false }`
[INFO] [stderr]     Finished `release` profile [optimized] target(s) in 0.45s
[INFO] [stderr]      Running unittests src/lib.rs (/opt/rustwide/target/release/build/oneio/efe486b5220b153d/out/oneio-efe486b5220b153d)
[INFO] [stdout] 
[INFO] [stdout] running 14 tests
[INFO] [stdout] test resumable_http::tests::classify_416_only_eof_when_complete ... ok
[INFO] [stdout] test crypto::tests::test_provider_installed ... ok
[INFO] [stdout] test resumable_http::tests::compare_validators_decision_table ... ok
[INFO] [stdout] test crypto::tests::test_ensure_default_provider ... ok
[INFO] [stdout] test resumable_http::tests::drop_resume ... ok
[INFO] [stdout] test resumable_http::tests::range_oob_is_err ... ok
[INFO] [stdout] test resumable_http::tests::no_data_206 ... ok
[INFO] [stdout] test resumable_http::tests::range_not_supported_is_err ... ok
[INFO] [stdout] test resumable_http::tests::max_retries_exhausted_is_err ... ok
[INFO] [stdout] test resumable_http::tests::etag_mismatch_is_err ... ok
[INFO] [stdout] test resumable_http::tests::resume_200_null_offset ... ok
[INFO] [stdout] test resumable_http::tests::no_drop ... ok
[INFO] [stdout] test resumable_http::tests::new_last_modified_is_err ... ok
[INFO] [stdout] test resumable_http::tests::missing_last_modified_on_resume_is_err ... ok
[INFO] [stdout] 
[INFO] [stdout] test result: ok. 14 passed; 0 failed; 0 ignored; 0 measured; 0 filtered out; finished in 0.19s
[INFO] [stdout] 
[INFO] [stderr]      Running tests/async_integration.rs (/opt/rustwide/target/release/build/oneio/87760e3f6ae1cba6/out/async_integration-87760e3f6ae1cba6)
[INFO] [stdout] 
[INFO] [stdout] running 0 tests
[INFO] [stdout] 
[INFO] [stdout] test result: ok. 0 passed; 0 failed; 0 ignored; 0 measured; 0 filtered out; finished in 0.00s
[INFO] [stdout] 
[INFO] [stderr]      Running tests/basic_integration.rs (/opt/rustwide/target/release/build/oneio/ca23eee53e8dbb3e/out/basic_integration-ca23eee53e8dbb3e)
[INFO] [stdout] 
[INFO] [stdout] running 31 tests
[INFO] [stdout] test test_cache_reader_reuses_existing_cache ... FAILED
[INFO] [stdout] test test_cache_reader_force_refreshes_cache ... FAILED
[INFO] [stdout] test test_cache_reader_creates_cache_file ... FAILED
[INFO] [stdout] test test_cache_reader_creates_missing_cache_dir ... FAILED
[INFO] [stdout] test test_file_extension_strips_query_params ... ok
[INFO] [stdout] test test_builder_configure_http_escape_hatch ... ok
[INFO] [stdout] test test_builder_timeout_builds_successfully ... ok
[INFO] [stdout] test test_builder_no_proxy_builds_successfully ... ok
[INFO] [stdout] test test_file_extension_plain ... ok
[INFO] [stdout] test test_404_handling ... FAILED
[INFO] [stdout] test test_get_content_length_http_with_content_length_header ... ok
[INFO] [stdout] test test_get_reader_with_progress_fires_callback ... ok
[INFO] [stdout] test test_get_content_length_local_file ... ok
[INFO] [stdout] test test_get_reader_with_progress_local_no_total ... ok
[INFO] [stdout] test test_local_files ... ok
[INFO] [stdout] test test_get_writer_raw_creates_parent_dirs ... FAILED
[INFO] [stdout] test test_get_reader_with_type_bz2_override ... ok
[INFO] [stdout] test test_get_reader_with_type_plain ... ok
[INFO] [stdout] test test_get_reader_with_type_gz_override ... ok
[INFO] [stdout] test test_network_error_on_refused_connection ... ok
[INFO] [stdout] test test_oneio_accept_invalid_certs_env_var ... ok
[INFO] [stdout] test test_oneio_builder_accepts_root_certificate ... ok
[INFO] [stdout] test test_remote_files ... FAILED
[INFO] [stdout] test test_writers ... FAILED
[INFO] [stdout] test test_oneio_ca_bundle_env_var_valid_path ... ok
[INFO] [stdout] test test_oneio_builder_reuses_default_headers ... ok
[INFO] [stdout] test test_resumable_http ... FAILED
[INFO] [stdout] test test_oneio_ca_bundle_env_var_missing_path ... ok
[INFO] [stdout] test test_download_with_retry_exhausts_retries_on_bad_url ... ok
[INFO] [stdout] test test_get_writer_raw_creates_uncompressed_file ... FAILED
[INFO] [stdout] test test_download_with_retry_succeeds_on_first_attempt has been running for over 60 seconds
[ERROR] error running command: no output for 300 seconds
[INFO] running `Command { std: "docker" "inspect" "757341fa7792c9d831f477cc85c9a94d3a9b63754e6e1a1bb5d5518e22617ac0", kill_on_drop: false }`
[INFO] running `Command { std: "docker" "rm" "-f" "757341fa7792c9d831f477cc85c9a94d3a9b63754e6e1a1bb5d5518e22617ac0", kill_on_drop: false }`
[INFO] [stdout] 757341fa7792c9d831f477cc85c9a94d3a9b63754e6e1a1bb5d5518e22617ac0
