[INFO] fetching crate onechatsocial-presence 0.6.21...
[INFO] testing onechatsocial-presence-0.6.21 against 1.99.0-beta.8+cargoflags=--release for beta-release-1.100-2
[INFO] extracting crate onechatsocial-presence 0.6.21 into /workspace/builds/worker-0-tc1/source
[INFO] started tweaking crates.io crate onechatsocial-presence 0.6.21
[INFO] finished tweaking crates.io crate onechatsocial-presence 0.6.21
[INFO] tweaked toml for crates.io crate onechatsocial-presence 0.6.21 written to /workspace/builds/worker-0-tc1/source/Cargo.toml
[INFO] validating manifest of crates.io crate onechatsocial-presence 0.6.21 on toolchain 1.99.0-beta.8
[INFO] running `Command { std: CARGO_HOME="/workspace/cargo-home" RUSTUP_HOME="/workspace/rustup-home" "/workspace/cargo-home/bin/cargo" "+1.99.0-beta.8" "metadata" "--manifest-path" "Cargo.toml" "--no-deps", kill_on_drop: false }`
[INFO] running `Command { std: CARGO_HOME="/workspace/cargo-home" RUSTUP_HOME="/workspace/rustup-home" "/workspace/cargo-home/bin/cargo" "+1.99.0-beta.8" "generate-lockfile" "--manifest-path" "Cargo.toml", kill_on_drop: false }`
[INFO] [stderr]     Updating crates.io index
[INFO] [stderr]      Locking 144 packages to highest compatible versions
[INFO] [stderr]       Adding rand v0.8.8 (available: v0.10.3)
[INFO] running `Command { std: CARGO_HOME="/workspace/cargo-home" RUSTUP_HOME="/workspace/rustup-home" "/workspace/cargo-home/bin/cargo" "+1.99.0-beta.8" "fetch" "--manifest-path" "Cargo.toml", kill_on_drop: false }`
[INFO] [stderr]  Downloading crates ...
[INFO] [stderr]   Downloaded redis-kiss v0.1.4
[INFO] [stderr]   Downloaded mobc v0.8.5
[INFO] [stderr]   Downloaded mobc-redis v0.8.2
[INFO] [stderr]   Downloaded redis v0.23.5
[INFO] running `Command { std: "docker" "create" "-v" "/var/lib/crater-agent-workspace/builds/worker-0-tc1/source:/opt/rustwide/workdir:ro,Z" "-v" "/var/lib/crater-agent-workspace/builds/worker-0-tc1/target:/opt/rustwide/target:rw,Z" "-v" "/var/lib/crater-agent-workspace/cargo-home:/opt/rustwide/cargo-home:ro,Z" "-v" "/var/lib/crater-agent-workspace/rustup-home:/opt/rustwide/rustup-home:ro,Z" "-m" "1610612736" "--network" "none" "ghcr.io/rust-lang/crates-build-env/linux@sha256:77db811e55d90add9212f6832c23229e3de5f1c1f9905e8cb07319ea15df73ac" "sleep" "infinity", kill_on_drop: false }`
[INFO] [stdout] df69b73296558287a2e705ba5c31368e73af9205ed3a20e48e24031245ce3ed8
[INFO] running `Command { std: "docker" "start" "df69b73296558287a2e705ba5c31368e73af9205ed3a20e48e24031245ce3ed8", kill_on_drop: false }`
[INFO] running `Command { std: "docker" "inspect" "df69b73296558287a2e705ba5c31368e73af9205ed3a20e48e24031245ce3ed8", kill_on_drop: false }`
[INFO] running `Command { std: "docker" "exec" "-e" "SOURCE_DIR=/opt/rustwide/workdir" "-e" "CARGO_HOME=/opt/rustwide/cargo-home" "-e" "RUSTUP_HOME=/opt/rustwide/rustup-home" "-e" "CARGO_TARGET_DIR=/opt/rustwide/target" "-w" "/opt/rustwide/workdir" "--user" "0:0" "df69b73296558287a2e705ba5c31368e73af9205ed3a20e48e24031245ce3ed8" "/opt/rustwide/cargo-home/bin/cargo" "+1.99.0-beta.8" "metadata" "--no-deps" "--format-version=1", kill_on_drop: false }`
[INFO] running `Command { std: "docker" "inspect" "df69b73296558287a2e705ba5c31368e73af9205ed3a20e48e24031245ce3ed8", kill_on_drop: false }`
[INFO] running `Command { std: "docker" "exec" "-e" "SOURCE_DIR=/opt/rustwide/workdir" "-e" "CARGO_HOME=/opt/rustwide/cargo-home" "-e" "RUSTUP_HOME=/opt/rustwide/rustup-home" "-e" "CARGO_TARGET_DIR=/opt/rustwide/target" "-e" "CARGO_INCREMENTAL=0" "-e" "RUST_BACKTRACE=full" "-e" "RUSTFLAGS=--cap-lints=warn" "-e" "RUSTDOCFLAGS=--cap-lints=warn" "-w" "/opt/rustwide/workdir" "--user" "0:0" "df69b73296558287a2e705ba5c31368e73af9205ed3a20e48e24031245ce3ed8" "/opt/rustwide/cargo-home/bin/cargo" "+1.99.0-beta.8" "build" "--frozen" "--message-format=json" "--release", kill_on_drop: false }`
[INFO] [stderr]    Compiling smallvec v1.16.3
[INFO] [stderr]    Compiling syn v3.0.9
[INFO] [stderr]    Compiling log v0.4.34
[INFO] [stderr]    Compiling socket2 v0.6.5
[INFO] [stderr]    Compiling mio v1.2.4
[INFO] [stderr]    Compiling ahash v0.8.12
[INFO] [stderr]    Compiling tracing v0.1.44
[INFO] [stderr]    Compiling rmp v0.8.15
[INFO] [stderr]    Compiling bincode v1.3.3
[INFO] [stderr]    Compiling metrics v0.23.1
[INFO] [stderr]    Compiling kv-log-macro v1.0.7
[INFO] [stderr]    Compiling tracing-log v0.2.0
[INFO] [stderr]    Compiling async-std v1.13.2
[INFO] [stderr]    Compiling rmp-serde v1.3.1
[INFO] [stderr]    Compiling tracing-subscriber v0.3.23
[INFO] [stderr]    Compiling tokio v1.53.3
[INFO] [stderr]    Compiling synstructure v0.14.0
[INFO] [stderr]    Compiling zerofrom-derive v0.1.8
[INFO] [stderr]    Compiling yoke-derive v0.8.4
[INFO] [stderr]    Compiling zerovec-derive v0.11.6
[INFO] [stderr]    Compiling displaydoc v0.2.7
[INFO] [stderr]    Compiling futures-macro v0.3.34
[INFO] [stderr]    Compiling async-trait v0.1.92
[INFO] [stderr]    Compiling futures-util v0.3.34
[INFO] [stderr]    Compiling zerofrom v0.1.8
[INFO] [stderr]    Compiling yoke v0.8.3
[INFO] [stderr]    Compiling tokio-util v0.7.20
[INFO] [stderr]    Compiling zerovec v0.11.8
[INFO] [stderr]    Compiling zerotrie v0.2.5
[INFO] [stderr]    Compiling combine v4.6.9
[INFO] [stderr]    Compiling tinystr v0.8.4
[INFO] [stderr]    Compiling potential_utf v0.1.6
[INFO] [stderr]    Compiling icu_collections v2.3.0
[INFO] [stderr]    Compiling icu_locale_core v2.3.0
[INFO] [stderr]    Compiling icu_provider v2.3.1
[INFO] [stderr]    Compiling icu_normalizer v2.3.0
[INFO] [stderr]    Compiling icu_properties v2.3.0
[INFO] [stderr]    Compiling mobc v0.8.5
[INFO] [stderr]    Compiling idna_adapter v1.2.2
[INFO] [stderr]    Compiling idna v1.1.0
[INFO] [stderr]    Compiling url v2.5.8
[INFO] [stderr]    Compiling redis v0.23.5
[INFO] [stderr]    Compiling mobc-redis v0.8.2
[INFO] [stderr]    Compiling redis-kiss v0.1.4
[INFO] [stderr]    Compiling onechatsocial-presence v0.6.21 (/opt/rustwide/workdir)
[INFO] [stderr]     Finished `release` profile [optimized] target(s) in 13.68s
[INFO] running `Command { std: "docker" "inspect" "df69b73296558287a2e705ba5c31368e73af9205ed3a20e48e24031245ce3ed8", kill_on_drop: false }`
[INFO] running `Command { std: "docker" "exec" "-e" "SOURCE_DIR=/opt/rustwide/workdir" "-e" "CARGO_HOME=/opt/rustwide/cargo-home" "-e" "RUSTUP_HOME=/opt/rustwide/rustup-home" "-e" "CARGO_TARGET_DIR=/opt/rustwide/target" "-e" "CARGO_INCREMENTAL=0" "-e" "RUST_BACKTRACE=full" "-e" "RUSTFLAGS=--cap-lints=warn" "-e" "RUSTDOCFLAGS=--cap-lints=warn" "-w" "/opt/rustwide/workdir" "--user" "0:0" "df69b73296558287a2e705ba5c31368e73af9205ed3a20e48e24031245ce3ed8" "/opt/rustwide/cargo-home/bin/cargo" "+1.99.0-beta.8" "test" "--frozen" "--no-run" "--message-format=json" "--release", kill_on_drop: false }`
[INFO] [stderr]    Compiling syn v1.0.109
[INFO] [stderr]    Compiling async-attributes v1.1.2
[INFO] [stderr]    Compiling async-std v1.13.2
[INFO] [stderr]    Compiling redis v0.23.5
[INFO] [stderr]    Compiling mobc v0.8.5
[INFO] [stderr]    Compiling mobc-redis v0.8.2
[INFO] [stderr]    Compiling redis-kiss v0.1.4
[INFO] [stderr]    Compiling onechatsocial-presence v0.6.21 (/opt/rustwide/workdir)
[INFO] [stderr]     Finished `release` profile [optimized] target(s) in 7.87s
[INFO] running `Command { std: "docker" "inspect" "df69b73296558287a2e705ba5c31368e73af9205ed3a20e48e24031245ce3ed8", kill_on_drop: false }`
[INFO] running `Command { std: "docker" "exec" "-e" "SOURCE_DIR=/opt/rustwide/workdir" "-e" "CARGO_HOME=/opt/rustwide/cargo-home" "-e" "RUSTUP_HOME=/opt/rustwide/rustup-home" "-e" "CARGO_TARGET_DIR=/opt/rustwide/target" "-e" "CARGO_INCREMENTAL=0" "-e" "RUST_BACKTRACE=full" "-e" "RUSTFLAGS=--cap-lints=warn" "-e" "RUSTDOCFLAGS=--cap-lints=warn" "-w" "/opt/rustwide/workdir" "--user" "0:0" "df69b73296558287a2e705ba5c31368e73af9205ed3a20e48e24031245ce3ed8" "/opt/rustwide/cargo-home/bin/cargo" "+1.99.0-beta.8" "test" "--frozen" "--release", kill_on_drop: false }`
[INFO] [stderr]     Finished `release` profile [optimized] target(s) in 0.09s
[INFO] [stderr]      Running unittests src/lib.rs (/opt/rustwide/target/release/deps/onechatsocial_presence-a7af95eb58cf3b4d)
[INFO] [stdout] 
[INFO] [stdout] running 1 test
[INFO] [stdout] test tests::it_works ... FAILED
[INFO] [stdout] 
[INFO] [stdout] failures:
[INFO] [stdout] 
[INFO] [stdout] ---- tests::it_works stdout ----
[INFO] [stdout] 
[INFO] [stdout] thread 'tests::it_works' (1185) panicked at src/lib.rs:166:43:
[INFO] [stdout] Redis connection: FailedConnection
[INFO] [stdout] stack backtrace:
[INFO] [stdout]    0:     0x57f865e1d321 - <<std[70759c8f55707aa4]::sys::backtrace::BacktraceLock>::print::DisplayBacktrace as core[df12db4294e9bfd3]::fmt::Display>::fmt
[INFO] [stdout]    1:     0x57f865e32a7a - core[df12db4294e9bfd3]::fmt::write
[INFO] [stdout]    2:     0x57f865e21c5c - <alloc[2182bb758b4b3781]::vec::Vec<u8> as core[df12db4294e9bfd3]::io::write::Write>::write_fmt
[INFO] [stdout]    3:     0x57f865df88d6 - std[70759c8f55707aa4]::panicking::default_hook::{closure#0}
[INFO] [stdout]    4:     0x57f865e151f9 - std[70759c8f55707aa4]::panicking::default_hook
[INFO] [stdout]    5:     0x57f865d44b40 - test[9d35eded1c95d3be]::test_main_inner::<test[9d35eded1c95d3be]::test_main_static::{closure#0}>::{closure#0}
[INFO] [stdout]    6:     0x57f865e15522 - std[70759c8f55707aa4]::panicking::panic_with_hook
[INFO] [stdout]    7:     0x57f865df8982 - std[70759c8f55707aa4]::panicking::panic_handler::{closure#0}
[INFO] [stdout]    8:     0x57f865df1629 - std[70759c8f55707aa4]::sys::backtrace::__rust_end_short_backtrace::<std[70759c8f55707aa4]::panicking::panic_handler::{closure#0}, !>
[INFO] [stdout]    9:     0x57f865df976d - __rustc[8fa7c3cbc660c2b3]::rust_begin_unwind
[INFO] [stdout]   10:     0x57f865e331dc - core[df12db4294e9bfd3]::panicking::panic_fmt
[INFO] [stdout]   11:     0x57f865e32fb2 - core[df12db4294e9bfd3]::result::unwrap_failed
[INFO] [stdout]   12:     0x57f865d13c04 - onechatsocial_presence[7f7375933f4df15d]::clear_region::{closure#0}
[INFO] [stdout]   13:     0x57f865d0d4a0 - <std[70759c8f55707aa4]::thread::local::LocalKey<core[df12db4294e9bfd3]::cell::Cell<*const async_std[ca59ef3e6af34b2f]::task::task_locals_wrapper::TaskLocalsWrapper>>>::with::<<async_std[ca59ef3e6af34b2f]::task::task_locals_wrapper::TaskLocalsWrapper>::set_current<<async_std[ca59ef3e6af34b2f]::task::builder::SupportTaskLocals<onechatsocial_presence[7f7375933f4df15d]::tests::it_works::{closure#0}> as core[df12db4294e9bfd3]::future::future::Future>::poll::{closure#0}, core[df12db4294e9bfd3]::task::poll::Poll<()>>::{closure#0}, core[df12db4294e9bfd3]::task::poll::Poll<()>>
[INFO] [stdout]   14:     0x57f865d21b8a - <futures_lite[ab3b2cbb366dbff1]::future::Or<async_std[ca59ef3e6af34b2f]::task::builder::SupportTaskLocals<onechatsocial_presence[7f7375933f4df15d]::tests::it_works::{closure#0}>, <async_executor[54412152318b98eb]::State>::run<(), async_std[ca59ef3e6af34b2f]::task::builder::SupportTaskLocals<onechatsocial_presence[7f7375933f4df15d]::tests::it_works::{closure#0}>>::{closure#0}::{closure#0}> as core[df12db4294e9bfd3]::future::future::Future>::poll
[INFO] [stdout]   15:     0x57f865d0f47e - <std[70759c8f55707aa4]::thread::local::LocalKey<core[df12db4294e9bfd3]::cell::RefCell<(parking[bb0b0b8fa49f1c1a]::Parker, core[df12db4294e9bfd3]::task::wake::Waker, alloc[2182bb758b4b3781]::sync::Arc<core[df12db4294e9bfd3]::sync::atomic::Atomic<bool>>)>>>::with::<async_io[b58e030392ec6aab]::driver::block_on<(), <async_executor[54412152318b98eb]::LocalExecutor>::run<(), async_std[ca59ef3e6af34b2f]::task::builder::SupportTaskLocals<onechatsocial_presence[7f7375933f4df15d]::tests::it_works::{closure#0}>>::{closure#0}>::{closure#1}, ()>
[INFO] [stdout]   16:     0x57f865d0ee70 - <std[70759c8f55707aa4]::thread::local::LocalKey<core[df12db4294e9bfd3]::cell::Cell<usize>>>::with::<<async_std[ca59ef3e6af34b2f]::task::builder::Builder>::blocking<onechatsocial_presence[7f7375933f4df15d]::tests::it_works::{closure#0}, ()>::{closure#0}, ()>
[INFO] [stdout]   17:     0x57f865d2770a - <async_std[ca59ef3e6af34b2f]::task::builder::Builder>::blocking::<onechatsocial_presence[7f7375933f4df15d]::tests::it_works::{closure#0}, ()>
[INFO] [stdout]   18:     0x57f865d33de8 - <onechatsocial_presence[7f7375933f4df15d]::tests::it_works::{closure#0} as core[df12db4294e9bfd3]::ops::function::FnOnce<()>>::call_once
[INFO] [stdout]   19:     0x57f865d37e2b - test[9d35eded1c95d3be]::__rust_begin_short_backtrace::<core[df12db4294e9bfd3]::result::Result<(), alloc[2182bb758b4b3781]::string::String>, fn() -> core[df12db4294e9bfd3]::result::Result<(), alloc[2182bb758b4b3781]::string::String>>
[INFO] [stdout]   20:     0x57f865d45495 - test[9d35eded1c95d3be]::run_test::{closure#0}
[INFO] [stdout]   21:     0x57f865d3ed54 - std[70759c8f55707aa4]::sys::backtrace::__rust_begin_short_backtrace::<test[9d35eded1c95d3be]::run_test::{closure#1}, ()>
[INFO] [stdout]   22:     0x57f865d485f2 - <std[70759c8f55707aa4]::thread::lifecycle::spawn_unchecked<test[9d35eded1c95d3be]::run_test::{closure#1}, ()>::{closure#1} as core[df12db4294e9bfd3]::ops::function::FnOnce<()>>::call_once::{shim:vtable#0}
[INFO] [stdout]   23:     0x57f865e1c849 - <std[70759c8f55707aa4]::sys::thread::unix::Thread>::new::thread_start
[INFO] [stdout]   24:     0x7af16c845dfa - <unknown>
[INFO] [stdout]   25:     0x7af16c8d93d4 - clone
[INFO] [stdout]   26:                0x0 - <unknown>
[INFO] [stdout] 
[INFO] [stdout] 
[INFO] [stdout] failures:
[INFO] [stdout]     tests::it_works
[INFO] [stdout] 
[INFO] [stdout] test result: FAILED. 0 passed; 1 failed; 0 ignored; 0 measured; 0 filtered out; finished in 0.01s
[INFO] [stdout] 
[INFO] [stderr] error: test failed, to rerun pass `--lib`
[INFO] running `Command { std: "docker" "inspect" "df69b73296558287a2e705ba5c31368e73af9205ed3a20e48e24031245ce3ed8", kill_on_drop: false }`
[INFO] running `Command { std: "docker" "rm" "-f" "df69b73296558287a2e705ba5c31368e73af9205ed3a20e48e24031245ce3ed8", kill_on_drop: false }`
[INFO] [stdout] df69b73296558287a2e705ba5c31368e73af9205ed3a20e48e24031245ce3ed8
