[INFO] fetching crate onebuttonsite 0.1.0...
[INFO] testing onebuttonsite-0.1.0 against 1.100.0-beta.1+cargoflags=--release for beta-release-1.100-2
[INFO] extracting crate onebuttonsite 0.1.0 into /workspace/builds/worker-3-tc2/source
[INFO] started tweaking crates.io crate onebuttonsite 0.1.0
[INFO] removed 0 missing tests
[INFO] finished tweaking crates.io crate onebuttonsite 0.1.0
[INFO] tweaked toml for crates.io crate onebuttonsite 0.1.0 written to /workspace/builds/worker-3-tc2/source/Cargo.toml
[INFO] validating manifest of crates.io crate onebuttonsite 0.1.0 on toolchain 1.100.0-beta.1
[INFO] running `Command { std: CARGO_HOME="/workspace/cargo-home" RUSTUP_HOME="/workspace/rustup-home" "/workspace/cargo-home/bin/cargo" "+1.100.0-beta.1" "metadata" "--manifest-path" "Cargo.toml" "--no-deps", kill_on_drop: false }`
[INFO] crate crates.io crate onebuttonsite 0.1.0 already has a lockfile, it will not be regenerated
[INFO] running `Command { std: CARGO_HOME="/workspace/cargo-home" RUSTUP_HOME="/workspace/rustup-home" "/workspace/cargo-home/bin/cargo" "+1.100.0-beta.1" "fetch" "--manifest-path" "Cargo.toml", kill_on_drop: false }`
[INFO] [stderr] warning: `package.homepage` is redundant with `package.repository`
[INFO] [stderr]   --> Cargo.toml:36:12
[INFO] [stderr]    |
[INFO] [stderr] 36 | homepage = "https://github.com/TheSeanLavery/onebuttonsite-cli"
[INFO] [stderr]    |            ^^^^^^^^^^^^^^^^^^^^^^^^^^^^^^^^^^^^^^^^^^^^^^^^^^^^
[INFO] [stderr] ...
[INFO] [stderr] 41 | repository = "https://github.com/TheSeanLavery/onebuttonsite-cli"
[INFO] [stderr]    |              ----------------------------------------------------
[INFO] [stderr]    |
[INFO] [stderr]    = note: `cargo::redundant_homepage` is set to `warn` by default
[INFO] [stderr] help: consider removing `package.homepage`
[INFO] [stderr] warning: `onebuttonsite` (manifest) generated 1 warning
[INFO] running `Command { std: "docker" "create" "-v" "/var/lib/crater-agent-workspace/builds/worker-3-tc2/source:/opt/rustwide/workdir:ro,Z" "-v" "/var/lib/crater-agent-workspace/builds/worker-3-tc2/target:/opt/rustwide/target:rw,Z" "-v" "/var/lib/crater-agent-workspace/cargo-home:/opt/rustwide/cargo-home:ro,Z" "-v" "/var/lib/crater-agent-workspace/rustup-home:/opt/rustwide/rustup-home:ro,Z" "-m" "1610612736" "--network" "none" "ghcr.io/rust-lang/crates-build-env/linux@sha256:77db811e55d90add9212f6832c23229e3de5f1c1f9905e8cb07319ea15df73ac" "sleep" "infinity", kill_on_drop: false }`
[INFO] [stdout] 19a6168e081f3743127c494483c9a2857d5e21fc7588ef29a5047b4060708cc2
[INFO] running `Command { std: "docker" "start" "19a6168e081f3743127c494483c9a2857d5e21fc7588ef29a5047b4060708cc2", kill_on_drop: false }`
[INFO] running `Command { std: "docker" "inspect" "19a6168e081f3743127c494483c9a2857d5e21fc7588ef29a5047b4060708cc2", kill_on_drop: false }`
[INFO] running `Command { std: "docker" "exec" "-e" "SOURCE_DIR=/opt/rustwide/workdir" "-e" "CARGO_HOME=/opt/rustwide/cargo-home" "-e" "RUSTUP_HOME=/opt/rustwide/rustup-home" "-e" "CARGO_TARGET_DIR=/opt/rustwide/target" "-w" "/opt/rustwide/workdir" "--user" "0:0" "19a6168e081f3743127c494483c9a2857d5e21fc7588ef29a5047b4060708cc2" "/opt/rustwide/cargo-home/bin/cargo" "+1.100.0-beta.1" "metadata" "--no-deps" "--format-version=1", kill_on_drop: false }`
[INFO] running `Command { std: "docker" "inspect" "19a6168e081f3743127c494483c9a2857d5e21fc7588ef29a5047b4060708cc2", kill_on_drop: false }`
[INFO] running `Command { std: "docker" "exec" "-e" "SOURCE_DIR=/opt/rustwide/workdir" "-e" "CARGO_HOME=/opt/rustwide/cargo-home" "-e" "RUSTUP_HOME=/opt/rustwide/rustup-home" "-e" "CARGO_TARGET_DIR=/opt/rustwide/target" "-e" "CARGO_INCREMENTAL=0" "-e" "RUST_BACKTRACE=full" "-e" "RUSTFLAGS=--cap-lints=warn" "-e" "RUSTDOCFLAGS=--cap-lints=warn" "-w" "/opt/rustwide/workdir" "--user" "0:0" "19a6168e081f3743127c494483c9a2857d5e21fc7588ef29a5047b4060708cc2" "/opt/rustwide/cargo-home/bin/cargo" "+1.100.0-beta.1" "build" "--frozen" "--message-format=json" "--release", kill_on_drop: false }`
[INFO] [stderr] warning: `package.homepage` is redundant with `package.repository`
[INFO] [stderr]   --> Cargo.toml:36:12
[INFO] [stderr]    |
[INFO] [stderr] 36 | homepage = "https://github.com/TheSeanLavery/onebuttonsite-cli"
[INFO] [stderr]    |            ^^^^^^^^^^^^^^^^^^^^^^^^^^^^^^^^^^^^^^^^^^^^^^^^^^^^
[INFO] [stderr] ...
[INFO] [stderr] 41 | repository = "https://github.com/TheSeanLavery/onebuttonsite-cli"
[INFO] [stderr]    |              ----------------------------------------------------
[INFO] [stderr]    |
[INFO] [stderr]    = note: `cargo::redundant_homepage` is set to `warn` by default
[INFO] [stderr] help: consider removing `package.homepage`
[INFO] [stderr] warning: `onebuttonsite` (manifest) generated 1 warning
[INFO] [stderr]    Compiling proc-macro2 v1.0.106
[INFO] [stderr]    Compiling quote v1.0.45
[INFO] [stderr]    Compiling unicode-ident v1.0.24
[INFO] [stderr]    Compiling libc v0.2.183
[INFO] [stderr]    Compiling utf8parse v0.2.2
[INFO] [stderr]    Compiling serde_core v1.0.228
[INFO] [stderr]    Compiling anstyle-query v1.1.5
[INFO] [stderr]    Compiling anstyle v1.0.13
[INFO] [stderr]    Compiling scopeguard v1.2.0
[INFO] [stderr]    Compiling smallvec v1.15.1
[INFO] [stderr]    Compiling cfg-if v1.0.4
[INFO] [stderr]    Compiling colorchoice v1.0.4
[INFO] [stderr]    Compiling is_terminal_polyfill v1.70.2
[INFO] [stderr]    Compiling zmij v1.0.21
[INFO] [stderr]    Compiling clap_lex v1.0.0
[INFO] [stderr]    Compiling parking_lot_core v0.9.12
[INFO] [stderr]    Compiling heck v0.5.0
[INFO] [stderr]    Compiling anstyle-parse v0.2.7
[INFO] [stderr]    Compiling serde v1.0.228
[INFO] [stderr]    Compiling lock_api v0.4.14
[INFO] [stderr]    Compiling serde_json v1.0.149
[INFO] [stderr]    Compiling strsim v0.11.1
[INFO] [stderr]    Compiling bytes v1.11.1
[INFO] [stderr]    Compiling pin-project-lite v0.2.17
[INFO] [stderr]    Compiling lazy_static v1.5.0
[INFO] [stderr]    Compiling memchr v2.8.0
[INFO] [stderr]    Compiling anstream v0.6.21
[INFO] [stderr]    Compiling itoa v1.0.17
[INFO] [stderr]    Compiling colored v2.2.0
[INFO] [stderr]    Compiling clap_builder v4.5.60
[INFO] [stderr]    Compiling syn v2.0.117
[INFO] [stderr]    Compiling errno v0.3.14
[INFO] [stderr]    Compiling mio v1.1.1
[INFO] [stderr]    Compiling socket2 v0.6.3
[INFO] [stderr]    Compiling signal-hook-registry v1.4.8
[INFO] [stderr]    Compiling parking_lot v0.12.5
[INFO] [stderr]    Compiling tokio-macros v2.6.1
[INFO] [stderr]    Compiling clap_derive v4.5.55
[INFO] [stderr]    Compiling serde_derive v1.0.228
[INFO] [stderr]    Compiling tokio v1.50.0
[INFO] [stderr]    Compiling clap v4.5.60
[INFO] [stderr]    Compiling onebuttonsite v0.1.0 (/opt/rustwide/workdir)
[INFO] [stderr] warning: unused dependency `serde`
[INFO] [stderr]   --> Cargo.toml:12:15
[INFO] [stderr]    |
[INFO] [stderr] 12 | [dependencies.serde]
[INFO] [stderr]    |               ^^^^^^
[INFO] [stderr]    |
[INFO] [stderr]    = note: `cargo::unused_dependencies` is set to `warn` by default
[INFO] [stderr] help: consider removing the dependency on `serde`
[INFO] [stderr] warning: unused dependency `tokio`
[INFO] [stderr]   --> Cargo.toml:19:15
[INFO] [stderr]    |
[INFO] [stderr] 19 | [dependencies.tokio]
[INFO] [stderr]    |               ^^^^^^
[INFO] [stderr]    |
[INFO] [stderr] help: consider removing the dependency on `tokio`
[INFO] [stderr] warning: `onebuttonsite` (manifest) generated 2 warnings
[INFO] [stderr]     Finished `release` profile [optimized] target(s) in 12.00s
[INFO] running `Command { std: "docker" "inspect" "19a6168e081f3743127c494483c9a2857d5e21fc7588ef29a5047b4060708cc2", kill_on_drop: false }`
[INFO] running `Command { std: "docker" "exec" "-e" "SOURCE_DIR=/opt/rustwide/workdir" "-e" "CARGO_HOME=/opt/rustwide/cargo-home" "-e" "RUSTUP_HOME=/opt/rustwide/rustup-home" "-e" "CARGO_TARGET_DIR=/opt/rustwide/target" "-e" "CARGO_INCREMENTAL=0" "-e" "RUST_BACKTRACE=full" "-e" "RUSTFLAGS=--cap-lints=warn" "-e" "RUSTDOCFLAGS=--cap-lints=warn" "-w" "/opt/rustwide/workdir" "--user" "0:0" "19a6168e081f3743127c494483c9a2857d5e21fc7588ef29a5047b4060708cc2" "/opt/rustwide/cargo-home/bin/cargo" "+1.100.0-beta.1" "test" "--frozen" "--no-run" "--message-format=json" "--release", kill_on_drop: false }`
[INFO] [stderr] warning: `package.homepage` is redundant with `package.repository`
[INFO] [stderr]   --> Cargo.toml:36:12
[INFO] [stderr]    |
[INFO] [stderr] 36 | homepage = "https://github.com/TheSeanLavery/onebuttonsite-cli"
[INFO] [stderr]    |            ^^^^^^^^^^^^^^^^^^^^^^^^^^^^^^^^^^^^^^^^^^^^^^^^^^^^
[INFO] [stderr] ...
[INFO] [stderr] 41 | repository = "https://github.com/TheSeanLavery/onebuttonsite-cli"
[INFO] [stderr]    |              ----------------------------------------------------
[INFO] [stderr]    |
[INFO] [stderr]    = note: `cargo::redundant_homepage` is set to `warn` by default
[INFO] [stderr] help: consider removing `package.homepage`
[INFO] [stderr] warning: `onebuttonsite` (manifest) generated 1 warning
[INFO] [stderr]    Compiling onebuttonsite v0.1.0 (/opt/rustwide/workdir)
[INFO] [stderr]     Finished `release` profile [optimized] target(s) in 5.81s
[INFO] running `Command { std: "docker" "inspect" "19a6168e081f3743127c494483c9a2857d5e21fc7588ef29a5047b4060708cc2", kill_on_drop: false }`
[INFO] running `Command { std: "docker" "exec" "-e" "SOURCE_DIR=/opt/rustwide/workdir" "-e" "CARGO_HOME=/opt/rustwide/cargo-home" "-e" "RUSTUP_HOME=/opt/rustwide/rustup-home" "-e" "CARGO_TARGET_DIR=/opt/rustwide/target" "-e" "CARGO_INCREMENTAL=0" "-e" "RUST_BACKTRACE=full" "-e" "RUSTFLAGS=--cap-lints=warn" "-e" "RUSTDOCFLAGS=--cap-lints=warn" "-w" "/opt/rustwide/workdir" "--user" "0:0" "19a6168e081f3743127c494483c9a2857d5e21fc7588ef29a5047b4060708cc2" "/opt/rustwide/cargo-home/bin/cargo" "+1.100.0-beta.1" "test" "--frozen" "--release", kill_on_drop: false }`
[INFO] [stderr] warning: `package.homepage` is redundant with `package.repository`
[INFO] [stderr]   --> Cargo.toml:36:12
[INFO] [stderr]    |
[INFO] [stderr] 36 | homepage = "https://github.com/TheSeanLavery/onebuttonsite-cli"
[INFO] [stderr]    |            ^^^^^^^^^^^^^^^^^^^^^^^^^^^^^^^^^^^^^^^^^^^^^^^^^^^^
[INFO] [stderr] ...
[INFO] [stderr] 41 | repository = "https://github.com/TheSeanLavery/onebuttonsite-cli"
[INFO] [stderr]    |              ----------------------------------------------------
[INFO] [stderr]    |
[INFO] [stderr]    = note: `cargo::redundant_homepage` is set to `warn` by default
[INFO] [stderr] help: consider removing `package.homepage`
[INFO] [stderr] warning: `onebuttonsite` (manifest) generated 1 warning
[INFO] [stderr]     Finished `release` profile [optimized] target(s) in 0.03s
[INFO] [stderr]      Running unittests src/main.rs (/opt/rustwide/target/release/build/onebuttonsite/053f3a3eddb3e468/out/obs-053f3a3eddb3e468)
[INFO] [stdout] 
[INFO] [stdout] running 0 tests
[INFO] [stdout] 
[INFO] [stdout] test result: ok. 0 passed; 0 failed; 0 ignored; 0 measured; 0 filtered out; finished in 0.00s
[INFO] [stdout] 
[INFO] [stderr]      Running tests/cli_tests.rs (/opt/rustwide/target/release/build/onebuttonsite/ef247f0f2748a8f5/out/cli_tests-ef247f0f2748a8f5)
[INFO] [stdout] 
[INFO] [stdout] running 24 tests
[INFO] [stdout] test test_apps_returns_list ... FAILED
[INFO] [stdout] test test_apps_contains_expected_fields ... FAILED
[INFO] [stdout] test test_check_domain_available ... FAILED
[INFO] [stdout] test test_check_domain_unavailable ... FAILED
[INFO] [stdout] test test_check_domain_missing_args ... FAILED
[INFO] [stdout] test test_help ... FAILED
[INFO] [stdout] test test_create_missing_args ... FAILED
[INFO] [stdout] test test_check_domain_unsupported_tld ... FAILED
[INFO] [stdout] test test_doctor_returns_ok ... FAILED
[INFO] [stdout] test test_invalid_command ... FAILED
[INFO] [stdout] test test_recipe_show_check_domain ... FAILED
[INFO] [stdout] test test_recipe_list ... FAILED
[INFO] [stdout] test test_recipe_show_create_site ... FAILED
[INFO] [stdout] test test_recipe_show_all_recipes ... FAILED
[INFO] [stdout] test test_update_missing_args ... FAILED
[INFO] [stdout] test test_recipe_show_estimate_costs ... FAILED
[INFO] [stdout] test test_version ... FAILED
[INFO] [stdout] test test_recipe_show_nonexistent ... FAILED
[INFO] [stdout] test test_zones_contains_expected_fields ... FAILED
[INFO] [stdout] test test_status_existing_app ... FAILED
[INFO] [stdout] test test_status_nonexistent_app ... FAILED
[INFO] [stdout] test test_zones_returns_list ... FAILED
[INFO] [stdout] test test_status_missing_args ... FAILED
[INFO] [stdout] test test_subdomain_missing_args ... FAILED
[INFO] [stdout] 
[INFO] [stdout] failures:
[INFO] [stdout] 
[INFO] [stdout] ---- test_apps_returns_list stdout ----
[INFO] [stdout] 
[INFO] [stdout] thread 'test_apps_returns_list' (855) panicked at tests/cli_tests.rs:9:10:
[INFO] [stdout] Failed to execute command: Os { code: 2, kind: NotFound, message: "No such file or directory" }
[INFO] [stdout] stack backtrace:
[INFO] [stdout]    0:     0x5ebab8d7d2f7 - <unknown>
[INFO] [stdout]    1:     0x5ebab8d62104 - <unknown>
[INFO] [stdout]    2:     0x5ebab8d7c8bb - <unknown>
[INFO] [stdout]    3:     0x5ebab8d7c4b9 - <unknown>
[INFO] [stdout]    4:     0x5ebab8d7c13a - <unknown>
[INFO] [stdout]    5:     0x5ebab8d7bc6b - <unknown>
[INFO] [stdout]    6:     0x5ebab8da1a31 - <unknown>
[INFO] [stdout]    7:     0x5ebab8da19e9 - <unknown>
[INFO] [stdout]    8:     0x5ebab8da1edc - <unknown>
[INFO] [stdout]    9:     0x5ebab8d61f9b - <unknown>
[INFO] [stdout]   10:     0x5ebab8d64c41 - <unknown>
[INFO] [stdout]   11:     0x5ebab8d5ec14 - <unknown>
[INFO] [stdout]   12:     0x5ebab8d5f383 - <unknown>
[INFO] [stdout]   13:     0x5ebab8db82cb - <unknown>
[INFO] [stdout]   14:     0x5ebab8db4556 - <unknown>
[INFO] [stdout]   15:     0x5ebab8db3d7c - <unknown>
[INFO] [stdout]   16:     0x5ebab8dd21ac - <unknown>
[INFO] [stdout]   17:     0x5ebab8da35f8 - <unknown>
[INFO] [stdout]   18:     0x7eca11413dfa - <unknown>
[INFO] [stdout]   19:     0x7eca114a73d4 - clone
[INFO] [stdout]   20:                0x0 - <unknown>
[INFO] [stdout] 
[INFO] [stdout] ---- test_apps_contains_expected_fields stdout ----
[INFO] [stdout] 
[INFO] [stdout] thread 'test_apps_contains_expected_fields' (854) panicked at tests/cli_tests.rs:9:10:
[INFO] [stdout] Failed to execute command: Os { code: 2, kind: NotFound, message: "No such file or directory" }
[INFO] [stdout] stack backtrace:
[INFO] [stdout]    0:     0x5ebab8d7d2f7 - <unknown>
[INFO] [stdout]    1:     0x5ebab8d62104 - <unknown>
[INFO] [stdout]    2:     0x5ebab8d7c8bb - <unknown>
[INFO] [stdout]    3:     0x5ebab8d7c4b9 - <unknown>
[INFO] [stdout]    4:     0x5ebab8d7c13a - <unknown>
[INFO] [stdout]    5:     0x5ebab8d7bc6b - <unknown>
[INFO] [stdout]    6:     0x5ebab8da1a31 - <unknown>
[INFO] [stdout]    7:     0x5ebab8da19e9 - <unknown>
[INFO] [stdout]    8:     0x5ebab8da1edc - <unknown>
[INFO] [stdout]    9:     0x5ebab8d61f9b - <unknown>
[INFO] [stdout]   10:     0x5ebab8d64c41 - <unknown>
[INFO] [stdout]   11:     0x5ebab8d5ec14 - <unknown>
[INFO] [stderr] error: test failed, to rerun pass `--test cli_tests`
[INFO] [stdout]   12:     0x5ebab8d606b0 - <unknown>
[INFO] [stdout]   13:     0x5ebab8db82cb - <unknown>
[INFO] [stdout]   14:     0x5ebab8db4556 - <unknown>
[INFO] [stdout]   15:     0x5ebab8db3d7c - <unknown>
[INFO] [stdout]   16:     0x5ebab8dd21ac - <unknown>
[INFO] [stdout]   17:     0x5ebab8da35f8 - <unknown>
[INFO] [stdout]   18:     0x7eca11413dfa - <unknown>
[INFO] [stdout]   19:     0x7eca114a73d4 - clone
[INFO] [stdout]   20:                0x0 - <unknown>
[INFO] [stdout] 
[INFO] [stdout] ---- test_check_domain_available stdout ----
[INFO] [stdout] 
[INFO] [stdout] thread 'test_check_domain_available' (856) panicked at tests/cli_tests.rs:9:10:
[INFO] [stdout] Failed to execute command: Os { code: 2, kind: NotFound, message: "No such file or directory" }
[INFO] [stdout] stack backtrace:
[INFO] [stdout]    0:     0x5ebab8d7d2f7 - <unknown>
[INFO] [stdout]    1:     0x5ebab8d62104 - <unknown>
[INFO] [stdout]    2:     0x5ebab8d7c8bb - <unknown>
[INFO] [stdout]    3:     0x5ebab8d7c4b9 - <unknown>
[INFO] [stdout]    4:     0x5ebab8d7c13a - <unknown>
[INFO] [stdout]    5:     0x5ebab8d7bc6b - <unknown>
[INFO] [stdout]    6:     0x5ebab8da1a31 - <unknown>
[INFO] [stdout]    7:     0x5ebab8da19e9 - <unknown>
[INFO] [stdout]    8:     0x5ebab8da1edc - <unknown>
[INFO] [stdout]    9:     0x5ebab8d61f9b - <unknown>
[INFO] [stdout]   10:     0x5ebab8d64c41 - <unknown>
[INFO] [stdout]   11:     0x5ebab8d5ec14 - <unknown>
[INFO] [stdout]   12:     0x5ebab8d5fabf - <unknown>
[INFO] [stdout]   13:     0x5ebab8db82cb - <unknown>
[INFO] [stdout]   14:     0x5ebab8db4556 - <unknown>
[INFO] [stdout]   15:     0x5ebab8db3d7c - <unknown>
[INFO] [stdout]   16:     0x5ebab8dd21ac - <unknown>
[INFO] [stdout]   17:     0x5ebab8da35f8 - <unknown>
[INFO] [stdout]   18:     0x7eca11413dfa - <unknown>
[INFO] [stdout]   19:     0x7eca114a73d4 - clone
[INFO] [stdout]   20:                0x0 - <unknown>
[INFO] [stdout] 
[INFO] [stdout] ---- test_check_domain_unavailable stdout ----
[INFO] [stdout] 
[INFO] [stdout] thread 'test_check_domain_unavailable' (858) panicked at tests/cli_tests.rs:9:10:
[INFO] [stdout] Failed to execute command: Os { code: 2, kind: NotFound, message: "No such file or directory" }
[INFO] [stdout] stack backtrace:
[INFO] [stdout]    0:     0x5ebab8d7d2f7 - <unknown>
[INFO] [stdout]    1:     0x5ebab8d62104 - <unknown>
[INFO] [stdout]    2:     0x5ebab8d7c8bb - <unknown>
[INFO] [stdout]    3:     0x5ebab8d7c4b9 - <unknown>
[INFO] [stdout]    4:     0x5ebab8d7c13a - <unknown>
[INFO] [stdout]    5:     0x5ebab8d7bc6b - <unknown>
[INFO] [stdout]    6:     0x5ebab8da1a31 - <unknown>
[INFO] [stdout]    7:     0x5ebab8da19e9 - <unknown>
[INFO] [stdout]    8:     0x5ebab8da1edc - <unknown>
[INFO] [stdout]    9:     0x5ebab8d61f9b - <unknown>
[INFO] [stdout]   10:     0x5ebab8d64c41 - <unknown>
[INFO] [stdout]   11:     0x5ebab8d5ec14 - <unknown>
[INFO] [stdout]   12:     0x5ebab8d601d6 - <unknown>
[INFO] [stdout]   13:     0x5ebab8db82cb - <unknown>
[INFO] [stdout]   14:     0x5ebab8db4556 - <unknown>
[INFO] [stdout]   15:     0x5ebab8db3d7c - <unknown>
[INFO] [stdout]   16:     0x5ebab8dd21ac - <unknown>
[INFO] [stdout]   17:     0x5ebab8da35f8 - <unknown>
[INFO] [stdout]   18:     0x7eca11413dfa - <unknown>
[INFO] [stdout]   19:     0x7eca114a73d4 - clone
[INFO] [stdout]   20:                0x0 - <unknown>
[INFO] [stdout] 
[INFO] [stdout] ---- test_check_domain_missing_args stdout ----
[INFO] [stdout] 
[INFO] [stdout] thread 'test_check_domain_missing_args' (857) panicked at tests/cli_tests.rs:9:10:
[INFO] [stdout] Failed to execute command: Os { code: 2, kind: NotFound, message: "No such file or directory" }
[INFO] [stdout] stack backtrace:
[INFO] [stdout]    0:     0x5ebab8d7d2f7 - <unknown>
[INFO] [stdout]    1:     0x5ebab8d62104 - <unknown>
[INFO] [stdout]    2:     0x5ebab8d7c8bb - <unknown>
[INFO] [stdout]    3:     0x5ebab8d7c4b9 - <unknown>
[INFO] [stdout]    4:     0x5ebab8d7c13a - <unknown>
[INFO] [stdout]    5:     0x5ebab8d7bc6b - <unknown>
[INFO] [stdout]    6:     0x5ebab8da1a31 - <unknown>
[INFO] [stdout]    7:     0x5ebab8da19e9 - <unknown>
[INFO] [stdout]    8:     0x5ebab8da1edc - <unknown>
[INFO] [stdout]    9:     0x5ebab8d61f9b - <unknown>
[INFO] [stdout]   10:     0x5ebab8d64c41 - <unknown>
[INFO] [stdout]   11:     0x5ebab8d5ec14 - <unknown>
[INFO] [stdout]   12:     0x5ebab8d60437 - <unknown>
[INFO] [stdout]   13:     0x5ebab8db82cb - <unknown>
[INFO] [stdout]   14:     0x5ebab8db4556 - <unknown>
[INFO] [stdout]   15:     0x5ebab8db3d7c - <unknown>
[INFO] [stdout]   16:     0x5ebab8dd21ac - <unknown>
[INFO] [stdout]   17:     0x5ebab8da35f8 - <unknown>
[INFO] [stdout]   18:     0x7eca11413dfa - <unknown>
[INFO] [stdout]   19:     0x7eca114a73d4 - clone
[INFO] [stdout]   20:                0x0 - <unknown>
[INFO] [stdout] 
[INFO] [stdout] ---- test_help stdout ----
[INFO] [stdout] 
[INFO] [stdout] thread 'test_help' (866) panicked at tests/cli_tests.rs:9:10:
[INFO] [stdout] Failed to execute command: Os { code: 2, kind: NotFound, message: "No such file or directory" }
[INFO] [stdout] stack backtrace:
[INFO] [stdout]    0:     0x5ebab8d7d2f7 - <unknown>
[INFO] [stdout]    1:     0x5ebab8d62104 - <unknown>
[INFO] [stdout]    2:     0x5ebab8d7c8bb - <unknown>
[INFO] [stdout]    3:     0x5ebab8d7c4b9 - <unknown>
[INFO] [stdout]    4:     0x5ebab8d7c13a - <unknown>
[INFO] [stdout]    5:     0x5ebab8d7bc6b - <unknown>
[INFO] [stdout]    6:     0x5ebab8da1a31 - <unknown>
[INFO] [stdout]    7:     0x5ebab8da19e9 - <unknown>
[INFO] [stdout]    8:     0x5ebab8da1edc - <unknown>
[INFO] [stdout]    9:     0x5ebab8d61f9b - <unknown>
[INFO] [stdout]   10:     0x5ebab8d64c41 - <unknown>
[INFO] [stdout]   11:     0x5ebab8d5ec14 - <unknown>
[INFO] [stdout]   12:     0x5ebab8d60947 - <unknown>
[INFO] [stdout]   13:     0x5ebab8db82cb - <unknown>
[INFO] [stdout]   14:     0x5ebab8db4556 - <unknown>
[INFO] [stdout]   15:     0x5ebab8db3d7c - <unknown>
[INFO] [stdout]   16:     0x5ebab8dd21ac - <unknown>
[INFO] [stdout]   17:     0x5ebab8da35f8 - <unknown>
[INFO] [stdout]   18:     0x7eca11413dfa - <unknown>
[INFO] [stdout]   19:     0x7eca114a73d4 - clone
[INFO] [stdout]   20:                0x0 - <unknown>
[INFO] [stdout] 
[INFO] [stdout] ---- test_create_missing_args stdout ----
[INFO] [stdout] 
[INFO] [stdout] thread 'test_create_missing_args' (863) panicked at tests/cli_tests.rs:9:10:
[INFO] [stdout] Failed to execute command: Os { code: 2, kind: NotFound, message: "No such file or directory" }
[INFO] [stdout] stack backtrace:
[INFO] [stdout]    0:     0x5ebab8d7d2f7 - <unknown>
[INFO] [stdout]    1:     0x5ebab8d62104 - <unknown>
[INFO] [stdout]    2:     0x5ebab8d7c8bb - <unknown>
[INFO] [stdout]    3:     0x5ebab8d7c4b9 - <unknown>
[INFO] [stdout]    4:     0x5ebab8d7c13a - <unknown>
[INFO] [stdout]    5:     0x5ebab8d7bc6b - <unknown>
[INFO] [stdout]    6:     0x5ebab8da1a31 - <unknown>
[INFO] [stdout]    7:     0x5ebab8da19e9 - <unknown>
[INFO] [stdout]    8:     0x5ebab8da1edc - <unknown>
[INFO] [stdout]    9:     0x5ebab8d61f9b - <unknown>
[INFO] [stdout]   10:     0x5ebab8d64c41 - <unknown>
[INFO] [stdout]   11:     0x5ebab8d5ec14 - <unknown>
[INFO] [stdout]   12:     0x5ebab8d5f737 - <unknown>
[INFO] [stdout]   13:     0x5ebab8db82cb - <unknown>
[INFO] [stdout]   14:     0x5ebab8db4556 - <unknown>
[INFO] [stdout]   15:     0x5ebab8db3d7c - <unknown>
[INFO] [stdout]   16:     0x5ebab8dd21ac - <unknown>
[INFO] [stdout]   17:     0x5ebab8da35f8 - <unknown>
[INFO] [stdout]   18:     0x7eca11413dfa - <unknown>
[INFO] [stdout]   19:     0x7eca114a73d4 - clone
[INFO] [stdout]   20:                0x0 - <unknown>
[INFO] [stdout] 
[INFO] [stdout] ---- test_check_domain_unsupported_tld stdout ----
[INFO] [stdout] 
[INFO] [stdout] thread 'test_check_domain_unsupported_tld' (861) panicked at tests/cli_tests.rs:9:10:
[INFO] [stdout] Failed to execute command: Os { code: 2, kind: NotFound, message: "No such file or directory" }
[INFO] [stdout] stack backtrace:
[INFO] [stdout]    0:     0x5ebab8d7d2f7 - <unknown>
[INFO] [stdout]    1:     0x5ebab8d62104 - <unknown>
[INFO] [stdout]    2:     0x5ebab8d7c8bb - <unknown>
[INFO] [stdout]    3:     0x5ebab8d7c4b9 - <unknown>
[INFO] [stdout]    4:     0x5ebab8d7c13a - <unknown>
[INFO] [stdout]    5:     0x5ebab8d7bc6b - <unknown>
[INFO] [stdout]    6:     0x5ebab8da1a31 - <unknown>
[INFO] [stdout]    7:     0x5ebab8da19e9 - <unknown>
[INFO] [stdout]    8:     0x5ebab8da1edc - <unknown>
[INFO] [stdout]    9:     0x5ebab8d61f9b - <unknown>
[INFO] [stdout]   10:     0x5ebab8d64c41 - <unknown>
[INFO] [stdout]   11:     0x5ebab8d5ec14 - <unknown>
[INFO] [stdout]   12:     0x5ebab8d605bb - <unknown>
[INFO] [stdout]   13:     0x5ebab8db82cb - <unknown>
[INFO] [stdout]   14:     0x5ebab8db4556 - <unknown>
[INFO] [stdout]   15:     0x5ebab8db3d7c - <unknown>
[INFO] [stdout]   16:     0x5ebab8dd21ac - <unknown>
[INFO] [stdout]   17:     0x5ebab8da35f8 - <unknown>
[INFO] [stdout]   18:     0x7eca11413dfa - <unknown>
[INFO] [stdout]   19:     0x7eca114a73d4 - clone
[INFO] [stdout]   20:                0x0 - <unknown>
[INFO] [stdout] 
[INFO] [stdout] ---- test_doctor_returns_ok stdout ----
[INFO] [stdout] 
[INFO] [stdout] thread 'test_doctor_returns_ok' (865) panicked at tests/cli_tests.rs:9:10:
[INFO] [stdout] Failed to execute command: Os { code: 2, kind: NotFound, message: "No such file or directory" }
[INFO] [stdout] stack backtrace:
[INFO] [stdout]    0:     0x5ebab8d7d2f7 - <unknown>
[INFO] [stdout]    1:     0x5ebab8d62104 - <unknown>
[INFO] [stdout]    2:     0x5ebab8d7c8bb - <unknown>
[INFO] [stdout]    3:     0x5ebab8d7c4b9 - <unknown>
[INFO] [stdout]    4:     0x5ebab8d7c13a - <unknown>
[INFO] [stdout]    5:     0x5ebab8d7bc6b - <unknown>
[INFO] [stdout]    6:     0x5ebab8da1a31 - <unknown>
[INFO] [stdout]    7:     0x5ebab8da19e9 - <unknown>
[INFO] [stdout]    8:     0x5ebab8da1edc - <unknown>
[INFO] [stdout]    9:     0x5ebab8d61f9b - <unknown>
[INFO] [stdout]   10:     0x5ebab8d64c41 - <unknown>
[INFO] [stdout]   11:     0x5ebab8d5ec14 - <unknown>
[INFO] [stdout]   12:     0x5ebab8d5f4ad - <unknown>
[INFO] [stdout]   13:     0x5ebab8db82cb - <unknown>
[INFO] [stdout]   14:     0x5ebab8db4556 - <unknown>
[INFO] [stdout]   15:     0x5ebab8db3d7c - <unknown>
[INFO] [stdout]   16:     0x5ebab8dd21ac - <unknown>
[INFO] [stdout]   17:     0x5ebab8da35f8 - <unknown>
[INFO] [stdout]   18:     0x7eca11413dfa - <unknown>
[INFO] [stdout]   19:     0x7eca114a73d4 - clone
[INFO] [stdout]   20:                0x0 - <unknown>
[INFO] [stdout] 
[INFO] [stdout] ---- test_invalid_command stdout ----
[INFO] [stdout] 
[INFO] [stdout] thread 'test_invalid_command' (868) panicked at tests/cli_tests.rs:9:10:
[INFO] [stdout] Failed to execute command: Os { code: 2, kind: NotFound, message: "No such file or directory" }
[INFO] [stdout] stack backtrace:
[INFO] [stdout]    0:     0x5ebab8d7d2f7 - <unknown>
[INFO] [stdout]    1:     0x5ebab8d62104 - <unknown>
[INFO] [stdout]    2:     0x5ebab8d7c8bb - <unknown>
[INFO] [stdout]    3:     0x5ebab8d7c4b9 - <unknown>
[INFO] [stdout]    4:     0x5ebab8d7c13a - <unknown>
[INFO] [stdout]    5:     0x5ebab8d7bc6b - <unknown>
[INFO] [stdout]    6:     0x5ebab8da1a31 - <unknown>
[INFO] [stdout]    7:     0x5ebab8da19e9 - <unknown>
[INFO] [stdout]    8:     0x5ebab8da1edc - <unknown>
[INFO] [stdout]    9:     0x5ebab8d61f9b - <unknown>
[INFO] [stdout]   10:     0x5ebab8d64c41 - <unknown>
[INFO] [stdout]   11:     0x5ebab8d5ec14 - <unknown>
[INFO] [stdout]   12:     0x5ebab8d5f327 - <unknown>
[INFO] [stdout]   13:     0x5ebab8db82cb - <unknown>
[INFO] [stdout]   14:     0x5ebab8db4556 - <unknown>
[INFO] [stdout]   15:     0x5ebab8db3d7c - <unknown>
[INFO] [stdout]   16:     0x5ebab8dd21ac - <unknown>
[INFO] [stdout]   17:     0x5ebab8da35f8 - <unknown>
[INFO] [stdout]   18:     0x7eca11413dfa - <unknown>
[INFO] [stdout]   19:     0x7eca114a73d4 - clone
[INFO] [stdout]   20:                0x0 - <unknown>
[INFO] [stdout] 
[INFO] [stdout] ---- test_recipe_show_check_domain stdout ----
[INFO] [stdout] 
[INFO] [stdout] thread 'test_recipe_show_check_domain' (875) panicked at tests/cli_tests.rs:9:10:
[INFO] [stdout] Failed to execute command: Os { code: 2, kind: NotFound, message: "No such file or directory" }
[INFO] [stdout] stack backtrace:
[INFO] [stdout]    0:     0x5ebab8d7d2f7 - <unknown>
[INFO] [stdout]    1:     0x5ebab8d62104 - <unknown>
[INFO] [stdout]    2:     0x5ebab8d7c8bb - <unknown>
[INFO] [stdout]    3:     0x5ebab8d7c4b9 - <unknown>
[INFO] [stdout]    4:     0x5ebab8d7c13a - <unknown>
[INFO] [stdout]    5:     0x5ebab8d7bc6b - <unknown>
[INFO] [stdout]    6:     0x5ebab8da1a31 - <unknown>
[INFO] [stdout]    7:     0x5ebab8da19e9 - <unknown>
[INFO] [stdout]    8:     0x5ebab8da1edc - <unknown>
[INFO] [stdout]    9:     0x5ebab8d61f9b - <unknown>
[INFO] [stdout]   10:     0x5ebab8d64c41 - <unknown>
[INFO] [stdout]   11:     0x5ebab8d5ec14 - <unknown>
[INFO] [stdout]   12:     0x5ebab8d6034b - <unknown>
[INFO] [stdout]   13:     0x5ebab8db82cb - <unknown>
[INFO] [stdout]   14:     0x5ebab8db4556 - <unknown>
[INFO] [stdout]   15:     0x5ebab8db3d7c - <unknown>
[INFO] [stdout]   16:     0x5ebab8dd21ac - <unknown>
[INFO] [stdout]   17:     0x5ebab8da35f8 - <unknown>
[INFO] [stdout]   18:     0x7eca11413dfa - <unknown>
[INFO] [stdout]   19:     0x7eca114a73d4 - clone
[INFO] [stdout]   20:                0x0 - <unknown>
[INFO] [stdout] 
[INFO] [stdout] ---- test_recipe_list stdout ----
[INFO] [stdout] 
[INFO] [stdout] thread 'test_recipe_list' (869) panicked at tests/cli_tests.rs:9:10:
[INFO] [stdout] Failed to execute command: Os { code: 2, kind: NotFound, message: "No such file or directory" }
[INFO] [stdout] stack backtrace:
[INFO] [stdout]    0:     0x5ebab8d7d2f7 - <unknown>
[INFO] [stdout]    1:     0x5ebab8d62104 - <unknown>
[INFO] [stdout]    2:     0x5ebab8d7c8bb - <unknown>
[INFO] [stdout]    3:     0x5ebab8d7c4b9 - <unknown>
[INFO] [stdout]    4:     0x5ebab8d7c13a - <unknown>
[INFO] [stdout]    5:     0x5ebab8d7bc6b - <unknown>
[INFO] [stdout]    6:     0x5ebab8da1a31 - <unknown>
[INFO] [stdout]    7:     0x5ebab8da19e9 - <unknown>
[INFO] [stdout]    8:     0x5ebab8da1edc - <unknown>
[INFO] [stdout]    9:     0x5ebab8d61f9b - <unknown>
[INFO] [stdout]   10:     0x5ebab8d64c41 - <unknown>
[INFO] [stdout]   11:     0x5ebab8d5ec14 - <unknown>
[INFO] [stdout]   12:     0x5ebab8d5f1df - <unknown>
[INFO] [stdout]   13:     0x5ebab8db82cb - <unknown>
[INFO] [stdout]   14:     0x5ebab8db4556 - <unknown>
[INFO] [stdout]   15:     0x5ebab8db3d7c - <unknown>
[INFO] [stdout]   16:     0x5ebab8dd21ac - <unknown>
[INFO] [stdout]   17:     0x5ebab8da35f8 - <unknown>
[INFO] [stdout]   18:     0x7eca11413dfa - <unknown>
[INFO] [stdout]   19:     0x7eca114a73d4 - clone
[INFO] [stdout]   20:                0x0 - <unknown>
[INFO] [stdout] 
[INFO] [stdout] ---- test_recipe_show_create_site stdout ----
[INFO] [stdout] 
[INFO] [stdout] thread 'test_recipe_show_create_site' (876) panicked at tests/cli_tests.rs:9:10:
[INFO] [stdout] Failed to execute command: Os { code: 2, kind: NotFound, message: "No such file or directory" }
[INFO] [stdout] stack backtrace:
[INFO] [stdout]    0:     0x5ebab8d7d2f7 - <unknown>
[INFO] [stdout]    1:     0x5ebab8d62104 - <unknown>
[INFO] [stdout]    2:     0x5ebab8d7c8bb - <unknown>
[INFO] [stdout]    3:     0x5ebab8d7c4b9 - <unknown>
[INFO] [stdout]    4:     0x5ebab8d7c13a - <unknown>
[INFO] [stdout]    5:     0x5ebab8d7bc6b - <unknown>
[INFO] [stdout]    6:     0x5ebab8da1a31 - <unknown>
[INFO] [stdout]    7:     0x5ebab8da19e9 - <unknown>
[INFO] [stdout]    8:     0x5ebab8da1edc - <unknown>
[INFO] [stdout]    9:     0x5ebab8d61f9b - <unknown>
[INFO] [stdout]   10:     0x5ebab8d64c41 - <unknown>
[INFO] [stdout]   11:     0x5ebab8d5ec14 - <unknown>
[INFO] [stdout]   12:     0x5ebab8d5ffc6 - <unknown>
[INFO] [stdout]   13:     0x5ebab8db82cb - <unknown>
[INFO] [stdout]   14:     0x5ebab8db4556 - <unknown>
[INFO] [stdout]   15:     0x5ebab8db3d7c - <unknown>
[INFO] [stdout]   16:     0x5ebab8dd21ac - <unknown>
[INFO] [stdout]   17:     0x5ebab8da35f8 - <unknown>
[INFO] [stdout]   18:     0x7eca11413dfa - <unknown>
[INFO] [stdout]   19:     0x7eca114a73d4 - clone
[INFO] [stdout]   20:                0x0 - <unknown>
[INFO] [stdout] 
[INFO] [stdout] ---- test_recipe_show_all_recipes stdout ----
[INFO] [stdout] 
[INFO] [stdout] thread 'test_recipe_show_all_recipes' (874) panicked at tests/cli_tests.rs:9:10:
[INFO] [stdout] Failed to execute command: Os { code: 2, kind: NotFound, message: "No such file or directory" }
[INFO] [stdout] stack backtrace:
[INFO] [stdout]    0:     0x5ebab8d7d2f7 - <unknown>
[INFO] [stdout]    1:     0x5ebab8d62104 - <unknown>
[INFO] [stdout]    2:     0x5ebab8d7c8bb - <unknown>
[INFO] [stdout]    3:     0x5ebab8d7c4b9 - <unknown>
[INFO] [stdout]    4:     0x5ebab8d7c13a - <unknown>
[INFO] [stdout]    5:     0x5ebab8d7bc6b - <unknown>
[INFO] [stdout]    6:     0x5ebab8da1a31 - <unknown>
[INFO] [stdout]    7:     0x5ebab8da19e9 - <unknown>
[INFO] [stdout]    8:     0x5ebab8da1edc - <unknown>
[INFO] [stdout]    9:     0x5ebab8d61f9b - <unknown>
[INFO] [stdout]   10:     0x5ebab8d64c41 - <unknown>
[INFO] [stdout]   11:     0x5ebab8d5ec14 - <unknown>
[INFO] [stdout]   12:     0x5ebab8d5feec - <unknown>
[INFO] [stdout]   13:     0x5ebab8db82cb - <unknown>
[INFO] [stdout]   14:     0x5ebab8db4556 - <unknown>
[INFO] [stdout]   15:     0x5ebab8db3d7c - <unknown>
[INFO] [stdout]   16:     0x5ebab8dd21ac - <unknown>
[INFO] [stdout]   17:     0x5ebab8da35f8 - <unknown>
[INFO] [stdout]   18:     0x7eca11413dfa - <unknown>
[INFO] [stdout]   19:     0x7eca114a73d4 - clone
[INFO] [stdout]   20:                0x0 - <unknown>
[INFO] [stdout] 
[INFO] [stdout] ---- test_update_missing_args stdout ----
[INFO] [stdout] 
[INFO] [stdout] thread 'test_update_missing_args' (889) panicked at tests/cli_tests.rs:9:10:
[INFO] [stdout] Failed to execute command: Os { code: 2, kind: NotFound, message: "No such file or directory" }
[INFO] [stdout] stack backtrace:
[INFO] [stdout]    0:     0x5ebab8d7d2f7 - <unknown>
[INFO] [stdout]    1:     0x5ebab8d62104 - <unknown>
[INFO] [stdout]    2:     0x5ebab8d7c8bb - <unknown>
[INFO] [stdout]    3:     0x5ebab8d7c4b9 - <unknown>
[INFO] [stdout]    4:     0x5ebab8d7c13a - <unknown>
[INFO] [stdout]    5:     0x5ebab8d7bc6b - <unknown>
[INFO] [stdout]    6:     0x5ebab8da1a31 - <unknown>
[INFO] [stdout]    7:     0x5ebab8da19e9 - <unknown>
[INFO] [stdout]    8:     0x5ebab8da1edc - <unknown>
[INFO] [stdout]    9:     0x5ebab8d61f9b - <unknown>
[INFO] [stdout]   10:     0x5ebab8d64c41 - <unknown>
[INFO] [stdout]   11:     0x5ebab8d5ec14 - <unknown>
[INFO] [stdout]   12:     0x5ebab8d5fa63 - <unknown>
[INFO] [stdout]   13:     0x5ebab8db82cb - <unknown>
[INFO] [stdout]   14:     0x5ebab8db4556 - <unknown>
[INFO] [stdout]   15:     0x5ebab8db3d7c - <unknown>
[INFO] [stdout]   16:     0x5ebab8dd21ac - <unknown>
[INFO] [stdout]   17:     0x5ebab8da35f8 - <unknown>
[INFO] [stdout]   18:     0x7eca11413dfa - <unknown>
[INFO] [stdout]   19:     0x7eca114a73d4 - clone
[INFO] [stdout]   20:                0x0 - <unknown>
[INFO] [stdout] 
[INFO] [stdout] ---- test_recipe_show_estimate_costs stdout ----
[INFO] [stdout] 
[INFO] [stdout] thread 'test_recipe_show_estimate_costs' (877) panicked at tests/cli_tests.rs:9:10:
[INFO] [stdout] Failed to execute command: Os { code: 2, kind: NotFound, message: "No such file or directory" }
[INFO] [stdout] stack backtrace:
[INFO] [stdout]    0:     0x5ebab8d7d2f7 - <unknown>
[INFO] [stdout]    1:     0x5ebab8d62104 - <unknown>
[INFO] [stdout]    2:     0x5ebab8d7c8bb - <unknown>
[INFO] [stdout]    3:     0x5ebab8d7c4b9 - <unknown>
[INFO] [stdout]    4:     0x5ebab8d7c13a - <unknown>
[INFO] [stdout]    5:     0x5ebab8d7bc6b - <unknown>
[INFO] [stdout]    6:     0x5ebab8da1a31 - <unknown>
[INFO] [stdout]    7:     0x5ebab8da19e9 - <unknown>
[INFO] [stdout]    8:     0x5ebab8da1edc - <unknown>
[INFO] [stdout]    9:     0x5ebab8d61f9b - <unknown>
[INFO] [stdout]   10:     0x5ebab8d64c41 - <unknown>
[INFO] [stdout]   11:     0x5ebab8d5ec14 - <unknown>
[INFO] [stdout]   12:     0x5ebab8d60497 - <unknown>
[INFO] [stdout]   13:     0x5ebab8db82cb - <unknown>
[INFO] [stdout]   14:     0x5ebab8db4556 - <unknown>
[INFO] [stdout]   15:     0x5ebab8db3d7c - <unknown>
[INFO] [stdout]   16:     0x5ebab8dd21ac - <unknown>
[INFO] [stdout]   17:     0x5ebab8da35f8 - <unknown>
[INFO] [stdout]   18:     0x7eca11413dfa - <unknown>
[INFO] [stdout]   19:     0x7eca114a73d4 - clone
[INFO] [stdout]   20:                0x0 - <unknown>
[INFO] [stdout] 
[INFO] [stdout] ---- test_version stdout ----
[INFO] [stdout] 
[INFO] [stdout] thread 'test_version' (890) panicked at tests/cli_tests.rs:9:10:
[INFO] [stdout] Failed to execute command: Os { code: 2, kind: NotFound, message: "No such file or directory" }
[INFO] [stdout] stack backtrace:
[INFO] [stdout]    0:     0x5ebab8d7d2f7 - <unknown>
[INFO] [stdout]    1:     0x5ebab8d62104 - <unknown>
[INFO] [stdout]    2:     0x5ebab8d7c8bb - <unknown>
[INFO] [stdout]    3:     0x5ebab8d7c4b9 - <unknown>
[INFO] [stdout]    4:     0x5ebab8d7c13a - <unknown>
[INFO] [stdout]    5:     0x5ebab8d7bc6b - <unknown>
[INFO] [stdout]    6:     0x5ebab8da1a31 - <unknown>
[INFO] [stdout]    7:     0x5ebab8da19e9 - <unknown>
[INFO] [stdout]    8:     0x5ebab8da1edc - <unknown>
[INFO] [stdout]    9:     0x5ebab8d61f9b - <unknown>
[INFO] [stdout]   10:     0x5ebab8d64c41 - <unknown>
[INFO] [stdout]   11:     0x5ebab8d5ec14 - <unknown>
[INFO] [stdout]   12:     0x5ebab8d5f102 - <unknown>
[INFO] [stdout]   13:     0x5ebab8db82cb - <unknown>
[INFO] [stdout]   14:     0x5ebab8db4556 - <unknown>
[INFO] [stdout]   15:     0x5ebab8db3d7c - <unknown>
[INFO] [stdout]   16:     0x5ebab8dd21ac - <unknown>
[INFO] [stdout]   17:     0x5ebab8da35f8 - <unknown>
[INFO] [stdout]   18:     0x7eca11413dfa - <unknown>
[INFO] [stdout]   19:     0x7eca114a73d4 - clone
[INFO] [stdout]   20:                0x0 - <unknown>
[INFO] [stdout] 
[INFO] [stdout] ---- test_recipe_show_nonexistent stdout ----
[INFO] [stdout] 
[INFO] [stdout] thread 'test_recipe_show_nonexistent' (882) panicked at tests/cli_tests.rs:9:10:
[INFO] [stdout] Failed to execute command: Os { code: 2, kind: NotFound, message: "No such file or directory" }
[INFO] [stdout] stack backtrace:
[INFO] [stdout]    0:     0x5ebab8d7d2f7 - <unknown>
[INFO] [stdout]    1:     0x5ebab8d62104 - <unknown>
[INFO] [stdout]    2:     0x5ebab8d7c8bb - <unknown>
[INFO] [stdout]    3:     0x5ebab8d7c4b9 - <unknown>
[INFO] [stdout]    4:     0x5ebab8d7c13a - <unknown>
[INFO] [stdout]    5:     0x5ebab8d7bc6b - <unknown>
[INFO] [stdout]    6:     0x5ebab8da1a31 - <unknown>
[INFO] [stdout]    7:     0x5ebab8da19e9 - <unknown>
[INFO] [stdout]    8:     0x5ebab8da1edc - <unknown>
[INFO] [stdout]    9:     0x5ebab8d61f9b - <unknown>
[INFO] [stdout]   10:     0x5ebab8d64c41 - <unknown>
[INFO] [stdout]   11:     0x5ebab8d5ec14 - <unknown>
[INFO] [stdout]   12:     0x5ebab8d600e6 - <unknown>
[INFO] [stdout]   13:     0x5ebab8db82cb - <unknown>
[INFO] [stdout]   14:     0x5ebab8db4556 - <unknown>
[INFO] [stdout]   15:     0x5ebab8db3d7c - <unknown>
[INFO] [stdout]   16:     0x5ebab8dd21ac - <unknown>
[INFO] [stdout]   17:     0x5ebab8da35f8 - <unknown>
[INFO] [stdout]   18:     0x7eca11413dfa - <unknown>
[INFO] [stdout]   19:     0x7eca114a73d4 - clone
[INFO] [stdout]   20:                0x0 - <unknown>
[INFO] [stdout] 
[INFO] [stdout] ---- test_zones_contains_expected_fields stdout ----
[INFO] [stdout] 
[INFO] [stdout] thread 'test_zones_contains_expected_fields' (891) panicked at tests/cli_tests.rs:9:10:
[INFO] [stdout] Failed to execute command: Os { code: 2, kind: NotFound, message: "No such file or directory" }
[INFO] [stdout] stack backtrace:
[INFO] [stdout]    0:     0x5ebab8d7d2f7 - <unknown>
[INFO] [stdout]    1:     0x5ebab8d62104 - <unknown>
[INFO] [stdout]    2:     0x5ebab8d7c8bb - <unknown>
[INFO] [stdout]    3:     0x5ebab8d7c4b9 - <unknown>
[INFO] [stdout]    4:     0x5ebab8d7c13a - <unknown>
[INFO] [stdout]    5:     0x5ebab8d7bc6b - <unknown>
[INFO] [stdout]    6:     0x5ebab8da1a31 - <unknown>
[INFO] [stdout]    7:     0x5ebab8da19e9 - <unknown>
[INFO] [stdout]    8:     0x5ebab8da1edc - <unknown>
[INFO] [stdout]    9:     0x5ebab8d61f9b - <unknown>
[INFO] [stdout]   10:     0x5ebab8d64c41 - <unknown>
[INFO] [stdout]   11:     0x5ebab8d5ec14 - <unknown>
[INFO] [stdout]   12:     0x5ebab8d607ff - <unknown>
[INFO] [stdout]   13:     0x5ebab8db82cb - <unknown>
[INFO] [stdout]   14:     0x5ebab8db4556 - <unknown>
[INFO] [stdout]   15:     0x5ebab8db3d7c - <unknown>
[INFO] [stdout]   16:     0x5ebab8dd21ac - <unknown>
[INFO] [stdout]   17:     0x5ebab8da35f8 - <unknown>
[INFO] [stdout]   18:     0x7eca11413dfa - <unknown>
[INFO] [stdout]   19:     0x7eca114a73d4 - clone
[INFO] [stdout]   20:                0x0 - <unknown>
[INFO] [stdout] 
[INFO] [stdout] ---- test_status_existing_app stdout ----
[INFO] [stdout] 
[INFO] [stdout] thread 'test_status_existing_app' (885) panicked at tests/cli_tests.rs:9:10:
[INFO] [stdout] Failed to execute command: Os { code: 2, kind: NotFound, message: "No such file or directory" }
[INFO] [stdout] stack backtrace:
[INFO] [stdout]    0:     0x5ebab8d7d2f7 - <unknown>
[INFO] [stdout]    1:     0x5ebab8d62104 - <unknown>
[INFO] [stdout]    2:     0x5ebab8d7c8bb - <unknown>
[INFO] [stdout]    3:     0x5ebab8d7c4b9 - <unknown>
[INFO] [stdout]    4:     0x5ebab8d7c13a - <unknown>
[INFO] [stdout]    5:     0x5ebab8d7bc6b - <unknown>
[INFO] [stdout]    6:     0x5ebab8da1a31 - <unknown>
[INFO] [stdout]    7:     0x5ebab8da19e9 - <unknown>
[INFO] [stdout]    8:     0x5ebab8da1edc - <unknown>
[INFO] [stdout]    9:     0x5ebab8d61f9b - <unknown>
[INFO] [stdout]   10:     0x5ebab8d64c41 - <unknown>
[INFO] [stdout]   11:     0x5ebab8d5ec14 - <unknown>
[INFO] [stdout]   12:     0x5ebab8d5f7a1 - <unknown>
[INFO] [stdout]   13:     0x5ebab8db82cb - <unknown>
[INFO] [stdout]   14:     0x5ebab8db4556 - <unknown>
[INFO] [stdout]   15:     0x5ebab8db3d7c - <unknown>
[INFO] [stdout]   16:     0x5ebab8dd21ac - <unknown>
[INFO] [stdout]   17:     0x5ebab8da35f8 - <unknown>
[INFO] [stdout]   18:     0x7eca11413dfa - <unknown>
[INFO] [stdout]   19:     0x7eca114a73d4 - clone
[INFO] [stdout]   20:                0x0 - <unknown>
[INFO] [stdout] 
[INFO] [stdout] ---- test_status_nonexistent_app stdout ----
[INFO] [stdout] 
[INFO] [stdout] thread 'test_status_nonexistent_app' (887) panicked at tests/cli_tests.rs:9:10:
[INFO] [stdout] Failed to execute command: Os { code: 2, kind: NotFound, message: "No such file or directory" }
[INFO] [stdout] stack backtrace:
[INFO] [stdout]    0:     0x5ebab8d7d2f7 - <unknown>
[INFO] [stdout]    1:     0x5ebab8d62104 - <unknown>
[INFO] [stdout]    2:     0x5ebab8d7c8bb - <unknown>
[INFO] [stdout]    3:     0x5ebab8d7c4b9 - <unknown>
[INFO] [stdout]    4:     0x5ebab8d7c13a - <unknown>
[INFO] [stdout]    5:     0x5ebab8d7bc6b - <unknown>
[INFO] [stdout]    6:     0x5ebab8da1a31 - <unknown>
[INFO] [stdout]    7:     0x5ebab8da19e9 - <unknown>
[INFO] [stdout]    8:     0x5ebab8da1edc - <unknown>
[INFO] [stdout]    9:     0x5ebab8d61f9b - <unknown>
[INFO] [stdout]   10:     0x5ebab8d64c41 - <unknown>
[INFO] [stdout]   11:     0x5ebab8d5ec14 - <unknown>
[INFO] [stdout]   12:     0x5ebab8d5fc4d - <unknown>
[INFO] [stdout]   13:     0x5ebab8db82cb - <unknown>
[INFO] [stdout]   14:     0x5ebab8db4556 - <unknown>
[INFO] [stdout]   15:     0x5ebab8db3d7c - <unknown>
[INFO] [stdout]   16:     0x5ebab8dd21ac - <unknown>
[INFO] [stdout]   17:     0x5ebab8da35f8 - <unknown>
[INFO] [stdout]   18:     0x7eca11413dfa - <unknown>
[INFO] [stdout]   19:     0x7eca114a73d4 - clone
[INFO] [stdout]   20:                0x0 - <unknown>
[INFO] [stdout] 
[INFO] [stdout] ---- test_zones_returns_list stdout ----
[INFO] [stdout] 
[INFO] [stdout] thread 'test_zones_returns_list' (893) panicked at tests/cli_tests.rs:9:10:
[INFO] [stdout] Failed to execute command: Os { code: 2, kind: NotFound, message: "No such file or directory" }
[INFO] [stdout] stack backtrace:
[INFO] [stdout]    0:     0x5ebab8d7d2f7 - <unknown>
[INFO] [stdout]    1:     0x5ebab8d62104 - <unknown>
[INFO] [stdout]    2:     0x5ebab8d7c8bb - <unknown>
[INFO] [stdout]    3:     0x5ebab8d7c4b9 - <unknown>
[INFO] [stdout]    4:     0x5ebab8d7c13a - <unknown>
[INFO] [stdout]    5:     0x5ebab8d7bc6b - <unknown>
[INFO] [stdout]    6:     0x5ebab8da1a31 - <unknown>
[INFO] [stdout]    7:     0x5ebab8da19e9 - <unknown>
[INFO] [stdout]    8:     0x5ebab8da1edc - <unknown>
[INFO] [stdout]    9:     0x5ebab8d61f9b - <unknown>
[INFO] [stdout]   10:     0x5ebab8d64c41 - <unknown>
[INFO] [stdout]   11:     0x5ebab8d5ec14 - <unknown>
[INFO] [stdout]   12:     0x5ebab8d5f615 - <unknown>
[INFO] [stdout]   13:     0x5ebab8db82cb - <unknown>
[INFO] [stdout]   14:     0x5ebab8db4556 - <unknown>
[INFO] [stdout]   15:     0x5ebab8db3d7c - <unknown>
[INFO] [stdout]   16:     0x5ebab8dd21ac - <unknown>
[INFO] [stdout]   17:     0x5ebab8da35f8 - <unknown>
[INFO] [stdout]   18:     0x7eca11413dfa - <unknown>
[INFO] [stdout]   19:     0x7eca114a73d4 - clone
[INFO] [stdout]   20:                0x0 - <unknown>
[INFO] [stdout] 
[INFO] [stdout] ---- test_status_missing_args stdout ----
[INFO] [stdout] 
[INFO] [stdout] thread 'test_status_missing_args' (886) panicked at tests/cli_tests.rs:9:10:
[INFO] [stdout] Failed to execute command: Os { code: 2, kind: NotFound, message: "No such file or directory" }
[INFO] [stdout] stack backtrace:
[INFO] [stdout]    0:     0x5ebab8d7d2f7 - <unknown>
[INFO] [stdout]    1:     0x5ebab8d62104 - <unknown>
[INFO] [stdout]    2:     0x5ebab8d7c8bb - <unknown>
[INFO] [stdout]    3:     0x5ebab8d7c4b9 - <unknown>
[INFO] [stdout]    4:     0x5ebab8d7c13a - <unknown>
[INFO] [stdout]    5:     0x5ebab8d7bc6b - <unknown>
[INFO] [stdout]    6:     0x5ebab8da1a31 - <unknown>
[INFO] [stdout]    7:     0x5ebab8da19e9 - <unknown>
[INFO] [stdout]    8:     0x5ebab8da1edc - <unknown>
[INFO] [stdout]    9:     0x5ebab8d61f9b - <unknown>
[INFO] [stdout]   10:     0x5ebab8d64c41 - <unknown>
[INFO] [stdout]   11:     0x5ebab8d5ec14 - <unknown>
[INFO] [stdout]   12:     0x5ebab8d5fa0b - <unknown>
[INFO] [stdout]   13:     0x5ebab8db82cb - <unknown>
[INFO] [stdout]   14:     0x5ebab8db4556 - <unknown>
[INFO] [stdout]   15:     0x5ebab8db3d7c - <unknown>
[INFO] [stdout]   16:     0x5ebab8dd21ac - <unknown>
[INFO] [stdout]   17:     0x5ebab8da35f8 - <unknown>
[INFO] [stdout]   18:     0x7eca11413dfa - <unknown>
[INFO] [stdout]   19:     0x7eca114a73d4 - clone
[INFO] [stdout]   20:                0x0 - <unknown>
[INFO] [stdout] 
[INFO] [stdout] ---- test_subdomain_missing_args stdout ----
[INFO] [stdout] 
[INFO] [stdout] thread 'test_subdomain_missing_args' (888) panicked at tests/cli_tests.rs:9:10:
[INFO] [stdout] Failed to execute command: Os { code: 2, kind: NotFound, message: "No such file or directory" }
[INFO] [stdout] stack backtrace:
[INFO] [stdout]    0:     0x5ebab8d7d2f7 - <unknown>
[INFO] [stdout]    1:     0x5ebab8d62104 - <unknown>
[INFO] [stdout]    2:     0x5ebab8d7c8bb - <unknown>
[INFO] [stdout]    3:     0x5ebab8d7c4b9 - <unknown>
[INFO] [stdout]    4:     0x5ebab8d7c13a - <unknown>
[INFO] [stdout]    5:     0x5ebab8d7bc6b - <unknown>
[INFO] [stdout]    6:     0x5ebab8da1a31 - <unknown>
[INFO] [stdout]    7:     0x5ebab8da19e9 - <unknown>
[INFO] [stdout]    8:     0x5ebab8da1edc - <unknown>
[INFO] [stdout]    9:     0x5ebab8d61f9b - <unknown>
[INFO] [stdout]   10:     0x5ebab8d64c41 - <unknown>
[INFO] [stdout]   11:     0x5ebab8d5ec14 - <unknown>
[INFO] [stdout]   12:     0x5ebab8d5fd3a - <unknown>
[INFO] [stdout]   13:     0x5ebab8db82cb - <unknown>
[INFO] [stdout]   14:     0x5ebab8db4556 - <unknown>
[INFO] [stdout]   15:     0x5ebab8db3d7c - <unknown>
[INFO] [stdout]   16:     0x5ebab8dd21ac - <unknown>
[INFO] [stdout]   17:     0x5ebab8da35f8 - <unknown>
[INFO] [stdout]   18:     0x7eca11413dfa - <unknown>
[INFO] [stdout]   19:     0x7eca114a73d4 - clone
[INFO] [stdout]   20:                0x0 - <unknown>
[INFO] [stdout] 
[INFO] [stdout] 
[INFO] [stdout] failures:
[INFO] [stdout]     test_apps_contains_expected_fields
[INFO] [stdout]     test_apps_returns_list
[INFO] [stdout]     test_check_domain_available
[INFO] [stdout]     test_check_domain_missing_args
[INFO] [stdout]     test_check_domain_unavailable
[INFO] [stdout]     test_check_domain_unsupported_tld
[INFO] [stdout]     test_create_missing_args
[INFO] [stdout]     test_doctor_returns_ok
[INFO] [stdout]     test_help
[INFO] [stdout]     test_invalid_command
[INFO] [stdout]     test_recipe_list
[INFO] [stdout]     test_recipe_show_all_recipes
[INFO] [stdout]     test_recipe_show_check_domain
[INFO] [stdout]     test_recipe_show_create_site
[INFO] [stdout]     test_recipe_show_estimate_costs
[INFO] [stdout]     test_recipe_show_nonexistent
[INFO] [stdout]     test_status_existing_app
[INFO] [stdout]     test_status_missing_args
[INFO] [stdout]     test_status_nonexistent_app
[INFO] [stdout]     test_subdomain_missing_args
[INFO] [stdout]     test_update_missing_args
[INFO] [stdout]     test_version
[INFO] [stdout]     test_zones_contains_expected_fields
[INFO] [stdout]     test_zones_returns_list
[INFO] [stdout] 
[INFO] [stdout] test result: FAILED. 0 passed; 24 failed; 0 ignored; 0 measured; 0 filtered out; finished in 0.00s
[INFO] [stdout] 
[INFO] running `Command { std: "docker" "inspect" "19a6168e081f3743127c494483c9a2857d5e21fc7588ef29a5047b4060708cc2", kill_on_drop: false }`
[INFO] running `Command { std: "docker" "rm" "-f" "19a6168e081f3743127c494483c9a2857d5e21fc7588ef29a5047b4060708cc2", kill_on_drop: false }`
[INFO] [stdout] 19a6168e081f3743127c494483c9a2857d5e21fc7588ef29a5047b4060708cc2
