[INFO] fetching crate onebudgetspec-core 0.1.5...
[INFO] testing onebudgetspec-core-0.1.5 against 1.99.0-beta.8+cargoflags=--release for beta-release-1.100-2
[INFO] extracting crate onebudgetspec-core 0.1.5 into /workspace/builds/worker-4-tc1/source
[INFO] started tweaking crates.io crate onebudgetspec-core 0.1.5
[INFO] removed 0 missing tests
[INFO] finished tweaking crates.io crate onebudgetspec-core 0.1.5
[INFO] tweaked toml for crates.io crate onebudgetspec-core 0.1.5 written to /workspace/builds/worker-4-tc1/source/Cargo.toml
[INFO] validating manifest of crates.io crate onebudgetspec-core 0.1.5 on toolchain 1.99.0-beta.8
[INFO] running `Command { std: CARGO_HOME="/workspace/cargo-home" RUSTUP_HOME="/workspace/rustup-home" "/workspace/cargo-home/bin/cargo" "+1.99.0-beta.8" "metadata" "--manifest-path" "Cargo.toml" "--no-deps", kill_on_drop: false }`
[INFO] crate crates.io crate onebudgetspec-core 0.1.5 already has a lockfile, it will not be regenerated
[INFO] running `Command { std: CARGO_HOME="/workspace/cargo-home" RUSTUP_HOME="/workspace/rustup-home" "/workspace/cargo-home/bin/cargo" "+1.99.0-beta.8" "fetch" "--manifest-path" "Cargo.toml", kill_on_drop: false }`
[INFO] [stderr]  Downloading crates ...
[INFO] [stderr]   Downloaded encoding_rs_io v0.1.8
[INFO] running `Command { std: "docker" "create" "-v" "/var/lib/crater-agent-workspace/builds/worker-4-tc1/source:/opt/rustwide/workdir:ro,Z" "-v" "/var/lib/crater-agent-workspace/builds/worker-4-tc1/target:/opt/rustwide/target:rw,Z" "-v" "/var/lib/crater-agent-workspace/cargo-home:/opt/rustwide/cargo-home:ro,Z" "-v" "/var/lib/crater-agent-workspace/rustup-home:/opt/rustwide/rustup-home:ro,Z" "-m" "1610612736" "--network" "none" "ghcr.io/rust-lang/crates-build-env/linux@sha256:77db811e55d90add9212f6832c23229e3de5f1c1f9905e8cb07319ea15df73ac" "sleep" "infinity", kill_on_drop: false }`
[INFO] [stdout] c91d1d91f6c20f8cb4bc52c6711db0d37c1f26fe5ee1db1148cadea5ddba4d6e
[INFO] running `Command { std: "docker" "start" "c91d1d91f6c20f8cb4bc52c6711db0d37c1f26fe5ee1db1148cadea5ddba4d6e", kill_on_drop: false }`
[INFO] running `Command { std: "docker" "inspect" "c91d1d91f6c20f8cb4bc52c6711db0d37c1f26fe5ee1db1148cadea5ddba4d6e", kill_on_drop: false }`
[INFO] running `Command { std: "docker" "exec" "-e" "SOURCE_DIR=/opt/rustwide/workdir" "-e" "CARGO_HOME=/opt/rustwide/cargo-home" "-e" "RUSTUP_HOME=/opt/rustwide/rustup-home" "-e" "CARGO_TARGET_DIR=/opt/rustwide/target" "-w" "/opt/rustwide/workdir" "--user" "0:0" "c91d1d91f6c20f8cb4bc52c6711db0d37c1f26fe5ee1db1148cadea5ddba4d6e" "/opt/rustwide/cargo-home/bin/cargo" "+1.99.0-beta.8" "metadata" "--no-deps" "--format-version=1", kill_on_drop: false }`
[INFO] running `Command { std: "docker" "inspect" "c91d1d91f6c20f8cb4bc52c6711db0d37c1f26fe5ee1db1148cadea5ddba4d6e", kill_on_drop: false }`
[INFO] running `Command { std: "docker" "exec" "-e" "SOURCE_DIR=/opt/rustwide/workdir" "-e" "CARGO_HOME=/opt/rustwide/cargo-home" "-e" "RUSTUP_HOME=/opt/rustwide/rustup-home" "-e" "CARGO_TARGET_DIR=/opt/rustwide/target" "-e" "CARGO_INCREMENTAL=0" "-e" "RUST_BACKTRACE=full" "-e" "RUSTFLAGS=--cap-lints=warn" "-e" "RUSTDOCFLAGS=--cap-lints=warn" "-w" "/opt/rustwide/workdir" "--user" "0:0" "c91d1d91f6c20f8cb4bc52c6711db0d37c1f26fe5ee1db1148cadea5ddba4d6e" "/opt/rustwide/cargo-home/bin/cargo" "+1.99.0-beta.8" "build" "--frozen" "--message-format=json" "--release", kill_on_drop: false }`
[INFO] [stderr]    Compiling serde_core v1.0.229
[INFO] [stderr]    Compiling crossbeam-utils v0.8.23
[INFO] [stderr]    Compiling regex-automata v0.4.18
[INFO] [stderr]    Compiling serde_json v1.0.151
[INFO] [stderr]    Compiling crossbeam-deque v0.8.8
[INFO] [stderr]    Compiling bstr v1.13.1
[INFO] [stderr]    Compiling serde_derive_internals v0.30.0
[INFO] [stderr]    Compiling ref-cast-impl v1.0.27
[INFO] [stderr]    Compiling anstyle v1.0.14
[INFO] [stderr]    Compiling smallvec v1.16.2
[INFO] [stderr]    Compiling arraydeque v0.5.1
[INFO] [stderr]    Compiling unicode-width v0.2.2
[INFO] [stderr]    Compiling encoding_rs_io v0.1.8
[INFO] [stderr]    Compiling nohash-hasher v0.2.0
[INFO] [stderr]    Compiling granit-parser v1.3.0
[INFO] [stderr]    Compiling annotate-snippets v0.12.16
[INFO] [stderr]    Compiling ref-cast v1.0.27
[INFO] [stderr]    Compiling schemars_derive v1.2.2
[INFO] [stderr]    Compiling crossbeam-epoch v0.9.21
[INFO] [stderr]    Compiling serde v1.0.229
[INFO] [stderr]    Compiling serde-saphyr v1.3.0
[INFO] [stderr]    Compiling serde_path_to_error v0.1.20
[INFO] [stderr]    Compiling globset v0.4.20
[INFO] [stderr]    Compiling regex v1.13.1
[INFO] [stderr]    Compiling chrono v0.4.45
[INFO] [stderr]    Compiling ignore v0.4.33
[INFO] [stderr]    Compiling schemars v1.2.2
[INFO] [stderr]    Compiling onebudgetspec-core v0.1.5 (/opt/rustwide/workdir)
[INFO] [stderr]     Finished `release` profile [optimized] target(s) in 15.88s
[INFO] running `Command { std: "docker" "inspect" "c91d1d91f6c20f8cb4bc52c6711db0d37c1f26fe5ee1db1148cadea5ddba4d6e", kill_on_drop: false }`
[INFO] running `Command { std: "docker" "exec" "-e" "SOURCE_DIR=/opt/rustwide/workdir" "-e" "CARGO_HOME=/opt/rustwide/cargo-home" "-e" "RUSTUP_HOME=/opt/rustwide/rustup-home" "-e" "CARGO_TARGET_DIR=/opt/rustwide/target" "-e" "CARGO_INCREMENTAL=0" "-e" "RUST_BACKTRACE=full" "-e" "RUSTFLAGS=--cap-lints=warn" "-e" "RUSTDOCFLAGS=--cap-lints=warn" "-w" "/opt/rustwide/workdir" "--user" "0:0" "c91d1d91f6c20f8cb4bc52c6711db0d37c1f26fe5ee1db1148cadea5ddba4d6e" "/opt/rustwide/cargo-home/bin/cargo" "+1.99.0-beta.8" "test" "--frozen" "--no-run" "--message-format=json" "--release", kill_on_drop: false }`
[INFO] [stderr]    Compiling sha2 v0.11.0
[INFO] [stderr]    Compiling onebudgetspec-core v0.1.5 (/opt/rustwide/workdir)
[INFO] [stderr]     Finished `release` profile [optimized] target(s) in 4.26s
[INFO] running `Command { std: "docker" "inspect" "c91d1d91f6c20f8cb4bc52c6711db0d37c1f26fe5ee1db1148cadea5ddba4d6e", kill_on_drop: false }`
[INFO] running `Command { std: "docker" "exec" "-e" "SOURCE_DIR=/opt/rustwide/workdir" "-e" "CARGO_HOME=/opt/rustwide/cargo-home" "-e" "RUSTUP_HOME=/opt/rustwide/rustup-home" "-e" "CARGO_TARGET_DIR=/opt/rustwide/target" "-e" "CARGO_INCREMENTAL=0" "-e" "RUST_BACKTRACE=full" "-e" "RUSTFLAGS=--cap-lints=warn" "-e" "RUSTDOCFLAGS=--cap-lints=warn" "-w" "/opt/rustwide/workdir" "--user" "0:0" "c91d1d91f6c20f8cb4bc52c6711db0d37c1f26fe5ee1db1148cadea5ddba4d6e" "/opt/rustwide/cargo-home/bin/cargo" "+1.99.0-beta.8" "test" "--frozen" "--release", kill_on_drop: false }`
[INFO] [stderr]     Finished `release` profile [optimized] target(s) in 0.07s
[INFO] [stderr]      Running unittests src/lib.rs (/opt/rustwide/target/release/deps/onebudgetspec_core-6cf016076839f265)
[INFO] [stdout] 
[INFO] [stdout] running 9 tests
[INFO] [stdout] test host::tests::mem_available_absent_or_unitless_is_unreadable ... ok
[INFO] [stdout] test host::tests::mem_available_is_read_in_mib ... ok
[INFO] [stdout] test load::tests::a_discovered_file_reads_with_forward_slashes_after_its_root ... ok
[INFO] [stdout] test measure::tests::a_returned_null_detail_is_no_detail ... ok
[INFO] [stdout] test measure::tests::an_unknown_result_key_or_odd_detail_is_refused ... ok
[INFO] [stdout] test measure::tests::zero_threshold_has_no_percentage ... ok
[INFO] [stdout] test measure::tests::equal_to_the_threshold_is_within_either_way ... ok
[INFO] [stdout] test measure::tests::a_windows_failure_code_reads_in_hexadecimal_and_any_other_in_decimal ... ok
[INFO] [stdout] test load::tests::non_finite_thresholds_keep_their_numeric_meaning ... ok
[INFO] [stdout] 
[INFO] [stdout] test result: ok. 9 passed; 0 failed; 0 ignored; 0 measured; 0 filtered out; finished in 0.00s
[INFO] [stdout] 
[INFO] [stderr]      Running tests/api.rs (/opt/rustwide/target/release/deps/api-1aa6176f313632f8)
[INFO] [stdout] 
[INFO] [stdout] running 10 tests
[INFO] [stdout] test a_refusal_reads_as_its_problems_and_a_next_step ... ok
[INFO] [stdout] test refuses_an_invalid_file_naming_the_file_and_the_key ... ok
[INFO] [stdout] test the_schema_bundle_has_the_three_roots ... ok
[INFO] [stdout] test loads_validates_and_lists_a_file ... ok
[INFO] [stdout] test caller_built_discoveries_are_read_once_and_held_to_unique_ids ... ok
[INFO] [stdout] test selections_and_vocabularies_read_back ... ok
[INFO] [stdout] test selects_by_id_label_and_excluded_label ... ok
[INFO] [stdout] test discovers_nested_files_in_path_order_honouring_gitignore ... ok
[INFO] [stderr]   4  
[INFO] [stdout] test an_over_budget_and_an_error_set_the_exit_status ... ok
[INFO] [stdout] test measures_a_reported_and_an_elapsed_budget ... ok
[INFO] [stdout] 
[INFO] [stdout] test result: ok. 10 passed; 0 failed; 0 ignored; 0 measured; 0 filtered out; finished in 1.16s
[INFO] [stdout] 
[INFO] [stderr]      Running tests/schema.rs (/opt/rustwide/target/release/deps/schema-f29d075901120e6f)
[INFO] [stdout] 
[INFO] [stdout] running 3 tests
[INFO] [stdout] test a_listed_budget_carries_every_budget_field_and_its_file ... ok
[INFO] [stdout] test the_reserved_condition_names_are_the_sampled_host_values ... ok
[INFO] [stdout] test the_bundle_matches_its_golden_digest ... ok
[INFO] [stdout] 
[INFO] [stdout] test result: ok. 3 passed; 0 failed; 0 ignored; 0 measured; 0 filtered out; finished in 0.00s
[INFO] [stdout] 
[INFO] [stderr]      Running tests/yaml_compatibility.rs (/opt/rustwide/target/release/deps/yaml_compatibility-ad0b519c46d57239)
[INFO] [stdout] 
[INFO] [stdout] running 1 test
[INFO] [stdout] test committed_documents_keep_their_values ... FAILED
[INFO] [stdout] 
[INFO] [stdout] failures:
[INFO] [stdout] 
[INFO] [stdout] ---- committed_documents_keep_their_values stdout ----
[INFO] [stdout] 
[INFO] [stdout] thread 'committed_documents_keep_their_values' (980) panicked at tests/yaml_compatibility.rs:10:42:
[INFO] [stdout] called `Result::unwrap()` on an `Err` value: Os { code: 2, kind: NotFound, message: "No such file or directory" }
[INFO] [stdout] stack backtrace:
[INFO] [stdout]    0:     0x5978c21fac21 - <<std[70759c8f55707aa4]::sys::backtrace::BacktraceLock>::print::DisplayBacktrace as core[df12db4294e9bfd3]::fmt::Display>::fmt
[INFO] [stdout]    1:     0x5978c22114aa - core[df12db4294e9bfd3]::fmt::write
[INFO] [stdout]    2:     0x5978c21ff3ac - <alloc[2182bb758b4b3781]::vec::Vec<u8> as core[df12db4294e9bfd3]::io::write::Write>::write_fmt
[INFO] [stdout]    3:     0x5978c21d5a26 - std[70759c8f55707aa4]::panicking::default_hook::{closure#0}
[INFO] [stdout]    4:     0x5978c21f27d9 - std[70759c8f55707aa4]::panicking::default_hook
[INFO] [stdout]    5:     0x5978c1f6f910 - test[9d35eded1c95d3be]::test_main_inner::<test[9d35eded1c95d3be]::test_main_static::{closure#0}>::{closure#0}
[INFO] [stdout]    6:     0x5978c21f2992 - std[70759c8f55707aa4]::panicking::panic_with_hook
[INFO] [stdout]    7:     0x5978c21d5ad2 - std[70759c8f55707aa4]::panicking::panic_handler::{closure#0}
[INFO] [stdout]    8:     0x5978c21ce629 - std[70759c8f55707aa4]::sys::backtrace::__rust_end_short_backtrace::<std[70759c8f55707aa4]::panicking::panic_handler::{closure#0}, !>
[INFO] [stdout]    9:     0x5978c21d66cd - __rustc[8fa7c3cbc660c2b3]::rust_begin_unwind
[INFO] [stdout]   10:     0x5978c2211c8c - core[df12db4294e9bfd3]::panicking::panic_fmt
[INFO] [stdout]   11:     0x5978c2211a62 - core[df12db4294e9bfd3]::result::unwrap_failed
[INFO] [stdout]   12:     0x5978c1f56e7a - yaml_compatibility[7789a2b1e7063b66]::documents
[INFO] [stdout]   13:     0x5978c1f57cf7 - <yaml_compatibility[7789a2b1e7063b66]::committed_documents_keep_their_values::{closure#0} as core[df12db4294e9bfd3]::ops::function::FnOnce<()>>::call_once
[INFO] [stdout]   14:     0x5978c1f62bfb - test[9d35eded1c95d3be]::__rust_begin_short_backtrace::<core[df12db4294e9bfd3]::result::Result<(), alloc[2182bb758b4b3781]::string::String>, fn() -> core[df12db4294e9bfd3]::result::Result<(), alloc[2182bb758b4b3781]::string::String>>
[INFO] [stdout]   15:     0x5978c1f70265 - test[9d35eded1c95d3be]::run_test::{closure#0}
[INFO] [stdout]   16:     0x5978c1f69b24 - std[70759c8f55707aa4]::sys::backtrace::__rust_begin_short_backtrace::<test[9d35eded1c95d3be]::run_test::{closure#1}, ()>
[INFO] [stdout]   17:     0x5978c1f733c2 - <std[70759c8f55707aa4]::thread::lifecycle::spawn_unchecked<test[9d35eded1c95d3be]::run_test::{closure#1}, ()>::{closure#1} as core[df12db4294e9bfd3]::ops::function::FnOnce<()>>::call_once::{shim:vtable#0}
[INFO] [stdout]   18:     0x5978c21fa189 - <std[70759c8f55707aa4]::sys::thread::unix::Thread>::new::thread_start
[INFO] [stdout]   19:     0x7a847b640dfa - <unknown>
[INFO] [stdout]   20:     0x7a847b6d43d4 - clone
[INFO] [stdout]   21:                0x0 - <unknown>
[INFO] [stdout] 
[INFO] [stdout] 
[INFO] [stdout] failures:
[INFO] [stdout]     committed_documents_keep_their_values
[INFO] [stdout] 
[INFO] [stdout] test result: FAILED. 0 passed; 1 failed; 0 ignored; 0 measured; 0 filtered out; finished in 0.00s
[INFO] [stdout] 
[INFO] [stderr] error: test failed, to rerun pass `--test yaml_compatibility`
[INFO] running `Command { std: "docker" "inspect" "c91d1d91f6c20f8cb4bc52c6711db0d37c1f26fe5ee1db1148cadea5ddba4d6e", kill_on_drop: false }`
[INFO] running `Command { std: "docker" "rm" "-f" "c91d1d91f6c20f8cb4bc52c6711db0d37c1f26fe5ee1db1148cadea5ddba4d6e", kill_on_drop: false }`
[INFO] [stdout] c91d1d91f6c20f8cb4bc52c6711db0d37c1f26fe5ee1db1148cadea5ddba4d6e
