[INFO] fetching crate oneai-tool 0.2.0...
[INFO] testing oneai-tool-0.2.0 against 1.99.0-beta.8+cargoflags=--release for beta-release-1.100-2
[INFO] extracting crate oneai-tool 0.2.0 into /workspace/builds/worker-5-tc1/source
[INFO] started tweaking crates.io crate oneai-tool 0.2.0
[INFO] finished tweaking crates.io crate oneai-tool 0.2.0
[INFO] tweaked toml for crates.io crate oneai-tool 0.2.0 written to /workspace/builds/worker-5-tc1/source/Cargo.toml
[INFO] validating manifest of crates.io crate oneai-tool 0.2.0 on toolchain 1.99.0-beta.8
[INFO] running `Command { std: CARGO_HOME="/workspace/cargo-home" RUSTUP_HOME="/workspace/rustup-home" "/workspace/cargo-home/bin/cargo" "+1.99.0-beta.8" "metadata" "--manifest-path" "Cargo.toml" "--no-deps", kill_on_drop: false }`
[INFO] crate crates.io crate oneai-tool 0.2.0 already has a lockfile, it will not be regenerated
[INFO] running `Command { std: CARGO_HOME="/workspace/cargo-home" RUSTUP_HOME="/workspace/rustup-home" "/workspace/cargo-home/bin/cargo" "+1.99.0-beta.8" "fetch" "--manifest-path" "Cargo.toml", kill_on_drop: false }`
[INFO] [stderr]     Updating crates.io index
[INFO] [stderr]  Downloading crates ...
[INFO] [stderr]   Downloaded rmcp v0.1.5
[INFO] [stderr]   Downloaded zerovec-derive v0.11.4
[INFO] [stderr]   Downloaded rmcp-macros v0.1.5
[INFO] [stderr]   Downloaded uniffi v0.32.0
[INFO] [stderr]   Downloaded uniffi_internal_macros v0.32.0
[INFO] [stderr]   Downloaded uniffi_pipeline v0.32.0
[INFO] [stderr]   Downloaded uniffi_meta v0.32.0
[INFO] [stderr]   Downloaded uniffi_macros v0.32.0
[INFO] [stderr]   Downloaded scroll_derive v0.12.1
[INFO] [stderr]   Downloaded askama_macros v0.16.0
[INFO] [stderr]   Downloaded cargo-platform v0.3.3
[INFO] [stderr]   Downloaded weedle2 v5.0.0
[INFO] [stderr]   Downloaded uniffi_udl v0.32.0
[INFO] [stderr]   Downloaded fs-err v3.3.1
[INFO] [stderr]   Downloaded scroll v0.12.0
[INFO] [stderr]   Downloaded cargo_metadata v0.23.1
[INFO] [stderr]   Downloaded string_cache_codegen v0.5.4
[INFO] [stderr]   Downloaded phf_codegen v0.10.0
[INFO] [stderr]   Downloaded eventsource-stream v0.2.3
[INFO] [stderr]   Downloaded html2text v0.5.1
[INFO] [stderr]   Downloaded xml5ever v0.17.0
[INFO] [stderr]   Downloaded camino v1.2.5
[INFO] [stderr]   Downloaded askama v0.16.0
[INFO] [stderr]   Downloaded uniffi_core v0.32.0
[INFO] [stderr]   Downloaded markup5ever v0.11.0
[INFO] [stderr]   Downloaded askama_parser v0.16.0
[INFO] [stderr]   Downloaded oneai-core v0.2.0
[INFO] [stderr]   Downloaded askama_derive v0.16.0
[INFO] [stderr]   Downloaded html5ever v0.26.0
[INFO] [stderr]   Downloaded goblin v0.8.2
[INFO] [stderr]   Downloaded uniffi_bindgen v0.32.0
[INFO] running `Command { std: "docker" "create" "-v" "/var/lib/crater-agent-workspace/builds/worker-5-tc1/source:/opt/rustwide/workdir:ro,Z" "-v" "/var/lib/crater-agent-workspace/builds/worker-5-tc1/target:/opt/rustwide/target:rw,Z" "-v" "/var/lib/crater-agent-workspace/cargo-home:/opt/rustwide/cargo-home:ro,Z" "-v" "/var/lib/crater-agent-workspace/rustup-home:/opt/rustwide/rustup-home:ro,Z" "-m" "1610612736" "--network" "none" "ghcr.io/rust-lang/crates-build-env/linux@sha256:77db811e55d90add9212f6832c23229e3de5f1c1f9905e8cb07319ea15df73ac" "sleep" "infinity", kill_on_drop: false }`
[INFO] [stdout] 1df93ed0e1a119b92e13381dce51cf9c27a9bd4096cf11904db02b1dc2d9cfbd
[INFO] running `Command { std: "docker" "start" "1df93ed0e1a119b92e13381dce51cf9c27a9bd4096cf11904db02b1dc2d9cfbd", kill_on_drop: false }`
[INFO] running `Command { std: "docker" "inspect" "1df93ed0e1a119b92e13381dce51cf9c27a9bd4096cf11904db02b1dc2d9cfbd", kill_on_drop: false }`
[INFO] running `Command { std: "docker" "exec" "-e" "SOURCE_DIR=/opt/rustwide/workdir" "-e" "CARGO_HOME=/opt/rustwide/cargo-home" "-e" "RUSTUP_HOME=/opt/rustwide/rustup-home" "-e" "CARGO_TARGET_DIR=/opt/rustwide/target" "-w" "/opt/rustwide/workdir" "--user" "0:0" "1df93ed0e1a119b92e13381dce51cf9c27a9bd4096cf11904db02b1dc2d9cfbd" "/opt/rustwide/cargo-home/bin/cargo" "+1.99.0-beta.8" "metadata" "--no-deps" "--format-version=1", kill_on_drop: false }`
[INFO] running `Command { std: "docker" "inspect" "1df93ed0e1a119b92e13381dce51cf9c27a9bd4096cf11904db02b1dc2d9cfbd", kill_on_drop: false }`
[INFO] running `Command { std: "docker" "exec" "-e" "SOURCE_DIR=/opt/rustwide/workdir" "-e" "CARGO_HOME=/opt/rustwide/cargo-home" "-e" "RUSTUP_HOME=/opt/rustwide/rustup-home" "-e" "CARGO_TARGET_DIR=/opt/rustwide/target" "-e" "CARGO_INCREMENTAL=0" "-e" "RUST_BACKTRACE=full" "-e" "RUSTFLAGS=--cap-lints=warn" "-e" "RUSTDOCFLAGS=--cap-lints=warn" "-w" "/opt/rustwide/workdir" "--user" "0:0" "1df93ed0e1a119b92e13381dce51cf9c27a9bd4096cf11904db02b1dc2d9cfbd" "/opt/rustwide/cargo-home/bin/cargo" "+1.99.0-beta.8" "build" "--frozen" "--message-format=json" "--release", kill_on_drop: false }`
[INFO] [stderr]    Compiling syn v3.0.3
[INFO] [stderr]    Compiling serde_core v1.0.229
[INFO] [stderr]    Compiling zerocopy v0.8.56
[INFO] [stderr]    Compiling parking_lot_core v0.9.12
[INFO] [stderr]    Compiling getrandom v0.2.17
[INFO] [stderr]    Compiling cc v1.4.3
[INFO] [stderr]    Compiling uniffi_internal_macros v0.32.0
[INFO] [stderr]    Compiling getrandom v0.4.3
[INFO] [stderr]    Compiling phf_shared v0.10.0
[INFO] [stderr]    Compiling fs-err v3.3.1
[INFO] [stderr]    Compiling camino v1.2.5
[INFO] [stderr]    Compiling rustls v0.23.43
[INFO] [stderr]    Compiling rustix v1.1.4
[INFO] [stderr]    Compiling tempfile v3.27.0
[INFO] [stderr]    Compiling parking_lot v0.12.5
[INFO] [stderr]    Compiling rand_core v0.6.4
[INFO] [stderr]    Compiling phf v0.10.1
[INFO] [stderr]    Compiling syn v1.0.109
[INFO] [stderr]    Compiling serde_derive_internals v0.29.1
[INFO] [stderr]    Compiling uniffi_core v0.32.0
[INFO] [stderr]    Compiling dirs-sys v0.4.1
[INFO] [stderr]    Compiling nom v7.1.3
[INFO] [stderr]    Compiling rmcp-macros v0.1.5
[INFO] [stderr]    Compiling dirs v5.0.1
[INFO] [stderr]    Compiling uniffi_pipeline v0.32.0
[INFO] [stderr]    Compiling schemars_derive v0.8.22
[INFO] [stderr]    Compiling uniffi_meta v0.32.0
[INFO] [stderr]    Compiling ring v0.17.14
[INFO] [stderr]    Compiling eventsource-stream v0.2.3
[INFO] [stderr]    Compiling serde_json v1.0.151
[INFO] [stderr]    Compiling semver v1.0.28
[INFO] [stderr]    Compiling cargo-platform v0.3.3
[INFO] [stderr]    Compiling uuid v1.24.1
[INFO] [stderr]    Compiling html5ever v0.26.0
[INFO] [stderr]    Compiling ppv-lite86 v0.2.21
[INFO] [stderr]    Compiling serde_derive v1.0.229
[INFO] [stderr]    Compiling zerovec-derive v0.11.4
[INFO] [stderr]    Compiling displaydoc v0.2.7
[INFO] [stderr]    Compiling tokio-macros v2.7.2
[INFO] [stderr]    Compiling futures-macro v0.3.34
[INFO] [stderr]    Compiling thiserror-impl v2.0.20
[INFO] [stderr]    Compiling async-trait v0.1.92
[INFO] [stderr]    Compiling rand_chacha v0.3.1
[INFO] [stderr]    Compiling tokio v1.53.1
[INFO] [stderr]    Compiling rand v0.8.7
[INFO] [stderr]    Compiling futures-util v0.3.34
[INFO] [stderr]    Compiling zerotrie v0.2.5
[INFO] [stderr]    Compiling thiserror v2.0.20
[INFO] [stderr]    Compiling zerovec v0.11.7
[INFO] [stderr]    Compiling phf_generator v0.11.3
[INFO] [stderr]    Compiling phf_generator v0.10.0
[INFO] [stderr]    Compiling phf_codegen v0.10.0
[INFO] [stderr]    Compiling string_cache_codegen v0.5.4
[INFO] [stderr]    Compiling markup5ever v0.11.0
[INFO] [stderr]    Compiling tinystr v0.8.4
[INFO] [stderr]    Compiling potential_utf v0.1.6
[INFO] [stderr]    Compiling icu_collections v2.3.0
[INFO] [stderr]    Compiling icu_locale_core v2.3.0
[INFO] [stderr]    Compiling serde v1.0.229
[INFO] [stderr]    Compiling icu_provider v2.3.0
[INFO] [stderr]    Compiling string_cache v0.8.9
[INFO] [stderr]    Compiling cargo_metadata v0.23.1
[INFO] [stderr]    Compiling chrono v0.4.45
[INFO] [stderr]    Compiling schemars v0.8.22
[INFO] [stderr]    Compiling serde_urlencoded v0.7.1
[INFO] [stderr]    Compiling uniffi_macros v0.32.0
[INFO] [stderr]    Compiling icu_properties v2.3.0
[INFO] [stderr]    Compiling icu_normalizer v2.3.0
[INFO] [stderr]    Compiling futures-executor v0.3.34
[INFO] [stderr]    Compiling futures v0.3.34
[INFO] [stderr]    Compiling xml5ever v0.17.0
[INFO] [stderr]    Compiling idna_adapter v1.2.2
[INFO] [stderr]    Compiling idna v1.1.0
[INFO] [stderr]    Compiling html2text v0.5.1
[INFO] [stderr]    Compiling url v2.5.8
[INFO] [stderr]    Compiling uniffi v0.32.0
[INFO] [stderr]    Compiling hyper v1.11.0
[INFO] [stderr]    Compiling tokio-util v0.7.19
[INFO] [stderr]    Compiling tower v0.5.3
[INFO] [stderr]    Compiling tokio-stream v0.1.19
[INFO] [stderr]    Compiling oneai-core v0.2.0
[INFO] [stderr]    Compiling tower-http v0.6.11
[INFO] [stderr]    Compiling rmcp v0.1.5
[INFO] [stderr]    Compiling hyper-util v0.1.20
[INFO] [stderr]    Compiling rustls-webpki v0.103.14
[INFO] [stderr]    Compiling tokio-rustls v0.26.4
[INFO] [stderr]    Compiling hyper-rustls v0.27.9
[INFO] [stderr]    Compiling reqwest v0.12.28
[INFO] [stderr]    Compiling oneai-tool v0.2.0 (/opt/rustwide/workdir)
[INFO] [stderr]     Finished `release` profile [optimized] target(s) in 36.28s
[INFO] running `Command { std: "docker" "inspect" "1df93ed0e1a119b92e13381dce51cf9c27a9bd4096cf11904db02b1dc2d9cfbd", kill_on_drop: false }`
[INFO] running `Command { std: "docker" "exec" "-e" "SOURCE_DIR=/opt/rustwide/workdir" "-e" "CARGO_HOME=/opt/rustwide/cargo-home" "-e" "RUSTUP_HOME=/opt/rustwide/rustup-home" "-e" "CARGO_TARGET_DIR=/opt/rustwide/target" "-e" "CARGO_INCREMENTAL=0" "-e" "RUST_BACKTRACE=full" "-e" "RUSTFLAGS=--cap-lints=warn" "-e" "RUSTDOCFLAGS=--cap-lints=warn" "-w" "/opt/rustwide/workdir" "--user" "0:0" "1df93ed0e1a119b92e13381dce51cf9c27a9bd4096cf11904db02b1dc2d9cfbd" "/opt/rustwide/cargo-home/bin/cargo" "+1.99.0-beta.8" "test" "--frozen" "--no-run" "--message-format=json" "--release", kill_on_drop: false }`
[INFO] [stderr]    Compiling serde_json v1.0.151
[INFO] [stderr]    Compiling serde v1.0.229
[INFO] [stderr]    Compiling tokio v1.53.1
[INFO] [stderr]    Compiling camino v1.2.5
[INFO] [stderr]    Compiling cargo-platform v0.3.3
[INFO] [stderr]    Compiling semver v1.0.28
[INFO] [stderr]    Compiling uuid v1.24.1
[INFO] [stderr]    Compiling serde_path_to_error v0.1.20
[INFO] [stderr]    Compiling axum-core v0.5.6
[INFO] [stderr]    Compiling string_cache v0.8.9
[INFO] [stderr]    Compiling serde_urlencoded v0.7.1
[INFO] [stderr]    Compiling chrono v0.4.45
[INFO] [stderr]    Compiling markup5ever v0.11.0
[INFO] [stderr]    Compiling cargo_metadata v0.23.1
[INFO] [stderr]    Compiling schemars v0.8.22
[INFO] [stderr]    Compiling xml5ever v0.17.0
[INFO] [stderr]    Compiling html5ever v0.26.0
[INFO] [stderr]    Compiling html2text v0.5.1
[INFO] [stderr]    Compiling uniffi v0.32.0
[INFO] [stderr]    Compiling hyper v1.11.0
[INFO] [stderr]    Compiling tower v0.5.3
[INFO] [stderr]    Compiling tokio-rustls v0.26.4
[INFO] [stderr]    Compiling tokio-util v0.7.19
[INFO] [stderr]    Compiling tokio-stream v0.1.19
[INFO] [stderr]    Compiling oneai-core v0.2.0
[INFO] [stderr]    Compiling tokio-test v0.4.5
[INFO] [stderr]    Compiling rmcp v0.1.5
[INFO] [stderr]    Compiling tower-http v0.6.11
[INFO] [stderr]    Compiling hyper-util v0.1.20
[INFO] [stderr]    Compiling hyper-rustls v0.27.9
[INFO] [stderr]    Compiling axum v0.8.9
[INFO] [stderr]    Compiling reqwest v0.12.28
[INFO] [stderr]    Compiling oneai-tool v0.2.0 (/opt/rustwide/workdir)
[INFO] [stderr]     Finished `release` profile [optimized] target(s) in 25.25s
[INFO] running `Command { std: "docker" "inspect" "1df93ed0e1a119b92e13381dce51cf9c27a9bd4096cf11904db02b1dc2d9cfbd", kill_on_drop: false }`
[INFO] running `Command { std: "docker" "exec" "-e" "SOURCE_DIR=/opt/rustwide/workdir" "-e" "CARGO_HOME=/opt/rustwide/cargo-home" "-e" "RUSTUP_HOME=/opt/rustwide/rustup-home" "-e" "CARGO_TARGET_DIR=/opt/rustwide/target" "-e" "CARGO_INCREMENTAL=0" "-e" "RUST_BACKTRACE=full" "-e" "RUSTFLAGS=--cap-lints=warn" "-e" "RUSTDOCFLAGS=--cap-lints=warn" "-w" "/opt/rustwide/workdir" "--user" "0:0" "1df93ed0e1a119b92e13381dce51cf9c27a9bd4096cf11904db02b1dc2d9cfbd" "/opt/rustwide/cargo-home/bin/cargo" "+1.99.0-beta.8" "test" "--frozen" "--release", kill_on_drop: false }`
[INFO] [stderr]     Finished `release` profile [optimized] target(s) in 0.14s
[INFO] [stderr]      Running unittests src/lib.rs (/opt/rustwide/target/release/deps/oneai_tool-72ffbee12646b19b)
[INFO] [stdout] 
[INFO] [stdout] running 233 tests
[INFO] [stdout] test apply_patch::tests::test_apply_hunk_context_mismatch ... ok
[INFO] [stdout] test apply_patch::tests::test_apply_hunk_to_content ... ok
[INFO] [stdout] test apply_patch::tests::test_apply_patch_tool_properties ... ok
[INFO] [stdout] test apply_patch::tests::test_clean_file_path ... ok
[INFO] [stdout] test apply_patch::tests::test_parse_multi_file_diff ... ok
[INFO] [stdout] test apply_patch::tests::test_parse_new_file_creation ... ok
[INFO] [stdout] test apply_patch::tests::test_parse_range ... ok
[INFO] [stdout] test apply_patch::tests::test_parse_simple_diff ... ok
[INFO] [stdout] test code::tests::cap_preserves_small_output ... ok
[INFO] [stdout] test code::tests::cap_truncates_at_utf8_boundary ... ok
[INFO] [stdout] test code::tests::build_tool_list_keeps_only_code_mode_callable_tools ... ok
[INFO] [stdout] test exec_policy::tests::alts_first_token_indexed_under_every_alt ... ok
[INFO] [stdout] test exec_policy::tests::amendment_rule_refuses_interpreter_inline ... ok
[INFO] [stdout] test exec_policy::tests::alts_in_non_first_position_matches_any ... ok
[INFO] [stdout] test exec_policy::tests::amendment_rule_refuses_privilege_escalation ... ok
[INFO] [stdout] test exec_policy::tests::amendment_rule_rm_is_recordable_full_argv ... ok
[INFO] [stdout] test exec_policy::tests::amendment_rule_strips_quotes ... ok
[INFO] [stdout] test exec_policy::tests::broken_match_example_drops_rule ... ok
[INFO] [stdout] test exec_policy::tests::absolute_path_argv0_basename_fallback ... ok
[INFO] [stdout] test exec_policy::tests::broken_not_match_example_drops_rule ... ok
[INFO] [stdout] test exec_policy::tests::decision_maps_to_verdict_correctly ... ok
[INFO] [stdout] test exec_policy::tests::amendment_rule_empty_command_is_none ... ok
[INFO] [stdout] test exec_policy::tests::no_match_returns_none ... ok
[INFO] [stdout] test exec_policy::tests::amendment_rule_refuses_shell_wrappers ... ok
[INFO] [stdout] test exec_policy::tests::prompt_beats_allow_but_loses_to_deny ... ok
[INFO] [stdout] test exec_policy::tests::empty_pattern_rule_dropped ... ok
[INFO] [stdout] test exec_policy::tests::shell_tokens_double_quote_groups ... ok
[INFO] [stdout] test exec_policy::tests::shell_tokens_empty_string ... ok
[INFO] [stdout] test exec_policy::tests::shell_tokens_leading_and_extra_whitespace ... ok
[INFO] [stdout] test exec_policy::tests::amendment_rule_full_argv_allow ... ok
[INFO] [stdout] test exec_policy::tests::serde_rule_round_trip ... ok
[INFO] [stdout] test exec_policy::tests::literal_prefix_matches_and_ignores_trailing ... ok
[INFO] [stdout] test exec_policy::tests::store_add_amendment_dedups ... ok
[INFO] [stdout] test exec_policy::tests::store_add_amendment_strictest_wins_with_prompt_base ... ok
[INFO] [stdout] test exec_policy::tests::store_from_base_evaluates ... ok
[INFO] [stdout] test exec_policy::tests::store_rebuild_after_amendment_still_validates_examples ... ok
[INFO] [stdout] test exec_policy::tests::valid_examples_keep_rule ... ok
[INFO] [stdout] test exec_policy::tests::store_add_amendment_then_evaluate_hits ... ok
[INFO] [stdout] test exec_policy::tests::strictest_wins_deny_over_allow ... ok
[INFO] [stdout] test exec_policy::tests::shell_tokens_single_quote_groups ... ok
[INFO] [stdout] test executor::tests::test_tool_executor_auto_approve_low_risk ... ok
[INFO] [stdout] test exec_policy::tests::shell_tokens_plain_whitespace ... ok
[INFO] [stdout] test exec_policy::tests::store_skips_malformed_persisted_lines ... ok
[INFO] [stdout] test exec_policy::tests::store_persists_and_reloads_amendments ... ok
[INFO] [stdout] test executor::tests::test_tool_executor_channel_modify ... ok
[INFO] [stdout] test executor::tests::test_tool_executor_preserves_small_output ... ok
[INFO] [stdout] test executor::tests::test_tool_executor_not_found ... ok
[INFO] [stdout] test executor::tests::test_tool_executor_require_medium_approval ... ok
[INFO] [stdout] test file_ops::quote_tests::embedded_quote_is_escaped ... ok
[INFO] [stdout] test executor::tests::test_tool_executor_register_and_list ... ok
[INFO] [stdout] test file_ops::quote_tests::plain_path_is_single_quoted ... ok
[INFO] [stdout] test executor::tests::test_tool_executor_resolver_auto_approve_skips_gate ... ok
[INFO] [stdout] test file_ops::quote_tests::shell_metachars_are_inert_inside_quotes ... ok
[INFO] [stdout] test executor::tests::test_tool_executor_resolver_require_confirmation_forces_gate ... ok
[INFO] [stdout] test executor::tests::test_tool_executor_resolver_deny_short_circuits ... ok
[INFO] [stdout] test file_ops::tests::remote_list_dir_parses_find_printf ... ok
[INFO] [stdout] test file_ops::tests::remote_exists_and_metadata_size ... ok
[INFO] [stdout] test file_ops::tests::path_within_traversal_normalized ... ok
[INFO] [stdout] test executor::tests::test_tool_executor_zero_cap_disables_guard ... ok
[INFO] [stdout] test file_ops::tests::remote_path_is_shell_quoted ... ok
[INFO] [stdout] test file_ops::tests::remote_read_binary_falls_back_to_base64 ... ok
[INFO] [stdout] test file_ops::tests::local_read_write_roundtrip_matches_tokio_fs ... ok
[INFO] [stdout] test executor::tests::test_tool_executor_truncates_oversized_output ... ok
[INFO] [stdout] test file_ops::tests::remote_read_text_issues_cat ... ok
[INFO] [stdout] test file_ops::tests::remote_write_uses_base64_redirect ... ok
[INFO] [stdout] test file_ops::tests::local_list_dir_returns_entries ... ok
[INFO] [stdout] test file_ops::tests::local_append_does_not_overwrite ... ok
[INFO] [stdout] test executor::tests::test_tool_executor_blocking_gate ... ok
[INFO] [stdout] test file_ops::tests::sandboxed_rejects_write_outside_roots ... ok
[INFO] [stdout] test file_ops::tests::sandboxed_rejects_traversal_escape ... ok
[INFO] [stdout] test file_ops::tests::sandboxed_exists_reports_false_outside_root ... ok
[INFO] [stdout] test executor::tests::test_tool_executor_channel_deny ... ok
[INFO] [stdout] test executor::tests::test_tool_executor_channel_approve ... ok
[INFO] [stdout] test guardian::tests::exec_policy_allow_rule_skips_reviewer ... ok
[INFO] [stdout] test guardian::tests::exec_policy_deny_rule_short_circuits_to_deny ... ok
[INFO] [stdout] test guardian::tests::other_tools_escalate ... ok
[INFO] [stdout] test guardian::tests::code_denies_process_spawn ... ok
[INFO] [stdout] test file_ops::tests::sandboxed_allows_write_inside_root ... ok
[INFO] [stdout] test guardian::tests::code_escalates_unclassified ... ok
[INFO] [stdout] test executor::tests::test_tool_executor_auto_approve_gate ... ok
[INFO] [stdout] test host_allowlist::tests::in_memory_add_then_allowed ... ok
[INFO] [stdout] test host_allowlist::tests::seeded_admits_inner_approved_host ... ok
[INFO] [stdout] test guardian::tests::record_shell_approval_amends_then_skips_reviewer ... ok
[INFO] [stdout] test host_allowlist::tests::seeded_admits_seed_hosts_without_inner_add ... ok
[INFO] [stdout] test host_allowlist::tests::seeded_case_insensitive_on_seed_lookup ... ok
[INFO] [stdout] test host_allowlist::tests::seeded_non_seed_non_approved_host_denied ... ok
[INFO] [stdout] test interaction_gate::tests::channel_disabled_point_short_circuits_without_consuming_channel ... ok
[INFO] [stdout] test interaction_gate::tests::channel_dropped_returns_error ... ok
[INFO] [stdout] test interaction_gate::tests::channel_proceed_roundtrip ... ok
[INFO] [stdout] test interaction_gate::tests::channel_revise_roundtrip ... ok
[INFO] [stdout] test interaction_gate::tests::config_tui_default_disables_infer_points ... ok
[INFO] [stdout] test guardian::tests::empty_exec_policy_is_noop ... ok
[INFO] [stdout] test guardian::tests::record_shell_approval_ignored_for_non_shell_tool ... ok
[INFO] [stdout] test guardian::tests::record_shell_approval_no_store_is_noop ... ok
[INFO] [stdout] test interaction_gate::tests::network_approval_enabled_by_default_disabled_by_config ... ok
[INFO] [stdout] test guardian::tests::exec_policy_does_not_apply_to_code_tool ... ok
[INFO] [stdout] test interaction_gate::tests::network_approval_routes_to_its_own_point ... ok
[INFO] [stdout] test interaction_gate::tests::threshold_auto_proceeds_low_risk ... ok
[INFO] [stdout] test interaction_gate::tests::threshold_forwards_high_risk_to_channel ... ok
[INFO] [stdout] test interaction_gate::tests::noop_disables_every_point ... ok
[INFO] [stdout] test interaction_gate::tests::threshold_honours_permission_level_over_risk_level ... ok
[INFO] [stdout] test guardian::tests::exec_policy_no_match_falls_through_to_reviewer ... ok
[INFO] [stdout] test guardian::tests::shell_allows_read_only ... ok
[INFO] [stdout] test guardian::tests::record_shell_approval_refuses_sudo ... ok
[INFO] [stdout] test interaction_gate::tests::threshold_non_tool_request_ignores_threshold ... ok
[INFO] [stdout] test local_tools::tests::infer_mime_covers_common_extensions ... ok
[INFO] [stdout] test mcp_real::tests::test_build_elicitation_reply_accept_with_data ... ok
[INFO] [stdout] test mcp_real::tests::test_build_elicitation_reply_cancel ... ok
[INFO] [stdout] test interaction_gate::tests::threshold_permission_auto_proceeds_at_or_below ... ok
[INFO] [stdout] test mcp_real::tests::test_build_elicitation_reply_decline_no_data ... ok
[INFO] [stdout] test mcp_real::tests::test_catalog_cache_bump_generation_invalidates_old_snapshot ... ok
[INFO] [stdout] test mcp_real::tests::test_catalog_cache_get_returns_none_on_generation_mismatch ... ok
[INFO] [stdout] test mcp_real::tests::test_catalog_cache_invalidate_removes_entry ... ok
[INFO] [stdout] test guardian::tests::shell_denies_destructive ... ok
[INFO] [stdout] test mcp_real::tests::test_catalog_cache_lru_eviction_when_over_capacity ... ok
[INFO] [stdout] test mcp_real::tests::test_catalog_cache_put_replaces_existing_and_promotes_lru ... ok
[INFO] [stdout] test mcp_real::tests::test_catalog_cache_put_and_get_matching_generation ... ok
[INFO] [stdout] test mcp_real::tests::test_framing_parser_multiple_frames ... ok
[INFO] [stdout] test guardian::tests::shell_escalates_ambiguous ... ok
[INFO] [stdout] test mcp_real::tests::test_build_method_not_found_shape ... ok
[INFO] [stdout] test mcp_real::tests::test_find_header_end ... ok
[INFO] [stdout] test local_tools::tests::write_file_surfaces_artifact_on_success ... ok
[INFO] [stdout] test mcp_real::tests::test_framing_parser_partial_frame ... ok
[INFO] [stdout] test mcp_real::tests::test_manager_accepts_elicitation_reviewer ... ok
[INFO] [stdout] test mcp_real::tests::test_manager_cached_tools_generation_invalidated_on_disconnect ... ok
[INFO] [stdout] test mcp_real::tests::test_mcp_binding_build_snapshots_identity_and_tools ... ok
[INFO] [stdout] test mcp_real::tests::test_mcp_connection_status_is_connected ... ok
[INFO] [stdout] test mcp_real::tests::test_mcp_server_manager_empty_state ... ok
[INFO] [stdout] test mcp_real::tests::test_mcp_tool_permissions_default_is_standard_direct ... ok
[INFO] [stdout] test mcp_real::tests::test_mcp_connection_config ... ok
[INFO] [stdout] test mcp_real::tests::test_framing_parser_single_frame ... ok
[INFO] [stdout] test mcp_real::tests::test_mcp_tool_permissions_serde_roundtrip ... ok
[INFO] [stdout] test mcp_real::tests::test_mcp_tool_wrapper_properties ... ok
[INFO] [stdout] test mcp_real::tests::test_mcp_tool_permissions_level_and_exposure_for ... ok
[INFO] [stdout] test mcp_real::tests::test_mcp_tool_wrapper_remote_name_split ... ok
[INFO] [stdout] test mcp_real::tests::test_mcp_tool_wrapper_with_policy_carries_levels ... ok
[INFO] [stdout] test mcp_real::tests::test_mcp_transport_kind_from_transport ... ok
[INFO] [stdout] test mcp_real::tests::test_normalize_tool_name_collides_same_raw_distinct_server ... ok
[INFO] [stdout] test mcp_real::tests::test_noop_gate_elicitation_declines ... ok
[INFO] [stdout] test mcp_real::tests::test_normalize_tool_name_namespaces ... ok
[INFO] [stdout] test mcp_real::tests::test_normalize_tool_name_sanitizes ... ok
[INFO] [stdout] test mcp_real::tests::test_normalize_tool_name_truncates_long_under_64 ... ok
[INFO] [stdout] test mcp_real::tests::test_parse_content_length ... ok
[INFO] [stdout] test network_proxy::tests::defer_mode_blocks_denied_host_synchronously ... ok
[INFO] [stdout] test network_proxy::tests::deny_gate_returns_403 ... ok
[INFO] [stdout] test network_proxy::tests::deny_mode_blocks_unknown_host_without_consulting_gate ... ok
[INFO] [stdout] test network_proxy::tests::approved_host_tunnels_and_echoes ... ok
[INFO] [stdout] test network_proxy::tests::non_connect_method_rejected ... ok
[INFO] [stdout] test network_proxy::tests::prompt_mode_deny_records_to_denylist ... ok
[INFO] [stdout] test sandbox::tests::test_bwrap_no_network_by_default ... ok
[INFO] [stdout] test sandbox::tests::test_bwrap_share_net_when_allowed ... ok
[INFO] [stdout] test network_proxy::tests::unapproved_host_under_approve_gate_is_admitted_and_recorded ... ok
[INFO] [stdout] test sandbox::tests::test_bwrap_backend_wrapping ... ok
[INFO] [stdout] test sandbox::tests::test_docker_backend_wrapping ... ok
[INFO] [stdout] test sandbox::tests::test_docker_no_network ... ok
[INFO] [stdout] test sandbox::tests::test_regex_backend_always_available ... ok
[INFO] [stdout] test sandbox::tests::test_regex_backend_wrapping ... ok
[INFO] [stdout] test terminal::docker::tests::test_build_create_args_basic ... ok
[INFO] [stdout] test terminal::docker::tests::test_build_create_args_no_network_mounts ... ok
[INFO] [stdout] test terminal::docker::tests::test_build_exec_args ... ok
[INFO] [stdout] test terminal::docker::tests::test_docker_backend_name_and_supports_snapshots ... ok
[INFO] [stdout] test terminal::docker::tests::test_build_lifecycle_args ... ok
[INFO] [stdout] test terminal::docker::tests::test_restore_create_uses_snapshot_tag ... ok
[INFO] [stdout] test sandbox::tests::test_default_sandbox_selector ... ok
[INFO] [stdout] test terminal::file_sync::tests::test_default_root_is_home_oneai ... ok
[INFO] [stdout] test terminal::file_sync::tests::test_docker_file_sync_construct ... ok
[INFO] [stdout] test terminal::docker::tests::test_is_available_does_not_panic ... ok
[INFO] [stdout] test terminal::file_sync::tests::test_push_pull_default_noop ... ok
[INFO] [stdout] test terminal::tests::test_exec_options_new ... ok
[INFO] [stdout] test terminal::file_sync::tests::test_ensure_root_creates_dir ... ok
[INFO] [stdout] test terminal::tests::test_format_and_truncate_empty_stderr_no_prefix ... ok
[INFO] [stdout] test terminal::tests::test_format_and_truncate_multibyte_boundary ... ok
[INFO] [stdout] test terminal::tests::test_format_and_truncate_oversized_ascii ... ok
[INFO] [stdout] test terminal::tests::test_format_and_truncate_stdout_only ... ok
[INFO] [stdout] test terminal::tests::test_format_and_truncate_with_stderr ... ok
[INFO] [stdout] test terminal::tests::test_local_backend_name_and_availability ... ok
[INFO] [stdout] test sandbox::tests::test_seatbelt_loopback_proxy_profile ... ok
[INFO] [stdout] test sandbox::tests::test_seatbelt_no_network ... ok
[INFO] [stdout] test sandbox::tests::test_seatbelt_wrapping ... ok
[INFO] [stdout] test sandbox::tests::test_seatbelt_profile_generation ... ok
[INFO] [stdout] test terminal::tests::test_sandbox_denial_case_insensitive ... ok
[INFO] [stdout] test terminal::tests::test_sandbox_denial_checks_stdout_too ... ok
[INFO] [stdout] test terminal::tests::test_sandbox_denial_detects_operation_not_permitted ... ok
[INFO] [stdout] test terminal::tests::test_sandbox_denial_detects_readonly_filesystem ... ok
[INFO] [stdout] test terminal::tests::test_sandbox_denial_ignores_unrelated_failure ... ok
[INFO] [stdout] test terminal::tests::test_trait_defaults_snapshot_unsupported ... ok
[INFO] [stdout] test guardian::tests::guardian_context_apply_matrix ... ok
[INFO] [stdout] test tests::test_calculator_division_by_zero ... ok
[INFO] [stdout] test tests::test_calculator_empty_expression ... ok
[INFO] [stdout] test tests::test_calculator_invalid_expression ... ok
[INFO] [stdout] test terminal::tests::test_local_backend_applies_opts_env_vars ... ok
[INFO] [stdout] test terminal::tests::test_local_backend_execute_echo ... ok
[INFO] [stdout] test terminal::tests::test_local_backend_execute_exit_code ... ok
[INFO] [stdout] test tests::test_calculator_tool ... ok
[INFO] [stdout] test tests::test_file_read_tool_properties ... ok
[INFO] [stdout] test terminal::tests::test_snapshot_handle_new ... ok
[INFO] [stdout] test tests::test_deny_all_interaction_gate ... ok
[INFO] [stdout] test tests::test_override_tool_replaces_same_named ... ok
[INFO] [stdout] test tests::test_gated_tool_hides_when_check_false ... ok
[INFO] [stdout] test tests::test_register_gated_still_executes_via_wrapper ... ok
[INFO] [stdout] test tests::test_find_sh_in_dirs_none_when_absent ... ok
[INFO] [stdout] test tests::test_file_write_tool_properties ... ok
[INFO] [stdout] test tests::test_find_sh_in_dirs_finds_sh ... ok
[INFO] [stdout] test tests::test_resolve_shell_uses_sh_on_unix ... ok
[INFO] [stdout] test tests::test_file_write_tool_creates_parent_dirs ... ok
[INFO] [stdout] test tests::test_tool_registry_execute ... ok
[INFO] [stdout] test tests::test_shell_file_write_guard_flags_heredoc_to_file ... ok
[INFO] [stdout] test tests::test_tool_registry_list_names ... ok
[INFO] [stdout] test tests::test_tool_registry_not_found ... ok
[INFO] [stdout] test tests::test_shell_tool_properties ... ok
[INFO] [stdout] test tests::test_shell_tool_blocked_patterns_hardened ... ok
[INFO] [stdout] test code::tests::recursion_guard_rejects_code_interpreter_call ... ok
[INFO] [stdout] test tool_interfaces::traversal_tests::does_not_flag_dotdot_substring_in_name ... ok
[INFO] [stdout] test tests::test_shell_tool_timeout ... ok
[INFO] [stdout] test tool_interfaces::traversal_tests::flags_real_traversal ... ok
[INFO] [stdout] test tool_search::tests::excludes_service_unavailable_deferred_tools ... ok
[INFO] [stdout] test tool_search::tests::exposure_resolver_override_promotes_a_direct_tool_into_search ... ok
[INFO] [stdout] test tool_search::tests::lists_only_deferred_tools_and_excludes_direct_hidden ... ok
[INFO] [stdout] test tool_search::tests::query_substring_filters_by_name_or_description_case_insensitive ... ok
[INFO] [stdout] test tool_search::tests::returns_empty_when_no_deferred_tools ... ok
[INFO] [stdout] test tests::test_shell_tool_rejects_cat_redirect ... ok
[INFO] [stdout] test tests::test_tool_registry_register_and_get ... ok
[INFO] [stdout] test tests::test_shell_file_write_guard_no_false_positives ... ok
[INFO] [stdout] test tool_interfaces::shell_proxy_tests::with_network_proxy_sets_proxy_env_on_spawn ... ok
[INFO] [stdout] test sandbox::tests::test_bwrap_compound_command_runs ... FAILED
[INFO] [stdout] test tool_interfaces::shell_proxy_tests::without_proxy_no_injected_port ... ok
[INFO] [stdout] test terminal::tests::test_local_backend_truncates_oversized_output ... ok
[INFO] [stdout] test network_proxy::tests::defer_mode_tunnels_before_gate_resolves_then_records ... ok
[INFO] [stdout] test tests::test_shell_tool_blocked_patterns_no_false_positives ... ok
[INFO] [stdout] test code::tests::calls_tool_over_rpc_and_returns_stdout ... ok
[INFO] [stdout] test code::tests::script_error_surfaced_as_tool_error ... ok
[INFO] [stdout] test terminal::tests::test_local_backend_execute_timeout ... ok
[INFO] [stdout] test code::tests::timeout_kills_infinite_loop ... ok
[INFO] [stdout] 
[INFO] [stdout] failures:
[INFO] [stdout] 
[INFO] [stdout] ---- sandbox::tests::test_bwrap_compound_command_runs stdout ----
[INFO] [stdout] 
[INFO] [stdout] thread 'sandbox::tests::test_bwrap_compound_command_runs' (2856) panicked at src/sandbox.rs:1049:9:
[INFO] [stdout] compound command failed under bwrap: exit Some(1), stderr=bwrap: No permissions to create a new namespace, likely because the kernel does not allow non-privileged user namespaces. See <https://deb.li/bubblewrap> or <file:///usr/share/doc/bubblewrap/README.Debian.gz>.
[INFO] [stdout] 
[INFO] [stdout] stack backtrace:
[INFO] [stdout]    0:     0x60d59ee311e1 - <<std[70759c8f55707aa4]::sys::backtrace::BacktraceLock>::print::DisplayBacktrace as core[df12db4294e9bfd3]::fmt::Display>::fmt
[INFO] [stdout]    1:     0x60d59ee4a3aa - core[df12db4294e9bfd3]::fmt::write
[INFO] [stdout]    2:     0x60d59ee35f8c - <alloc[2182bb758b4b3781]::vec::Vec<u8> as core[df12db4294e9bfd3]::io::write::Write>::write_fmt
[INFO] [stdout]    3:     0x60d59ee0a1b6 - std[70759c8f55707aa4]::panicking::default_hook::{closure#0}
[INFO] [stdout]    4:     0x60d59ee27f39 - std[70759c8f55707aa4]::panicking::default_hook
[INFO] [stdout]    5:     0x60d59ed7dd20 - test[9d35eded1c95d3be]::test_main_inner::<test[9d35eded1c95d3be]::test_main_static::{closure#0}>::{closure#0}
[INFO] [stdout]    6:     0x60d59ee28262 - std[70759c8f55707aa4]::panicking::panic_with_hook
[INFO] [stdout]    7:     0x60d59ee0a262 - std[70759c8f55707aa4]::panicking::panic_handler::{closure#0}
[INFO] [stdout]    8:     0x60d59ee02be9 - std[70759c8f55707aa4]::sys::backtrace::__rust_end_short_backtrace::<std[70759c8f55707aa4]::panicking::panic_handler::{closure#0}, !>
[INFO] [stdout]    9:     0x60d59ee0b04d - __rustc[8fa7c3cbc660c2b3]::rust_begin_unwind
[INFO] [stdout]   10:     0x60d59ee4ab8c - core[df12db4294e9bfd3]::panicking::panic_fmt
[INFO] [stdout]   11:     0x60d59ec3cbde - oneai_tool[f0a13b9341c678a6]::sandbox::tests::test_bwrap_compound_command_runs
[INFO] [stdout]   12:     0x60d59ebf7c09 - <oneai_tool[f0a13b9341c678a6]::sandbox::tests::test_bwrap_compound_command_runs::{closure#0} as core[df12db4294e9bfd3]::ops::function::FnOnce<()>>::call_once
[INFO] [stdout]   13:     0x60d59ed7100b - test[9d35eded1c95d3be]::__rust_begin_short_backtrace::<core[df12db4294e9bfd3]::result::Result<(), alloc[2182bb758b4b3781]::string::String>, fn() -> core[df12db4294e9bfd3]::result::Result<(), alloc[2182bb758b4b3781]::string::String>>
[INFO] [stdout]   14:     0x60d59ed7e675 - test[9d35eded1c95d3be]::run_test::{closure#0}
[INFO] [stdout]   15:     0x60d59ed77f34 - std[70759c8f55707aa4]::sys::backtrace::__rust_begin_short_backtrace::<test[9d35eded1c95d3be]::run_test::{closure#1}, ()>
[INFO] [stdout]   16:     0x60d59ed817d2 - <std[70759c8f55707aa4]::thread::lifecycle::spawn_unchecked<test[9d35eded1c95d3be]::run_test::{closure#1}, ()>::{closure#1} as core[df12db4294e9bfd3]::ops::function::FnOnce<()>>::call_once::{shim:vtable#0}
[INFO] [stdout]   17:     0x60d59ee2fe89 - <std[70759c8f55707aa4]::sys::thread::unix::Thread>::new::thread_start
[INFO] [stdout]   18:     0x762b9a04edfa - <unknown>
[INFO] [stdout]   19:     0x762b9a0e23d4 - clone
[INFO] [stdout]   20:                0x0 - <unknown>
[INFO] [stdout] 
[INFO] [stdout] 
[INFO] [stdout] failures:
[INFO] [stdout]     sandbox::tests::test_bwrap_compound_command_runs
[INFO] [stdout] 
[INFO] [stdout] test result: FAILED. 232 passed; 1 failed; 0 ignored; 0 measured; 0 filtered out; finished in 5.03s
[INFO] [stdout] 
[INFO] [stderr] error: test failed, to rerun pass `--lib`
[INFO] running `Command { std: "docker" "inspect" "1df93ed0e1a119b92e13381dce51cf9c27a9bd4096cf11904db02b1dc2d9cfbd", kill_on_drop: false }`
[INFO] running `Command { std: "docker" "rm" "-f" "1df93ed0e1a119b92e13381dce51cf9c27a9bd4096cf11904db02b1dc2d9cfbd", kill_on_drop: false }`
[INFO] [stdout] 1df93ed0e1a119b92e13381dce51cf9c27a9bd4096cf11904db02b1dc2d9cfbd
