[INFO] fetching crate one_collect 0.1.35021...
[INFO] testing one_collect-0.1.35021 against 1.99.0-beta.8+cargoflags=--release for beta-release-1.100-2
[INFO] extracting crate one_collect 0.1.35021 into /workspace/builds/worker-1-tc1/source
[INFO] started tweaking crates.io crate one_collect 0.1.35021
[INFO] removed 0 missing examples
[INFO] removed 0 missing tests
[INFO] finished tweaking crates.io crate one_collect 0.1.35021
[INFO] tweaked toml for crates.io crate one_collect 0.1.35021 written to /workspace/builds/worker-1-tc1/source/Cargo.toml
[INFO] validating manifest of crates.io crate one_collect 0.1.35021 on toolchain 1.99.0-beta.8
[INFO] running `Command { std: CARGO_HOME="/workspace/cargo-home" RUSTUP_HOME="/workspace/rustup-home" "/workspace/cargo-home/bin/cargo" "+1.99.0-beta.8" "metadata" "--manifest-path" "Cargo.toml" "--no-deps", kill_on_drop: false }`
[INFO] crate crates.io crate one_collect 0.1.35021 already has a lockfile, it will not be regenerated
[INFO] running `Command { std: CARGO_HOME="/workspace/cargo-home" RUSTUP_HOME="/workspace/rustup-home" "/workspace/cargo-home/bin/cargo" "+1.99.0-beta.8" "fetch" "--manifest-path" "Cargo.toml", kill_on_drop: false }`
[INFO] [stderr]     Updating crates.io index
[INFO] [stderr]  Downloading crates ...
[INFO] [stderr]   Downloaded tracelogging_dynamic v1.2.4
[INFO] [stderr]   Downloaded tracelogging_macros v1.2.3
[INFO] [stderr]   Downloaded tracelogging v1.2.4
[INFO] [stderr]   Downloaded thin-vec v0.2.16
[INFO] [stderr]   Downloaded rhai_codegen v2.2.0
[INFO] [stderr]   Downloaded cpp_demangle v0.4.4
[INFO] [stderr]   Downloaded rhai v1.22.2
[INFO] [stderr]   Downloaded csv v1.3.1
[INFO] running `Command { std: "docker" "create" "-v" "/var/lib/crater-agent-workspace/builds/worker-1-tc1/source:/opt/rustwide/workdir:ro,Z" "-v" "/var/lib/crater-agent-workspace/builds/worker-1-tc1/target:/opt/rustwide/target:rw,Z" "-v" "/var/lib/crater-agent-workspace/cargo-home:/opt/rustwide/cargo-home:ro,Z" "-v" "/var/lib/crater-agent-workspace/rustup-home:/opt/rustwide/rustup-home:ro,Z" "-m" "1610612736" "--network" "none" "ghcr.io/rust-lang/crates-build-env/linux@sha256:77db811e55d90add9212f6832c23229e3de5f1c1f9905e8cb07319ea15df73ac" "sleep" "infinity", kill_on_drop: false }`
[INFO] [stdout] eb75d0ee9f6e72245acdd83ee5ab40accde6ddb4966558be32df0328e263e284
[INFO] running `Command { std: "docker" "start" "eb75d0ee9f6e72245acdd83ee5ab40accde6ddb4966558be32df0328e263e284", kill_on_drop: false }`
[INFO] running `Command { std: "docker" "inspect" "eb75d0ee9f6e72245acdd83ee5ab40accde6ddb4966558be32df0328e263e284", kill_on_drop: false }`
[INFO] running `Command { std: "docker" "exec" "-e" "SOURCE_DIR=/opt/rustwide/workdir" "-e" "CARGO_HOME=/opt/rustwide/cargo-home" "-e" "RUSTUP_HOME=/opt/rustwide/rustup-home" "-e" "CARGO_TARGET_DIR=/opt/rustwide/target" "-w" "/opt/rustwide/workdir" "--user" "0:0" "eb75d0ee9f6e72245acdd83ee5ab40accde6ddb4966558be32df0328e263e284" "/opt/rustwide/cargo-home/bin/cargo" "+1.99.0-beta.8" "metadata" "--no-deps" "--format-version=1", kill_on_drop: false }`
[INFO] running `Command { std: "docker" "inspect" "eb75d0ee9f6e72245acdd83ee5ab40accde6ddb4966558be32df0328e263e284", kill_on_drop: false }`
[INFO] running `Command { std: "docker" "exec" "-e" "SOURCE_DIR=/opt/rustwide/workdir" "-e" "CARGO_HOME=/opt/rustwide/cargo-home" "-e" "RUSTUP_HOME=/opt/rustwide/rustup-home" "-e" "CARGO_TARGET_DIR=/opt/rustwide/target" "-e" "CARGO_INCREMENTAL=0" "-e" "RUST_BACKTRACE=full" "-e" "RUSTFLAGS=--cap-lints=warn" "-e" "RUSTDOCFLAGS=--cap-lints=warn" "-w" "/opt/rustwide/workdir" "--user" "0:0" "eb75d0ee9f6e72245acdd83ee5ab40accde6ddb4966558be32df0328e263e284" "/opt/rustwide/cargo-home/bin/cargo" "+1.99.0-beta.8" "build" "--frozen" "--message-format=json" "--release", kill_on_drop: false }`
[INFO] [stderr]    Compiling libc v0.2.174
[INFO] [stderr]    Compiling portable-atomic v1.11.1
[INFO] [stderr]    Compiling zerocopy v0.8.26
[INFO] [stderr]    Compiling crunchy v0.2.4
[INFO] [stderr]    Compiling tiny-keccak v2.0.2
[INFO] [stderr]    Compiling syn v2.0.104
[INFO] [stderr]    Compiling cfg-if v1.0.1
[INFO] [stderr]    Compiling getrandom v0.3.3
[INFO] [stderr]    Compiling once_cell v1.21.3
[INFO] [stderr]    Compiling windows_x86_64_gnu v0.52.6
[INFO] [stderr]    Compiling smartstring v1.0.1
[INFO] [stderr]    Compiling ahash v0.8.12
[INFO] [stderr]    Compiling cpp_demangle v0.4.4
[INFO] [stderr]    Compiling anyhow v1.0.98
[INFO] [stderr]    Compiling protobuf v3.7.2
[INFO] [stderr]    Compiling windows-targets v0.52.6
[INFO] [stderr]    Compiling crc32fast v1.4.2
[INFO] [stderr]    Compiling thin-vec v0.2.16
[INFO] [stderr]    Compiling getrandom v0.2.16
[INFO] [stderr]    Compiling bitflags v2.9.1
[INFO] [stderr]    Compiling chrono v0.4.41
[INFO] [stderr]    Compiling tracing-core v0.1.34
[INFO] [stderr]    Compiling const-random-macro v0.1.16
[INFO] [stderr]    Compiling sha1 v0.10.6
[INFO] [stderr]    Compiling rand_core v0.6.4
[INFO] [stderr]    Compiling const-random v0.1.18
[INFO] [stderr]    Compiling flate2 v1.1.2
[INFO] [stderr]    Compiling windows-sys v0.59.0
[INFO] [stderr]    Compiling rustc-demangle v0.1.25
[INFO] [stderr]    Compiling ppv-lite86 v0.2.21
[INFO] [stderr]    Compiling rand_chacha v0.3.1
[INFO] [stderr]    Compiling rand v0.8.6
[INFO] [stderr]    Compiling twox-hash v1.6.3
[INFO] [stderr]    Compiling thiserror-impl v1.0.69
[INFO] [stderr]    Compiling tracing-attributes v0.1.30
[INFO] [stderr]    Compiling rhai_codegen v2.2.0
[INFO] [stderr]    Compiling thiserror v1.0.69
[INFO] [stderr]    Compiling protobuf-support v3.7.2
[INFO] [stderr]    Compiling tracing v0.1.41
[INFO] [stderr]    Compiling rhai v1.22.2
[INFO] [stderr]    Compiling one_collect v0.1.35021 (/opt/rustwide/workdir)
[INFO] [stderr]     Finished `release` profile [optimized] target(s) in 1m 48s
[INFO] running `Command { std: "docker" "inspect" "eb75d0ee9f6e72245acdd83ee5ab40accde6ddb4966558be32df0328e263e284", kill_on_drop: false }`
[INFO] running `Command { std: "docker" "exec" "-e" "SOURCE_DIR=/opt/rustwide/workdir" "-e" "CARGO_HOME=/opt/rustwide/cargo-home" "-e" "RUSTUP_HOME=/opt/rustwide/rustup-home" "-e" "CARGO_TARGET_DIR=/opt/rustwide/target" "-e" "CARGO_INCREMENTAL=0" "-e" "RUST_BACKTRACE=full" "-e" "RUSTFLAGS=--cap-lints=warn" "-e" "RUSTDOCFLAGS=--cap-lints=warn" "-w" "/opt/rustwide/workdir" "--user" "0:0" "eb75d0ee9f6e72245acdd83ee5ab40accde6ddb4966558be32df0328e263e284" "/opt/rustwide/cargo-home/bin/cargo" "+1.99.0-beta.8" "test" "--frozen" "--no-run" "--message-format=json" "--release", kill_on_drop: false }`
[INFO] [stderr]    Compiling serde v1.0.219
[INFO] [stderr]    Compiling serde_json v1.0.140
[INFO] [stderr]    Compiling rayon-core v1.12.1
[INFO] [stderr]    Compiling regex-automata v0.4.9
[INFO] [stderr]    Compiling textwrap v0.11.0
[INFO] [stderr]    Compiling csv-core v0.1.12
[INFO] [stderr]    Compiling half v1.8.3
[INFO] [stderr]    Compiling rhai v1.22.2
[INFO] [stderr]    Compiling chrono v0.4.41
[INFO] [stderr]    Compiling clap v2.34.0
[INFO] [stderr]    Compiling criterion-plot v0.4.5
[INFO] [stderr]    Compiling serde_derive v1.0.219
[INFO] [stderr]    Compiling rayon v1.10.0
[INFO] [stderr]    Compiling regex v1.11.1
[INFO] [stderr]    Compiling serde_cbor v0.11.2
[INFO] [stderr]    Compiling csv v1.3.1
[INFO] [stderr]    Compiling atty v0.2.14
[INFO] [stderr]    Compiling tinytemplate v1.2.1
[INFO] [stderr]    Compiling criterion v0.3.6
[INFO] [stderr]    Compiling one_collect v0.1.35021 (/opt/rustwide/workdir)
[INFO] [stderr]     Finished `release` profile [optimized] target(s) in 2m 42s
[INFO] running `Command { std: "docker" "inspect" "eb75d0ee9f6e72245acdd83ee5ab40accde6ddb4966558be32df0328e263e284", kill_on_drop: false }`
[INFO] running `Command { std: "docker" "exec" "-e" "SOURCE_DIR=/opt/rustwide/workdir" "-e" "CARGO_HOME=/opt/rustwide/cargo-home" "-e" "RUSTUP_HOME=/opt/rustwide/rustup-home" "-e" "CARGO_TARGET_DIR=/opt/rustwide/target" "-e" "CARGO_INCREMENTAL=0" "-e" "RUST_BACKTRACE=full" "-e" "RUSTFLAGS=--cap-lints=warn" "-e" "RUSTDOCFLAGS=--cap-lints=warn" "-w" "/opt/rustwide/workdir" "--user" "0:0" "eb75d0ee9f6e72245acdd83ee5ab40accde6ddb4966558be32df0328e263e284" "/opt/rustwide/cargo-home/bin/cargo" "+1.99.0-beta.8" "test" "--frozen" "--release", kill_on_drop: false }`
[INFO] [stderr]     Finished `release` profile [optimized] target(s) in 0.20s
[INFO] [stderr]      Running unittests src/lib.rs (/opt/rustwide/target/release/deps/one_collect-79f1d75e8dd489b3)
[INFO] [stdout] 
[INFO] [stdout] running 159 tests
[INFO] [stdout] test event::tests::counted_string_data_closure_empty_string ... ok
[INFO] [stdout] test event::tests::counted_string_data_closure_out_of_bounds ... ok
[INFO] [stdout] test event::tests::counted_string_followed_by_scalar ... ok
[INFO] [stdout] test event::tests::counted_string_data_closure_single_field ... ok
[INFO] [stdout] test event::tests::counted_string_too_short_for_prefix ... ok
[INFO] [stdout] test event::tests::data_refs ... ok
[INFO] [stdout] test event::tests::dyn_absolute_offset_is_from_record_start ... ok
[INFO] [stdout] test event::tests::dyn_absolute_payload_immediately_after_descriptor ... ok
[INFO] [stdout] test event::tests::dyn_absolute_resolves_via_get_data ... ok
[INFO] [stdout] test event::tests::dyn_relative_followed_by_static_field ... ok
[INFO] [stdout] test event::tests::dyn_relative_payload_after_padding ... ok
[INFO] [stdout] test event::tests::dyn_relative_resolves_via_get_data ... ok
[INFO] [stdout] test event::tests::error_reporting ... ok
[INFO] [stdout] test event::tests::dyn_loc_truncated_descriptor_returns_empty ... ok
[INFO] [stdout] test event::tests::dyn_loc_zero_length_payload_is_empty ... ok
[INFO] [stdout] test event::tests::dyn_relative_payload_immediately_after_descriptor ... ok
[INFO] [stdout] test event::tests::field_filter_closure_value_types ... ok
[INFO] [stdout] test event::tests::field_data_closure ... ok
[INFO] [stdout] test event::tests::field_write_closure ... ok
[INFO] [stdout] test event::tests::field_filter_closure_numeric ... ok
[INFO] [stdout] test event::tests::field_filter_closure_utf16_string ... ok
[INFO] [stdout] test event::tests::field_filter_closure_utf8_string ... ok
[INFO] [stdout] test event::tests::fields_with_data_matches_closures ... ok
[INFO] [stdout] test event::tests::get_rel_loc ... ok
[INFO] [stdout] test event::tests::shared_data ... ok
[INFO] [stdout] test helpers::callstack::os::tests::it_works ... ignored
[INFO] [stdout] test helpers::callstack::os::tests::no_callchain_flag ... ignored
[INFO] [stdout] test event::tests::it_works ... ok
[INFO] [stdout] test helpers::dotnet::nettrace::tests::extension_parser ... ok
[INFO] [stdout] test helpers::dotnet::nettrace::tests::no_meta_parser_panics ... ok
[INFO] [stdout] test helpers::dotnet::nettrace::tests::meta_parser_works ... ok
[INFO] [stdout] test event::tests::dyn_loc_payload_past_end_returns_empty ... ok
[INFO] [stdout] test event::tests::scalar_then_counted_string_then_scalar ... ok
[INFO] [stdout] test event::tests::two_counted_strings_followed_by_scalar ... ok
[INFO] [stdout] test event::tests::flags ... ok
[INFO] [stdout] test helpers::dotnet::os::linux::tests::it_works ... ignored
[INFO] [stdout] test helpers::dotnet::provider::tests::dotnet_runtime_special_case_is_unchanged ... ok
[INFO] [stdout] test helpers::dotnet::provider::tests::generic_name_delegates_to_eventsource_hash ... ok
[INFO] [stdout] test helpers::dotnet::scripting::tests::event_full_names ... ok
[INFO] [stdout] test helpers::exporting::formats::nettrace::tests::event_field_to_type ... ok
[INFO] [stdout] test helpers::exporting::attributes::tests::attribute_walker ... ok
[INFO] [stdout] test helpers::exporting::mappings::tests::lookup ... ok
[INFO] [stdout] test helpers::dotnet::scripting::tests::it_works ... ok
[INFO] [stdout] test helpers::exporting::mappings::tests::add_matching_symbols_dedup_test ... ok
[INFO] [stdout] test helpers::exporting::modulemetadata::tests::elf_module_metadata_lookup ... ok
[INFO] [stdout] test helpers::exporting::mappings::tests::add_matching_symbols_test ... ok
[INFO] [stdout] test helpers::exporting::mappings::tests::file_to_va ... ok
[INFO] [stdout] test helpers::dotnet::provider::tests::guid_literal_is_parsed ... ok
[INFO] [stdout] test helpers::exporting::graph::tests::it_works ... FAILED
[INFO] [stdout] test helpers::exporting::formats::pprof::tests::it_works ... FAILED
[INFO] [stdout] test helpers::exporting::os::linux::tests::it_works ... ignored
[INFO] [stdout] test helpers::exporting::os::linux::tests::kernel_symbols ... ignored
[INFO] [stdout] test helpers::exporting::pe_file::tests::to_symbol_metadata ... ok
[INFO] [stdout] test helpers::exporting::modulemetadata::tests::to_symbol_metadata ... ok
[INFO] [stdout] test helpers::exporting::pe_file::tests::to_version_metadata ... ok
[INFO] [stdout] test helpers::exporting::pe_file::tests::pdb_path_integration_test ... ok
[INFO] [stdout] test helpers::exporting::modulemetadata::tests::to_version_metadata ... ok
[INFO] [stdout] test helpers::exporting::process::tests::add_dynamic_symbol_mappings ... ok
[INFO] [stdout] test helpers::exporting::process::tests::sort_samples_by_time ... ok
[INFO] [stdout] test helpers::exporting::symbols::tests::go_pclntab_matches_elf ... ignored
[INFO] [stdout] test helpers::exporting::process::tests::find_mapping_for_time ... ok
[INFO] [stdout] test helpers::exporting::process::tests::find_section ... ok
[INFO] [stdout] test helpers::exporting::process::tests::to_replay ... ok
[INFO] [stdout] test helpers::exporting::process::tests::try_get_value_closure ... ok
[INFO] [stdout] test helpers::exporting::symbols::tests::go_pclntab_symbol_reader_fixtures ... FAILED
[INFO] [stdout] test helpers::exporting::symbols::tests::perf_map_symbol_reader ... FAILED
[INFO] [stdout] test helpers::exporting::symbols::tests::perf_map_skips_malformed_lines ... FAILED
[INFO] [stdout] test helpers::exporting::symbols::tests::kernel_symbol_reader ... FAILED
[INFO] [stdout] test helpers::exporting::tests::attributes ... ok
[INFO] [stdout] test helpers::exporting::symbols::tests::symbol_page_map ... ok
[INFO] [stdout] test helpers::exporting::symbols::tests::r2r_map_symbol_reader ... FAILED
[INFO] [stdout] test helpers::uprobe::tests::enum_uprobe_modules_helper ... ok
[INFO] [stdout] test helpers::exporting::tests::record_type ... ok
[INFO] [stdout] test helpers::exporting::tests::replay_by_time ... ok
[INFO] [stdout] test helpers::exporting::scripting::tests::it_works ... ok
[INFO] [stdout] test helpers::uprobe::tests::enum_uprobe_procs_helper ... ok
[INFO] [stdout] test helpers::exporting::symbols::tests::symbol_benchmark_fixtures_match ... FAILED
[INFO] [stdout] test helpers::exporting::tests::sample_records ... ok
[INFO] [stdout] test helpers::exporting::scripting::tests::timeline_events ... ok
[INFO] [stdout] test intern::tests::strings ... ok
[INFO] [stdout] test pathbuf_ext::tests::it_works ... ok
[INFO] [stdout] test perf_event::abi::tests::header_rw ... ok
[INFO] [stdout] test intern::tests::callstacks ... ok
[INFO] [stdout] test intern::tests::slices ... ok
[INFO] [stdout] test perf_event::abi::tests::sample_raw_aligned ... ok
[INFO] [stdout] test perf_event::rb::source::tests::config ... ok
[INFO] [stdout] test perf_event::rb::source::tests::fd_cpus_returns_all_when_unmasked ... ok
[INFO] [stdout] test perf_event::rb::source::tests::perf_fds_respects_target_cpus ... ok
[INFO] [stdout] test perf_event::rb::source::tests::profile ... ignored
[INFO] [stdout] test perf_event::rb::source::tests::read_time_skips_unknown_ring_buffer_id ... ok
[INFO] [stdout] test perf_event::rb::source::tests::wakeup_watermark_rejected_when_above_ring_size ... ok
[INFO] [stdout] test perf_event::rb::source::tests::wakeup_watermark_accepted_when_below_ring_size ... ok
[INFO] [stdout] test perf_event::rb::source::tests::wakeup_watermark_rejected_when_equal_to_ring_size ... ok
[INFO] [stdout] test perf_event::rb::tests::in_process_ring_buf_no_lost_record_when_zero ... ok
[INFO] [stdout] test perf_event::rb::tests::in_process_ring_buf_write_read ... ok
[INFO] [stdout] test perf_event::rb::tests::in_process_ring_buf_write_unaligned_record_aligns_head ... ok
[INFO] [stdout] test perf_event::rb::tests::in_process_ring_buf_write_wrap ... ok
[INFO] [stdout] test perf_event::rb::tests::open_close ... ignored
[INFO] [stdout] test perf_event::rb::tests::reader ... ok
[INFO] [stdout] test perf_event::tests::it_works ... ok
[INFO] [stdout] test perf_event::rb::tests::in_process_ring_buf_writer_threaded ... ok
[INFO] [stdout] test perf_event::tests::mock_data_perf_session_raw_aligned_with_following_cpu ... ok
[INFO] [stdout] test perf_event::tests::mock_data_sanity ... ok
[INFO] [stdout] test perf_event::tests::parse_for_cpu_drains_matching_cpu ... ok
[INFO] [stdout] test perf_event::tests::parse_for_cpu_unknown_cpu_returns_error ... ok
[INFO] [stdout] test perf_event::tests::perf_fds_empty_for_mock_source ... ok
[INFO] [stdout] test perf_event::tests::mock_data_cgroup_field ... ok
[INFO] [stdout] test perf_event::tests::mock_data_perf_session ... ok
[INFO] [stdout] test procfs::tests::parse_nspid_line_nested_namespace_uses_innermost_pid ... ok
[INFO] [stdout] test procfs::tests::parse_nspid_line_single_namespace ... ok
[INFO] [stdout] test ruwind::elf::tests::demangle ... ok
[INFO] [stdout] test ruwind::elf::tests::go_section_limit_handles_extended_numbering ... FAILED
[INFO] [stdout] test ruwind::elf::tests::build_id_equals ... ok
[INFO] [stdout] test ruwind::go_pclntab::tests::dump_pclntab ... ignored
[INFO] [stdout] test ruwind::go_pclntab::tests::file_reader_bounds_symbol_names ... ok
[INFO] [stdout] test ruwind::go_pclntab::tests::file_reader_large_table_is_bounded ... ok
[INFO] [stdout] test procfs::tests::parse_nspid_line_invalid_or_missing_tag ... ok
[INFO] [stdout] test ruwind::go_pclntab::tests::fixture_recovery_path ... FAILED
[INFO] [stdout] test ruwind::go_pclntab::tests::fixture_section_path ... FAILED
[INFO] [stdout] test ruwind::go_pclntab::tests::parses_big_endian ... ok
[INFO] [stdout] test ruwind::go_pclntab::tests::file_reader_supports_endian_and_pointer_layouts ... ok
[INFO] [stdout] test ruwind::go_pclntab::tests::parses_go118_magic ... ok
[INFO] [stdout] test ruwind::go_pclntab::tests::parses_go120_le_64 ... ok
[INFO] [stdout] test ruwind::go_pclntab::tests::real_binary ... ignored
[INFO] [stdout] test ruwind::go_pclntab::tests::recover_real_binary ... ignored
[INFO] [stdout] test ruwind::go_pclntab::tests::rejects_bad_ptr_size ... ok
[INFO] [stdout] test ruwind::go_pclntab::tests::rejects_short_and_malformed ... ok
[INFO] [stdout] test ruwind::go_pclntab::tests::rejects_unsupported_magic ... ok
[INFO] [stdout] test ruwind::process::tests::find ... ok
[INFO] [stdout] test ruwind::go_pclntab::tests::preserves_unicode_middle_dot ... ok
[INFO] [stdout] test ruwind::tests::it_works ... ok
[INFO] [stdout] test ruwind::tests::dwarf_lookup_miss_falls_back_to_prolog_walk ... ok
[INFO] [stdout] test ruwind::tests::prolog_scan_exhausted_returns_no_frame ... ok
[INFO] [stdout] test ruwind::tests::prolog_rbp_chain_finds_return_address ... ok
[INFO] [stdout] test ruwind::tests::prolog_skips_one_chain_link_to_find_caller ... ok
[INFO] [stdout] test ruwind::tests::scan_recovery_when_unwound_ip_is_outside_any_module ... ok
[INFO] [stdout] test ruwind::tests::prolog_scan_finds_return_address_when_chain_invalid ... ok
[INFO] [stdout] test scripting::tests::it_works ... ok
[INFO] [stdout] test scripting::tests::version_scripting ... ok
[INFO] [stdout] test tests::guid_from_provider_name_is_case_insensitive ... ok
[INFO] [stdout] test tests::guid_from_provider_name_matches_known_vector ... ok
[INFO] [stdout] test tests::v5_from_name_distinct_names_distinct_guids ... ok
[INFO] [stdout] test tests::v5_from_name_distinct_namespaces_distinct_guids ... ok
[INFO] [stdout] test tests::v5_from_name_is_deterministic ... ok
[INFO] [stdout] test tests::v5_from_name_sets_version_nibble_to_5 ... ok
[INFO] [stdout] test tracefs::tests::it_works ... ok
[INFO] [stdout] test tracefs::tests::tracefs_open_find ... ignored
[INFO] [stdout] test tracefs::tests::tracefs_uprobe ... ignored
[INFO] [stdout] test user_events::tests::event_header_description ... ok
[INFO] [stdout] test user_events::tests::raw_event_description ... ok
[INFO] [stdout] test user_events::tests::user_events_max_events_reg ... ignored
[INFO] [stdout] test user_events::tests::user_events_reg_unreg ... ignored
[INFO] [stdout] test scripting::tests::os_scripting ... ok
[INFO] [stdout] test ruwind::elf::tests::symbols ... ok
[INFO] [stdout] test perf_event::rb::tests::in_process_ring_buf_lost_record_on_next_write ... ok
[INFO] [stdout] test helpers::exporting::symbols::tests::elf_symbol_reader ... ok
[INFO] [stdout] test helpers::uprobe::tests::enum_uprobes_helper ... ok
[INFO] [stdout] test perf_event::rb::tests::in_process_ring_buf_flush_writes_lost_record ... ok
[INFO] [stdout] test perf_event::rb::tests::in_process_ring_buf_lost_record_accumulates ... ok
[INFO] [stdout] 
[INFO] [stdout] failures:
[INFO] [stdout] 
[INFO] [stdout] ---- helpers::exporting::graph::tests::it_works stdout ----
[INFO] [stdout] 
[INFO] [stdout] thread 'helpers::exporting::graph::tests::it_works' (1689) panicked at src/helpers/exporting/graph.rs:505:59:
[INFO] [stdout] called `Result::unwrap()` on an `Err` value: Read-only file system (os error 30)
[INFO] [stdout] 
[INFO] [stdout] Stack backtrace:
[INFO] [stdout]    0: <anyhow::Error as core::convert::From<core::io::error::Error>>::from
[INFO] [stdout]    1: <one_collect::helpers::exporting::graph::ExportGraph as one_collect::helpers::exporting::formats::perf_view::PerfViewXmlFormat>::to_perf_view_xml
[INFO] [stdout]    2: one_collect::helpers::exporting::graph::tests::it_works
[INFO] [stdout]    3: <one_collect::helpers::exporting::graph::tests::it_works::{closure#0} as core::ops::function::FnOnce<()>>::call_once
[INFO] [stdout]    4: test::__rust_begin_short_backtrace::<core::result::Result<(), alloc::string::String>, fn() -> core::result::Result<(), alloc::string::String>>
[INFO] [stdout]    5: test::run_test::{closure#0}
[INFO] [stdout]    6: std::sys::backtrace::__rust_begin_short_backtrace::<test::run_test::{closure#1}, ()>
[INFO] [stdout]    7: <std::thread::lifecycle::spawn_unchecked<test::run_test::{closure#1}, ()>::{closure#1} as core::ops::function::FnOnce<()>>::call_once::{shim:vtable#0}
[INFO] [stdout]    8: <std::sys::thread::unix::Thread>::new::thread_start
[INFO] [stdout]    9: <unknown>
[INFO] [stdout]   10: clone
[INFO] [stdout] stack backtrace:
[INFO] [stdout]    0:     0x63f3722ed101 - <<std[70759c8f55707aa4]::sys::backtrace::BacktraceLock>::print::DisplayBacktrace as core[df12db4294e9bfd3]::fmt::Display>::fmt
[INFO] [stdout]    1:     0x63f37230770a - core[df12db4294e9bfd3]::fmt::write
[INFO] [stdout]    2:     0x63f3722f278c - <alloc[2182bb758b4b3781]::vec::Vec<u8> as core[df12db4294e9bfd3]::io::write::Write>::write_fmt
[INFO] [stdout]    3:     0x63f3722c77f6 - std[70759c8f55707aa4]::panicking::default_hook::{closure#0}
[INFO] [stdout]    4:     0x63f3722e4a59 - std[70759c8f55707aa4]::panicking::default_hook
[INFO] [stdout]    5:     0x63f372050550 - test[9d35eded1c95d3be]::test_main_inner::<test[9d35eded1c95d3be]::test_main_static::{closure#0}>::{closure#0}
[INFO] [stdout]    6:     0x63f3722e4c12 - std[70759c8f55707aa4]::panicking::panic_with_hook
[INFO] [stdout]    7:     0x63f3722c78a2 - std[70759c8f55707aa4]::panicking::panic_handler::{closure#0}
[INFO] [stdout]    8:     0x63f3722bfd89 - std[70759c8f55707aa4]::sys::backtrace::__rust_end_short_backtrace::<std[70759c8f55707aa4]::panicking::panic_handler::{closure#0}, !>
[INFO] [stdout]    9:     0x63f3722c85ad - __rustc[8fa7c3cbc660c2b3]::rust_begin_unwind
[INFO] [stdout]   10:     0x63f372307e6c - core[df12db4294e9bfd3]::panicking::panic_fmt
[INFO] [stdout]   11:     0x63f372307c42 - core[df12db4294e9bfd3]::result::unwrap_failed
[INFO] [stdout]   12:     0x63f371fb3c0b - one_collect[2615f5ac98c229fe]::helpers::exporting::graph::tests::it_works
[INFO] [stdout]   13:     0x63f371f6b849 - <one_collect[2615f5ac98c229fe]::helpers::exporting::graph::tests::it_works::{closure#0} as core[df12db4294e9bfd3]::ops::function::FnOnce<()>>::call_once
[INFO] [stdout]   14:     0x63f37204383b - test[9d35eded1c95d3be]::__rust_begin_short_backtrace::<core[df12db4294e9bfd3]::result::Result<(), alloc[2182bb758b4b3781]::string::String>, fn() -> core[df12db4294e9bfd3]::result::Result<(), alloc[2182bb758b4b3781]::string::String>>
[INFO] [stdout]   15:     0x63f372050ea5 - test[9d35eded1c95d3be]::run_test::{closure#0}
[INFO] [stdout]   16:     0x63f37204a764 - std[70759c8f55707aa4]::sys::backtrace::__rust_begin_short_backtrace::<test[9d35eded1c95d3be]::run_test::{closure#1}, ()>
[INFO] [stdout]   17:     0x63f372054002 - <std[70759c8f55707aa4]::thread::lifecycle::spawn_unchecked<test[9d35eded1c95d3be]::run_test::{closure#1}, ()>::{closure#1} as core[df12db4294e9bfd3]::ops::function::FnOnce<()>>::call_once::{shim:vtable#0}
[INFO] [stdout]   18:     0x63f3722ec2a9 - <std[70759c8f55707aa4]::sys::thread::unix::Thread>::new::thread_start
[INFO] [stdout]   19:     0x7ba3a8620dfa - <unknown>
[INFO] [stdout]   20:     0x7ba3a86b43d4 - clone
[INFO] [stdout]   21:                0x0 - <unknown>
[INFO] [stdout] 
[INFO] [stdout] ---- helpers::exporting::formats::pprof::tests::it_works stdout ----
[INFO] [stdout] 
[INFO] [stdout] thread 'helpers::exporting::formats::pprof::tests::it_works' (1688) panicked at src/helpers/exporting/formats/pprof.rs:478:31:
[INFO] [stdout] called `Result::unwrap()` on an `Err` value: Read-only file system (os error 30)
[INFO] [stdout] 
[INFO] [stdout] Stack backtrace:
[INFO] [stdout]    0: <anyhow::Error as core::convert::From<core::io::error::Error>>::from
[INFO] [stdout]    1: <one_collect::helpers::exporting::graph::ExportGraph as one_collect::helpers::exporting::formats::pprof::PprofFormat>::to_pprof_file
[INFO] [stdout]    2: one_collect::helpers::exporting::formats::pprof::tests::it_works
[INFO] [stdout]    3: <one_collect::helpers::exporting::formats::pprof::tests::it_works::{closure#0} as core::ops::function::FnOnce<()>>::call_once
[INFO] [stdout]    4: test::__rust_begin_short_backtrace::<core::result::Result<(), alloc::string::String>, fn() -> core::result::Result<(), alloc::string::String>>
[INFO] [stdout]    5: test::run_test::{closure#0}
[INFO] [stdout]    6: std::sys::backtrace::__rust_begin_short_backtrace::<test::run_test::{closure#1}, ()>
[INFO] [stdout]    7: <std::thread::lifecycle::spawn_unchecked<test::run_test::{closure#1}, ()>::{closure#1} as core::ops::function::FnOnce<()>>::call_once::{shim:vtable#0}
[INFO] [stdout]    8: <std::sys::thread::unix::Thread>::new::thread_start
[INFO] [stdout]    9: <unknown>
[INFO] [stdout]   10: clone
[INFO] [stdout] stack backtrace:
[INFO] [stdout]    0:     0x63f3722ed101 - <<std[70759c8f55707aa4]::sys::backtrace::BacktraceLock>::print::DisplayBacktrace as core[df12db4294e9bfd3]::fmt::Display>::fmt
[INFO] [stdout]    1:     0x63f37230770a - core[df12db4294e9bfd3]::fmt::write
[INFO] [stdout]    2:     0x63f3722f278c - <alloc[2182bb758b4b3781]::vec::Vec<u8> as core[df12db4294e9bfd3]::io::write::Write>::write_fmt
[INFO] [stdout]    3:     0x63f3722c77f6 - std[70759c8f55707aa4]::panicking::default_hook::{closure#0}
[INFO] [stdout]    4:     0x63f3722e4a59 - std[70759c8f55707aa4]::panicking::default_hook
[INFO] [stdout]    5:     0x63f372050550 - test[9d35eded1c95d3be]::test_main_inner::<test[9d35eded1c95d3be]::test_main_static::{closure#0}>::{closure#0}
[INFO] [stdout]    6:     0x63f3722e4c12 - std[70759c8f55707aa4]::panicking::panic_with_hook
[INFO] [stdout]    7:     0x63f3722c78a2 - std[70759c8f55707aa4]::panicking::panic_handler::{closure#0}
[INFO] [stdout]    8:     0x63f3722bfd89 - std[70759c8f55707aa4]::sys::backtrace::__rust_end_short_backtrace::<std[70759c8f55707aa4]::panicking::panic_handler::{closure#0}, !>
[INFO] [stdout]    9:     0x63f3722c85ad - __rustc[8fa7c3cbc660c2b3]::rust_begin_unwind
[INFO] [stdout]   10:     0x63f372307e6c - core[df12db4294e9bfd3]::panicking::panic_fmt
[INFO] [stdout]   11:     0x63f372307c42 - core[df12db4294e9bfd3]::result::unwrap_failed
[INFO] [stdout]   12:     0x63f371fb43ab - one_collect[2615f5ac98c229fe]::helpers::exporting::formats::pprof::tests::it_works
[INFO] [stdout]   13:     0x63f371f6bbb9 - <one_collect[2615f5ac98c229fe]::helpers::exporting::formats::pprof::tests::it_works::{closure#0} as core[df12db4294e9bfd3]::ops::function::FnOnce<()>>::call_once
[INFO] [stdout]   14:     0x63f37204383b - test[9d35eded1c95d3be]::__rust_begin_short_backtrace::<core[df12db4294e9bfd3]::result::Result<(), alloc[2182bb758b4b3781]::string::String>, fn() -> core[df12db4294e9bfd3]::result::Result<(), alloc[2182bb758b4b3781]::string::String>>
[INFO] [stdout]   15:     0x63f372050ea5 - test[9d35eded1c95d3be]::run_test::{closure#0}
[INFO] [stdout]   16:     0x63f37204a764 - std[70759c8f55707aa4]::sys::backtrace::__rust_begin_short_backtrace::<test[9d35eded1c95d3be]::run_test::{closure#1}, ()>
[INFO] [stdout]   17:     0x63f372054002 - <std[70759c8f55707aa4]::thread::lifecycle::spawn_unchecked<test[9d35eded1c95d3be]::run_test::{closure#1}, ()>::{closure#1} as core[df12db4294e9bfd3]::ops::function::FnOnce<()>>::call_once::{shim:vtable#0}
[INFO] [stdout]   18:     0x63f3722ec2a9 - <std[70759c8f55707aa4]::sys::thread::unix::Thread>::new::thread_start
[INFO] [stdout]   19:     0x7ba3a8620dfa - <unknown>
[INFO] [stdout]   20:     0x7ba3a86b43d4 - clone
[INFO] [stdout]   21:                0x0 - <unknown>
[INFO] [stdout] 
[INFO] [stdout] ---- helpers::exporting::symbols::tests::go_pclntab_symbol_reader_fixtures stdout ----
[INFO] [stdout] 
[INFO] [stdout] thread 'helpers::exporting::symbols::tests::go_pclntab_symbol_reader_fixtures' (1709) panicked at src/helpers/exporting/symbols.rs:1192:61:
[INFO] [stdout] open fixture pclntab_stripped_symbols
[INFO] [stdout] stack backtrace:
[INFO] [stdout]    0:     0x63f3722ed101 - <<std[70759c8f55707aa4]::sys::backtrace::BacktraceLock>::print::DisplayBacktrace as core[df12db4294e9bfd3]::fmt::Display>::fmt
[INFO] [stdout]    1:     0x63f37230770a - core[df12db4294e9bfd3]::fmt::write
[INFO] [stdout]    2:     0x63f3722f278c - <alloc[2182bb758b4b3781]::vec::Vec<u8> as core[df12db4294e9bfd3]::io::write::Write>::write_fmt
[INFO] [stdout]    3:     0x63f3722c77f6 - std[70759c8f55707aa4]::panicking::default_hook::{closure#0}
[INFO] [stdout]    4:     0x63f3722e4a59 - std[70759c8f55707aa4]::panicking::default_hook
[INFO] [stdout]    5:     0x63f372050550 - test[9d35eded1c95d3be]::test_main_inner::<test[9d35eded1c95d3be]::test_main_static::{closure#0}>::{closure#0}
[INFO] [stdout]    6:     0x63f3722e4c12 - std[70759c8f55707aa4]::panicking::panic_with_hook
[INFO] [stdout]    7:     0x63f3722c78a2 - std[70759c8f55707aa4]::panicking::panic_handler::{closure#0}
[INFO] [stdout]    8:     0x63f3722bfd89 - std[70759c8f55707aa4]::sys::backtrace::__rust_end_short_backtrace::<std[70759c8f55707aa4]::panicking::panic_handler::{closure#0}, !>
[INFO] [stdout]    9:     0x63f3722c85ad - __rustc[8fa7c3cbc660c2b3]::rust_begin_unwind
[INFO] [stdout]   10:     0x63f372307e6c - core[df12db4294e9bfd3]::panicking::panic_fmt
[INFO] [stdout]   11:     0x63f372012c5f - one_collect[2615f5ac98c229fe]::helpers::exporting::symbols::tests::go_pclntab_symbol_reader_fixtures::{closure#0}
[INFO] [stdout]   12:     0x63f372022836 - one_collect[2615f5ac98c229fe]::helpers::exporting::symbols::tests::go_pclntab_symbol_reader_fixtures
[INFO] [stdout]   13:     0x63f371f6ba89 - <one_collect[2615f5ac98c229fe]::helpers::exporting::symbols::tests::go_pclntab_symbol_reader_fixtures::{closure#0} as core[df12db4294e9bfd3]::ops::function::FnOnce<()>>::call_once
[INFO] [stdout]   14:     0x63f37204383b - test[9d35eded1c95d3be]::__rust_begin_short_backtrace::<core[df12db4294e9bfd3]::result::Result<(), alloc[2182bb758b4b3781]::string::String>, fn() -> core[df12db4294e9bfd3]::result::Result<(), alloc[2182bb758b4b3781]::string::String>>
[INFO] [stdout]   15:     0x63f372050ea5 - test[9d35eded1c95d3be]::run_test::{closure#0}
[INFO] [stdout]   16:     0x63f37204a764 - std[70759c8f55707aa4]::sys::backtrace::__rust_begin_short_backtrace::<test[9d35eded1c95d3be]::run_test::{closure#1}, ()>
[INFO] [stdout]   17:     0x63f372054002 - <std[70759c8f55707aa4]::thread::lifecycle::spawn_unchecked<test[9d35eded1c95d3be]::run_test::{closure#1}, ()>::{closure#1} as core[df12db4294e9bfd3]::ops::function::FnOnce<()>>::call_once::{shim:vtable#0}
[INFO] [stdout]   18:     0x63f3722ec2a9 - <std[70759c8f55707aa4]::sys::thread::unix::Thread>::new::thread_start
[INFO] [stdout]   19:     0x7ba3a8620dfa - <unknown>
[INFO] [stdout]   20:     0x7ba3a86b43d4 - clone
[INFO] [stdout]   21:                0x0 - <unknown>
[INFO] [stdout] 
[INFO] [stdout] ---- helpers::exporting::symbols::tests::perf_map_symbol_reader stdout ----
[INFO] [stdout] 
[INFO] [stdout] thread 'helpers::exporting::symbols::tests::perf_map_symbol_reader' (1712) panicked at src/helpers/exporting/symbols.rs:988:13:
[INFO] [stdout] Unable to open file /opt/rustwide/workdir/../test/assets/perfmap/dotnet-info.map
[INFO] [stdout] stack backtrace:
[INFO] [stdout]    0:     0x63f3722ed101 - <<std[70759c8f55707aa4]::sys::backtrace::BacktraceLock>::print::DisplayBacktrace as core[df12db4294e9bfd3]::fmt::Display>::fmt
[INFO] [stdout]    1:     0x63f37230770a - core[df12db4294e9bfd3]::fmt::write
[INFO] [stdout]    2:     0x63f3722f278c - <alloc[2182bb758b4b3781]::vec::Vec<u8> as core[df12db4294e9bfd3]::io::write::Write>::write_fmt
[INFO] [stdout]    3:     0x63f3722c77f6 - std[70759c8f55707aa4]::panicking::default_hook::{closure#0}
[INFO] [stdout]    4:     0x63f3722e4a59 - std[70759c8f55707aa4]::panicking::default_hook
[INFO] [stdout]    5:     0x63f372050550 - test[9d35eded1c95d3be]::test_main_inner::<test[9d35eded1c95d3be]::test_main_static::{closure#0}>::{closure#0}
[INFO] [stdout]    6:     0x63f3722e4c12 - std[70759c8f55707aa4]::panicking::panic_with_hook
[INFO] [stdout]    7:     0x63f3722c78a2 - std[70759c8f55707aa4]::panicking::panic_handler::{closure#0}
[INFO] [stdout]    8:     0x63f3722bfd89 - std[70759c8f55707aa4]::sys::backtrace::__rust_end_short_backtrace::<std[70759c8f55707aa4]::panicking::panic_handler::{closure#0}, !>
[INFO] [stdout]    9:     0x63f3722c85ad - __rustc[8fa7c3cbc660c2b3]::rust_begin_unwind
[INFO] [stdout]   10:     0x63f372307e6c - core[df12db4294e9bfd3]::panicking::panic_fmt
[INFO] [stdout]   11:     0x63f372020ab1 - one_collect[2615f5ac98c229fe]::helpers::exporting::symbols::tests::perf_map_symbol_reader
[INFO] [stdout]   12:     0x63f371f6ba29 - <one_collect[2615f5ac98c229fe]::helpers::exporting::symbols::tests::perf_map_symbol_reader::{closure#0} as core[df12db4294e9bfd3]::ops::function::FnOnce<()>>::call_once
[INFO] [stdout]   13:     0x63f37204383b - test[9d35eded1c95d3be]::__rust_begin_short_backtrace::<core[df12db4294e9bfd3]::result::Result<(), alloc[2182bb758b4b3781]::string::String>, fn() -> core[df12db4294e9bfd3]::result::Result<(), alloc[2182bb758b4b3781]::string::String>>
[INFO] [stdout]   14:     0x63f372050ea5 - test[9d35eded1c95d3be]::run_test::{closure#0}
[INFO] [stdout]   15:     0x63f37204a764 - std[70759c8f55707aa4]::sys::backtrace::__rust_begin_short_backtrace::<test[9d35eded1c95d3be]::run_test::{closure#1}, ()>
[INFO] [stdout]   16:     0x63f372054002 - <std[70759c8f55707aa4]::thread::lifecycle::spawn_unchecked<test[9d35eded1c95d3be]::run_test::{closure#1}, ()>::{closure#1} as core[df12db4294e9bfd3]::ops::function::FnOnce<()>>::call_once::{shim:vtable#0}
[INFO] [stdout]   17:     0x63f3722ec2a9 - <std[70759c8f55707aa4]::sys::thread::unix::Thread>::new::thread_start
[INFO] [stdout]   18:     0x7ba3a8620dfa - <unknown>
[INFO] [stdout]   19:     0x7ba3a86b43d4 - clone
[INFO] [stdout]   20:                0x0 - <unknown>
[INFO] [stdout] 
[INFO] [stdout] ---- helpers::exporting::symbols::tests::perf_map_skips_malformed_lines stdout ----
[INFO] [stdout] 
[INFO] [stdout] thread 'helpers::exporting::symbols::tests::perf_map_skips_malformed_lines' (1711) panicked at src/helpers/exporting/symbols.rs:1297:46:
[INFO] [stdout] Unable to open test file: Os { code: 2, kind: NotFound, message: "No such file or directory" }
[INFO] [stdout] stack backtrace:
[INFO] [stdout]    0:     0x63f3722ed101 - <<std[70759c8f55707aa4]::sys::backtrace::BacktraceLock>::print::DisplayBacktrace as core[df12db4294e9bfd3]::fmt::Display>::fmt
[INFO] [stdout]    1:     0x63f37230770a - core[df12db4294e9bfd3]::fmt::write
[INFO] [stdout]    2:     0x63f3722f278c - <alloc[2182bb758b4b3781]::vec::Vec<u8> as core[df12db4294e9bfd3]::io::write::Write>::write_fmt
[INFO] [stdout]    3:     0x63f3722c77f6 - std[70759c8f55707aa4]::panicking::default_hook::{closure#0}
[INFO] [stdout]    4:     0x63f3722e4a59 - std[70759c8f55707aa4]::panicking::default_hook
[INFO] [stdout]    5:     0x63f372050550 - test[9d35eded1c95d3be]::test_main_inner::<test[9d35eded1c95d3be]::test_main_static::{closure#0}>::{closure#0}
[INFO] [stdout]    6:     0x63f3722e4c12 - std[70759c8f55707aa4]::panicking::panic_with_hook
[INFO] [stdout]    7:     0x63f3722c78a2 - std[70759c8f55707aa4]::panicking::panic_handler::{closure#0}
[INFO] [stdout]    8:     0x63f3722bfd89 - std[70759c8f55707aa4]::sys::backtrace::__rust_end_short_backtrace::<std[70759c8f55707aa4]::panicking::panic_handler::{closure#0}, !>
[INFO] [stdout]    9:     0x63f3722c85ad - __rustc[8fa7c3cbc660c2b3]::rust_begin_unwind
[INFO] [stdout]   10:     0x63f372307e6c - core[df12db4294e9bfd3]::panicking::panic_fmt
[INFO] [stdout]   11:     0x63f372307c42 - core[df12db4294e9bfd3]::result::unwrap_failed
[INFO] [stdout]   12:     0x63f37202113e - one_collect[2615f5ac98c229fe]::helpers::exporting::symbols::tests::perf_map_skips_malformed_lines
[INFO] [stdout]   13:     0x63f371f6ba49 - <one_collect[2615f5ac98c229fe]::helpers::exporting::symbols::tests::perf_map_skips_malformed_lines::{closure#0} as core[df12db4294e9bfd3]::ops::function::FnOnce<()>>::call_once
[INFO] [stdout]   14:     0x63f37204383b - test[9d35eded1c95d3be]::__rust_begin_short_backtrace::<core[df12db4294e9bfd3]::result::Result<(), alloc[2182bb758b4b3781]::string::String>, fn() -> core[df12db4294e9bfd3]::result::Result<(), alloc[2182bb758b4b3781]::string::String>>
[INFO] [stdout]   15:     0x63f372050ea5 - test[9d35eded1c95d3be]::run_test::{closure#0}
[INFO] [stdout]   16:     0x63f37204a764 - std[70759c8f55707aa4]::sys::backtrace::__rust_begin_short_backtrace::<test[9d35eded1c95d3be]::run_test::{closure#1}, ()>
[INFO] [stdout]   17:     0x63f372054002 - <std[70759c8f55707aa4]::thread::lifecycle::spawn_unchecked<test[9d35eded1c95d3be]::run_test::{closure#1}, ()>::{closure#1} as core[df12db4294e9bfd3]::ops::function::FnOnce<()>>::call_once::{shim:vtable#0}
[INFO] [stdout]   18:     0x63f3722ec2a9 - <std[70759c8f55707aa4]::sys::thread::unix::Thread>::new::thread_start
[INFO] [stdout]   19:     0x7ba3a8620dfa - <unknown>
[INFO] [stdout]   20:     0x7ba3a86b43d4 - clone
[INFO] [stdout]   21:                0x0 - <unknown>
[INFO] [stdout] 
[INFO] [stdout] ---- helpers::exporting::symbols::tests::kernel_symbol_reader stdout ----
[INFO] [stdout] 
[INFO] [stdout] thread 'helpers::exporting::symbols::tests::kernel_symbol_reader' (1710) panicked at src/helpers/exporting/symbols.rs:918:52:
[INFO] [stdout] called `Result::unwrap()` on an `Err` value: Os { code: 2, kind: NotFound, message: "No such file or directory" }
[INFO] [stdout] stack backtrace:
[INFO] [stdout]    0:     0x63f3722ed101 - <<std[70759c8f55707aa4]::sys::backtrace::BacktraceLock>::print::DisplayBacktrace as core[df12db4294e9bfd3]::fmt::Display>::fmt
[INFO] [stdout]    1:     0x63f37230770a - core[df12db4294e9bfd3]::fmt::write
[INFO] [stdout]    2:     0x63f3722f278c - <alloc[2182bb758b4b3781]::vec::Vec<u8> as core[df12db4294e9bfd3]::io::write::Write>::write_fmt
[INFO] [stdout]    3:     0x63f3722c77f6 - std[70759c8f55707aa4]::panicking::default_hook::{closure#0}
[INFO] [stdout]    4:     0x63f3722e4a59 - std[70759c8f55707aa4]::panicking::default_hook
[INFO] [stdout]    5:     0x63f372050550 - test[9d35eded1c95d3be]::test_main_inner::<test[9d35eded1c95d3be]::test_main_static::{closure#0}>::{closure#0}
[INFO] [stdout]    6:     0x63f3722e4c12 - std[70759c8f55707aa4]::panicking::panic_with_hook
[INFO] [stdout]    7:     0x63f3722c78a2 - std[70759c8f55707aa4]::panicking::panic_handler::{closure#0}
[INFO] [stdout]    8:     0x63f3722bfd89 - std[70759c8f55707aa4]::sys::backtrace::__rust_end_short_backtrace::<std[70759c8f55707aa4]::panicking::panic_handler::{closure#0}, !>
[INFO] [stdout]    9:     0x63f3722c85ad - __rustc[8fa7c3cbc660c2b3]::rust_begin_unwind
[INFO] [stdout]   10:     0x63f372307e6c - core[df12db4294e9bfd3]::panicking::panic_fmt
[INFO] [stdout]   11:     0x63f372307c42 - core[df12db4294e9bfd3]::result::unwrap_failed
[INFO] [stdout]   12:     0x63f37201eb9b - one_collect[2615f5ac98c229fe]::helpers::exporting::symbols::tests::kernel_symbol_reader
[INFO] [stdout]   13:     0x63f371f6b9c9 - <one_collect[2615f5ac98c229fe]::helpers::exporting::symbols::tests::kernel_symbol_reader::{closure#0} as core[df12db4294e9bfd3]::ops::function::FnOnce<()>>::call_once
[INFO] [stdout]   14:     0x63f37204383b - test[9d35eded1c95d3be]::__rust_begin_short_backtrace::<core[df12db4294e9bfd3]::result::Result<(), alloc[2182bb758b4b3781]::string::String>, fn() -> core[df12db4294e9bfd3]::result::Result<(), alloc[2182bb758b4b3781]::string::String>>
[INFO] [stdout]   15:     0x63f372050ea5 - test[9d35eded1c95d3be]::run_test::{closure#0}
[INFO] [stdout]   16:     0x63f37204a764 - std[70759c8f55707aa4]::sys::backtrace::__rust_begin_short_backtrace::<test[9d35eded1c95d3be]::run_test::{closure#1}, ()>
[INFO] [stdout]   17:     0x63f372054002 - <std[70759c8f55707aa4]::thread::lifecycle::spawn_unchecked<test[9d35eded1c95d3be]::run_test::{closure#1}, ()>::{closure#1} as core[df12db4294e9bfd3]::ops::function::FnOnce<()>>::call_once::{shim:vtable#0}
[INFO] [stdout]   18:     0x63f3722ec2a9 - <std[70759c8f55707aa4]::sys::thread::unix::Thread>::new::thread_start
[INFO] [stdout]   19:     0x7ba3a8620dfa - <unknown>
[INFO] [stdout]   20:     0x7ba3a86b43d4 - clone
[INFO] [stdout]   21:                0x0 - <unknown>
[INFO] [stdout] 
[INFO] [stdout] ---- helpers::exporting::symbols::tests::r2r_map_symbol_reader stdout ----
[INFO] [stdout] 
[INFO] [stdout] thread 'helpers::exporting::symbols::tests::r2r_map_symbol_reader' (1713) panicked at src/helpers/exporting/symbols.rs:1048:13:
[INFO] [stdout] Unable to open file /opt/rustwide/workdir/../test/assets/r2rmap/System.Private.CoreLib.ni.r2rmap
[INFO] [stdout] stack backtrace:
[INFO] [stdout]    0:     0x63f3722ed101 - <<std[70759c8f55707aa4]::sys::backtrace::BacktraceLock>::print::DisplayBacktrace as core[df12db4294e9bfd3]::fmt::Display>::fmt
[INFO] [stdout]    1:     0x63f37230770a - core[df12db4294e9bfd3]::fmt::write
[INFO] [stdout]    2:     0x63f3722f278c - <alloc[2182bb758b4b3781]::vec::Vec<u8> as core[df12db4294e9bfd3]::io::write::Write>::write_fmt
[INFO] [stdout]    3:     0x63f3722c77f6 - std[70759c8f55707aa4]::panicking::default_hook::{closure#0}
[INFO] [stdout]    4:     0x63f3722e4a59 - std[70759c8f55707aa4]::panicking::default_hook
[INFO] [stdout]    5:     0x63f372050550 - test[9d35eded1c95d3be]::test_main_inner::<test[9d35eded1c95d3be]::test_main_static::{closure#0}>::{closure#0}
[INFO] [stdout]    6:     0x63f3722e4c12 - std[70759c8f55707aa4]::panicking::panic_with_hook
[INFO] [stdout]    7:     0x63f3722c78a2 - std[70759c8f55707aa4]::panicking::panic_handler::{closure#0}
[INFO] [stdout]    8:     0x63f3722bfd89 - std[70759c8f55707aa4]::sys::backtrace::__rust_end_short_backtrace::<std[70759c8f55707aa4]::panicking::panic_handler::{closure#0}, !>
[INFO] [stdout]    9:     0x63f3722c85ad - __rustc[8fa7c3cbc660c2b3]::rust_begin_unwind
[INFO] [stdout]   10:     0x63f372307e6c - core[df12db4294e9bfd3]::panicking::panic_fmt
[INFO] [stdout]   11:     0x63f37201f2ae - one_collect[2615f5ac98c229fe]::helpers::exporting::symbols::tests::r2r_map_symbol_reader
[INFO] [stdout]   12:     0x63f371f6b9e9 - <one_collect[2615f5ac98c229fe]::helpers::exporting::symbols::tests::r2r_map_symbol_reader::{closure#0} as core[df12db4294e9bfd3]::ops::function::FnOnce<()>>::call_once
[INFO] [stdout]   13:     0x63f37204383b - test[9d35eded1c95d3be]::__rust_begin_short_backtrace::<core[df12db4294e9bfd3]::result::Result<(), alloc[2182bb758b4b3781]::string::String>, fn() -> core[df12db4294e9bfd3]::result::Result<(), alloc[2182bb758b4b3781]::string::String>>
[INFO] [stdout]   14:     0x63f372050ea5 - test[9d35eded1c95d3be]::run_test::{closure#0}
[INFO] [stdout]   15:     0x63f37204a764 - std[70759c8f55707aa4]::sys::backtrace::__rust_begin_short_backtrace::<test[9d35eded1c95d3be]::run_test::{closure#1}, ()>
[INFO] [stdout]   16:     0x63f372054002 - <std[70759c8f55707aa4]::thread::lifecycle::spawn_unchecked<test[9d35eded1c95d3be]::run_test::{closure#1}, ()>::{closure#1} as core[df12db4294e9bfd3]::ops::function::FnOnce<()>>::call_once::{shim:vtable#0}
[INFO] [stdout]   17:     0x63f3722ec2a9 - <std[70759c8f55707aa4]::sys::thread::unix::Thread>::new::thread_start
[INFO] [stdout]   18:     0x7ba3a8620dfa - <unknown>
[INFO] [stdout]   19:     0x7ba3a86b43d4 - clone
[INFO] [stdout]   20:                0x0 - <unknown>
[INFO] [stdout] 
[INFO] [stdout] ---- helpers::exporting::symbols::tests::symbol_benchmark_fixtures_match stdout ----
[INFO] [stdout] 
[INFO] [stdout] thread 'helpers::exporting::symbols::tests::symbol_benchmark_fixtures_match' (1714) panicked at src/helpers/exporting/symbols.rs:1234:35:
[INFO] [stdout] open ELF benchmark fixture: Os { code: 2, kind: NotFound, message: "No such file or directory" }
[INFO] [stdout] stack backtrace:
[INFO] [stdout]    0:     0x63f3722ed101 - <<std[70759c8f55707aa4]::sys::backtrace::BacktraceLock>::print::DisplayBacktrace as core[df12db4294e9bfd3]::fmt::Display>::fmt
[INFO] [stdout]    1:     0x63f37230770a - core[df12db4294e9bfd3]::fmt::write
[INFO] [stdout]    2:     0x63f3722f278c - <alloc[2182bb758b4b3781]::vec::Vec<u8> as core[df12db4294e9bfd3]::io::write::Write>::write_fmt
[INFO] [stdout]    3:     0x63f3722c77f6 - std[70759c8f55707aa4]::panicking::default_hook::{closure#0}
[INFO] [stdout]    4:     0x63f3722e4a59 - std[70759c8f55707aa4]::panicking::default_hook
[INFO] [stdout]    5:     0x63f372050550 - test[9d35eded1c95d3be]::test_main_inner::<test[9d35eded1c95d3be]::test_main_static::{closure#0}>::{closure#0}
[INFO] [stdout]    6:     0x63f3722e4c12 - std[70759c8f55707aa4]::panicking::panic_with_hook
[INFO] [stdout]    7:     0x63f3722c78a2 - std[70759c8f55707aa4]::panicking::panic_handler::{closure#0}
[INFO] [stdout]    8:     0x63f3722bfd89 - std[70759c8f55707aa4]::sys::backtrace::__rust_end_short_backtrace::<std[70759c8f55707aa4]::panicking::panic_handler::{closure#0}, !>
[INFO] [stdout]    9:     0x63f3722c85ad - __rustc[8fa7c3cbc660c2b3]::rust_begin_unwind
[INFO] [stdout]   10:     0x63f372307e6c - core[df12db4294e9bfd3]::panicking::panic_fmt
[INFO] [stdout]   11:     0x63f372307c42 - core[df12db4294e9bfd3]::result::unwrap_failed
[INFO] [stdout]   12:     0x63f372021e1f - one_collect[2615f5ac98c229fe]::helpers::exporting::symbols::tests::symbol_benchmark_fixtures_match
[INFO] [stdout]   13:     0x63f371f6ba69 - <one_collect[2615f5ac98c229fe]::helpers::exporting::symbols::tests::symbol_benchmark_fixtures_match::{closure#0} as core[df12db4294e9bfd3]::ops::function::FnOnce<()>>::call_once
[INFO] [stdout]   14:     0x63f37204383b - test[9d35eded1c95d3be]::__rust_begin_short_backtrace::<core[df12db4294e9bfd3]::result::Result<(), alloc[2182bb758b4b3781]::string::String>, fn() -> core[df12db4294e9bfd3]::result::Result<(), alloc[2182bb758b4b3781]::string::String>>
[INFO] [stdout]   15:     0x63f372050ea5 - test[9d35eded1c95d3be]::run_test::{closure#0}
[INFO] [stdout]   16:     0x63f37204a764 - std[70759c8f55707aa4]::sys::backtrace::__rust_begin_short_backtrace::<test[9d35eded1c95d3be]::run_test::{closure#1}, ()>
[INFO] [stdout]   17:     0x63f372054002 - <std[70759c8f55707aa4]::thread::lifecycle::spawn_unchecked<test[9d35eded1c95d3be]::run_test::{closure#1}, ()>::{closure#1} as core[df12db4294e9bfd3]::ops::function::FnOnce<()>>::call_once::{shim:vtable#0}
[INFO] [stdout]   18:     0x63f3722ec2a9 - <std[70759c8f55707aa4]::sys::thread::unix::Thread>::new::thread_start
[INFO] [stdout]   19:     0x7ba3a8620dfa - <unknown>
[INFO] [stdout]   20:     0x7ba3a86b43d4 - clone
[INFO] [stdout]   21:                0x0 - <unknown>
[INFO] [stdout] 
[INFO] [stdout] ---- ruwind::elf::tests::go_section_limit_handles_extended_numbering stdout ----
[INFO] [stdout] 
[INFO] [stdout] thread 'ruwind::elf::tests::go_section_limit_handles_extended_numbering' (1759) panicked at src/ruwind/elf.rs:1876:45:
[INFO] [stdout] read Go fixture: Os { code: 2, kind: NotFound, message: "No such file or directory" }
[INFO] [stdout] stack backtrace:
[INFO] [stdout]    0:     0x63f3722ed101 - <<std[70759c8f55707aa4]::sys::backtrace::BacktraceLock>::print::DisplayBacktrace as core[df12db4294e9bfd3]::fmt::Display>::fmt
[INFO] [stdout]    1:     0x63f37230770a - core[df12db4294e9bfd3]::fmt::write
[INFO] [stdout]    2:     0x63f3722f278c - <alloc[2182bb758b4b3781]::vec::Vec<u8> as core[df12db4294e9bfd3]::io::write::Write>::write_fmt
[INFO] [stdout]    3:     0x63f3722c77f6 - std[70759c8f55707aa4]::panicking::default_hook::{closure#0}
[INFO] [stdout]    4:     0x63f3722e4a59 - std[70759c8f55707aa4]::panicking::default_hook
[INFO] [stdout]    5:     0x63f372050550 - test[9d35eded1c95d3be]::test_main_inner::<test[9d35eded1c95d3be]::test_main_static::{closure#0}>::{closure#0}
[INFO] [stdout]    6:     0x63f3722e4c12 - std[70759c8f55707aa4]::panicking::panic_with_hook
[INFO] [stdout]    7:     0x63f3722c78a2 - std[70759c8f55707aa4]::panicking::panic_handler::{closure#0}
[INFO] [stdout]    8:     0x63f3722bfd89 - std[70759c8f55707aa4]::sys::backtrace::__rust_end_short_backtrace::<std[70759c8f55707aa4]::panicking::panic_handler::{closure#0}, !>
[INFO] [stdout]    9:     0x63f3722c85ad - __rustc[8fa7c3cbc660c2b3]::rust_begin_unwind
[INFO] [stdout]   10:     0x63f372307e6c - core[df12db4294e9bfd3]::panicking::panic_fmt
[INFO] [stdout]   11:     0x63f372307c42 - core[df12db4294e9bfd3]::result::unwrap_failed
[INFO] [stdout]   12:     0x63f3720417e6 - one_collect[2615f5ac98c229fe]::ruwind::elf::tests::go_section_limit_handles_extended_numbering
[INFO] [stdout]   13:     0x63f371f6b3a9 - <one_collect[2615f5ac98c229fe]::ruwind::elf::tests::go_section_limit_handles_extended_numbering::{closure#0} as core[df12db4294e9bfd3]::ops::function::FnOnce<()>>::call_once
[INFO] [stdout]   14:     0x63f37204383b - test[9d35eded1c95d3be]::__rust_begin_short_backtrace::<core[df12db4294e9bfd3]::result::Result<(), alloc[2182bb758b4b3781]::string::String>, fn() -> core[df12db4294e9bfd3]::result::Result<(), alloc[2182bb758b4b3781]::string::String>>
[INFO] [stdout]   15:     0x63f372050ea5 - test[9d35eded1c95d3be]::run_test::{closure#0}
[INFO] [stdout]   16:     0x63f37204a764 - std[70759c8f55707aa4]::sys::backtrace::__rust_begin_short_backtrace::<test[9d35eded1c95d3be]::run_test::{closure#1}, ()>
[INFO] [stdout]   17:     0x63f372054002 - <std[70759c8f55707aa4]::thread::lifecycle::spawn_unchecked<test[9d35eded1c95d3be]::run_test::{closure#1}, ()>::{closure#1} as core[df12db4294e9bfd3]::ops::function::FnOnce<()>>::call_once::{shim:vtable#0}
[INFO] [stdout]   18:     0x63f3722ec2a9 - <std[70759c8f55707aa4]::sys::thread::unix::Thread>::new::thread_start
[INFO] [stdout]   19:     0x7ba3a8620dfa - <unknown>
[INFO] [stdout]   20:     0x7ba3a86b43d4 - clone
[INFO] [stdout]   21:                0x0 - <unknown>
[INFO] [stdout] 
[INFO] [stdout] ---- ruwind::go_pclntab::tests::fixture_recovery_path stdout ----
[INFO] [stdout] 
[INFO] [stdout] thread 'ruwind::go_pclntab::tests::fixture_recovery_path' (1764) panicked at src/ruwind/go_pclntab.rs:962:42:
[INFO] [stdout] open fixture: Os { code: 2, kind: NotFound, message: "No such file or directory" }
[INFO] [stdout] stack backtrace:
[INFO] [stdout]    0:     0x63f3722ed101 - <<std[70759c8f55707aa4]::sys::backtrace::BacktraceLock>::print::DisplayBacktrace as core[df12db4294e9bfd3]::fmt::Display>::fmt
[INFO] [stdout]    1:     0x63f37230770a - core[df12db4294e9bfd3]::fmt::write
[INFO] [stdout]    2:     0x63f3722f278c - <alloc[2182bb758b4b3781]::vec::Vec<u8> as core[df12db4294e9bfd3]::io::write::Write>::write_fmt
[INFO] [stdout]    3:     0x63f3722c77f6 - std[70759c8f55707aa4]::panicking::default_hook::{closure#0}
[INFO] [stdout]    4:     0x63f3722e4a59 - std[70759c8f55707aa4]::panicking::default_hook
[INFO] [stdout]    5:     0x63f372050550 - test[9d35eded1c95d3be]::test_main_inner::<test[9d35eded1c95d3be]::test_main_static::{closure#0}>::{closure#0}
[INFO] [stdout]    6:     0x63f3722e4c12 - std[70759c8f55707aa4]::panicking::panic_with_hook
[INFO] [stdout]    7:     0x63f3722c78a2 - std[70759c8f55707aa4]::panicking::panic_handler::{closure#0}
[INFO] [stdout]    8:     0x63f3722bfd89 - std[70759c8f55707aa4]::sys::backtrace::__rust_end_short_backtrace::<std[70759c8f55707aa4]::panicking::panic_handler::{closure#0}, !>
[INFO] [stdout]    9:     0x63f3722c85ad - __rustc[8fa7c3cbc660c2b3]::rust_begin_unwind
[INFO] [stdout]   10:     0x63f372307e6c - core[df12db4294e9bfd3]::panicking::panic_fmt
[INFO] [stdout]   11:     0x63f372307c42 - core[df12db4294e9bfd3]::result::unwrap_failed
[INFO] [stdout]   12:     0x63f371f36447 - one_collect[2615f5ac98c229fe]::ruwind::go_pclntab::tests::fixture_recovery_path
[INFO] [stdout]   13:     0x63f371f6b229 - <one_collect[2615f5ac98c229fe]::ruwind::go_pclntab::tests::fixture_recovery_path::{closure#0} as core[df12db4294e9bfd3]::ops::function::FnOnce<()>>::call_once
[INFO] [stdout]   14:     0x63f37204383b - test[9d35eded1c95d3be]::__rust_begin_short_backtrace::<core[df12db4294e9bfd3]::result::Result<(), alloc[2182bb758b4b3781]::string::String>, fn() -> core[df12db4294e9bfd3]::result::Result<(), alloc[2182bb758b4b3781]::string::String>>
[INFO] [stdout]   15:     0x63f372050ea5 - test[9d35eded1c95d3be]::run_test::{closure#0}
[INFO] [stdout]   16:     0x63f37204a764 - std[70759c8f55707aa4]::sys::backtrace::__rust_begin_short_backtrace::<test[9d35eded1c95d3be]::run_test::{closure#1}, ()>
[INFO] [stdout]   17:     0x63f372054002 - <std[70759c8f55707aa4]::thread::lifecycle::spawn_unchecked<test[9d35eded1c95d3be]::run_test::{closure#1}, ()>::{closure#1} as core[df12db4294e9bfd3]::ops::function::FnOnce<()>>::call_once::{shim:vtable#0}
[INFO] [stdout]   18:     0x63f3722ec2a9 - <std[70759c8f55707aa4]::sys::thread::unix::Thread>::new::thread_start
[INFO] [stdout]   19:     0x7ba3a8620dfa - <unknown>
[INFO] [stdout]   20:     0x7ba3a86b43d4 - clone
[INFO] [stdout]   21:                0x0 - <unknown>
[INFO] [stdout] 
[INFO] [stdout] ---- ruwind::go_pclntab::tests::fixture_section_path stdout ----
[INFO] [stdout] 
[INFO] [stdout] thread 'ruwind::go_pclntab::tests::fixture_section_path' (1765) panicked at src/ruwind/go_pclntab.rs:927:42:
[INFO] [stdout] open fixture: Os { code: 2, kind: NotFound, message: "No such file or directory" }
[INFO] [stdout] stack backtrace:
[INFO] [stdout]    0:     0x63f3722ed101 - <<std[70759c8f55707aa4]::sys::backtrace::BacktraceLock>::print::DisplayBacktrace as core[df12db4294e9bfd3]::fmt::Display>::fmt
[INFO] [stdout]    1:     0x63f37230770a - core[df12db4294e9bfd3]::fmt::write
[INFO] [stdout]    2:     0x63f3722f278c - <alloc[2182bb758b4b3781]::vec::Vec<u8> as core[df12db4294e9bfd3]::io::write::Write>::write_fmt
[INFO] [stdout]    3:     0x63f3722c77f6 - std[70759c8f55707aa4]::panicking::default_hook::{closure#0}
[INFO] [stdout]    4:     0x63f3722e4a59 - std[70759c8f55707aa4]::panicking::default_hook
[INFO] [stdout]    5:     0x63f372050550 - test[9d35eded1c95d3be]::test_main_inner::<test[9d35eded1c95d3be]::test_main_static::{closure#0}>::{closure#0}
[INFO] [stdout]    6:     0x63f3722e4c12 - std[70759c8f55707aa4]::panicking::panic_with_hook
[INFO] [stdout]    7:     0x63f3722c78a2 - std[70759c8f55707aa4]::panicking::panic_handler::{closure#0}
[INFO] [stdout]    8:     0x63f3722bfd89 - std[70759c8f55707aa4]::sys::backtrace::__rust_end_short_backtrace::<std[70759c8f55707aa4]::panicking::panic_handler::{closure#0}, !>
[INFO] [stdout]    9:     0x63f3722c85ad - __rustc[8fa7c3cbc660c2b3]::rust_begin_unwind
[INFO] [stdout]   10:     0x63f372307e6c - core[df12db4294e9bfd3]::panicking::panic_fmt
[INFO] [stdout]   11:     0x63f372307c42 - core[df12db4294e9bfd3]::result::unwrap_failed
[INFO] [stdout]   12:     0x63f371f35de7 - one_collect[2615f5ac98c229fe]::ruwind::go_pclntab::tests::fixture_section_path
[INFO] [stdout]   13:     0x63f371f6b1e9 - <one_collect[2615f5ac98c229fe]::ruwind::go_pclntab::tests::fixture_section_path::{closure#0} as core[df12db4294e9bfd3]::ops::function::FnOnce<()>>::call_once
[INFO] [stdout]   14:     0x63f37204383b - test[9d35eded1c95d3be]::__rust_begin_short_backtrace::<core[df12db4294e9bfd3]::result::Result<(), alloc[2182bb758b4b3781]::string::String>, fn() -> core[df12db4294e9bfd3]::result::Result<(), alloc[2182bb758b4b3781]::string::String>>
[INFO] [stdout]   15:     0x63f372050ea5 - test[9d35eded1c95d3be]::run_test::{closure#0}
[INFO] [stdout]   16:     0x63f37204a764 - std[70759c8f55707aa4]::sys::backtrace::__rust_begin_short_backtrace::<test[9d35eded1c95d3be]::run_test::{closure#1}, ()>
[INFO] [stdout]   17:     0x63f372054002 - <std[70759c8f55707aa4]::thread::lifecycle::spawn_unchecked<test[9d35eded1c95d3be]::run_test::{closure#1}, ()>::{closure#1} as core[df12db4294e9bfd3]::ops::function::FnOnce<()>>::call_once::{shim:vtable#0}
[INFO] [stdout]   18:     0x63f3722ec2a9 - <std[70759c8f55707aa4]::sys::thread::unix::Thread>::new::thread_start
[INFO] [stdout]   19:     0x7ba3a8620dfa - <unknown>
[INFO] [stdout]   20:     0x7ba3a86b43d4 - clone
[INFO] [stdout]   21:                0x0 - <unknown>
[INFO] [stdout] 
[INFO] [stdout] 
[INFO] [stdout] failures:
[INFO] [stdout]     helpers::exporting::formats::pprof::tests::it_works
[INFO] [stdout]     helpers::exporting::graph::tests::it_works
[INFO] [stdout]     helpers::exporting::symbols::tests::go_pclntab_symbol_reader_fixtures
[INFO] [stdout]     helpers::exporting::symbols::tests::kernel_symbol_reader
[INFO] [stdout]     helpers::exporting::symbols::tests::perf_map_skips_malformed_lines
[INFO] [stdout]     helpers::exporting::symbols::tests::perf_map_symbol_reader
[INFO] [stdout]     helpers::exporting::symbols::tests::r2r_map_symbol_reader
[INFO] [stdout]     helpers::exporting::symbols::tests::symbol_benchmark_fixtures_match
[INFO] [stdout]     ruwind::elf::tests::go_section_limit_handles_extended_numbering
[INFO] [stdout]     ruwind::go_pclntab::tests::fixture_recovery_path
[INFO] [stdout]     ruwind::go_pclntab::tests::fixture_section_path
[INFO] [stdout] 
[INFO] [stdout] test result: FAILED. 133 passed; 11 failed; 15 ignored; 0 measured; 0 filtered out; finished in 0.34s
[INFO] [stdout] 
[INFO] [stderr] error: test failed, to rerun pass `--lib`
[INFO] running `Command { std: "docker" "inspect" "eb75d0ee9f6e72245acdd83ee5ab40accde6ddb4966558be32df0328e263e284", kill_on_drop: false }`
[INFO] running `Command { std: "docker" "rm" "-f" "eb75d0ee9f6e72245acdd83ee5ab40accde6ddb4966558be32df0328e263e284", kill_on_drop: false }`
[INFO] [stdout] eb75d0ee9f6e72245acdd83ee5ab40accde6ddb4966558be32df0328e263e284
