[INFO] fetching crate one-saves-convert 0.3.1...
[INFO] testing one-saves-convert-0.3.1 against 1.100.0-beta.1+cargoflags=--release for beta-release-1.100-2
[INFO] extracting crate one-saves-convert 0.3.1 into /workspace/builds/worker-1-tc2/source
[INFO] started tweaking crates.io crate one-saves-convert 0.3.1
[INFO] finished tweaking crates.io crate one-saves-convert 0.3.1
[INFO] tweaked toml for crates.io crate one-saves-convert 0.3.1 written to /workspace/builds/worker-1-tc2/source/Cargo.toml
[INFO] validating manifest of crates.io crate one-saves-convert 0.3.1 on toolchain 1.100.0-beta.1
[INFO] running `Command { std: CARGO_HOME="/workspace/cargo-home" RUSTUP_HOME="/workspace/rustup-home" "/workspace/cargo-home/bin/cargo" "+1.100.0-beta.1" "metadata" "--manifest-path" "Cargo.toml" "--no-deps", kill_on_drop: false }`
[INFO] crate crates.io crate one-saves-convert 0.3.1 already has a lockfile, it will not be regenerated
[INFO] running `Command { std: CARGO_HOME="/workspace/cargo-home" RUSTUP_HOME="/workspace/rustup-home" "/workspace/cargo-home/bin/cargo" "+1.100.0-beta.1" "fetch" "--manifest-path" "Cargo.toml", kill_on_drop: false }`
[INFO] running `Command { std: "docker" "create" "-v" "/var/lib/crater-agent-workspace/builds/worker-1-tc2/source:/opt/rustwide/workdir:ro,Z" "-v" "/var/lib/crater-agent-workspace/builds/worker-1-tc2/target:/opt/rustwide/target:rw,Z" "-v" "/var/lib/crater-agent-workspace/cargo-home:/opt/rustwide/cargo-home:ro,Z" "-v" "/var/lib/crater-agent-workspace/rustup-home:/opt/rustwide/rustup-home:ro,Z" "-m" "1610612736" "--network" "none" "ghcr.io/rust-lang/crates-build-env/linux@sha256:77db811e55d90add9212f6832c23229e3de5f1c1f9905e8cb07319ea15df73ac" "sleep" "infinity", kill_on_drop: false }`
[INFO] [stdout] cdb01a4003d100e56b933d5870ce400017ff8be44004b76c7d1e3f1b506195d6
[INFO] running `Command { std: "docker" "start" "cdb01a4003d100e56b933d5870ce400017ff8be44004b76c7d1e3f1b506195d6", kill_on_drop: false }`
[INFO] running `Command { std: "docker" "inspect" "cdb01a4003d100e56b933d5870ce400017ff8be44004b76c7d1e3f1b506195d6", kill_on_drop: false }`
[INFO] running `Command { std: "docker" "exec" "-e" "SOURCE_DIR=/opt/rustwide/workdir" "-e" "CARGO_HOME=/opt/rustwide/cargo-home" "-e" "RUSTUP_HOME=/opt/rustwide/rustup-home" "-e" "CARGO_TARGET_DIR=/opt/rustwide/target" "-w" "/opt/rustwide/workdir" "--user" "0:0" "cdb01a4003d100e56b933d5870ce400017ff8be44004b76c7d1e3f1b506195d6" "/opt/rustwide/cargo-home/bin/cargo" "+1.100.0-beta.1" "metadata" "--no-deps" "--format-version=1", kill_on_drop: false }`
[INFO] running `Command { std: "docker" "inspect" "cdb01a4003d100e56b933d5870ce400017ff8be44004b76c7d1e3f1b506195d6", kill_on_drop: false }`
[INFO] running `Command { std: "docker" "exec" "-e" "SOURCE_DIR=/opt/rustwide/workdir" "-e" "CARGO_HOME=/opt/rustwide/cargo-home" "-e" "RUSTUP_HOME=/opt/rustwide/rustup-home" "-e" "CARGO_TARGET_DIR=/opt/rustwide/target" "-e" "CARGO_INCREMENTAL=0" "-e" "RUST_BACKTRACE=full" "-e" "RUSTFLAGS=--cap-lints=warn" "-e" "RUSTDOCFLAGS=--cap-lints=warn" "-w" "/opt/rustwide/workdir" "--user" "0:0" "cdb01a4003d100e56b933d5870ce400017ff8be44004b76c7d1e3f1b506195d6" "/opt/rustwide/cargo-home/bin/cargo" "+1.100.0-beta.1" "build" "--frozen" "--message-format=json" "--release", kill_on_drop: false }`
[INFO] [stderr]    Compiling find-msvc-tools v0.1.10
[INFO] [stderr]    Compiling zerocopy v0.8.56
[INFO] [stderr]    Compiling hybrid-array v0.4.14
[INFO] [stderr]    Compiling zstd-safe v7.2.4
[INFO] [stderr]    Compiling tinyvec_macros v0.1.1
[INFO] [stderr]    Compiling winnow v1.0.4
[INFO] [stderr]    Compiling syn v3.0.3
[INFO] [stderr]    Compiling jobserver v0.1.35
[INFO] [stderr]    Compiling syn v2.0.119
[INFO] [stderr]    Compiling encoding_rs v0.8.41
[INFO] [stderr]    Compiling chrono v0.4.45
[INFO] [stderr]    Compiling ps1-memcard v0.3.1
[INFO] [stderr]    Compiling n64-cpak v0.3.1
[INFO] [stderr]    Compiling ps2-memcard v0.3.1
[INFO] [stderr]    Compiling neogeo-memcard v0.3.1
[INFO] [stderr]    Compiling tinyvec v1.12.0
[INFO] [stderr]    Compiling one-saves-registry v0.3.1
[INFO] [stderr]    Compiling dreamcast-vmu v0.3.1
[INFO] [stderr]    Compiling saturn-backup v0.3.1
[INFO] [stderr]    Compiling gc-memcard v0.3.1
[INFO] [stderr]    Compiling cc v1.4.2
[INFO] [stderr]    Compiling unicode-normalization v0.1.25
[INFO] [stderr]    Compiling block-buffer v0.12.1
[INFO] [stderr]    Compiling crypto-common v0.2.2
[INFO] [stderr]    Compiling zstd-sys v2.0.16+zstd.1.5.7
[INFO] [stderr]    Compiling digest v0.11.3
[INFO] [stderr]    Compiling sha2 v0.11.0
[INFO] [stderr]    Compiling md-5 v0.11.0
[INFO] [stderr]    Compiling sha1 v0.11.0
[INFO] [stderr]    Compiling zerocopy-derive v0.8.56
[INFO] [stderr]    Compiling thiserror-impl v2.0.20
[INFO] [stderr]    Compiling serde_derive v1.0.229
[INFO] [stderr]    Compiling multiversion-macros v0.9.0
[INFO] [stderr]    Compiling thiserror v2.0.20
[INFO] [stderr]    Compiling multiversion v0.9.0
[INFO] [stderr]    Compiling serde v1.0.229
[INFO] [stderr]    Compiling quick-xml v0.41.0
[INFO] [stderr]    Compiling datary v0.3.0
[INFO] [stderr]    Compiling half v2.7.1
[INFO] [stderr]    Compiling dcbor v0.25.2
[INFO] [stderr]    Compiling zstd v0.13.3
[INFO] [stderr]    Compiling one-saves v0.3.1
[INFO] [stderr]    Compiling one-saves-convert v0.3.1 (/opt/rustwide/workdir)
[INFO] [stderr]     Finished `release` profile [optimized] target(s) in 14.58s
[INFO] running `Command { std: "docker" "inspect" "cdb01a4003d100e56b933d5870ce400017ff8be44004b76c7d1e3f1b506195d6", kill_on_drop: false }`
[INFO] running `Command { std: "docker" "exec" "-e" "SOURCE_DIR=/opt/rustwide/workdir" "-e" "CARGO_HOME=/opt/rustwide/cargo-home" "-e" "RUSTUP_HOME=/opt/rustwide/rustup-home" "-e" "CARGO_TARGET_DIR=/opt/rustwide/target" "-e" "CARGO_INCREMENTAL=0" "-e" "RUST_BACKTRACE=full" "-e" "RUSTFLAGS=--cap-lints=warn" "-e" "RUSTDOCFLAGS=--cap-lints=warn" "-w" "/opt/rustwide/workdir" "--user" "0:0" "cdb01a4003d100e56b933d5870ce400017ff8be44004b76c7d1e3f1b506195d6" "/opt/rustwide/cargo-home/bin/cargo" "+1.100.0-beta.1" "test" "--frozen" "--no-run" "--message-format=json" "--release", kill_on_drop: false }`
[INFO] [stderr]    Compiling zlib-rs v0.6.8
[INFO] [stderr]    Compiling typed-path v0.12.3
[INFO] [stderr]    Compiling flate2 v1.1.10
[INFO] [stderr]    Compiling zip v8.6.0
[INFO] [stderr]    Compiling one-saves-convert v0.3.1 (/opt/rustwide/workdir)
[INFO] [stderr]     Finished `release` profile [optimized] target(s) in 5.42s
[INFO] running `Command { std: "docker" "inspect" "cdb01a4003d100e56b933d5870ce400017ff8be44004b76c7d1e3f1b506195d6", kill_on_drop: false }`
[INFO] running `Command { std: "docker" "exec" "-e" "SOURCE_DIR=/opt/rustwide/workdir" "-e" "CARGO_HOME=/opt/rustwide/cargo-home" "-e" "RUSTUP_HOME=/opt/rustwide/rustup-home" "-e" "CARGO_TARGET_DIR=/opt/rustwide/target" "-e" "CARGO_INCREMENTAL=0" "-e" "RUST_BACKTRACE=full" "-e" "RUSTFLAGS=--cap-lints=warn" "-e" "RUSTDOCFLAGS=--cap-lints=warn" "-w" "/opt/rustwide/workdir" "--user" "0:0" "cdb01a4003d100e56b933d5870ce400017ff8be44004b76c7d1e3f1b506195d6" "/opt/rustwide/cargo-home/bin/cargo" "+1.100.0-beta.1" "test" "--frozen" "--release", kill_on_drop: false }`
[INFO] [stderr]     Finished `release` profile [optimized] target(s) in 0.05s
[INFO] [stderr]      Running unittests src/lib.rs (/opt/rustwide/target/release/build/one-saves-convert/d27bd38d5bffc350/out/one_saves_convert-d27bd38d5bffc350)
[INFO] [stdout] 
[INFO] [stdout] running 124 tests
[INFO] [stdout] test card::gc::tests::the_entry_time_is_the_wall_clock_the_console_showed ... ok
[INFO] [stdout] test card::gc::tests::something_that_is_not_a_card_is_refused_in_this_format_s_words ... ok
[INFO] [stdout] test card::n64::tests::a_pak_with_nothing_on_it_becomes_a_card_image ... ok
[INFO] [stdout] test card::n64::tests::reads_notes_and_keeps_the_pak_label ... ok
[INFO] [stdout] test card::n64::tests::a_pak_round_trips_through_a_bundle ... ok
[INFO] [stdout] test card::n64::tests::something_that_is_not_a_pak_is_refused_in_this_format_s_words ... ok
[INFO] [stdout] test card::n64::tests::two_notes_of_one_game_stay_distinct_by_slot ... ok
[INFO] [stdout] test card::gc::tests::a_card_round_trips_through_a_bundle ... ok
[INFO] [stdout] test card::ps1::tests::a_formatted_card_with_nothing_on_it_becomes_a_card_image ... ok
[INFO] [stdout] test card::neogeo::tests::something_that_is_not_a_card_is_refused_in_this_format_s_words ... ok
[INFO] [stdout] test card::ps1::tests::a_card_round_trips_through_a_bundle ... ok
[INFO] [stdout] test card::ps1::tests::something_that_is_not_a_card_is_refused_in_this_format_s_words ... ok
[INFO] [stdout] test card::ps1::tests::a_container_reads_the_same_as_the_bare_card ... ok
[INFO] [stdout] test card::ps2::tests::reads_a_serial_only_out_of_a_name_shaped_like_one ... ok
[INFO] [stdout] test card::gc::tests::a_save_whose_entry_is_dated_carries_the_reading_on_its_part ... ok
[INFO] [stdout] test card::saturn::tests::a_volume_round_trips_through_a_bundle ... ok
[INFO] [stdout] test card::ps1::tests::a_save_spanning_two_blocks_is_one_part_of_both ... ok
[INFO] [stdout] test card::gc::tests::reads_saves_and_keeps_the_header_block ... ok
[INFO] [stdout] test card::saturn::tests::something_that_is_not_a_volume_is_refused_in_this_format_s_words ... ok
[INFO] [stdout] test card::tests::a_calendar_reading_lands_on_the_unix_scale ... ok
[INFO] [stdout] test card::saturn::tests::a_bundle_that_is_not_a_card_cannot_be_written_as_one ... FAILED
[INFO] [stdout] test card::tests::a_field_that_is_not_a_date_is_absence_rather_than_a_guess ... ok
[INFO] [stdout] test card::saturn::tests::a_bundle_that_kept_no_reserved_region_still_writes ... FAILED
[INFO] [stdout] test card::gc::tests::a_card_with_nothing_on_it_becomes_a_card_image ... ok
[INFO] [stdout] test card::saturn::tests::a_real_volume_round_trips_through_a_bundle_exactly ... FAILED
[INFO] [stdout] test card::vmu::tests::a_vmu_with_nothing_on_it_becomes_a_card_image ... ok
[INFO] [stdout] test card::saturn::tests::a_volume_with_nothing_on_it_is_carried_whole ... FAILED
[INFO] [stdout] test card::saturn::tests::a_wide_dump_reads_the_same_and_comes_back_packed ... FAILED
[INFO] [stdout] test card::saturn::tests::the_medium_a_dump_came_off_settles_its_role ... FAILED
[INFO] [stdout] test card::vmu::tests::reads_saves_and_keeps_the_colour_and_icon ... ok
[INFO] [stdout] test card::vmu::tests::refuses_an_image_that_is_not_formatted ... ok
[INFO] [stdout] test dat::tests::a_malformed_digest_fails_the_whole_catalog ... ok
[INFO] [stdout] test card::vmu::tests::a_vmu_round_trips_through_a_bundle ... ok
[INFO] [stdout] test card::ps1::tests::reads_a_card_of_three_saves_two_for_one_game ... ok
[INFO] [stdout] test card::ps1::tests::an_image_kept_beside_the_splits_is_not_what_a_writer_rebuilds_from ... ok
[INFO] [stdout] test detect::tests::a_backup_ram_is_recognised_by_its_footer_whatever_it_is_called ... ok
[INFO] [stdout] test dat::tests::entities_are_resolved_in_both_names_and_elements ... ok
[INFO] [stdout] test dat::tests::enriching_takes_the_catalog_name_and_keeps_the_header_serial ... ok
[INFO] [stdout] test dat::tests::looks_up_by_digest_and_not_by_name ... ok
[INFO] [stdout] test card::vmu::tests::a_minigame_is_placed_at_block_zero ... ok
[INFO] [stdout] test dat::tests::the_clrmamepro_dialects_are_read_as_published ... ok
[INFO] [stdout] test dat::tests::reads_the_clrmamepro_shape_to_the_same_result ... ok
[INFO] [stdout] test dat::tests::prefers_the_strongest_digest_that_matches ... ok
[INFO] [stdout] test dat::tests::enriching_a_rom_no_catalog_lists_changes_nothing ... ok
[INFO] [stdout] test dat::tests::reads_the_logiqx_shape ... ok
[INFO] [stdout] test card::gc::tests::the_card_keeps_the_size_it_came_in_rather_than_shrinking_to_fit ... ok
[INFO] [stdout] test detect::tests::a_backup_ram_the_size_of_a_pak_is_not_taken_for_one ... ok
[INFO] [stdout] test detect::tests::a_name_resolves_even_for_a_format_this_build_cannot_read ... ok
[INFO] [stdout] test detect::tests::a_brm_resolves_by_name_when_the_footer_is_not_there ... ok
[INFO] [stdout] test detect::tests::a_bundle_is_recognised_by_its_magic_alone ... ok
[INFO] [stdout] test detect::tests::a_saturn_volume_resolves_by_name_whatever_this_build_can_read ... ok
[INFO] [stdout] test detect::tests::an_unknown_file_is_not_guessed_at ... ok
[INFO] [stdout] test detect::tests::a_saturn_volume_is_not_taken_for_a_controller_pak ... ok
[INFO] [stdout] test detect::tests::names_resolve_for_the_from_and_to_flags ... ok
[INFO] [stdout] test label::tests::a_fixed_width_field_loses_its_padding_and_nothing_else ... ok
[INFO] [stdout] test label::tests::a_label_needs_a_title_and_a_detail_is_optional ... ok
[INFO] [stdout] test detect::tests::the_bytes_beat_the_extension ... ok
[INFO] [stdout] test profile::tests::a_listed_core_resolves_to_its_slug_and_not_a_reverse_dns_name ... ok
[INFO] [stdout] test profile::tests::an_unlisted_producer_takes_a_reverse_dns_name ... ok
[INFO] [stdout] test profile::tests::any_listed_core_works_without_being_named_here ... ok
[INFO] [stdout] test label::tests::a_title_in_shift_jis_is_read_rather_than_approximated ... ok
[INFO] [stdout] test profile::tests::every_profiles_names_are_well_formed_and_its_systems_are_listed ... ok
[INFO] [stdout] test detect::tests::a_saturn_volume_is_recognised_at_either_block_size ... ok
[INFO] [stdout] test detect::tests::every_card_format_names_a_slug_a_system_and_an_extension ... ok
[INFO] [stdout] test detect::tests::every_card_format_names_the_feature_that_supplies_it ... ok
[INFO] [stdout] test profile::tests::standalone_mednafen_is_not_one_of_the_beetle_forks_it_was_forked_into ... ok
[INFO] [stdout] test raw::tests::a_backup_ram_says_which_system_it_belongs_to ... ok
[INFO] [stdout] test raw::tests::a_clock_footer_is_split_off_and_read ... ok
[INFO] [stdout] test raw::tests::a_save_that_is_not_a_backup_ram_is_left_unnamed ... ok
[INFO] [stdout] test raw::tests::a_save_with_no_footer_still_has_one_part ... ok
[INFO] [stdout] test raw::tests::a_sidecar_whose_instant_predates_it_is_refused ... ok
[INFO] [stdout] test raw::tests::a_sidecar_clock_lands_in_the_same_keys_as_an_appended_one ... ok
[INFO] [stdout] test raw::tests::refuses_an_empty_save ... ok
[INFO] [stdout] test raw::tests::a_wrapped_save_round_trips_to_the_bytes_it_came_from ... ok
[INFO] [stdout] test raw::tests::refuses_to_guess_between_several_saves ... ok
[INFO] [stdout] test raw::tests::a_split_save_round_trips_to_the_file_the_emulator_wrote ... ok
[INFO] [stdout] test raw::tests::what_the_caller_says_beats_what_the_bytes_say ... ok
[INFO] [stdout] test raw::tests::wraps_a_save_with_what_the_profile_knows ... ok
[INFO] [stdout] test raw::tests::the_capture_instant_changes_the_reading_but_never_the_origin ... ok
[INFO] [stdout] test rom::tests::a_game_map_from_a_rom_carries_everything_it_can ... ok
[INFO] [stdout] test rom::tests::hashes_come_out_in_ascending_tag_order ... ok
[INFO] [stdout] test raw::tests::splitting_the_clock_out_makes_the_save_hash_stable ... ok
[INFO] [stdout] test rom::tests::reads_a_gba_code_and_prefers_it_over_the_game_boy_parser ... ok
[INFO] [stdout] test rom::tests::reads_a_game_boy_title ... ok
[INFO] [stdout] test rom::tests::reads_a_mega_drive_serial ... ok
[INFO] [stdout] test rom::tests::reads_an_n64_header_in_all_three_byte_orders ... ok
[INFO] [stdout] test rom::tests::a_colour_cartridge_does_not_take_the_flag_byte_as_a_title_character ... ok
[INFO] [stdout] test rtc::tests::a_gba_save_of_the_same_length_is_read_as_the_seiko_chip ... ok
[INFO] [stdout] test rtc::tests::a_long_running_clock_keeps_its_day_counter_and_carry ... ok
[INFO] [stdout] test rom::tests::declines_a_file_that_is_not_a_rom ... ok
[INFO] [stdout] test rtc::tests::a_pocket_footer_rebuilds_byte_for_byte ... ok
[INFO] [stdout] test rtc::tests::a_real_sameboy_save_splits_and_rebuilds ... ok
[INFO] [stdout] test rom::tests::finds_the_snes_header_only_where_the_checksum_agrees ... ok
[INFO] [stdout] test rtc::tests::a_save_with_no_footer_is_left_alone ... ok
[INFO] [stdout] test rtc::tests::a_sidecar_from_the_future_is_refused ... ok
[INFO] [stdout] test rtc::tests::a_tail_of_the_right_length_that_is_not_a_clock_is_left_alone ... ok
[INFO] [stdout] test rtc::tests::a_real_gba_save_splits_and_rebuilds ... ok
[INFO] [stdout] test rtc::tests::accepts_the_shorter_footer_some_emulators_write ... ok
[INFO] [stdout] test rtc::tests::an_unrecognised_tail_is_not_filed_under_a_chip_key ... ok
[INFO] [stdout] test rtc::tests::both_pocket_fields_advance_together ... ok
[INFO] [stdout] test rtc::tests::reads_a_real_gambatte_sidecar ... ok
[INFO] [stdout] test rtc::tests::reads_a_real_gba_clock ... ok
[INFO] [stdout] test rtc::tests::reads_a_real_mister_clock ... ok
[INFO] [stdout] test rtc::tests::a_gba_tail_that_is_not_bcd_is_not_a_clock ... ok
[INFO] [stdout] test rtc::tests::reads_a_real_sameboy_clock ... ok
[INFO] [stdout] test rtc::tests::splits_a_pokemon_crystal_save ... ok
[INFO] [stdout] test rtc::tests::a_read_footer_contributes_both_keys ... ok
[INFO] [stdout] test rtc::tests::reads_the_registers_and_the_day_counter ... ok
[INFO] [stdout] test rtc::tests::the_footer_is_regenerated_byte_for_byte ... ok
[INFO] [stdout] test rtc::tests::a_system_with_no_footer_convention_is_never_split ... ok
[INFO] [stdout] test rtc::tests::the_pocket_day_counter_is_wider_than_the_hardware_register ... ok
[INFO] [stdout] test rtc::tests::a_tail_running_into_the_kilobytes_is_not_a_footer ... ok
[INFO] [stdout] test rtc::tests::the_layout_comes_from_the_registry_and_not_from_the_shape_of_the_slug ... ok
[INFO] [stdout] test rtc::tests::the_producer_picks_the_reserved_size ... ok
[INFO] [stdout] test rtc::tests::the_producer_decides_which_shape_is_written_back ... ok
[INFO] [stdout] test rtc::tests::reads_a_real_pocket_clock ... ok
[INFO] [stdout] test rtc::tests::the_reading_encodes_as_the_extension_schema_says ... ok
[INFO] [stdout] test rtc::tests::the_reserved_size_is_the_producers_and_round_trips ... ok
[INFO] [stdout] test rtc::tests::the_sidecar_round_trips_whatever_instant_is_chosen ... ok
[INFO] [stdout] test rtc::tests::the_timestamp_width_is_what_keeps_it_exact ... ok
[INFO] [stdout] test raw::tests::a_backup_ram_is_wrapped_whole_and_comes_back_byte_for_byte ... ok
[INFO] [stdout] test card::ps2::tests::a_save_is_a_directory_so_its_files_are_the_nested_parts ... ok
[INFO] [stdout] test card::ps2::tests::a_card_round_trips_through_a_bundle ... ok
[INFO] [stdout] test card::ps2::tests::a_hardware_dump_reads_the_same_as_a_plain_image ... ok
[INFO] [stdout] 
[INFO] [stdout] failures:
[INFO] [stdout] 
[INFO] [stdout] ---- card::saturn::tests::a_bundle_that_is_not_a_card_cannot_be_written_as_one stdout ----
[INFO] [stdout] 
[INFO] [stdout] thread 'card::saturn::tests::a_bundle_that_is_not_a_card_cannot_be_written_as_one' (1238) panicked at src/card/saturn.rs:282:33:
[INFO] [stdout] reading /opt/rustwide/workdir/../../data/saves/Saturn/Panzer Dragoon Saga/Beetle Saturn: No such file or directory (os error 2)
[INFO] [stdout] stack backtrace:
[INFO] [stdout]    0:     0x595362582471 - <<std[617be2ca0a6fd877]::sys::backtrace::BacktraceLock>::print::DisplayBacktrace as core[a373ad73a504971]::fmt::Display>::fmt
[INFO] [stdout]    1:     0x595362598c1a - core[a373ad73a504971]::fmt::write
[INFO] [stdout]    2:     0x59536258697c - <alloc[2e1b2a31b91974c5]::vec::Vec<u8> as core[a373ad73a504971]::io::write::Write>::write_fmt
[INFO] [stdout]    3:     0x59536255e0b6 - std[617be2ca0a6fd877]::panicking::default_hook::{closure#0}
[INFO] [stdout]    4:     0x59536257a5e9 - std[617be2ca0a6fd877]::panicking::default_hook
[INFO] [stdout]    5:     0x595362472e40 - test[aada8e7e76ba119b]::test_main_inner::{closure#0}
[INFO] [stdout]    6:     0x59536257a7a2 - std[617be2ca0a6fd877]::panicking::panic_with_hook
[INFO] [stdout]    7:     0x59536255e162 - std[617be2ca0a6fd877]::panicking::panic_handler::{closure#0}
[INFO] [stdout]    8:     0x595362556c49 - std[617be2ca0a6fd877]::sys::backtrace::__rust_end_short_backtrace::<std[617be2ca0a6fd877]::panicking::panic_handler::{closure#0}, !>
[INFO] [stdout]    9:     0x59536255ed6d - __rustc[ea4f61d10b84890b]::rust_begin_unwind
[INFO] [stdout]   10:     0x59536259934c - core[a373ad73a504971]::panicking::panic_fmt
[INFO] [stdout]   11:     0x5953623ee709 - one_saves_convert[be5040264166cdca]::card::saturn::tests::producer_fixture::{closure#0}
[INFO] [stdout]   12:     0x5953623f01c8 - one_saves_convert[be5040264166cdca]::card::saturn::tests::producer_fixture
[INFO] [stdout]   13:     0x5953623f41cb - <one_saves_convert[be5040264166cdca]::card::saturn::tests::a_bundle_that_is_not_a_card_cannot_be_written_as_one::{closure#0} as core[a373ad73a504971]::ops::function::FnOnce<()>>::call_once
[INFO] [stdout]   14:     0x59536246628b - test[aada8e7e76ba119b]::__rust_begin_short_backtrace::<core[a373ad73a504971]::result::Result<(), alloc[2e1b2a31b91974c5]::string::String>, fn() -> core[a373ad73a504971]::result::Result<(), alloc[2e1b2a31b91974c5]::string::String>>
[INFO] [stdout]   15:     0x595362473465 - test[aada8e7e76ba119b]::run_test::{closure#0}
[INFO] [stdout]   16:     0x59536246cd54 - std[617be2ca0a6fd877]::sys::backtrace::__rust_begin_short_backtrace::<test[aada8e7e76ba119b]::run_test::{closure#1}, ()>
[INFO] [stdout]   17:     0x5953624764f2 - <std[617be2ca0a6fd877]::thread::lifecycle::spawn_unchecked<test[aada8e7e76ba119b]::run_test::{closure#1}, ()>::{closure#1} as core[a373ad73a504971]::ops::function::FnOnce<()>>::call_once::{shim:vtable#0}
[INFO] [stdout]   18:     0x5953625819bf - <std[617be2ca0a6fd877]::sys::thread::unix::Thread>::new::thread_start
[INFO] [stdout]   19:     0x7be9eccc2dfa - <unknown>
[INFO] [stdout]   20:     0x7be9ecd563d4 - clone
[INFO] [stdout]   21:                0x0 - <unknown>
[INFO] [stdout] 
[INFO] [stdout] ---- card::saturn::tests::a_bundle_that_kept_no_reserved_region_still_writes stdout ----
[INFO] [stdout] 
[INFO] [stdout] thread 'card::saturn::tests::a_bundle_that_kept_no_reserved_region_still_writes' (1239) panicked at src/card/saturn.rs:282:33:
[INFO] [stdout] reading /opt/rustwide/workdir/../../data/saves/Saturn/Panzer Dragoon Saga/Beetle Saturn: No such file or directory (os error 2)
[INFO] [stdout] stack backtrace:
[INFO] [stdout]    0:     0x595362582471 - <<std[617be2ca0a6fd877]::sys::backtrace::BacktraceLock>::print::DisplayBacktrace as core[a373ad73a504971]::fmt::Display>::fmt
[INFO] [stdout]    1:     0x595362598c1a - core[a373ad73a504971]::fmt::write
[INFO] [stdout]    2:     0x59536258697c - <alloc[2e1b2a31b91974c5]::vec::Vec<u8> as core[a373ad73a504971]::io::write::Write>::write_fmt
[INFO] [stdout]    3:     0x59536255e0b6 - std[617be2ca0a6fd877]::panicking::default_hook::{closure#0}
[INFO] [stdout]    4:     0x59536257a5e9 - std[617be2ca0a6fd877]::panicking::default_hook
[INFO] [stdout]    5:     0x595362472e40 - test[aada8e7e76ba119b]::test_main_inner::{closure#0}
[INFO] [stdout]    6:     0x59536257a7a2 - std[617be2ca0a6fd877]::panicking::panic_with_hook
[INFO] [stdout]    7:     0x59536255e162 - std[617be2ca0a6fd877]::panicking::panic_handler::{closure#0}
[INFO] [stdout]    8:     0x595362556c49 - std[617be2ca0a6fd877]::sys::backtrace::__rust_end_short_backtrace::<std[617be2ca0a6fd877]::panicking::panic_handler::{closure#0}, !>
[INFO] [stdout]    9:     0x59536255ed6d - __rustc[ea4f61d10b84890b]::rust_begin_unwind
[INFO] [stdout]   10:     0x59536259934c - core[a373ad73a504971]::panicking::panic_fmt
[INFO] [stdout]   11:     0x5953623ee709 - one_saves_convert[be5040264166cdca]::card::saturn::tests::producer_fixture::{closure#0}
[INFO] [stdout]   12:     0x5953623f01c8 - one_saves_convert[be5040264166cdca]::card::saturn::tests::producer_fixture
[INFO] [stdout]   13:     0x5953623f3403 - <one_saves_convert[be5040264166cdca]::card::saturn::tests::a_bundle_that_kept_no_reserved_region_still_writes::{closure#0} as core[a373ad73a504971]::ops::function::FnOnce<()>>::call_once
[INFO] [stdout]   14:     0x59536246628b - test[aada8e7e76ba119b]::__rust_begin_short_backtrace::<core[a373ad73a504971]::result::Result<(), alloc[2e1b2a31b91974c5]::string::String>, fn() -> core[a373ad73a504971]::result::Result<(), alloc[2e1b2a31b91974c5]::string::String>>
[INFO] [stdout]   15:     0x595362473465 - test[aada8e7e76ba119b]::run_test::{closure#0}
[INFO] [stdout]   16:     0x59536246cd54 - std[617be2ca0a6fd877]::sys::backtrace::__rust_begin_short_backtrace::<test[aada8e7e76ba119b]::run_test::{closure#1}, ()>
[INFO] [stdout]   17:     0x5953624764f2 - <std[617be2ca0a6fd877]::thread::lifecycle::spawn_unchecked<test[aada8e7e76ba119b]::run_test::{closure#1}, ()>::{closure#1} as core[a373ad73a504971]::ops::function::FnOnce<()>>::call_once::{shim:vtable#0}
[INFO] [stdout]   18:     0x5953625819bf - <std[617be2ca0a6fd877]::sys::thread::unix::Thread>::new::thread_start
[INFO] [stdout]   19:     0x7be9eccc2dfa - <unknown>
[INFO] [stdout]   20:     0x7be9ecd563d4 - clone
[INFO] [stdout]   21:                0x0 - <unknown>
[INFO] [stdout] 
[INFO] [stdout] ---- card::saturn::tests::a_real_volume_round_trips_through_a_bundle_exactly stdout ----
[INFO] [stdout] 
[INFO] [stdout] thread 'card::saturn::tests::a_real_volume_round_trips_through_a_bundle_exactly' (1240) panicked at src/card/saturn.rs:282:33:
[INFO] [stdout] reading /opt/rustwide/workdir/../../data/saves/Saturn/NiGHTS into Dreams/Beetle Saturn: No such file or directory (os error 2)
[INFO] [stdout] stack backtrace:
[INFO] [stdout]    0:     0x595362582471 - <<std[617be2ca0a6fd877]::sys::backtrace::BacktraceLock>::print::DisplayBacktrace as core[a373ad73a504971]::fmt::Display>::fmt
[INFO] [stdout]    1:     0x595362598c1a - core[a373ad73a504971]::fmt::write
[INFO] [stdout]    2:     0x59536258697c - <alloc[2e1b2a31b91974c5]::vec::Vec<u8> as core[a373ad73a504971]::io::write::Write>::write_fmt
[INFO] [stdout]    3:     0x59536255e0b6 - std[617be2ca0a6fd877]::panicking::default_hook::{closure#0}
[INFO] [stdout]    4:     0x59536257a5e9 - std[617be2ca0a6fd877]::panicking::default_hook
[INFO] [stdout]    5:     0x595362472e40 - test[aada8e7e76ba119b]::test_main_inner::{closure#0}
[INFO] [stdout]    6:     0x59536257a7a2 - std[617be2ca0a6fd877]::panicking::panic_with_hook
[INFO] [stdout]    7:     0x59536255e162 - std[617be2ca0a6fd877]::panicking::panic_handler::{closure#0}
[INFO] [stdout]    8:     0x595362556c49 - std[617be2ca0a6fd877]::sys::backtrace::__rust_end_short_backtrace::<std[617be2ca0a6fd877]::panicking::panic_handler::{closure#0}, !>
[INFO] [stdout]    9:     0x59536255ed6d - __rustc[ea4f61d10b84890b]::rust_begin_unwind
[INFO] [stdout]   10:     0x59536259934c - core[a373ad73a504971]::panicking::panic_fmt
[INFO] [stdout]   11:     0x5953623ee709 - one_saves_convert[be5040264166cdca]::card::saturn::tests::producer_fixture::{closure#0}
[INFO] [stdout]   12:     0x5953623f01c8 - one_saves_convert[be5040264166cdca]::card::saturn::tests::producer_fixture
[INFO] [stdout]   13:     0x5953623f3cab - <one_saves_convert[be5040264166cdca]::card::saturn::tests::a_real_volume_round_trips_through_a_bundle_exactly::{closure#0} as core[a373ad73a504971]::ops::function::FnOnce<()>>::call_once
[INFO] [stdout]   14:     0x59536246628b - test[aada8e7e76ba119b]::__rust_begin_short_backtrace::<core[a373ad73a504971]::result::Result<(), alloc[2e1b2a31b91974c5]::string::String>, fn() -> core[a373ad73a504971]::result::Result<(), alloc[2e1b2a31b91974c5]::string::String>>
[INFO] [stdout]   15:     0x595362473465 - test[aada8e7e76ba119b]::run_test::{closure#0}
[INFO] [stdout]   16:     0x59536246cd54 - std[617be2ca0a6fd877]::sys::backtrace::__rust_begin_short_backtrace::<test[aada8e7e76ba119b]::run_test::{closure#1}, ()>
[INFO] [stdout]   17:     0x5953624764f2 - <std[617be2ca0a6fd877]::thread::lifecycle::spawn_unchecked<test[aada8e7e76ba119b]::run_test::{closure#1}, ()>::{closure#1} as core[a373ad73a504971]::ops::function::FnOnce<()>>::call_once::{shim:vtable#0}
[INFO] [stdout]   18:     0x5953625819bf - <std[617be2ca0a6fd877]::sys::thread::unix::Thread>::new::thread_start
[INFO] [stdout]   19:     0x7be9eccc2dfa - <unknown>
[INFO] [stdout]   20:     0x7be9ecd563d4 - clone
[INFO] [stdout]   21:                0x0 - <unknown>
[INFO] [stdout] 
[INFO] [stdout] ---- card::saturn::tests::a_volume_with_nothing_on_it_is_carried_whole stdout ----
[INFO] [stdout] 
[INFO] [stdout] thread 'card::saturn::tests::a_volume_with_nothing_on_it_is_carried_whole' (1242) panicked at src/card/saturn.rs:282:33:
[INFO] [stdout] reading /opt/rustwide/workdir/../../data/saves/Saturn/Sonic 3D Blast/Beetle Saturn: No such file or directory (os error 2)
[INFO] [stdout] stack backtrace:
[INFO] [stdout]    0:     0x595362582471 - <<std[617be2ca0a6fd877]::sys::backtrace::BacktraceLock>::print::DisplayBacktrace as core[a373ad73a504971]::fmt::Display>::fmt
[INFO] [stdout]    1:     0x595362598c1a - core[a373ad73a504971]::fmt::write
[INFO] [stdout]    2:     0x59536258697c - <alloc[2e1b2a31b91974c5]::vec::Vec<u8> as core[a373ad73a504971]::io::write::Write>::write_fmt
[INFO] [stdout]    3:     0x59536255e0b6 - std[617be2ca0a6fd877]::panicking::default_hook::{closure#0}
[INFO] [stdout]    4:     0x59536257a5e9 - std[617be2ca0a6fd877]::panicking::default_hook
[INFO] [stdout]    5:     0x595362472e40 - test[aada8e7e76ba119b]::test_main_inner::{closure#0}
[INFO] [stdout]    6:     0x59536257a7a2 - std[617be2ca0a6fd877]::panicking::panic_with_hook
[INFO] [stdout]    7:     0x59536255e162 - std[617be2ca0a6fd877]::panicking::panic_handler::{closure#0}
[INFO] [stdout]    8:     0x595362556c49 - std[617be2ca0a6fd877]::sys::backtrace::__rust_end_short_backtrace::<std[617be2ca0a6fd877]::panicking::panic_handler::{closure#0}, !>
[INFO] [stdout]    9:     0x59536255ed6d - __rustc[ea4f61d10b84890b]::rust_begin_unwind
[INFO] [stdout]   10:     0x59536259934c - core[a373ad73a504971]::panicking::panic_fmt
[INFO] [stdout]   11:     0x5953623ee709 - one_saves_convert[be5040264166cdca]::card::saturn::tests::producer_fixture::{closure#0}
[INFO] [stdout]   12:     0x5953623f01c8 - one_saves_convert[be5040264166cdca]::card::saturn::tests::producer_fixture
[INFO] [stdout]   13:     0x5953623f25d3 - <one_saves_convert[be5040264166cdca]::card::saturn::tests::a_volume_with_nothing_on_it_is_carried_whole::{closure#0} as core[a373ad73a504971]::ops::function::FnOnce<()>>::call_once
[INFO] [stdout]   14:     0x59536246628b - test[aada8e7e76ba119b]::__rust_begin_short_backtrace::<core[a373ad73a504971]::result::Result<(), alloc[2e1b2a31b91974c5]::string::String>, fn() -> core[a373ad73a504971]::result::Result<(), alloc[2e1b2a31b91974c5]::string::String>>
[INFO] [stdout]   15:     0x595362473465 - test[aada8e7e76ba119b]::run_test::{closure#0}
[INFO] [stdout]   16:     0x59536246cd54 - std[617be2ca0a6fd877]::sys::backtrace::__rust_begin_short_backtrace::<test[aada8e7e76ba119b]::run_test::{closure#1}, ()>
[INFO] [stdout]   17:     0x5953624764f2 - <std[617be2ca0a6fd877]::thread::lifecycle::spawn_unchecked<test[aada8e7e76ba119b]::run_test::{closure#1}, ()>::{closure#1} as core[a373ad73a504971]::ops::function::FnOnce<()>>::call_once::{shim:vtable#0}
[INFO] [stdout]   18:     0x5953625819bf - <std[617be2ca0a6fd877]::sys::thread::unix::Thread>::new::thread_start
[INFO] [stdout]   19:     0x7be9eccc2dfa - <unknown>
[INFO] [stdout]   20:     0x7be9ecd563d4 - clone
[INFO] [stdout]   21:                0x0 - <unknown>
[INFO] [stdout] 
[INFO] [stdout] ---- card::saturn::tests::a_wide_dump_reads_the_same_and_comes_back_packed stdout ----
[INFO] [stdout] 
[INFO] [stdout] thread 'card::saturn::tests::a_wide_dump_reads_the_same_and_comes_back_packed' (1243) panicked at src/card/saturn.rs:282:33:
[INFO] [stdout] reading /opt/rustwide/workdir/../../data/saves/Saturn/NiGHTS into Dreams/Yabause: No such file or directory (os error 2)
[INFO] [stdout] stack backtrace:
[INFO] [stdout]    0:     0x595362582471 - <<std[617be2ca0a6fd877]::sys::backtrace::BacktraceLock>::print::DisplayBacktrace as core[a373ad73a504971]::fmt::Display>::fmt
[INFO] [stdout]    1:     0x595362598c1a - core[a373ad73a504971]::fmt::write
[INFO] [stdout]    2:     0x59536258697c - <alloc[2e1b2a31b91974c5]::vec::Vec<u8> as core[a373ad73a504971]::io::write::Write>::write_fmt
[INFO] [stdout]    3:     0x59536255e0b6 - std[617be2ca0a6fd877]::panicking::default_hook::{closure#0}
[INFO] [stdout]    4:     0x59536257a5e9 - std[617be2ca0a6fd877]::panicking::default_hook
[INFO] [stdout]    5:     0x595362472e40 - test[aada8e7e76ba119b]::test_main_inner::{closure#0}
[INFO] [stdout]    6:     0x59536257a7a2 - std[617be2ca0a6fd877]::panicking::panic_with_hook
[INFO] [stdout]    7:     0x59536255e162 - std[617be2ca0a6fd877]::panicking::panic_handler::{closure#0}
[INFO] [stdout]    8:     0x595362556c49 - std[617be2ca0a6fd877]::sys::backtrace::__rust_end_short_backtrace::<std[617be2ca0a6fd877]::panicking::panic_handler::{closure#0}, !>
[INFO] [stdout]    9:     0x59536255ed6d - __rustc[ea4f61d10b84890b]::rust_begin_unwind
[INFO] [stdout]   10:     0x59536259934c - core[a373ad73a504971]::panicking::panic_fmt
[INFO] [stdout]   11:     0x5953623ee709 - one_saves_convert[be5040264166cdca]::card::saturn::tests::producer_fixture::{closure#0}
[INFO] [stdout]   12:     0x5953623f01c8 - one_saves_convert[be5040264166cdca]::card::saturn::tests::producer_fixture
[INFO] [stdout]   13:     0x5953623f2e2c - <one_saves_convert[be5040264166cdca]::card::saturn::tests::a_wide_dump_reads_the_same_and_comes_back_packed::{closure#0} as core[a373ad73a504971]::ops::function::FnOnce<()>>::call_once
[INFO] [stdout]   14:     0x59536246628b - test[aada8e7e76ba119b]::__rust_begin_short_backtrace::<core[a373ad73a504971]::result::Result<(), alloc[2e1b2a31b91974c5]::string::String>, fn() -> core[a373ad73a504971]::result::Result<(), alloc[2e1b2a31b91974c5]::string::String>>
[INFO] [stdout]   15:     0x595362473465 - test[aada8e7e76ba119b]::run_test::{closure#0}
[INFO] [stdout]   16:     0x59536246cd54 - std[617be2ca0a6fd877]::sys::backtrace::__rust_begin_short_backtrace::<test[aada8e7e76ba119b]::run_test::{closure#1}, ()>
[INFO] [stdout]   17:     0x5953624764f2 - <std[617be2ca0a6fd877]::thread::lifecycle::spawn_unchecked<test[aada8e7e76ba119b]::run_test::{closure#1}, ()>::{closure#1} as core[a373ad73a504971]::ops::function::FnOnce<()>>::call_once::{shim:vtable#0}
[INFO] [stdout]   18:     0x5953625819bf - <std[617be2ca0a6fd877]::sys::thread::unix::Thread>::new::thread_start
[INFO] [stdout]   19:     0x7be9eccc2dfa - <unknown>
[INFO] [stdout]   20:     0x7be9ecd563d4 - clone
[INFO] [stdout]   21:                0x0 - <unknown>
[INFO] [stdout] 
[INFO] [stdout] ---- card::saturn::tests::the_medium_a_dump_came_off_settles_its_role stdout ----
[INFO] [stdout] 
[INFO] [stdout] thread 'card::saturn::tests::the_medium_a_dump_came_off_settles_its_role' (1245) panicked at src/card/saturn.rs:282:33:
[INFO] [stdout] reading /opt/rustwide/workdir/../../data/saves/Saturn/Panzer Dragoon Saga/Beetle Saturn: No such file or directory (os error 2)
[INFO] [stdout] stack backtrace:
[INFO] [stdout]    0:     0x595362582471 - <<std[617be2ca0a6fd877]::sys::backtrace::BacktraceLock>::print::DisplayBacktrace as core[a373ad73a504971]::fmt::Display>::fmt
[INFO] [stdout]    1:     0x595362598c1a - core[a373ad73a504971]::fmt::write
[INFO] [stdout]    2:     0x59536258697c - <alloc[2e1b2a31b91974c5]::vec::Vec<u8> as core[a373ad73a504971]::io::write::Write>::write_fmt
[INFO] [stdout]    3:     0x59536255e0b6 - std[617be2ca0a6fd877]::panicking::default_hook::{closure#0}
[INFO] [stdout]    4:     0x59536257a5e9 - std[617be2ca0a6fd877]::panicking::default_hook
[INFO] [stdout]    5:     0x595362472e40 - test[aada8e7e76ba119b]::test_main_inner::{closure#0}
[INFO] [stdout]    6:     0x59536257a7a2 - std[617be2ca0a6fd877]::panicking::panic_with_hook
[INFO] [stdout]    7:     0x59536255e162 - std[617be2ca0a6fd877]::panicking::panic_handler::{closure#0}
[INFO] [stdout]    8:     0x595362556c49 - std[617be2ca0a6fd877]::sys::backtrace::__rust_end_short_backtrace::<std[617be2ca0a6fd877]::panicking::panic_handler::{closure#0}, !>
[INFO] [stdout]    9:     0x59536255ed6d - __rustc[ea4f61d10b84890b]::rust_begin_unwind
[INFO] [stdout]   10:     0x59536259934c - core[a373ad73a504971]::panicking::panic_fmt
[INFO] [stdout]   11:     0x5953623ee709 - one_saves_convert[be5040264166cdca]::card::saturn::tests::producer_fixture::{closure#0}
[INFO] [stdout]   12:     0x5953623f01c8 - one_saves_convert[be5040264166cdca]::card::saturn::tests::producer_fixture
[INFO] [stdout]   13:     0x5953623f1961 - <one_saves_convert[be5040264166cdca]::card::saturn::tests::the_medium_a_dump_came_off_settles_its_role::{closure#0} as core[a373ad73a504971]::ops::function::FnOnce<()>>::call_once
[INFO] [stdout]   14:     0x59536246628b - test[aada8e7e76ba119b]::__rust_begin_short_backtrace::<core[a373ad73a504971]::result::Result<(), alloc[2e1b2a31b91974c5]::string::String>, fn() -> core[a373ad73a504971]::result::Result<(), alloc[2e1b2a31b91974c5]::string::String>>
[INFO] [stdout]   15:     0x595362473465 - test[aada8e7e76ba119b]::run_test::{closure#0}
[INFO] [stdout]   16:     0x59536246cd54 - std[617be2ca0a6fd877]::sys::backtrace::__rust_begin_short_backtrace::<test[aada8e7e76ba119b]::run_test::{closure#1}, ()>
[INFO] [stdout]   17:     0x5953624764f2 - <std[617be2ca0a6fd877]::thread::lifecycle::spawn_unchecked<test[aada8e7e76ba119b]::run_test::{closure#1}, ()>::{closure#1} as core[a373ad73a504971]::ops::function::FnOnce<()>>::call_once::{shim:vtable#0}
[INFO] [stdout]   18:     0x5953625819bf - <std[617be2ca0a6fd877]::sys::thread::unix::Thread>::new::thread_start
[INFO] [stdout]   19:     0x7be9eccc2dfa - <unknown>
[INFO] [stdout]   20:     0x7be9ecd563d4 - clone
[INFO] [stdout]   21:                0x0 - <unknown>
[INFO] [stdout] 
[INFO] [stdout] 
[INFO] [stdout] failures:
[INFO] [stdout]     card::saturn::tests::a_bundle_that_is_not_a_card_cannot_be_written_as_one
[INFO] [stdout]     card::saturn::tests::a_bundle_that_kept_no_reserved_region_still_writes
[INFO] [stdout]     card::saturn::tests::a_real_volume_round_trips_through_a_bundle_exactly
[INFO] [stdout]     card::saturn::tests::a_volume_with_nothing_on_it_is_carried_whole
[INFO] [stdout]     card::saturn::tests::a_wide_dump_reads_the_same_and_comes_back_packed
[INFO] [stdout]     card::saturn::tests::the_medium_a_dump_came_off_settles_its_role
[INFO] [stdout] 
[INFO] [stdout] test result: FAILED. 118 passed; 6 failed; 0 ignored; 0 measured; 0 filtered out; finished in 0.05s
[INFO] [stdout] 
[INFO] [stderr] error: test failed, to rerun pass `--lib`
[INFO] running `Command { std: "docker" "inspect" "cdb01a4003d100e56b933d5870ce400017ff8be44004b76c7d1e3f1b506195d6", kill_on_drop: false }`
[INFO] running `Command { std: "docker" "rm" "-f" "cdb01a4003d100e56b933d5870ce400017ff8be44004b76c7d1e3f1b506195d6", kill_on_drop: false }`
[INFO] [stdout] cdb01a4003d100e56b933d5870ce400017ff8be44004b76c7d1e3f1b506195d6
