[INFO] fetching crate omnom 3.0.0...
[INFO] testing omnom-3.0.0 against 1.100.0-beta.1+cargoflags=--release for beta-release-1.100-2
[INFO] extracting crate omnom 3.0.0 into /workspace/builds/worker-2-tc2/source
[INFO] started tweaking crates.io crate omnom 3.0.0
[INFO] finished tweaking crates.io crate omnom 3.0.0
[INFO] tweaked toml for crates.io crate omnom 3.0.0 written to /workspace/builds/worker-2-tc2/source/Cargo.toml
[INFO] validating manifest of crates.io crate omnom 3.0.0 on toolchain 1.100.0-beta.1
[INFO] running `Command { std: CARGO_HOME="/workspace/cargo-home" RUSTUP_HOME="/workspace/rustup-home" "/workspace/cargo-home/bin/cargo" "+1.100.0-beta.1" "metadata" "--manifest-path" "Cargo.toml" "--no-deps", kill_on_drop: false }`
[INFO] crate crates.io crate omnom 3.0.0 already has a lockfile, it will not be regenerated
[INFO] running `Command { std: CARGO_HOME="/workspace/cargo-home" RUSTUP_HOME="/workspace/rustup-home" "/workspace/cargo-home/bin/cargo" "+1.100.0-beta.1" "fetch" "--manifest-path" "Cargo.toml", kill_on_drop: false }`
[INFO] running `Command { std: "docker" "create" "-v" "/var/lib/crater-agent-workspace/builds/worker-2-tc2/source:/opt/rustwide/workdir:ro,Z" "-v" "/var/lib/crater-agent-workspace/builds/worker-2-tc2/target:/opt/rustwide/target:rw,Z" "-v" "/var/lib/crater-agent-workspace/cargo-home:/opt/rustwide/cargo-home:ro,Z" "-v" "/var/lib/crater-agent-workspace/rustup-home:/opt/rustwide/rustup-home:ro,Z" "-m" "1610612736" "--network" "none" "ghcr.io/rust-lang/crates-build-env/linux@sha256:77db811e55d90add9212f6832c23229e3de5f1c1f9905e8cb07319ea15df73ac" "sleep" "infinity", kill_on_drop: false }`
[INFO] [stdout] de7dc8e7c75731b33bdaf8b8be58b5177e17de0d06ad996b15bd2eed80af9982
[INFO] running `Command { std: "docker" "start" "de7dc8e7c75731b33bdaf8b8be58b5177e17de0d06ad996b15bd2eed80af9982", kill_on_drop: false }`
[INFO] running `Command { std: "docker" "inspect" "de7dc8e7c75731b33bdaf8b8be58b5177e17de0d06ad996b15bd2eed80af9982", kill_on_drop: false }`
[INFO] running `Command { std: "docker" "exec" "-e" "SOURCE_DIR=/opt/rustwide/workdir" "-e" "CARGO_HOME=/opt/rustwide/cargo-home" "-e" "RUSTUP_HOME=/opt/rustwide/rustup-home" "-e" "CARGO_TARGET_DIR=/opt/rustwide/target" "-w" "/opt/rustwide/workdir" "--user" "0:0" "de7dc8e7c75731b33bdaf8b8be58b5177e17de0d06ad996b15bd2eed80af9982" "/opt/rustwide/cargo-home/bin/cargo" "+1.100.0-beta.1" "metadata" "--no-deps" "--format-version=1", kill_on_drop: false }`
[INFO] running `Command { std: "docker" "inspect" "de7dc8e7c75731b33bdaf8b8be58b5177e17de0d06ad996b15bd2eed80af9982", kill_on_drop: false }`
[INFO] running `Command { std: "docker" "exec" "-e" "SOURCE_DIR=/opt/rustwide/workdir" "-e" "CARGO_HOME=/opt/rustwide/cargo-home" "-e" "RUSTUP_HOME=/opt/rustwide/rustup-home" "-e" "CARGO_TARGET_DIR=/opt/rustwide/target" "-e" "CARGO_INCREMENTAL=0" "-e" "RUST_BACKTRACE=full" "-e" "RUSTFLAGS=--cap-lints=warn" "-e" "RUSTDOCFLAGS=--cap-lints=warn" "-w" "/opt/rustwide/workdir" "--user" "0:0" "de7dc8e7c75731b33bdaf8b8be58b5177e17de0d06ad996b15bd2eed80af9982" "/opt/rustwide/cargo-home/bin/cargo" "+1.100.0-beta.1" "build" "--frozen" "--message-format=json" "--release", kill_on_drop: false }`
[INFO] [stderr]    Compiling memchr v2.2.1
[INFO] [stderr]    Compiling omnom v3.0.0 (/opt/rustwide/workdir)
[INFO] [stderr] warning: unused dependency `memchr`
[INFO] [stderr]  --> Cargo.toml:1:15
[INFO] [stderr]   |
[INFO] [stderr] 1 | [dependencies.memchr]
[INFO] [stderr]   |               ^^^^^^^
[INFO] [stderr]   |
[INFO] [stderr]   = note: `cargo::unused_dependencies` is set to `warn` by default
[INFO] [stderr] help: consider removing the dependency on `memchr`
[INFO] [stderr] warning: `omnom` (manifest) generated 1 warning
[INFO] [stderr]     Finished `release` profile [optimized] target(s) in 0.40s
[INFO] running `Command { std: "docker" "inspect" "de7dc8e7c75731b33bdaf8b8be58b5177e17de0d06ad996b15bd2eed80af9982", kill_on_drop: false }`
[INFO] running `Command { std: "docker" "exec" "-e" "SOURCE_DIR=/opt/rustwide/workdir" "-e" "CARGO_HOME=/opt/rustwide/cargo-home" "-e" "RUSTUP_HOME=/opt/rustwide/rustup-home" "-e" "CARGO_TARGET_DIR=/opt/rustwide/target" "-e" "CARGO_INCREMENTAL=0" "-e" "RUST_BACKTRACE=full" "-e" "RUSTFLAGS=--cap-lints=warn" "-e" "RUSTDOCFLAGS=--cap-lints=warn" "-w" "/opt/rustwide/workdir" "--user" "0:0" "de7dc8e7c75731b33bdaf8b8be58b5177e17de0d06ad996b15bd2eed80af9982" "/opt/rustwide/cargo-home/bin/cargo" "+1.100.0-beta.1" "test" "--frozen" "--no-run" "--message-format=json" "--release", kill_on_drop: false }`
[INFO] [stderr]    Compiling omnom v3.0.0 (/opt/rustwide/workdir)
[INFO] [stderr] warning: unused dependency `memchr`
[INFO] [stderr]  --> Cargo.toml:1:15
[INFO] [stderr]   |
[INFO] [stderr] 1 | [dependencies.memchr]
[INFO] [stderr]   |               ^^^^^^^
[INFO] [stderr]   |
[INFO] [stderr]   = note: `cargo::unused_dependencies` is set to `warn` by default
[INFO] [stderr] help: consider removing the dependency on `memchr`
[INFO] [stderr] warning: `omnom` (manifest) generated 1 warning
[INFO] [stderr]     Finished `release` profile [optimized] target(s) in 0.28s
[INFO] running `Command { std: "docker" "inspect" "de7dc8e7c75731b33bdaf8b8be58b5177e17de0d06ad996b15bd2eed80af9982", kill_on_drop: false }`
[INFO] running `Command { std: "docker" "exec" "-e" "SOURCE_DIR=/opt/rustwide/workdir" "-e" "CARGO_HOME=/opt/rustwide/cargo-home" "-e" "RUSTUP_HOME=/opt/rustwide/rustup-home" "-e" "CARGO_TARGET_DIR=/opt/rustwide/target" "-e" "CARGO_INCREMENTAL=0" "-e" "RUST_BACKTRACE=full" "-e" "RUSTFLAGS=--cap-lints=warn" "-e" "RUSTDOCFLAGS=--cap-lints=warn" "-w" "/opt/rustwide/workdir" "--user" "0:0" "de7dc8e7c75731b33bdaf8b8be58b5177e17de0d06ad996b15bd2eed80af9982" "/opt/rustwide/cargo-home/bin/cargo" "+1.100.0-beta.1" "test" "--frozen" "--release", kill_on_drop: false }`
[INFO] [stderr] warning: unused dependency `memchr`
[INFO] [stderr]  --> Cargo.toml:1:15
[INFO] [stderr]   |
[INFO] [stderr] 1 | [dependencies.memchr]
[INFO] [stderr]   |               ^^^^^^^
[INFO] [stderr]   |
[INFO] [stderr]   = note: `cargo::unused_dependencies` is set to `warn` by default
[INFO] [stderr] help: consider removing the dependency on `memchr`
[INFO] [stderr] warning: `omnom` (manifest) generated 1 warning
[INFO] [stderr]     Finished `release` profile [optimized] target(s) in 0.01s
[INFO] [stderr]      Running unittests src/lib.rs (/opt/rustwide/target/release/build/omnom/2c143ffab7a4c0a5/out/omnom-2c143ffab7a4c0a5)
[INFO] [stdout] 
[INFO] [stdout] running 0 tests
[INFO] [stdout] 
[INFO] [stdout] test result: ok. 0 passed; 0 failed; 0 ignored; 0 measured; 0 filtered out; finished in 0.00s
[INFO] [stdout] 
[INFO] [stderr]      Running tests/test.rs (/opt/rustwide/target/release/build/omnom/99d4455a77694fcd/out/test-99d4455a77694fcd)
[INFO] [stdout] 
[INFO] [stdout] running 2 tests
[INFO] [stdout] test read_while_cursor ... ok
[INFO] [stdout] test should_work ... ok
[INFO] [stdout] 
[INFO] [stdout] test result: ok. 2 passed; 0 failed; 0 ignored; 0 measured; 0 filtered out; finished in 0.00s
[INFO] [stdout] 
[INFO] [stderr]    Doc-tests omnom
[INFO] [stderr] warning: lint `missing_doc_code_examples` has been renamed to `rustdoc::missing_doc_code_examples`
[INFO] [stderr]   --> src/lib.rs:68:23
[INFO] [stderr]    |
[INFO] [stderr] 68 | #![warn(missing_docs, missing_doc_code_examples, unreachable_pub)]
[INFO] [stderr]    |                       ^^^^^^^^^^^^^^^^^^^^^^^^^ help: use the new name: `rustdoc::missing_doc_code_examples`
[INFO] [stderr]    |
[INFO] [stderr]    = note: `#[warn(renamed_and_removed_lints)]` on by default
[INFO] [stderr] 
[INFO] [stderr] warning: unknown lint: `rustdoc::missing_doc_code_examples`
[INFO] [stderr]   --> src/lib.rs:68:23
[INFO] [stderr]    |
[INFO] [stderr] 68 | #![warn(missing_docs, missing_doc_code_examples, unreachable_pub)]
[INFO] [stderr]    |                       ^^^^^^^^^^^^^^^^^^^^^^^^^
[INFO] [stderr]    |
[INFO] [stderr]    = note: the `rustdoc::missing_doc_code_examples` lint is unstable
[INFO] [stderr]    = note: see issue #101730 <https://github.com/rust-lang/rust/issues/101730> for more information
[INFO] [stderr]    = note: `#[warn(unknown_lints)]` on by default
[INFO] [stderr] 
[INFO] [stderr] warning: 2 warnings emitted
[INFO] [stderr] 
[INFO] [stdout] 
[INFO] [stdout] running 75 tests
[INFO] [stdout] test src/buf_read_ext.rs - buf_read_ext::BufReadExt::skip_until (line 166) ... FAILED
[INFO] [stdout] test src/read_bytes.rs - read_bytes::i16::read_be_bytes (line 121) ... ok
[INFO] [stdout] test src/read_bytes.rs - read_bytes::i128::read_le_bytes (line 121) ... ok
[INFO] [stdout] test src/lib.rs - (line 52) ... ok
[INFO] [stdout] test src/read_bytes.rs - read_bytes::i32::read_le_bytes (line 121) ... ok
[INFO] [stdout] test src/buf_read_ext.rs - buf_read_ext::BufReadExt::read_while (line 28) ... ok
[INFO] [stdout] test src/read_bytes.rs - read_bytes::i16::read_ne_bytes (line 128) ... ok
[INFO] [stdout] test src/read_bytes.rs - read_bytes::i64::read_be_bytes (line 121) ... ok
[INFO] [stdout] test src/read_bytes.rs - read_bytes::i8::read_be_bytes (line 121) ... ok
[INFO] [stdout] test src/read_bytes.rs - read_bytes::i32::read_be_bytes (line 121) ... ok
[INFO] [stdout] test src/read_bytes.rs - read_bytes::i32::read_ne_bytes (line 128) ... ok
[INFO] [stdout] test src/read_bytes.rs - read_bytes::i128::read_ne_bytes (line 128) ... ok
[INFO] [stdout] test src/read_bytes.rs - read_bytes::i64::read_ne_bytes (line 128) ... ok
[INFO] [stdout] test src/read_bytes.rs - read_bytes::i128::read_be_bytes (line 121) ... ok
[INFO] [stdout] test src/read_bytes.rs - read_bytes::i64::read_le_bytes (line 121) ... ok
[INFO] [stdout] test src/read_bytes.rs - read_bytes::i16::read_le_bytes (line 121) ... ok
[INFO] [stdout] test src/read_bytes.rs - read_bytes::i8::read_le_bytes (line 121) ... ok
[INFO] [stdout] test src/read_bytes.rs - read_bytes::i8::read_ne_bytes (line 128) ... ok
[INFO] [stdout] test src/read_bytes.rs - read_bytes::u128::read_le_bytes (line 120) ... ok
[INFO] [stdout] test src/read_bytes.rs - read_bytes::isize::read_ne_bytes (line 128) ... ok
[INFO] [stdout] test src/read_bytes.rs - read_bytes::u16::read_le_bytes (line 120) ... ok
[INFO] [stdout] test src/read_bytes.rs - read_bytes::isize::read_le_bytes (line 121) ... ok
[INFO] [stdout] test src/read_bytes.rs - read_bytes::u128::read_ne_bytes (line 127) ... ok
[INFO] [stdout] test src/read_bytes.rs - read_bytes::u32::read_be_bytes (line 120) ... ok
[INFO] [stdout] test src/read_bytes.rs - read_bytes::u32::read_ne_bytes (line 127) ... ok
[INFO] [stdout] test src/read_bytes.rs - read_bytes::u16::read_be_bytes (line 120) ... ok
[INFO] [stdout] test src/read_bytes.rs - read_bytes::u16::read_ne_bytes (line 127) ... ok
[INFO] [stdout] test src/read_bytes.rs - read_bytes::isize::read_be_bytes (line 121) ... ok
[INFO] [stdout] test src/read_bytes.rs - read_bytes::u128::read_be_bytes (line 120) ... ok
[INFO] [stdout] test src/read_bytes.rs - read_bytes::u32::read_le_bytes (line 120) ... ok
[INFO] [stdout] test src/read_bytes.rs - read_bytes::u64::read_be_bytes (line 120) ... ok
[INFO] [stdout] test src/read_bytes.rs - read_bytes::u64::read_le_bytes (line 120) ... ok
[INFO] [stdout] test src/read_bytes.rs - read_bytes::u64::read_ne_bytes (line 127) ... ok
[INFO] [stdout] test src/read_bytes.rs - read_bytes::u8::read_ne_bytes (line 127) ... ok
[INFO] [stdout] test src/read_bytes.rs - read_bytes::usize::read_ne_bytes (line 127) ... ok
[INFO] [stdout] test src/read_bytes.rs - read_bytes::u8::read_be_bytes (line 120) ... ok
[INFO] [stdout] test src/write_bytes.rs - write_bytes::i128::write_be_bytes (line 111) ... ok
[INFO] [stdout] test src/write_bytes.rs - write_bytes::i128::write_le_bytes (line 111) ... ok
[INFO] [stdout] test src/read_bytes.rs - read_bytes::usize::read_be_bytes (line 120) ... ok
[INFO] [stdout] test src/read_bytes.rs - read_bytes::u8::read_le_bytes (line 120) ... ok
[INFO] [stdout] test src/write_bytes.rs - write_bytes::i16::write_be_bytes (line 111) ... ok
[INFO] [stdout] test src/write_bytes.rs - write_bytes::i128::write_ne_bytes (line 118) ... ok
[INFO] [stdout] test src/write_bytes.rs - write_bytes::i16::write_ne_bytes (line 118) ... ok
[INFO] [stdout] test src/write_bytes.rs - write_bytes::i16::write_le_bytes (line 111) ... ok
[INFO] [stdout] test src/read_bytes.rs - read_bytes::usize::read_le_bytes (line 120) ... ok
[INFO] [stdout] test src/write_bytes.rs - write_bytes::i32::write_le_bytes (line 111) ... ok
[INFO] [stdout] test src/write_bytes.rs - write_bytes::i32::write_be_bytes (line 111) ... ok
[INFO] [stdout] test src/write_bytes.rs - write_bytes::i32::write_ne_bytes (line 118) ... ok
[INFO] [stdout] test src/write_bytes.rs - write_bytes::i64::write_be_bytes (line 111) ... ok
[INFO] [stdout] test src/write_bytes.rs - write_bytes::i64::write_le_bytes (line 111) ... ok
[INFO] [stdout] test src/write_bytes.rs - write_bytes::i64::write_ne_bytes (line 118) ... ok
[INFO] [stdout] test src/write_bytes.rs - write_bytes::isize::write_be_bytes (line 111) ... ok
[INFO] [stdout] test src/write_bytes.rs - write_bytes::isize::write_ne_bytes (line 118) ... ok
[INFO] [stdout] test src/write_bytes.rs - write_bytes::i8::write_ne_bytes (line 118) ... ok
[INFO] [stdout] test src/write_bytes.rs - write_bytes::i8::write_be_bytes (line 111) ... ok
[INFO] [stdout] test src/write_bytes.rs - write_bytes::i8::write_le_bytes (line 111) ... ok
[INFO] [stdout] test src/write_bytes.rs - write_bytes::isize::write_le_bytes (line 111) ... ok
[INFO] [stdout] test src/write_bytes.rs - write_bytes::u16::write_le_bytes (line 110) ... ok
[INFO] [stdout] test src/write_bytes.rs - write_bytes::u16::write_be_bytes (line 110) ... ok
[INFO] [stdout] test src/write_bytes.rs - write_bytes::u128::write_ne_bytes (line 117) ... ok
[INFO] [stdout] test src/write_bytes.rs - write_bytes::u128::write_be_bytes (line 110) ... ok
[INFO] [stdout] test src/write_bytes.rs - write_bytes::u128::write_le_bytes (line 110) ... ok
[INFO] [stdout] test src/write_bytes.rs - write_bytes::u16::write_ne_bytes (line 117) ... ok
[INFO] [stdout] test src/write_bytes.rs - write_bytes::u32::write_be_bytes (line 110) ... ok
[INFO] [stdout] test src/write_bytes.rs - write_bytes::u32::write_le_bytes (line 110) ... ok
[INFO] [stdout] test src/write_bytes.rs - write_bytes::u32::write_ne_bytes (line 117) ... ok
[INFO] [stdout] test src/write_bytes.rs - write_bytes::u64::write_le_bytes (line 110) ... ok
[INFO] [stdout] test src/write_bytes.rs - write_bytes::u64::write_be_bytes (line 110) ... ok
[INFO] [stdout] test src/write_bytes.rs - write_bytes::u64::write_ne_bytes (line 117) ... ok
[INFO] [stdout] test src/write_bytes.rs - write_bytes::u8::write_be_bytes (line 110) ... ok
[INFO] [stdout] test src/write_bytes.rs - write_bytes::u8::write_ne_bytes (line 117) ... ok
[INFO] [stdout] test src/write_bytes.rs - write_bytes::u8::write_le_bytes (line 110) ... ok
[INFO] [stdout] test src/write_bytes.rs - write_bytes::usize::write_be_bytes (line 110) ... ok
[INFO] [stdout] test src/write_bytes.rs - write_bytes::usize::write_le_bytes (line 110) ... ok
[INFO] [stdout] test src/write_bytes.rs - write_bytes::usize::write_ne_bytes (line 117) ... ok
[INFO] [stdout] 
[INFO] [stdout] failures:
[INFO] [stdout] 
[INFO] [stdout] ---- src/buf_read_ext.rs - buf_read_ext::BufReadExt::skip_until (line 166) stdout ----
[INFO] [stdout] error[E0034]: multiple applicable items in scope
[INFO] [stdout]    --> src/buf_read_ext.rs:174:24
[INFO] [stdout]     |
[INFO] [stdout] 174 | let num_bytes = cursor.skip_until(b'-').unwrap();
[INFO] [stdout]     |                        ^^^^^^^^^^ multiple `skip_until` found
[INFO] [stdout]     |
[INFO] [stdout]     = note: candidate #1 is defined in an impl of the trait `omnom::BufReadExt` for the type `T`
[INFO] [stdout]     = note: candidate #2 is defined in an impl of the trait `BufRead` for the type `std::io::Cursor<T>`
[INFO] [stdout] help: disambiguate the method for candidate #1
[INFO] [stdout]     |
[INFO] [stdout] 174 - let num_bytes = cursor.skip_until(b'-').unwrap();
[INFO] [stdout] 174 + let num_bytes = omnom::BufReadExt::skip_until(&mut cursor, b'-').unwrap();
[INFO] [stdout]     |
[INFO] [stdout] help: disambiguate the method for candidate #2
[INFO] [stdout]     |
[INFO] [stdout] 174 - let num_bytes = cursor.skip_until(b'-').unwrap();
[INFO] [stdout] 174 + let num_bytes = BufRead::skip_until(&mut cursor, b'-').unwrap();
[INFO] [stdout]     |
[INFO] [stdout] 
[INFO] [stdout] error: aborting due to 1 previous error
[INFO] [stdout] 
[INFO] [stdout] For more information about this error, try `rustc --explain E0034`.
[INFO] [stdout] Couldn't compile the test.
[INFO] [stdout] 
[INFO] [stdout] failures:
[INFO] [stdout]     src/buf_read_ext.rs - buf_read_ext::BufReadExt::skip_until (line 166)
[INFO] [stdout] 
[INFO] [stdout] test result: FAILED. 74 passed; 1 failed; 0 ignored; 0 measured; 0 filtered out; finished in 0.77s
[INFO] [stdout] 
[INFO] [stderr] error: doctest failed, to rerun pass `--doc`
[INFO] running `Command { std: "docker" "inspect" "de7dc8e7c75731b33bdaf8b8be58b5177e17de0d06ad996b15bd2eed80af9982", kill_on_drop: false }`
[INFO] running `Command { std: "docker" "rm" "-f" "de7dc8e7c75731b33bdaf8b8be58b5177e17de0d06ad996b15bd2eed80af9982", kill_on_drop: false }`
[INFO] [stdout] de7dc8e7c75731b33bdaf8b8be58b5177e17de0d06ad996b15bd2eed80af9982
