[INFO] fetching crate omnizip-ffi 0.21.117...
[INFO] testing omnizip-ffi-0.21.117 against 1.100.0-beta.1+cargoflags=--release for beta-release-1.100-2
[INFO] extracting crate omnizip-ffi 0.21.117 into /workspace/builds/worker-3-tc2/source
[INFO] started tweaking crates.io crate omnizip-ffi 0.21.117
[INFO] finished tweaking crates.io crate omnizip-ffi 0.21.117
[INFO] tweaked toml for crates.io crate omnizip-ffi 0.21.117 written to /workspace/builds/worker-3-tc2/source/Cargo.toml
[INFO] validating manifest of crates.io crate omnizip-ffi 0.21.117 on toolchain 1.100.0-beta.1
[INFO] running `Command { std: CARGO_HOME="/workspace/cargo-home" RUSTUP_HOME="/workspace/rustup-home" "/workspace/cargo-home/bin/cargo" "+1.100.0-beta.1" "metadata" "--manifest-path" "Cargo.toml" "--no-deps", kill_on_drop: false }`
[INFO] crate crates.io crate omnizip-ffi 0.21.117 already has a lockfile, it will not be regenerated
[INFO] running `Command { std: CARGO_HOME="/workspace/cargo-home" RUSTUP_HOME="/workspace/rustup-home" "/workspace/cargo-home/bin/cargo" "+1.100.0-beta.1" "fetch" "--manifest-path" "Cargo.toml", kill_on_drop: false }`
[INFO] running `Command { std: "docker" "create" "-v" "/var/lib/crater-agent-workspace/builds/worker-3-tc2/source:/opt/rustwide/workdir:ro,Z" "-v" "/var/lib/crater-agent-workspace/builds/worker-3-tc2/target:/opt/rustwide/target:rw,Z" "-v" "/var/lib/crater-agent-workspace/cargo-home:/opt/rustwide/cargo-home:ro,Z" "-v" "/var/lib/crater-agent-workspace/rustup-home:/opt/rustwide/rustup-home:ro,Z" "-m" "1610612736" "--network" "none" "ghcr.io/rust-lang/crates-build-env/linux@sha256:77db811e55d90add9212f6832c23229e3de5f1c1f9905e8cb07319ea15df73ac" "sleep" "infinity", kill_on_drop: false }`
[INFO] [stdout] f4f6c75acca1da6dbd5900ac8249c92444ae8cb5993b2e603bbec8a5b01b61fa
[INFO] running `Command { std: "docker" "start" "f4f6c75acca1da6dbd5900ac8249c92444ae8cb5993b2e603bbec8a5b01b61fa", kill_on_drop: false }`
[INFO] running `Command { std: "docker" "inspect" "f4f6c75acca1da6dbd5900ac8249c92444ae8cb5993b2e603bbec8a5b01b61fa", kill_on_drop: false }`
[INFO] running `Command { std: "docker" "exec" "-e" "SOURCE_DIR=/opt/rustwide/workdir" "-e" "CARGO_HOME=/opt/rustwide/cargo-home" "-e" "RUSTUP_HOME=/opt/rustwide/rustup-home" "-e" "CARGO_TARGET_DIR=/opt/rustwide/target" "-w" "/opt/rustwide/workdir" "--user" "0:0" "f4f6c75acca1da6dbd5900ac8249c92444ae8cb5993b2e603bbec8a5b01b61fa" "/opt/rustwide/cargo-home/bin/cargo" "+1.100.0-beta.1" "metadata" "--no-deps" "--format-version=1", kill_on_drop: false }`
[INFO] running `Command { std: "docker" "inspect" "f4f6c75acca1da6dbd5900ac8249c92444ae8cb5993b2e603bbec8a5b01b61fa", kill_on_drop: false }`
[INFO] running `Command { std: "docker" "exec" "-e" "SOURCE_DIR=/opt/rustwide/workdir" "-e" "CARGO_HOME=/opt/rustwide/cargo-home" "-e" "RUSTUP_HOME=/opt/rustwide/rustup-home" "-e" "CARGO_TARGET_DIR=/opt/rustwide/target" "-e" "CARGO_INCREMENTAL=0" "-e" "RUST_BACKTRACE=full" "-e" "RUSTFLAGS=--cap-lints=warn" "-e" "RUSTDOCFLAGS=--cap-lints=warn" "-w" "/opt/rustwide/workdir" "--user" "0:0" "f4f6c75acca1da6dbd5900ac8249c92444ae8cb5993b2e603bbec8a5b01b61fa" "/opt/rustwide/cargo-home/bin/cargo" "+1.100.0-beta.1" "build" "--frozen" "--message-format=json" "--release", kill_on_drop: false }`
[INFO] [stderr]    Compiling omnizip-codecs v0.21.117
[INFO] [stderr]    Compiling quick-xml v0.41.0
[INFO] [stderr]    Compiling digest v0.10.7
[INFO] [stderr]    Compiling aes v0.8.4
[INFO] [stderr]    Compiling ctr v0.9.2
[INFO] [stderr]    Compiling hmac v0.12.1
[INFO] [stderr]    Compiling md-5 v0.10.6
[INFO] [stderr]    Compiling sha2 v0.10.9
[INFO] [stderr]    Compiling sha1 v0.10.7
[INFO] [stderr]    Compiling pbkdf2 v0.12.2
[INFO] [stderr]    Compiling omnizip-crypto v0.21.117
[INFO] [stderr]    Compiling omnizip-filters v0.21.117
[INFO] [stderr]    Compiling omnizip-checksum v0.21.117
[INFO] [stderr]    Compiling omnizip-bzip2 v0.21.117
[INFO] [stderr]    Compiling omnizip-lzma v0.21.117
[INFO] [stderr]    Compiling omnizip-libdeflate v0.21.117
[INFO] [stderr]    Compiling omnizip-zstd v0.21.117
[INFO] [stderr]    Compiling omnizip-archive-core v0.21.117
[INFO] [stderr]    Compiling omnizip-cpio v0.21.117
[INFO] [stderr]    Compiling omnizip-sevenzip v0.21.117
[INFO] [stderr]    Compiling omnizip-iso v0.21.117
[INFO] [stderr]    Compiling omnizip-ole v0.21.117
[INFO] [stderr]    Compiling omnizip-rar v0.21.117
[INFO] [stderr]    Compiling omnizip-xar v0.21.117
[INFO] [stderr]    Compiling omnizip-rpm v0.21.117
[INFO] [stderr]    Compiling omnizip-zip v0.21.117
[INFO] [stderr]    Compiling omnizip-tar v0.21.117
[INFO] [stderr]    Compiling omnizip-ppmd v0.21.117
[INFO] [stderr]    Compiling omnizip-deflate64 v0.21.117
[INFO] [stderr]    Compiling omnizip-ffi v0.21.117 (/opt/rustwide/workdir)
[INFO] [stderr]     Finished `release` profile [optimized] target(s) in 31.15s
[INFO] running `Command { std: "docker" "inspect" "f4f6c75acca1da6dbd5900ac8249c92444ae8cb5993b2e603bbec8a5b01b61fa", kill_on_drop: false }`
[INFO] running `Command { std: "docker" "exec" "-e" "SOURCE_DIR=/opt/rustwide/workdir" "-e" "CARGO_HOME=/opt/rustwide/cargo-home" "-e" "RUSTUP_HOME=/opt/rustwide/rustup-home" "-e" "CARGO_TARGET_DIR=/opt/rustwide/target" "-e" "CARGO_INCREMENTAL=0" "-e" "RUST_BACKTRACE=full" "-e" "RUSTFLAGS=--cap-lints=warn" "-e" "RUSTDOCFLAGS=--cap-lints=warn" "-w" "/opt/rustwide/workdir" "--user" "0:0" "f4f6c75acca1da6dbd5900ac8249c92444ae8cb5993b2e603bbec8a5b01b61fa" "/opt/rustwide/cargo-home/bin/cargo" "+1.100.0-beta.1" "test" "--frozen" "--no-run" "--message-format=json" "--release", kill_on_drop: false }`
[INFO] [stderr]    Compiling omnizip-ffi v0.21.117 (/opt/rustwide/workdir)
[INFO] [stderr]     Finished `release` profile [optimized] target(s) in 1.70s
[INFO] running `Command { std: "docker" "inspect" "f4f6c75acca1da6dbd5900ac8249c92444ae8cb5993b2e603bbec8a5b01b61fa", kill_on_drop: false }`
[INFO] running `Command { std: "docker" "exec" "-e" "SOURCE_DIR=/opt/rustwide/workdir" "-e" "CARGO_HOME=/opt/rustwide/cargo-home" "-e" "RUSTUP_HOME=/opt/rustwide/rustup-home" "-e" "CARGO_TARGET_DIR=/opt/rustwide/target" "-e" "CARGO_INCREMENTAL=0" "-e" "RUST_BACKTRACE=full" "-e" "RUSTFLAGS=--cap-lints=warn" "-e" "RUSTDOCFLAGS=--cap-lints=warn" "-w" "/opt/rustwide/workdir" "--user" "0:0" "f4f6c75acca1da6dbd5900ac8249c92444ae8cb5993b2e603bbec8a5b01b61fa" "/opt/rustwide/cargo-home/bin/cargo" "+1.100.0-beta.1" "test" "--frozen" "--release", kill_on_drop: false }`
[INFO] [stderr]     Finished `release` profile [optimized] target(s) in 0.06s
[INFO] [stderr]      Running unittests src/lib.rs (/opt/rustwide/target/release/build/omnizip-ffi/92146e6b32f973b8/out/omnizip_ffi-92146e6b32f973b8)
[INFO] [stdout] 
[INFO] [stdout] running 10 tests
[INFO] [stdout] test tests::empty_and_tiny_inputs ... ok
[INFO] [stdout] test tests::unknown_codec_sets_last_error ... ok
[INFO] [stdout] test tests::version_is_nul_terminated_semver ... ok
[INFO] [stdout] test tests::wrong_expected_len_errors ... ok
[INFO] [stdout] test tests::archive_handle_round_trips ... ok
[INFO] [stdout] test tests::lzip_decodes_unknown_length ... FAILED
[INFO] [stdout] test tests::archive_handle_fuzz_no_panics ... ok
[INFO] [stdout] test tests::unknown_length_paths_cover_new_codecs ... ok
[INFO] [stdout] test tests::unknown_length_decodes_all_codecs ... ok
[INFO] [stdout] test tests::roundtrips_all_codecs ... ok
[INFO] [stdout] 
[INFO] [stdout] failures:
[INFO] [stdout] 
[INFO] [stdout] ---- tests::lzip_decodes_unknown_length stdout ----
[INFO] [stdout] 
[INFO] [stdout] thread 'tests::lzip_decodes_unknown_length' (642) panicked at src/lib.rs:895:10:
[INFO] [stdout] called `Result::unwrap()` on an `Err` value: Os { code: 2, kind: NotFound, message: "No such file or directory" }
[INFO] [stdout] stack backtrace:
[INFO] [stdout]    0:     0x564c233e1a81 - <<std[617be2ca0a6fd877]::sys::backtrace::BacktraceLock>::print::DisplayBacktrace as core[a373ad73a504971]::fmt::Display>::fmt
[INFO] [stdout]    1:     0x564c233f7bca - core[a373ad73a504971]::fmt::write
[INFO] [stdout]    2:     0x564c233e5d0c - <alloc[2e1b2a31b91974c5]::vec::Vec<u8> as core[a373ad73a504971]::io::write::Write>::write_fmt
[INFO] [stdout]    3:     0x564c233bc986 - std[617be2ca0a6fd877]::panicking::default_hook::{closure#0}
[INFO] [stdout]    4:     0x564c233d9739 - std[617be2ca0a6fd877]::panicking::default_hook
[INFO] [stdout]    5:     0x564c232eb3b0 - test[aada8e7e76ba119b]::test_main_inner::{closure#0}
[INFO] [stdout]    6:     0x564c233d9a62 - std[617be2ca0a6fd877]::panicking::panic_with_hook
[INFO] [stdout]    7:     0x564c233bca32 - std[617be2ca0a6fd877]::panicking::panic_handler::{closure#0}
[INFO] [stdout]    8:     0x564c233b5439 - std[617be2ca0a6fd877]::sys::backtrace::__rust_end_short_backtrace::<std[617be2ca0a6fd877]::panicking::panic_handler::{closure#0}, !>
[INFO] [stdout]    9:     0x564c233bd72d - __rustc[ea4f61d10b84890b]::rust_begin_unwind
[INFO] [stdout]   10:     0x564c233f832c - core[a373ad73a504971]::panicking::panic_fmt
[INFO] [stdout]   11:     0x564c233f8102 - core[a373ad73a504971]::result::unwrap_failed
[INFO] [stdout]   12:     0x564c2328418f - <omnizip_ffi[e154edef2efe57d3]::tests::lzip_decodes_unknown_length::{closure#0} as core[a373ad73a504971]::ops::function::FnOnce<()>>::call_once
[INFO] [stdout]   13:     0x564c232de7fb - test[aada8e7e76ba119b]::__rust_begin_short_backtrace::<core[a373ad73a504971]::result::Result<(), alloc[2e1b2a31b91974c5]::string::String>, fn() -> core[a373ad73a504971]::result::Result<(), alloc[2e1b2a31b91974c5]::string::String>>
[INFO] [stdout]   14:     0x564c232eb9d5 - test[aada8e7e76ba119b]::run_test::{closure#0}
[INFO] [stdout]   15:     0x564c232e52c4 - std[617be2ca0a6fd877]::sys::backtrace::__rust_begin_short_backtrace::<test[aada8e7e76ba119b]::run_test::{closure#1}, ()>
[INFO] [stdout]   16:     0x564c232eea62 - <std[617be2ca0a6fd877]::thread::lifecycle::spawn_unchecked<test[aada8e7e76ba119b]::run_test::{closure#1}, ()>::{closure#1} as core[a373ad73a504971]::ops::function::FnOnce<()>>::call_once::{shim:vtable#0}
[INFO] [stdout]   17:     0x564c233e0ddf - <std[617be2ca0a6fd877]::sys::thread::unix::Thread>::new::thread_start
[INFO] [stdout]   18:     0x70fc1f3addfa - <unknown>
[INFO] [stdout]   19:     0x70fc1f4413d4 - clone
[INFO] [stdout]   20:                0x0 - <unknown>
[INFO] [stdout] 
[INFO] [stdout] 
[INFO] [stdout] failures:
[INFO] [stdout]     tests::lzip_decodes_unknown_length
[INFO] [stdout] 
[INFO] [stdout] test result: FAILED. 9 passed; 1 failed; 0 ignored; 0 measured; 0 filtered out; finished in 0.34s
[INFO] [stdout] 
[INFO] [stderr] error: test failed, to rerun pass `--lib`
[INFO] running `Command { std: "docker" "inspect" "f4f6c75acca1da6dbd5900ac8249c92444ae8cb5993b2e603bbec8a5b01b61fa", kill_on_drop: false }`
[INFO] running `Command { std: "docker" "rm" "-f" "f4f6c75acca1da6dbd5900ac8249c92444ae8cb5993b2e603bbec8a5b01b61fa", kill_on_drop: false }`
[INFO] [stdout] f4f6c75acca1da6dbd5900ac8249c92444ae8cb5993b2e603bbec8a5b01b61fa
