[INFO] fetching crate omniference 0.3.4...
[INFO] testing omniference-0.3.4 against 1.99.0-beta.8+cargoflags=--release for beta-release-1.100-2
[INFO] extracting crate omniference 0.3.4 into /workspace/builds/worker-0-tc1/source
[INFO] started tweaking crates.io crate omniference 0.3.4
[INFO] removed 0 missing examples
[INFO] removed 0 missing tests
[INFO] finished tweaking crates.io crate omniference 0.3.4
[INFO] tweaked toml for crates.io crate omniference 0.3.4 written to /workspace/builds/worker-0-tc1/source/Cargo.toml
[INFO] validating manifest of crates.io crate omniference 0.3.4 on toolchain 1.99.0-beta.8
[INFO] running `Command { std: CARGO_HOME="/workspace/cargo-home" RUSTUP_HOME="/workspace/rustup-home" "/workspace/cargo-home/bin/cargo" "+1.99.0-beta.8" "metadata" "--manifest-path" "Cargo.toml" "--no-deps", kill_on_drop: false }`
[INFO] crate crates.io crate omniference 0.3.4 already has a lockfile, it will not be regenerated
[INFO] running `Command { std: CARGO_HOME="/workspace/cargo-home" RUSTUP_HOME="/workspace/rustup-home" "/workspace/cargo-home/bin/cargo" "+1.99.0-beta.8" "fetch" "--manifest-path" "Cargo.toml", kill_on_drop: false }`
[INFO] [stderr]     Updating crates.io index
[INFO] [stderr]  Downloading crates ...
[INFO] [stderr]   Downloaded tokio-tungstenite v0.21.0
[INFO] [stderr]   Downloaded typemap_rev v0.3.0
[INFO] [stderr]   Downloaded tungstenite v0.21.0
[INFO] [stderr]   Downloaded serde_cow v0.1.2
[INFO] [stderr]   Downloaded wasm-bindgen-futures v0.4.51
[INFO] [stderr]   Downloaded cc v1.2.36
[INFO] [stderr]   Downloaded tempfile v3.22.0
[INFO] [stderr]   Downloaded time v0.3.43
[INFO] [stderr]   Downloaded serenity v0.12.4
[INFO] running `Command { std: "docker" "create" "-v" "/var/lib/crater-agent-workspace/builds/worker-0-tc1/source:/opt/rustwide/workdir:ro,Z" "-v" "/var/lib/crater-agent-workspace/builds/worker-0-tc1/target:/opt/rustwide/target:rw,Z" "-v" "/var/lib/crater-agent-workspace/cargo-home:/opt/rustwide/cargo-home:ro,Z" "-v" "/var/lib/crater-agent-workspace/rustup-home:/opt/rustwide/rustup-home:ro,Z" "-m" "1610612736" "--network" "none" "ghcr.io/rust-lang/crates-build-env/linux@sha256:77db811e55d90add9212f6832c23229e3de5f1c1f9905e8cb07319ea15df73ac" "sleep" "infinity", kill_on_drop: false }`
[INFO] [stdout] b8934cf8e03d9bde4c803b6abb58895ba5b0d1540f990a7b17ccccd84f94a347
[INFO] running `Command { std: "docker" "start" "b8934cf8e03d9bde4c803b6abb58895ba5b0d1540f990a7b17ccccd84f94a347", kill_on_drop: false }`
[INFO] running `Command { std: "docker" "inspect" "b8934cf8e03d9bde4c803b6abb58895ba5b0d1540f990a7b17ccccd84f94a347", kill_on_drop: false }`
[INFO] running `Command { std: "docker" "exec" "-e" "SOURCE_DIR=/opt/rustwide/workdir" "-e" "CARGO_HOME=/opt/rustwide/cargo-home" "-e" "RUSTUP_HOME=/opt/rustwide/rustup-home" "-e" "CARGO_TARGET_DIR=/opt/rustwide/target" "-w" "/opt/rustwide/workdir" "--user" "0:0" "b8934cf8e03d9bde4c803b6abb58895ba5b0d1540f990a7b17ccccd84f94a347" "/opt/rustwide/cargo-home/bin/cargo" "+1.99.0-beta.8" "metadata" "--no-deps" "--format-version=1", kill_on_drop: false }`
[INFO] running `Command { std: "docker" "inspect" "b8934cf8e03d9bde4c803b6abb58895ba5b0d1540f990a7b17ccccd84f94a347", kill_on_drop: false }`
[INFO] running `Command { std: "docker" "exec" "-e" "SOURCE_DIR=/opt/rustwide/workdir" "-e" "CARGO_HOME=/opt/rustwide/cargo-home" "-e" "RUSTUP_HOME=/opt/rustwide/rustup-home" "-e" "CARGO_TARGET_DIR=/opt/rustwide/target" "-e" "CARGO_INCREMENTAL=0" "-e" "RUST_BACKTRACE=full" "-e" "RUSTFLAGS=--cap-lints=warn" "-e" "RUSTDOCFLAGS=--cap-lints=warn" "-w" "/opt/rustwide/workdir" "--user" "0:0" "b8934cf8e03d9bde4c803b6abb58895ba5b0d1540f990a7b17ccccd84f94a347" "/opt/rustwide/cargo-home/bin/cargo" "+1.99.0-beta.8" "build" "--frozen" "--message-format=json" "--release", kill_on_drop: false }`
[INFO] [stderr]    Compiling quote v1.0.40
[INFO] [stderr]    Compiling libc v0.2.175
[INFO] [stderr]    Compiling memchr v2.7.5
[INFO] [stderr]    Compiling serde_core v1.0.229
[INFO] [stderr]    Compiling find-msvc-tools v0.1.1
[INFO] [stderr]    Compiling hashbrown v0.15.5
[INFO] [stderr]    Compiling writeable v0.6.1
[INFO] [stderr]    Compiling litemap v0.8.0
[INFO] [stderr]    Compiling icu_normalizer_data v2.0.0
[INFO] [stderr]    Compiling icu_properties_data v2.0.1
[INFO] [stderr]    Compiling openssl v0.10.73
[INFO] [stderr]    Compiling native-tls v0.2.14
[INFO] [stderr]    Compiling serde_json v1.0.143
[INFO] [stderr]    Compiling regex-syntax v0.8.6
[INFO] [stderr]    Compiling iri-string v0.7.8
[INFO] [stderr]    Compiling anyhow v1.0.99
[INFO] [stderr]    Compiling rustls-pki-types v1.12.0
[INFO] [stderr]    Compiling encoding_rs v0.8.35
[INFO] [stderr]    Compiling thread_local v1.1.9
[INFO] [stderr]    Compiling nu-ansi-term v0.50.1
[INFO] [stderr]    Compiling dotenvy v0.15.7
[INFO] [stderr]    Compiling syn v2.0.106
[INFO] [stderr]    Compiling syn v3.0.3
[INFO] [stderr]    Compiling cc v1.2.36
[INFO] [stderr]    Compiling include_dir_macros v0.7.4
[INFO] [stderr]    Compiling aho-corasick v1.1.3
[INFO] [stderr]    Compiling include_dir v0.7.4
[INFO] [stderr]    Compiling indexmap v2.11.1
[INFO] [stderr]    Compiling parking_lot_core v0.9.11
[INFO] [stderr]    Compiling mio v1.0.4
[INFO] [stderr]    Compiling socket2 v0.6.0
[INFO] [stderr]    Compiling signal-hook-registry v1.4.6
[INFO] [stderr]    Compiling getrandom v0.3.3
[INFO] [stderr]    Compiling parking_lot v0.12.4
[INFO] [stderr]    Compiling openssl-sys v0.9.109
[INFO] [stderr]    Compiling serde_derive v1.0.229
[INFO] [stderr]    Compiling regex-automata v0.4.10
[INFO] [stderr]    Compiling serde v1.0.229
[INFO] [stderr]    Compiling toml_datetime v0.6.11
[INFO] [stderr]    Compiling serde_spanned v0.6.9
[INFO] [stderr]    Compiling serde_urlencoded v0.7.1
[INFO] [stderr]    Compiling serde_path_to_error v0.1.17
[INFO] [stderr]    Compiling uuid v1.18.1
[INFO] [stderr]    Compiling toml_edit v0.22.27
[INFO] [stderr]    Compiling synstructure v0.13.2
[INFO] [stderr]    Compiling zerovec-derive v0.11.1
[INFO] [stderr]    Compiling tokio-macros v2.5.0
[INFO] [stderr]    Compiling displaydoc v0.2.5
[INFO] [stderr]    Compiling tracing-attributes v0.1.30
[INFO] [stderr]    Compiling futures-macro v0.3.31
[INFO] [stderr]    Compiling openssl-macros v0.1.1
[INFO] [stderr]    Compiling thiserror-impl v1.0.69
[INFO] [stderr]    Compiling async-stream-impl v0.3.6
[INFO] [stderr]    Compiling async-trait v0.1.89
[INFO] [stderr]    Compiling zerofrom-derive v0.1.6
[INFO] [stderr]    Compiling yoke-derive v0.8.0
[INFO] [stderr]    Compiling async-stream v0.3.6
[INFO] [stderr]    Compiling tokio v1.47.1
[INFO] [stderr]    Compiling futures-util v0.3.31
[INFO] [stderr]    Compiling tracing v0.1.41
[INFO] [stderr]    Compiling thiserror v1.0.69
[INFO] [stderr]    Compiling zerofrom v0.1.6
[INFO] [stderr]    Compiling yoke v0.8.0
[INFO] [stderr]    Compiling axum-core v0.5.6
[INFO] [stderr]    Compiling matchers v0.2.0
[INFO] [stderr]    Compiling regex v1.11.2
[INFO] [stderr]    Compiling tracing-subscriber v0.3.20
[INFO] [stderr]    Compiling zerovec v0.11.4
[INFO] [stderr]    Compiling zerotrie v0.2.2
[INFO] [stderr]    Compiling tinystr v0.8.1
[INFO] [stderr]    Compiling icu_locale_core v2.0.0
[INFO] [stderr]    Compiling potential_utf v0.1.3
[INFO] [stderr]    Compiling icu_collections v2.0.0
[INFO] [stderr]    Compiling toml v0.8.23
[INFO] [stderr]    Compiling icu_provider v2.0.0
[INFO] [stderr]    Compiling icu_normalizer v2.0.0
[INFO] [stderr]    Compiling icu_properties v2.0.1
[INFO] [stderr]    Compiling futures-executor v0.3.31
[INFO] [stderr]    Compiling futures v0.3.31
[INFO] [stderr]    Compiling idna_adapter v1.2.1
[INFO] [stderr]    Compiling idna v1.1.0
[INFO] [stderr]    Compiling url v2.5.7
[INFO] [stderr]    Compiling tokio-util v0.7.16
[INFO] [stderr]    Compiling tower v0.5.2
[INFO] [stderr]    Compiling tokio-native-tls v0.3.1
[INFO] [stderr]    Compiling tokio-stream v0.1.17
[INFO] [stderr]    Compiling tower-http v0.6.6
[INFO] [stderr]    Compiling h2 v0.4.12
[INFO] [stderr]    Compiling hyper v1.7.0
[INFO] [stderr]    Compiling hyper-util v0.1.16
[INFO] [stderr]    Compiling hyper-tls v0.6.0
[INFO] [stderr]    Compiling axum v0.8.9
[INFO] [stderr]    Compiling reqwest v0.12.23
[INFO] [stderr]    Compiling omniference v0.3.4 (/opt/rustwide/workdir)
[INFO] [stderr]     Finished `release` profile [optimized] target(s) in 2m 31s
[INFO] running `Command { std: "docker" "inspect" "b8934cf8e03d9bde4c803b6abb58895ba5b0d1540f990a7b17ccccd84f94a347", kill_on_drop: false }`
[INFO] running `Command { std: "docker" "exec" "-e" "SOURCE_DIR=/opt/rustwide/workdir" "-e" "CARGO_HOME=/opt/rustwide/cargo-home" "-e" "RUSTUP_HOME=/opt/rustwide/rustup-home" "-e" "CARGO_TARGET_DIR=/opt/rustwide/target" "-e" "CARGO_INCREMENTAL=0" "-e" "RUST_BACKTRACE=full" "-e" "RUSTFLAGS=--cap-lints=warn" "-e" "RUSTDOCFLAGS=--cap-lints=warn" "-w" "/opt/rustwide/workdir" "--user" "0:0" "b8934cf8e03d9bde4c803b6abb58895ba5b0d1540f990a7b17ccccd84f94a347" "/opt/rustwide/cargo-home/bin/cargo" "+1.99.0-beta.8" "test" "--frozen" "--no-run" "--message-format=json" "--release", kill_on_drop: false }`
[INFO] [stderr]    Compiling omniference v0.3.4 (/opt/rustwide/workdir)
[INFO] [stderr]     Finished `release` profile [optimized] target(s) in 55.18s
[INFO] running `Command { std: "docker" "inspect" "b8934cf8e03d9bde4c803b6abb58895ba5b0d1540f990a7b17ccccd84f94a347", kill_on_drop: false }`
[INFO] running `Command { std: "docker" "exec" "-e" "SOURCE_DIR=/opt/rustwide/workdir" "-e" "CARGO_HOME=/opt/rustwide/cargo-home" "-e" "RUSTUP_HOME=/opt/rustwide/rustup-home" "-e" "CARGO_TARGET_DIR=/opt/rustwide/target" "-e" "CARGO_INCREMENTAL=0" "-e" "RUST_BACKTRACE=full" "-e" "RUSTFLAGS=--cap-lints=warn" "-e" "RUSTDOCFLAGS=--cap-lints=warn" "-w" "/opt/rustwide/workdir" "--user" "0:0" "b8934cf8e03d9bde4c803b6abb58895ba5b0d1540f990a7b17ccccd84f94a347" "/opt/rustwide/cargo-home/bin/cargo" "+1.99.0-beta.8" "test" "--frozen" "--release", kill_on_drop: false }`
[INFO] [stderr]     Finished `release` profile [optimized] target(s) in 0.20s
[INFO] [stderr]      Running unittests src/lib.rs (/opt/rustwide/target/release/deps/omniference-d41e2a3146528ca8)
[INFO] [stdout] 
[INFO] [stdout] running 1 test
[INFO] [stdout] test image::tests::openai_response_preserves_input_count_and_named_output_fields ... ok
[INFO] [stdout] 
[INFO] [stdout] test result: ok. 1 passed; 0 failed; 0 ignored; 0 measured; 0 filtered out; finished in 0.00s
[INFO] [stdout] 
[INFO] [stderr]      Running unittests src/main.rs (/opt/rustwide/target/release/deps/omniference-8b210c1de30390f5)
[INFO] [stdout] 
[INFO] [stdout] running 0 tests
[INFO] [stdout] 
[INFO] [stdout] test result: ok. 0 passed; 0 failed; 0 ignored; 0 measured; 0 filtered out; finished in 0.00s
[INFO] [stdout] 
[INFO] [stderr]      Running tests/main.rs (/opt/rustwide/target/release/deps/omniference_tests-6780a1b4ae40cf68)
[INFO] [stdout] 
[INFO] [stdout] running 168 tests
[INFO] [stdout] test integration::endpoints::openai_responses_endpoint::test_tool_usage_request ... ok
[INFO] [stdout] test integration::endpoints::openai_responses_endpoint::test_openai_compatible_chat_completions ... ok
[INFO] [stdout] test integration::endpoints::openai_responses_endpoint::test_comprehensive_openai_responses_request ... ok
[INFO] [stdout] test integration::endpoints::openai_responses_endpoint::test_minimal_openai_responses_request ... ok
[INFO] [stdout] test integration::endpoints::openai_responses_endpoint::test_cross_provider_consistency ... ok
[INFO] [stdout] test integration::endpoints::openai_responses_endpoint::test_streaming_openai_responses_request ... ok
[INFO] [stdout] test integration::server::http_endpoints::test_chat_endpoint_invalid_model ... ok
[INFO] [stdout] test integration::server::http_endpoints::test_chat_endpoint_malformed_request ... ok
[INFO] [stdout] test integration::server::http_endpoints::test_invalid_endpoint ... ok
[INFO] [stdout] test integration::server::http_endpoints::test_models_endpoint_openai ... ok
[INFO] [stdout] test integration::server::server_lifecycle::test_server_service_access ... ok
[INFO] [stdout] test integration::service::image_wrappers::engine_image_delegates_to_service ... ok
[INFO] [stdout] test integration::server::server_lifecycle::test_server_creation ... ok
[INFO] [stdout] test integration::server::server_provider_management::test_server_add_provider ... FAILED
[INFO] [stdout] test integration::endpoints::ollama_endpoint::test_ollama_model_discovery ... ok
[INFO] [stdout] test integration::server::server_lifecycle::test_server_app_creation ... ok
[INFO] [stdout] test integration::server::http_endpoints::bearer_authentication_protects_all_routes ... ok
[INFO] [stdout] test integration::server::http_endpoints::changing_security_config_rebuilds_cached_router ... ok
[INFO] [stdout] test integration::server::http_endpoints::test_health_endpoint ... ok
[INFO] [stdout] test integration::server::server_provider_management::test_server_add_multiple_providers ... FAILED
[INFO] [stdout] test integration::server::server_provider_management::builder_with_provider_registers_the_provider ... ok
[INFO] [stdout] test integration::server::http_endpoints::test_models_endpoint_openai_compatible ... ok
[INFO] [stdout] test integration::service::image_wrappers::service_image_delegates_and_records_provider_cost ... ok
[INFO] [stdout] test integration::service::model_discovery::discovery_runs_provider_requests_concurrently ... ok
[INFO] [stdout] test integration::service::image_wrappers::service_image_preserves_missing_adapter_category ... ok
[INFO] [stdout] test integration::service::middleware_integration::test_service_add_middleware ... ok
[INFO] [stdout] test integration::service::model_discovery::model_resolution_rejects_ambiguous_or_display_only_names ... ok
[INFO] [stdout] test integration::service::model_discovery::discovered_model_resolves_to_native_id_and_exact_provider ... ok
[INFO] [stdout] test integration::service::middleware_integration::skin_context_executes_service_middleware ... ok
[INFO] [stdout] test integration::service::middleware_integration::test_service_add_multiple_middlewares ... ok
[INFO] [stdout] test integration::service::model_discovery::newer_discovery_cannot_be_overwritten_by_an_older_attempt ... ok
[INFO] [stdout] test tests::test_suite_loads ... ok
[INFO] [stdout] test unit::adapters::adapter_properties::test_all_adapters_have_unique_provider_kinds ... ok
[INFO] [stdout] test unit::adapters::gemini_interactions::discovery_uses_v1_header_auth_and_pagination ... ok
[INFO] [stdout] test unit::adapters::gemini_interactions::native_image_uses_interactions ... ok
[INFO] [stdout] test unit::adapters::gemini_interactions::removed_v1_sampling_fields_fail_before_transport ... ok
[INFO] [stdout] test unit::adapters::gemini_interactions::streaming_interaction_accumulates_function_arguments ... ok
[INFO] [stdout] test unit::adapters::gemini_interactions::unary_interaction_maps_history_tools_and_usage ... ok
[INFO] [stdout] test unit::adapters::openai_chat_completions::accepts_all_documented_chat_completion_enum_values ... ok
[INFO] [stdout] test unit::adapters::openai_chat_completions::forwards_every_chat_completion_property_losslessly ... ok
[INFO] [stdout] test unit::adapters::openai_chat_completions::forwards_every_responses_property_and_preserves_raw_response ... ok
[INFO] [stdout] test integration::service::model_discovery::models_endpoint_reads_cache_without_refreshing_providers ... ok
[INFO] [stdout] test integration::service::model_discovery::successful_provider_is_committed_while_another_provider_is_blocked ... ok
[INFO] [stdout] test unit::adapters::openai_response_serialization::test_openai_response_deserialization_complete ... ok
[INFO] [stdout] test unit::adapters::openai_response_serialization::test_openai_response_deserialization_minimal ... ok
[INFO] [stdout] test unit::adapters::openai_response_serialization::test_openai_response_serialization_roundtrip ... ok
[INFO] [stdout] test unit::adapters::openai_response_serialization::test_openai_response_with_annotations ... ok
[INFO] [stdout] test unit::adapters::openai_response_serialization::test_openai_response_with_refusal ... ok
[INFO] [stdout] test unit::adapters::openai_response_serialization::test_openai_response_with_usage_details ... ok
[INFO] [stdout] test integration::service::model_discovery::discovery_discards_results_from_reconfigured_provider ... ok
[INFO] [stdout] test unit::catalog::catalog_merge_keeps_reasoning_budget_representations_consistent ... ok
[INFO] [stdout] test unit::catalog::cost_compute_does_not_double_count_reasoning_without_distinct_rate ... ok
[INFO] [stdout] test unit::catalog::cost_compute_skips_missing_cache_write_rate ... ok
[INFO] [stdout] test unit::catalog::cost_compute_splits_distinct_reasoning_rate_and_uses_cache ... ok
[INFO] [stdout] test unit::catalog::higher_catalog_layer_can_disable_reasoning_metadata ... ok
[INFO] [stdout] test unit::catalog::model_id_normalization_strips_date_suffixes ... ok
[INFO] [stdout] test unit::catalog::raw_entry_converts_modelsdev_reasoning_options ... ok
[INFO] [stdout] test unit::catalog::raw_entry_converts_pricing_modalities_limits_and_capabilities ... ok
[INFO] [stdout] test unit::catalog::raw_entry_derives_reasoning_range_from_legacy_capability ... ok
[INFO] [stdout] test unit::catalog::raw_entry_preserves_non_enum_reasoning_budget_range ... ok
[INFO] [stdout] test unit::catalog::raw_entry_preserves_valid_one_sided_reasoning_budget_ranges ... ok
[INFO] [stdout] test unit::catalog::raw_entry_rejects_invalid_reasoning_budget_ranges ... ok
[INFO] [stdout] test unit::catalog::reasoning_only_override_preserves_unrelated_capabilities ... ok
[INFO] [stdout] test unit::catalog::snapshot_has_expected_modelsdev_shape ... ok
[INFO] [stdout] test integration::service::model_discovery::discovery_reports_partial_failures_and_skips_disabled_providers ... ok
[INFO] [stdout] test unit::cost::computes_cost_when_stream_ends_without_done ... ok
[INFO] [stdout] test unit::cost::does_not_record_zero_cost_when_done_has_no_usage ... ok
[INFO] [stdout] test unit::cost::queued_cost_sink_preserves_records_beyond_old_queue_capacity ... ok
[INFO] [stdout] test unit::cost::provider_cost_wins_over_programmatic_override ... ok
[INFO] [stdout] test unit::cost::records_cost_when_consumer_drops_stream ... ok
[INFO] [stdout] test unit::cost::queued_terminal_usage_survives_early_provider_cost_and_covers_all_endings ... ok
[INFO] [stdout] test unit::cost::records_usage_and_metadata_when_model_pricing_is_unknown ... ok
[INFO] [stdout] test unit::cost::terminal_usage_survives_early_provider_cost_and_covers_all_endings ... ok
[INFO] [stdout] test unit::date_suffixed_models::date_suffixed_models_tests::test_normalize_model_id_case_insensitive ... ok
[INFO] [stdout] test unit::date_suffixed_models::date_suffixed_models_tests::test_normalize_model_id_o1_without_date ... ok
[INFO] [stdout] test unit::date_suffixed_models::date_suffixed_models_tests::test_normalize_model_id_multiple_dates ... ok
[INFO] [stdout] test unit::date_suffixed_models::date_suffixed_models_tests::test_normalize_model_id_with_compact_date ... ok
[INFO] [stdout] test unit::date_suffixed_models::date_suffixed_models_tests::test_normalize_model_id_with_hyphenated_date ... ok
[INFO] [stdout] test unit::date_suffixed_models::date_suffixed_models_tests::test_normalize_model_id_without_date ... ok
[INFO] [stdout] test unit::gateway_protocol::openai_limit_and_request_id_headers_are_protocol_owned ... ok
[INFO] [stdout] test unit::gateway_protocol::openai_sse_errors_use_the_public_skin_and_hide_upstream_details ... ok
[INFO] [stdout] test unit::gateway_protocol::backing_provider_errors_cannot_leak_messages_or_headers ... ok
[INFO] [stdout] test unit::library::internal_and_transport_messages_are_client_safe ... ok
[INFO] [stdout] test unit::library::library_exposes_an_empty_adapter_registry ... ok
[INFO] [stdout] test unit::middleware::cancellation_tests::dropping_wrapped_stream_cancels_request ... ok
[INFO] [stdout] test unit::library::stream_error_codes_preserve_inference_categories ... ok
[INFO] [stdout] test unit::middleware::middleware_chain_tests::test_middleware_chain_invokes_middleware ... ok
[INFO] [stdout] test unit::middleware::middleware_chain_tests::test_middleware_chain_passes_to_handler ... ok
[INFO] [stdout] test unit::middleware::logging_middleware_tests::test_logging_middleware_creation ... ok
[INFO] [stdout] test unit::openrouter_adapter::does_not_synthesize_placeholder_for_valid_history ... ok
[INFO] [stdout] test unit::openrouter_adapter::explicit_zero_provider_cost_remains_authoritative ... ok
[INFO] [stdout] test unit::openrouter_adapter::keeps_tool_result_after_its_own_assistant ... ok
[INFO] [stdout] test unit::middleware::middleware_chain_tests::test_multiple_middleware_execution_order ... ok
[INFO] [stdout] test unit::openrouter_catalog::openrouter_catalog_meta::endpoint_percentiles_accept_null_for_unauthenticated_responses ... ok
[INFO] [stdout] test unit::openrouter_catalog::openrouter_catalog_meta::endpoint_url_uses_bare_author_slug ... ok
[INFO] [stdout] test unit::openrouter_catalog::openrouter_catalog_meta::endpoints_response_deserializes ... ok
[INFO] [stdout] test unit::openrouter_catalog::openrouter_catalog_meta::pricing_is_not_dropped_and_scales_to_per_million ... ok
[INFO] [stdout] test unit::openrouter_catalog::openrouter_catalog_meta::pricing_returns_none_when_unparseable ... ok
[INFO] [stdout] test unit::router::adapter_registry_tests::test_adapter_replacement ... ok
[INFO] [stdout] test unit::router::adapter_registry_tests::test_empty_registry ... ok
[INFO] [stdout] test unit::router::adapter_registry_tests::test_get_nonexistent_adapter ... ok
[INFO] [stdout] test unit::openrouter_adapter::missing_provider_cost_is_not_reported_as_zero ... ok
[INFO] [stdout] test unit::router::adapter_registry_tests::test_list_kinds_empty ... ok
[INFO] [stdout] test unit::router::adapter_registry_tests::test_register_and_get_adapter ... ok
[INFO] [stdout] test unit::router::adapter_registry_tests::test_register_multiple_adapters ... ok
[INFO] [stdout] test unit::router::router_tests::image_routing_strips_the_provider_prefix_from_model_ids ... ok
[INFO] [stdout] test unit::router::router_tests::test_router_creation ... ok
[INFO] [stdout] test unit::router::router_tests::test_router_route_missing_adapter ... ok
[INFO] [stdout] test unit::router::router_tests::test_router_with_populated_registry ... ok
[INFO] [stdout] test unit::sse::buffers_json_split_mid_value ... ok
[INFO] [stdout] test unit::sse::buffers_split_events ... ok
[INFO] [stdout] test unit::sse::parses_complete_event ... ok
[INFO] [stdout] test unit::sse::parses_crlf_event ... ok
[INFO] [stdout] test unit::sse::parses_done_event ... ok
[INFO] [stdout] test unit::sse::parses_mixed_event_delimiters_in_order ... ok
[INFO] [stdout] test unit::sse::parses_multiple_events_in_one_chunk ... ok
[INFO] [stdout] test unit::types::chat_request_ir_tests::test_chat_request_ir_streaming ... ok
[INFO] [stdout] test unit::types::chat_request_ir_tests::test_chat_request_ir_with_metadata ... ok
[INFO] [stdout] test unit::types::content_part_tests::test_audio_content ... ok
[INFO] [stdout] test unit::types::content_part_tests::test_file_content ... ok
[INFO] [stdout] test unit::types::content_part_tests::test_image_url_content ... ok
[INFO] [stdout] test unit::types::content_part_tests::test_text_content ... ok
[INFO] [stdout] test unit::types::deprecated_parsing_aliases_forward_to_from_code ... ok
[INFO] [stdout] test unit::types::image_output_tests::image_output_uses_named_serialized_fields ... ok
[INFO] [stdout] test unit::types::message_tests::test_message_with_name ... ok
[INFO] [stdout] test unit::types::message_tests::test_multi_part_message ... ok
[INFO] [stdout] test unit::types::message_tests::test_simple_text_message ... ok
[INFO] [stdout] test unit::types::openai_responses_stream_event_tests::test_parse_code_interpreter_code_delta ... ok
[INFO] [stdout] test unit::types::openai_responses_stream_event_tests::test_parse_error_event ... ok
[INFO] [stdout] test unit::types::openai_responses_stream_event_tests::test_parse_function_call_arguments_done ... ok
[INFO] [stdout] test unit::types::openai_responses_stream_event_tests::test_parse_image_generation_completed ... ok
[INFO] [stdout] test unit::types::openai_responses_stream_event_tests::test_parse_output_text_delta ... ok
[INFO] [stdout] test unit::types::openai_responses_stream_event_tests::test_parse_reasoning_text_delta ... ok
[INFO] [stdout] test unit::types::openai_responses_stream_event_tests::test_parse_refusal_delta ... ok
[INFO] [stdout] test unit::types::openai_responses_stream_event_tests::test_parse_response_completed ... ok
[INFO] [stdout] test unit::types::openai_responses_stream_event_tests::test_parse_response_incomplete ... ok
[INFO] [stdout] test unit::types::openai_responses_stream_event_tests::test_parse_unknown_event ... ok
[INFO] [stdout] test unit::types::openai_responses_stream_event_tests::test_parse_web_search_completed ... ok
[INFO] [stdout] test unit::types::provider_secret_redaction::provider_credentials_are_not_debugged_or_serialized ... ok
[INFO] [stdout] test unit::types::provider_types::test_provider_config_enabled_by_default ... ok
[INFO] [stdout] test unit::types::provider_types::test_provider_config_with_extra_headers ... ok
[INFO] [stdout] test unit::types::provider_types::test_provider_endpoint_creation ... ok
[INFO] [stdout] test unit::types::chat_request_ir_tests::test_chat_request_ir_default ... ok
[INFO] [stdout] test unit::types::provider_types::test_provider_kind_equality ... ok
[INFO] [stdout] test unit::types::response_format_tests::test_response_format_json_object ... ok
[INFO] [stdout] test unit::types::response_format_tests::test_response_format_json_schema ... ok
[INFO] [stdout] test unit::types::response_format_tests::test_response_format_text ... ok
[INFO] [stdout] test unit::types::role_tests::test_role_equality ... ok
[INFO] [stdout] test unit::types::role_tests::test_role_inequality ... ok
[INFO] [stdout] test unit::types::sampling_tests::test_sampling_defaults ... ok
[INFO] [stdout] test unit::types::sampling_tests::test_sampling_with_values ... ok
[INFO] [stdout] test unit::types::tool_tests::test_tool_choice_variants ... ok
[INFO] [stdout] test unit::types::tool_tests::test_tool_spec_json_schema ... ok
[INFO] [stdout] test unit::types::provider_types::test_provider_kind_custom ... ok
[INFO] [stdout] test integration::service::model_discovery::test_discover_models_no_providers ... ok
[INFO] [stdout] test integration::service::model_discovery::test_discover_models_with_live_ollama ... ok
[INFO] [stdout] test integration::service::model_discovery::test_discover_models_for_unknown_provider_returns_error ... ok
[INFO] [stdout] test integration::service::provider_registration::test_register_disabled_provider ... ok
[INFO] [stdout] test integration::service::service_lifecycle::test_service_create_cancellation_token ... ok
[INFO] [stdout] test integration::service::provider_registration::test_register_provider ... FAILED
[INFO] [stdout] test integration::service::provider_registration::test_register_multiple_providers ... FAILED
[INFO] [stdout] test integration::service::service_lifecycle::test_service_default_impl ... ok
[INFO] [stdout] test integration::service::service_lifecycle::test_service_creation ... ok
[INFO] [stdout] test unit::adapters::openai_chat_completions::relays_typed_responses_sse_events_without_reconstruction ... ok
[INFO] [stdout] test unit::catalog::catalog_lookup_uses_snapshot_and_normalized_ids ... ok
[INFO] [stdout] test integration::service::service_lifecycle::test_service_get_nonexistent_model ... ok
[INFO] [stdout] test unit::adapters::openai_chat_completions::preserves_multi_choice_stream_chunks_and_openai_sse_framing ... ok
[INFO] [stdout] test integration::service::service_lifecycle::test_service_list_models_empty ... ok
[INFO] [stdout] 
[INFO] [stdout] failures:
[INFO] [stdout] 
[INFO] [stdout] ---- integration::server::server_provider_management::test_server_add_provider stdout ----
[INFO] [stdout] 
[INFO] [stdout] thread 'integration::server::server_provider_management::test_server_add_provider' (2461) panicked at tests/integration/server.rs:40:9:
[INFO] [stdout] assertion failed: result.is_ok()
[INFO] [stdout] stack backtrace:
[INFO] [stdout]    0:     0x64ba34105ac1 - <<std[70759c8f55707aa4]::sys::backtrace::BacktraceLock>::print::DisplayBacktrace as core[df12db4294e9bfd3]::fmt::Display>::fmt
[INFO] [stdout]    1:     0x64ba3411fa3a - core[df12db4294e9bfd3]::fmt::write
[INFO] [stdout]    2:     0x64ba3410b30c - <alloc[2182bb758b4b3781]::vec::Vec<u8> as core[df12db4294e9bfd3]::io::write::Write>::write_fmt
[INFO] [stdout]    3:     0x64ba340dfc96 - std[70759c8f55707aa4]::panicking::default_hook::{closure#0}
[INFO] [stdout]    4:     0x64ba340fd2b9 - std[70759c8f55707aa4]::panicking::default_hook
[INFO] [stdout]    5:     0x64ba33a9f1e0 - test[9d35eded1c95d3be]::test_main_inner::<test[9d35eded1c95d3be]::test_main_static::{closure#0}>::{closure#0}
[INFO] [stdout]    6:     0x64ba340fd5e2 - std[70759c8f55707aa4]::panicking::panic_with_hook
[INFO] [stdout]    7:     0x64ba340dfd74 - std[70759c8f55707aa4]::panicking::panic_handler::{closure#0}
[INFO] [stdout]    8:     0x64ba340d7fe9 - std[70759c8f55707aa4]::sys::backtrace::__rust_end_short_backtrace::<std[70759c8f55707aa4]::panicking::panic_handler::{closure#0}, !>
[INFO] [stdout]    9:     0x64ba340e0cdd - __rustc[8fa7c3cbc660c2b3]::rust_begin_unwind
[INFO] [stdout]   10:     0x64ba3412021c - core[df12db4294e9bfd3]::panicking::panic_fmt
[INFO] [stdout]   11:     0x64ba341201e2 - core[df12db4294e9bfd3]::panicking::panic
[INFO] [stdout]   12:     0x64ba339a4163 - omniference_tests[22104ab5cd826fc]::integration::server::server_provider_management::test_server_add_provider::{closure#0}
[INFO] [stdout]   13:     0x64ba339649f3 - <tokio[57df65b3f43a7262]::runtime::scheduler::current_thread::Context>::enter::<core[df12db4294e9bfd3]::task::poll::Poll<()>, <tokio[57df65b3f43a7262]::runtime::scheduler::current_thread::CoreGuard>::block_on<core[df12db4294e9bfd3]::pin::Pin<&mut core[df12db4294e9bfd3]::pin::Pin<&mut dyn core[df12db4294e9bfd3]::future::future::Future<Output = ()>>>>::{closure#0}::{closure#0}>
[INFO] [stdout]   14:     0x64ba3391aa8c - <tokio[57df65b3f43a7262]::runtime::context::scoped::Scoped<tokio[57df65b3f43a7262]::runtime::scheduler::Context>>::set::<<tokio[57df65b3f43a7262]::runtime::scheduler::current_thread::CoreGuard>::enter<<tokio[57df65b3f43a7262]::runtime::scheduler::current_thread::CoreGuard>::block_on<core[df12db4294e9bfd3]::pin::Pin<&mut core[df12db4294e9bfd3]::pin::Pin<&mut dyn core[df12db4294e9bfd3]::future::future::Future<Output = ()>>>>::{closure#0}, core[df12db4294e9bfd3]::option::Option<()>>::{closure#0}, (alloc[2182bb758b4b3781]::boxed::Box<tokio[57df65b3f43a7262]::runtime::scheduler::current_thread::Core>, core[df12db4294e9bfd3]::option::Option<()>)>
[INFO] [stdout]   15:     0x64ba33963bdc - <tokio[57df65b3f43a7262]::runtime::runtime::Runtime>::block_on::<core[df12db4294e9bfd3]::pin::Pin<&mut dyn core[df12db4294e9bfd3]::future::future::Future<Output = ()>>>
[INFO] [stdout]   16:     0x64ba339b31cb - omniference_tests[22104ab5cd826fc]::integration::server::server_provider_management::test_server_add_provider
[INFO] [stdout]   17:     0x64ba3394adb9 - <omniference_tests[22104ab5cd826fc]::integration::server::server_provider_management::test_server_add_provider::{closure#0} as core[df12db4294e9bfd3]::ops::function::FnOnce<()>>::call_once
[INFO] [stdout]   18:     0x64ba33a924cb - test[9d35eded1c95d3be]::__rust_begin_short_backtrace::<core[df12db4294e9bfd3]::result::Result<(), alloc[2182bb758b4b3781]::string::String>, fn() -> core[df12db4294e9bfd3]::result::Result<(), alloc[2182bb758b4b3781]::string::String>>
[INFO] [stdout]   19:     0x64ba33a9fb35 - test[9d35eded1c95d3be]::run_test::{closure#0}
[INFO] [stdout]   20:     0x64ba33a993f4 - std[70759c8f55707aa4]::sys::backtrace::__rust_begin_short_backtrace::<test[9d35eded1c95d3be]::run_test::{closure#1}, ()>
[INFO] [stdout]   21:     0x64ba33aa2c92 - <std[70759c8f55707aa4]::thread::lifecycle::spawn_unchecked<test[9d35eded1c95d3be]::run_test::{closure#1}, ()>::{closure#1} as core[df12db4294e9bfd3]::ops::function::FnOnce<()>>::call_once::{shim:vtable#0}
[INFO] [stdout]   22:     0x64ba34104c79 - <std[70759c8f55707aa4]::sys::thread::unix::Thread>::new::thread_start
[INFO] [stdout]   23:     0x72bd08b8bdfa - <unknown>
[INFO] [stdout]   24:     0x72bd08c1f3d4 - clone
[INFO] [stdout]   25:                0x0 - <unknown>
[INFO] [stdout] 
[INFO] [stdout] ---- integration::server::server_provider_management::test_server_add_multiple_providers stdout ----
[INFO] [stdout] 
[INFO] [stdout] thread 'integration::server::server_provider_management::test_server_add_multiple_providers' (2460) panicked at tests/integration/server.rs:50:9:
[INFO] [stdout] assertion failed: result1.is_ok()
[INFO] [stdout] stack backtrace:
[INFO] [stdout]    0:     0x64ba34105ac1 - <<std[70759c8f55707aa4]::sys::backtrace::BacktraceLock>::print::DisplayBacktrace as core[df12db4294e9bfd3]::fmt::Display>::fmt
[INFO] [stdout]    1:     0x64ba3411fa3a - core[df12db4294e9bfd3]::fmt::write
[INFO] [stdout]    2:     0x64ba3410b30c - <alloc[2182bb758b4b3781]::vec::Vec<u8> as core[df12db4294e9bfd3]::io::write::Write>::write_fmt
[INFO] [stdout]    3:     0x64ba340dfc96 - std[70759c8f55707aa4]::panicking::default_hook::{closure#0}
[INFO] [stdout]    4:     0x64ba340fd2b9 - std[70759c8f55707aa4]::panicking::default_hook
[INFO] [stdout]    5:     0x64ba33a9f1e0 - test[9d35eded1c95d3be]::test_main_inner::<test[9d35eded1c95d3be]::test_main_static::{closure#0}>::{closure#0}
[INFO] [stdout]    6:     0x64ba340fd5e2 - std[70759c8f55707aa4]::panicking::panic_with_hook
[INFO] [stdout]    7:     0x64ba340dfd74 - std[70759c8f55707aa4]::panicking::panic_handler::{closure#0}
[INFO] [stdout]    8:     0x64ba340d7fe9 - std[70759c8f55707aa4]::sys::backtrace::__rust_end_short_backtrace::<std[70759c8f55707aa4]::panicking::panic_handler::{closure#0}, !>
[INFO] [stdout]    9:     0x64ba340e0cdd - __rustc[8fa7c3cbc660c2b3]::rust_begin_unwind
[INFO] [stdout]   10:     0x64ba3412021c - core[df12db4294e9bfd3]::panicking::panic_fmt
[INFO] [stdout]   11:     0x64ba341201e2 - core[df12db4294e9bfd3]::panicking::panic
[INFO] [stdout]   12:     0x64ba339a44af - omniference_tests[22104ab5cd826fc]::integration::server::server_provider_management::test_server_add_multiple_providers::{closure#0}
[INFO] [stdout]   13:     0x64ba339649f3 - <tokio[57df65b3f43a7262]::runtime::scheduler::current_thread::Context>::enter::<core[df12db4294e9bfd3]::task::poll::Poll<()>, <tokio[57df65b3f43a7262]::runtime::scheduler::current_thread::CoreGuard>::block_on<core[df12db4294e9bfd3]::pin::Pin<&mut core[df12db4294e9bfd3]::pin::Pin<&mut dyn core[df12db4294e9bfd3]::future::future::Future<Output = ()>>>>::{closure#0}::{closure#0}>
[INFO] [stdout]   14:     0x64ba3391aa8c - <tokio[57df65b3f43a7262]::runtime::context::scoped::Scoped<tokio[57df65b3f43a7262]::runtime::scheduler::Context>>::set::<<tokio[57df65b3f43a7262]::runtime::scheduler::current_thread::CoreGuard>::enter<<tokio[57df65b3f43a7262]::runtime::scheduler::current_thread::CoreGuard>::block_on<core[df12db4294e9bfd3]::pin::Pin<&mut core[df12db4294e9bfd3]::pin::Pin<&mut dyn core[df12db4294e9bfd3]::future::future::Future<Output = ()>>>>::{closure#0}, core[df12db4294e9bfd3]::option::Option<()>>::{closure#0}, (alloc[2182bb758b4b3781]::boxed::Box<tokio[57df65b3f43a7262]::runtime::scheduler::current_thread::Core>, core[df12db4294e9bfd3]::option::Option<()>)>
[INFO] [stdout]   15:     0x64ba33963bdc - <tokio[57df65b3f43a7262]::runtime::runtime::Runtime>::block_on::<core[df12db4294e9bfd3]::pin::Pin<&mut dyn core[df12db4294e9bfd3]::future::future::Future<Output = ()>>>
[INFO] [stdout]   16:     0x64ba339b336b - omniference_tests[22104ab5cd826fc]::integration::server::server_provider_management::test_server_add_multiple_providers
[INFO] [stdout]   17:     0x64ba3394add9 - <omniference_tests[22104ab5cd826fc]::integration::server::server_provider_management::test_server_add_multiple_providers::{closure#0} as core[df12db4294e9bfd3]::ops::function::FnOnce<()>>::call_once
[INFO] [stdout]   18:     0x64ba33a924cb - test[9d35eded1c95d3be]::__rust_begin_short_backtrace::<core[df12db4294e9bfd3]::result::Result<(), alloc[2182bb758b4b3781]::string::String>, fn() -> core[df12db4294e9bfd3]::result::Result<(), alloc[2182bb758b4b3781]::string::String>>
[INFO] [stdout]   19:     0x64ba33a9fb35 - test[9d35eded1c95d3be]::run_test::{closure#0}
[INFO] [stdout]   20:     0x64ba33a993f4 - std[70759c8f55707aa4]::sys::backtrace::__rust_begin_short_backtrace::<test[9d35eded1c95d3be]::run_test::{closure#1}, ()>
[INFO] [stdout]   21:     0x64ba33aa2c92 - <std[70759c8f55707aa4]::thread::lifecycle::spawn_unchecked<test[9d35eded1c95d3be]::run_test::{closure#1}, ()>::{closure#1} as core[df12db4294e9bfd3]::ops::function::FnOnce<()>>::call_once::{shim:vtable#0}
[INFO] [stdout]   22:     0x64ba34104c79 - <std[70759c8f55707aa4]::sys::thread::unix::Thread>::new::thread_start
[INFO] [stdout]   23:     0x72bd08b8bdfa - <unknown>
[INFO] [stdout]   24:     0x72bd08c1f3d4 - clone
[INFO] [stdout]   25:                0x0 - <unknown>
[INFO] [stdout] 
[INFO] [stdout] ---- integration::service::provider_registration::test_register_provider stdout ----
[INFO] [stdout] 
[INFO] [stdout] thread 'integration::service::provider_registration::test_register_provider' (2484) panicked at tests/integration/service.rs:220:9:
[INFO] [stdout] assertion failed: result.is_ok()
[INFO] [stdout] stack backtrace:
[INFO] [stdout]    0:     0x64ba34105ac1 - <<std[70759c8f55707aa4]::sys::backtrace::BacktraceLock>::print::DisplayBacktrace as core[df12db4294e9bfd3]::fmt::Display>::fmt
[INFO] [stdout]    1:     0x64ba3411fa3a - core[df12db4294e9bfd3]::fmt::write
[INFO] [stdout]    2:     0x64ba3410b30c - <alloc[2182bb758b4b3781]::vec::Vec<u8> as core[df12db4294e9bfd3]::io::write::Write>::write_fmt
[INFO] [stdout]    3:     0x64ba340dfc96 - std[70759c8f55707aa4]::panicking::default_hook::{closure#0}
[INFO] [stdout]    4:     0x64ba340fd2b9 - std[70759c8f55707aa4]::panicking::default_hook
[INFO] [stdout]    5:     0x64ba33a9f1e0 - test[9d35eded1c95d3be]::test_main_inner::<test[9d35eded1c95d3be]::test_main_static::{closure#0}>::{closure#0}
[INFO] [stdout]    6:     0x64ba340fd5e2 - std[70759c8f55707aa4]::panicking::panic_with_hook
[INFO] [stdout]    7:     0x64ba340dfd74 - std[70759c8f55707aa4]::panicking::panic_handler::{closure#0}
[INFO] [stdout]    8:     0x64ba340d7fe9 - std[70759c8f55707aa4]::sys::backtrace::__rust_end_short_backtrace::<std[70759c8f55707aa4]::panicking::panic_handler::{closure#0}, !>
[INFO] [stdout]    9:     0x64ba340e0cdd - __rustc[8fa7c3cbc660c2b3]::rust_begin_unwind
[INFO] [stdout]   10:     0x64ba3412021c - core[df12db4294e9bfd3]::panicking::panic_fmt
[INFO] [stdout]   11:     0x64ba341201e2 - core[df12db4294e9bfd3]::panicking::panic
[INFO] [stdout]   12:     0x64ba339a4e8b - omniference_tests[22104ab5cd826fc]::integration::service::provider_registration::test_register_provider::{closure#0}
[INFO] [stdout]   13:     0x64ba339649f3 - <tokio[57df65b3f43a7262]::runtime::scheduler::current_thread::Context>::enter::<core[df12db4294e9bfd3]::task::poll::Poll<()>, <tokio[57df65b3f43a7262]::runtime::scheduler::current_thread::CoreGuard>::block_on<core[df12db4294e9bfd3]::pin::Pin<&mut core[df12db4294e9bfd3]::pin::Pin<&mut dyn core[df12db4294e9bfd3]::future::future::Future<Output = ()>>>>::{closure#0}::{closure#0}>
[INFO] [stdout]   14:     0x64ba3391aa8c - <tokio[57df65b3f43a7262]::runtime::context::scoped::Scoped<tokio[57df65b3f43a7262]::runtime::scheduler::Context>>::set::<<tokio[57df65b3f43a7262]::runtime::scheduler::current_thread::CoreGuard>::enter<<tokio[57df65b3f43a7262]::runtime::scheduler::current_thread::CoreGuard>::block_on<core[df12db4294e9bfd3]::pin::Pin<&mut core[df12db4294e9bfd3]::pin::Pin<&mut dyn core[df12db4294e9bfd3]::future::future::Future<Output = ()>>>>::{closure#0}, core[df12db4294e9bfd3]::option::Option<()>>::{closure#0}, (alloc[2182bb758b4b3781]::boxed::Box<tokio[57df65b3f43a7262]::runtime::scheduler::current_thread::Core>, core[df12db4294e9bfd3]::option::Option<()>)>
[INFO] [stdout]   15:     0x64ba33963bdc - <tokio[57df65b3f43a7262]::runtime::runtime::Runtime>::block_on::<core[df12db4294e9bfd3]::pin::Pin<&mut dyn core[df12db4294e9bfd3]::future::future::Future<Output = ()>>>
[INFO] [stdout]   16:     0x64ba339b374b - omniference_tests[22104ab5cd826fc]::integration::service::provider_registration::test_register_provider
[INFO] [stdout]   17:     0x64ba3394c2a9 - <omniference_tests[22104ab5cd826fc]::integration::service::provider_registration::test_register_provider::{closure#0} as core[df12db4294e9bfd3]::ops::function::FnOnce<()>>::call_once
[INFO] [stdout]   18:     0x64ba33a924cb - test[9d35eded1c95d3be]::__rust_begin_short_backtrace::<core[df12db4294e9bfd3]::result::Result<(), alloc[2182bb758b4b3781]::string::String>, fn() -> core[df12db4294e9bfd3]::result::Result<(), alloc[2182bb758b4b3781]::string::String>>
[INFO] [stdout]   19:     0x64ba33a9fb35 - test[9d35eded1c95d3be]::run_test::{closure#0}
[INFO] [stdout]   20:     0x64ba33a993f4 - std[70759c8f55707aa4]::sys::backtrace::__rust_begin_short_backtrace::<test[9d35eded1c95d3be]::run_test::{closure#1}, ()>
[INFO] [stdout]   21:     0x64ba33aa2c92 - <std[70759c8f55707aa4]::thread::lifecycle::spawn_unchecked<test[9d35eded1c95d3be]::run_test::{closure#1}, ()>::{closure#1} as core[df12db4294e9bfd3]::ops::function::FnOnce<()>>::call_once::{shim:vtable#0}
[INFO] [stdout]   22:     0x64ba34104c79 - <std[70759c8f55707aa4]::sys::thread::unix::Thread>::new::thread_start
[INFO] [stdout]   23:     0x72bd08b8bdfa - <unknown>
[INFO] [stdout]   24:     0x72bd08c1f3d4 - clone
[INFO] [stdout]   25:                0x0 - <unknown>
[INFO] [stdout] 
[INFO] [stdout] ---- integration::service::provider_registration::test_register_multiple_providers stdout ----
[INFO] [stdout] 
[INFO] [stdout] thread 'integration::service::provider_registration::test_register_multiple_providers' (2483) panicked at tests/integration/service.rs:244:9:
[INFO] [stdout] assertion failed: result1.is_ok()
[INFO] [stdout] stack backtrace:
[INFO] [stdout]    0:     0x64ba34105ac1 - <<std[70759c8f55707aa4]::sys::backtrace::BacktraceLock>::print::DisplayBacktrace as core[df12db4294e9bfd3]::fmt::Display>::fmt
[INFO] [stdout]    1:     0x64ba3411fa3a - core[df12db4294e9bfd3]::fmt::write
[INFO] [stdout]    2:     0x64ba3410b30c - <alloc[2182bb758b4b3781]::vec::Vec<u8> as core[df12db4294e9bfd3]::io::write::Write>::write_fmt
[INFO] [stdout]    3:     0x64ba340dfc96 - std[70759c8f55707aa4]::panicking::default_hook::{closure#0}
[INFO] [stdout]    4:     0x64ba340fd2b9 - std[70759c8f55707aa4]::panicking::default_hook
[INFO] [stdout]    5:     0x64ba33a9f1e0 - test[9d35eded1c95d3be]::test_main_inner::<test[9d35eded1c95d3be]::test_main_static::{closure#0}>::{closure#0}
[INFO] [stdout]    6:     0x64ba340fd5e2 - std[70759c8f55707aa4]::panicking::panic_with_hook
[INFO] [stdout]    7:     0x64ba340dfd74 - std[70759c8f55707aa4]::panicking::panic_handler::{closure#0}
[INFO] [stdout]    8:     0x64ba340d7fe9 - std[70759c8f55707aa4]::sys::backtrace::__rust_end_short_backtrace::<std[70759c8f55707aa4]::panicking::panic_handler::{closure#0}, !>
[INFO] [stdout]    9:     0x64ba340e0cdd - __rustc[8fa7c3cbc660c2b3]::rust_begin_unwind
[INFO] [stdout]   10:     0x64ba3412021c - core[df12db4294e9bfd3]::panicking::panic_fmt
[INFO] [stdout]   11:     0x64ba341201e2 - core[df12db4294e9bfd3]::panicking::panic
[INFO] [stdout]   12:     0x64ba339a5586 - omniference_tests[22104ab5cd826fc]::integration::service::provider_registration::test_register_multiple_providers::{closure#0}
[INFO] [stdout]   13:     0x64ba339649f3 - <tokio[57df65b3f43a7262]::runtime::scheduler::current_thread::Context>::enter::<core[df12db4294e9bfd3]::task::poll::Poll<()>, <tokio[57df65b3f43a7262]::runtime::scheduler::current_thread::CoreGuard>::block_on<core[df12db4294e9bfd3]::pin::Pin<&mut core[df12db4294e9bfd3]::pin::Pin<&mut dyn core[df12db4294e9bfd3]::future::future::Future<Output = ()>>>>::{closure#0}::{closure#0}>
[INFO] [stdout]   14:     0x64ba3391aa8c - <tokio[57df65b3f43a7262]::runtime::context::scoped::Scoped<tokio[57df65b3f43a7262]::runtime::scheduler::Context>>::set::<<tokio[57df65b3f43a7262]::runtime::scheduler::current_thread::CoreGuard>::enter<<tokio[57df65b3f43a7262]::runtime::scheduler::current_thread::CoreGuard>::block_on<core[df12db4294e9bfd3]::pin::Pin<&mut core[df12db4294e9bfd3]::pin::Pin<&mut dyn core[df12db4294e9bfd3]::future::future::Future<Output = ()>>>>::{closure#0}, core[df12db4294e9bfd3]::option::Option<()>>::{closure#0}, (alloc[2182bb758b4b3781]::boxed::Box<tokio[57df65b3f43a7262]::runtime::scheduler::current_thread::Core>, core[df12db4294e9bfd3]::option::Option<()>)>
[INFO] [stdout]   15:     0x64ba33963bdc - <tokio[57df65b3f43a7262]::runtime::runtime::Runtime>::block_on::<core[df12db4294e9bfd3]::pin::Pin<&mut dyn core[df12db4294e9bfd3]::future::future::Future<Output = ()>>>
[INFO] [stdout]   16:     0x64ba339b3a1b - omniference_tests[22104ab5cd826fc]::integration::service::provider_registration::test_register_multiple_providers
[INFO] [stdout]   17:     0x64ba3394c2e9 - <omniference_tests[22104ab5cd826fc]::integration::service::provider_registration::test_register_multiple_providers::{closure#0} as core[df12db4294e9bfd3]::ops::function::FnOnce<()>>::call_once
[INFO] [stdout]   18:     0x64ba33a924cb - test[9d35eded1c95d3be]::__rust_begin_short_backtrace::<core[df12db4294e9bfd3]::result::Result<(), alloc[2182bb758b4b3781]::string::String>, fn() -> core[df12db4294e9bfd3]::result::Result<(), alloc[2182bb758b4b3781]::string::String>>
[INFO] [stdout]   19:     0x64ba33a9fb35 - test[9d35eded1c95d3be]::run_test::{closure#0}
[INFO] [stdout]   20:     0x64ba33a993f4 - std[70759c8f55707aa4]::sys::backtrace::__rust_begin_short_backtrace::<test[9d35eded1c95d3be]::run_test::{closure#1}, ()>
[INFO] [stdout]   21:     0x64ba33aa2c92 - <std[70759c8f55707aa4]::thread::lifecycle::spawn_unchecked<test[9d35eded1c95d3be]::run_test::{closure#1}, ()>::{closure#1} as core[df12db4294e9bfd3]::ops::function::FnOnce<()>>::call_once::{shim:vtable#0}
[INFO] [stdout]   22:     0x64ba34104c79 - <std[70759c8f55707aa4]::sys::thread::unix::Thread>::new::thread_start
[INFO] [stdout]   23:     0x72bd08b8bdfa - <unknown>
[INFO] [stdout]   24:     0x72bd08c1f3d4 - clone
[INFO] [stdout]   25:                0x0 - <unknown>
[INFO] [stdout] 
[INFO] [stdout] 
[INFO] [stdout] failures:
[INFO] [stdout]     integration::server::server_provider_management::test_server_add_multiple_providers
[INFO] [stdout]     integration::server::server_provider_management::test_server_add_provider
[INFO] [stdout]     integration::service::provider_registration::test_register_multiple_providers
[INFO] [stdout]     integration::service::provider_registration::test_register_provider
[INFO] [stdout] 
[INFO] [stdout] test result: FAILED. 164 passed; 4 failed; 0 ignored; 0 measured; 0 filtered out; finished in 58.20s
[INFO] [stdout] 
[INFO] [stderr] error: test failed, to rerun pass `--test omniference_tests`
[INFO] running `Command { std: "docker" "inspect" "b8934cf8e03d9bde4c803b6abb58895ba5b0d1540f990a7b17ccccd84f94a347", kill_on_drop: false }`
[INFO] running `Command { std: "docker" "rm" "-f" "b8934cf8e03d9bde4c803b6abb58895ba5b0d1540f990a7b17ccccd84f94a347", kill_on_drop: false }`
[INFO] [stdout] b8934cf8e03d9bde4c803b6abb58895ba5b0d1540f990a7b17ccccd84f94a347
