[INFO] fetching crate omicron-zone-package 0.12.3...
[INFO] testing omicron-zone-package-0.12.3 against 1.99.0-beta.8+cargoflags=--release for beta-release-1.100-2
[INFO] extracting crate omicron-zone-package 0.12.3 into /workspace/builds/worker-2-tc1/source
[INFO] started tweaking crates.io crate omicron-zone-package 0.12.3
[INFO] removed 0 missing tests
[INFO] finished tweaking crates.io crate omicron-zone-package 0.12.3
[INFO] tweaked toml for crates.io crate omicron-zone-package 0.12.3 written to /workspace/builds/worker-2-tc1/source/Cargo.toml
[INFO] validating manifest of crates.io crate omicron-zone-package 0.12.3 on toolchain 1.99.0-beta.8
[INFO] running `Command { std: CARGO_HOME="/workspace/cargo-home" RUSTUP_HOME="/workspace/rustup-home" "/workspace/cargo-home/bin/cargo" "+1.99.0-beta.8" "metadata" "--manifest-path" "Cargo.toml" "--no-deps", kill_on_drop: false }`
[INFO] crate crates.io crate omicron-zone-package 0.12.3 already has a lockfile, it will not be regenerated
[INFO] running `Command { std: CARGO_HOME="/workspace/cargo-home" RUSTUP_HOME="/workspace/rustup-home" "/workspace/cargo-home/bin/cargo" "+1.99.0-beta.8" "fetch" "--manifest-path" "Cargo.toml", kill_on_drop: false }`
[INFO] [stderr]     Updating crates.io index
[INFO] [stderr]  Downloading crates ...
[INFO] [stderr]   Downloaded derive-ex v0.1.8
[INFO] [stderr]   Downloaded slog v2.8.2
[INFO] [stderr]   Downloaded erased-serde v0.3.31
[INFO] [stderr]   Downloaded topological-sort v0.2.2
[INFO] [stderr]   Downloaded test-strategy v0.4.5
[INFO] [stderr]   Downloaded camino-tempfile v1.4.1
[INFO] [stderr]   Downloaded camino v1.2.3
[INFO] [stderr]   Downloaded arrayvec v0.7.7
[INFO] running `Command { std: "docker" "create" "-v" "/var/lib/crater-agent-workspace/builds/worker-2-tc1/source:/opt/rustwide/workdir:ro,Z" "-v" "/var/lib/crater-agent-workspace/builds/worker-2-tc1/target:/opt/rustwide/target:rw,Z" "-v" "/var/lib/crater-agent-workspace/cargo-home:/opt/rustwide/cargo-home:ro,Z" "-v" "/var/lib/crater-agent-workspace/rustup-home:/opt/rustwide/rustup-home:ro,Z" "-m" "1610612736" "--network" "none" "ghcr.io/rust-lang/crates-build-env/linux@sha256:77db811e55d90add9212f6832c23229e3de5f1c1f9905e8cb07319ea15df73ac" "sleep" "infinity", kill_on_drop: false }`
[INFO] [stdout] 3f7d49fc9f87bb63a988d92a8b8bba1a13c1af27541432cb0be5bebbcf6a4330
[INFO] running `Command { std: "docker" "start" "3f7d49fc9f87bb63a988d92a8b8bba1a13c1af27541432cb0be5bebbcf6a4330", kill_on_drop: false }`
[INFO] running `Command { std: "docker" "inspect" "3f7d49fc9f87bb63a988d92a8b8bba1a13c1af27541432cb0be5bebbcf6a4330", kill_on_drop: false }`
[INFO] running `Command { std: "docker" "exec" "-e" "SOURCE_DIR=/opt/rustwide/workdir" "-e" "CARGO_HOME=/opt/rustwide/cargo-home" "-e" "RUSTUP_HOME=/opt/rustwide/rustup-home" "-e" "CARGO_TARGET_DIR=/opt/rustwide/target" "-w" "/opt/rustwide/workdir" "--user" "0:0" "3f7d49fc9f87bb63a988d92a8b8bba1a13c1af27541432cb0be5bebbcf6a4330" "/opt/rustwide/cargo-home/bin/cargo" "+1.99.0-beta.8" "metadata" "--no-deps" "--format-version=1", kill_on_drop: false }`
[INFO] running `Command { std: "docker" "inspect" "3f7d49fc9f87bb63a988d92a8b8bba1a13c1af27541432cb0be5bebbcf6a4330", kill_on_drop: false }`
[INFO] running `Command { std: "docker" "exec" "-e" "SOURCE_DIR=/opt/rustwide/workdir" "-e" "CARGO_HOME=/opt/rustwide/cargo-home" "-e" "RUSTUP_HOME=/opt/rustwide/rustup-home" "-e" "CARGO_TARGET_DIR=/opt/rustwide/target" "-e" "CARGO_INCREMENTAL=0" "-e" "RUST_BACKTRACE=full" "-e" "RUSTFLAGS=--cap-lints=warn" "-e" "RUSTDOCFLAGS=--cap-lints=warn" "-w" "/opt/rustwide/workdir" "--user" "0:0" "3f7d49fc9f87bb63a988d92a8b8bba1a13c1af27541432cb0be5bebbcf6a4330" "/opt/rustwide/cargo-home/bin/cargo" "+1.99.0-beta.8" "build" "--frozen" "--message-format=json" "--release", kill_on_drop: false }`
[INFO] [stderr]    Compiling bytes v1.12.0
[INFO] [stderr]    Compiling zeroize v1.9.0
[INFO] [stderr]    Compiling bitflags v2.13.0
[INFO] [stderr]    Compiling syn v2.0.118
[INFO] [stderr]    Compiling parking_lot_core v0.9.12
[INFO] [stderr]    Compiling rustix v1.1.4
[INFO] [stderr]    Compiling cc v1.2.65
[INFO] [stderr]    Compiling rustls v0.23.41
[INFO] [stderr]    Compiling camino v1.2.3
[INFO] [stderr]    Compiling slog v2.8.2
[INFO] [stderr]    Compiling fastrand v2.4.1
[INFO] [stderr]    Compiling winnow v0.5.40
[INFO] [stderr]    Compiling anyhow v1.0.102
[INFO] [stderr]    Compiling filetime v0.2.29
[INFO] [stderr]    Compiling memmap2 v0.9.11
[INFO] [stderr]    Compiling arrayvec v0.7.7
[INFO] [stderr]    Compiling cpufeatures v0.3.0
[INFO] [stderr]    Compiling rustls-pki-types v1.14.1
[INFO] [stderr]    Compiling parking_lot v0.12.5
[INFO] [stderr]    Compiling serde_json v1.0.150
[INFO] [stderr]    Compiling semver v1.0.28
[INFO] [stderr]    Compiling topological-sort v0.2.2
[INFO] [stderr]    Compiling rustls-native-certs v0.8.4
[INFO] [stderr]    Compiling http v1.4.2
[INFO] [stderr]    Compiling cmake v0.1.58
[INFO] [stderr]    Compiling blake3 v1.8.5
[INFO] [stderr]    Compiling aws-lc-sys v0.41.0
[INFO] [stderr]    Compiling http-body v1.0.1
[INFO] [stderr]    Compiling http-body-util v0.1.3
[INFO] [stderr]    Compiling xattr v1.6.1
[INFO] [stderr]    Compiling tempfile v3.27.0
[INFO] [stderr]    Compiling tar v0.4.46
[INFO] [stderr]    Compiling camino-tempfile v1.4.1
[INFO] [stderr]    Compiling synstructure v0.13.2
[INFO] [stderr]    Compiling zerofrom-derive v0.1.7
[INFO] [stderr]    Compiling yoke-derive v0.8.2
[INFO] [stderr]    Compiling zerovec-derive v0.11.3
[INFO] [stderr]    Compiling displaydoc v0.2.6
[INFO] [stderr]    Compiling tokio-macros v2.7.0
[INFO] [stderr]    Compiling futures-macro v0.3.32
[INFO] [stderr]    Compiling serde_derive v1.0.228
[INFO] [stderr]    Compiling thiserror-impl v1.0.69
[INFO] [stderr]    Compiling async-trait v0.1.89
[INFO] [stderr]    Compiling tokio v1.52.3
[INFO] [stderr]    Compiling zerofrom v0.1.8
[INFO] [stderr]    Compiling futures-util v0.3.32
[INFO] [stderr]    Compiling yoke v0.8.3
[INFO] [stderr]    Compiling thiserror v1.0.69
[INFO] [stderr]    Compiling zerovec v0.11.6
[INFO] [stderr]    Compiling zerotrie v0.2.4
[INFO] [stderr]    Compiling tinystr v0.8.3
[INFO] [stderr]    Compiling potential_utf v0.1.5
[INFO] [stderr]    Compiling icu_locale_core v2.2.0
[INFO] [stderr]    Compiling icu_collections v2.2.0
[INFO] [stderr]    Compiling serde v1.0.228
[INFO] [stderr]    Compiling toml_datetime v0.6.11
[INFO] [stderr]    Compiling serde_spanned v0.6.9
[INFO] [stderr]    Compiling erased-serde v0.3.31
[INFO] [stderr]    Compiling toml_edit v0.19.15
[INFO] [stderr]    Compiling icu_provider v2.2.0
[INFO] [stderr]    Compiling icu_normalizer v2.2.0
[INFO] [stderr]    Compiling icu_properties v2.2.0
[INFO] [stderr]    Compiling futures-executor v0.3.32
[INFO] [stderr]    Compiling futures v0.3.32
[INFO] [stderr]    Compiling idna_adapter v1.2.2
[INFO] [stderr]    Compiling idna v1.1.0
[INFO] [stderr]    Compiling url v2.5.8
[INFO] [stderr]    Compiling toml v0.7.8
[INFO] [stderr]    Compiling hyper v1.10.1
[INFO] [stderr]    Compiling tower v0.5.3
[INFO] [stderr]    Compiling tokio-util v0.7.18
[INFO] [stderr]    Compiling tower-http v0.6.11
[INFO] [stderr]    Compiling hyper-util v0.1.20
[INFO] [stderr]    Compiling aws-lc-rs v1.17.0
[INFO] [stderr]    Compiling rustls-webpki v0.103.13
[INFO] [stderr]    Compiling tokio-rustls v0.26.4
[INFO] [stderr]    Compiling rustls-platform-verifier v0.7.0
[INFO] [stderr]    Compiling hyper-rustls v0.27.9
[INFO] [stderr]    Compiling reqwest v0.13.4
[INFO] [stderr]    Compiling omicron-zone-package v0.12.3 (/opt/rustwide/workdir)
[INFO] [stderr]     Finished `release` profile [optimized] target(s) in 42.63s
[INFO] running `Command { std: "docker" "inspect" "3f7d49fc9f87bb63a988d92a8b8bba1a13c1af27541432cb0be5bebbcf6a4330", kill_on_drop: false }`
[INFO] running `Command { std: "docker" "exec" "-e" "SOURCE_DIR=/opt/rustwide/workdir" "-e" "CARGO_HOME=/opt/rustwide/cargo-home" "-e" "RUSTUP_HOME=/opt/rustwide/rustup-home" "-e" "CARGO_TARGET_DIR=/opt/rustwide/target" "-e" "CARGO_INCREMENTAL=0" "-e" "RUST_BACKTRACE=full" "-e" "RUSTFLAGS=--cap-lints=warn" "-e" "RUSTDOCFLAGS=--cap-lints=warn" "-w" "/opt/rustwide/workdir" "--user" "0:0" "3f7d49fc9f87bb63a988d92a8b8bba1a13c1af27541432cb0be5bebbcf6a4330" "/opt/rustwide/cargo-home/bin/cargo" "+1.99.0-beta.8" "test" "--frozen" "--no-run" "--message-format=json" "--release", kill_on_drop: false }`
[INFO] [stderr]    Compiling num-traits v0.2.19
[INFO] [stderr]    Compiling zerocopy v0.8.52
[INFO] [stderr]    Compiling structmeta-derive v0.3.0
[INFO] [stderr]    Compiling wait-timeout v0.2.1
[INFO] [stderr]    Compiling quick-error v1.2.3
[INFO] [stderr]    Compiling bit-vec v0.8.0
[INFO] [stderr]    Compiling rand v0.9.4
[INFO] [stderr]    Compiling rand_xorshift v0.4.0
[INFO] [stderr]    Compiling unarray v0.1.4
[INFO] [stderr]    Compiling rusty-fork v0.3.1
[INFO] [stderr]    Compiling bit-set v0.8.0
[INFO] [stderr]    Compiling structmeta v0.3.0
[INFO] [stderr]    Compiling derive-ex v0.1.8
[INFO] [stderr]    Compiling chrono v0.4.45
[INFO] [stderr]    Compiling test-strategy v0.4.5
[INFO] [stderr]    Compiling omicron-zone-package v0.12.3 (/opt/rustwide/workdir)
[INFO] [stderr]    Compiling ppv-lite86 v0.2.21
[INFO] [stderr]    Compiling rand_chacha v0.9.0
[INFO] [stderr]    Compiling proptest v1.11.0
[INFO] [stderr]     Finished `release` profile [optimized] target(s) in 16.74s
[INFO] running `Command { std: "docker" "inspect" "3f7d49fc9f87bb63a988d92a8b8bba1a13c1af27541432cb0be5bebbcf6a4330", kill_on_drop: false }`
[INFO] running `Command { std: "docker" "exec" "-e" "SOURCE_DIR=/opt/rustwide/workdir" "-e" "CARGO_HOME=/opt/rustwide/cargo-home" "-e" "RUSTUP_HOME=/opt/rustwide/rustup-home" "-e" "CARGO_TARGET_DIR=/opt/rustwide/target" "-e" "CARGO_INCREMENTAL=0" "-e" "RUST_BACKTRACE=full" "-e" "RUSTFLAGS=--cap-lints=warn" "-e" "RUSTDOCFLAGS=--cap-lints=warn" "-w" "/opt/rustwide/workdir" "--user" "0:0" "3f7d49fc9f87bb63a988d92a8b8bba1a13c1af27541432cb0be5bebbcf6a4330" "/opt/rustwide/cargo-home/bin/cargo" "+1.99.0-beta.8" "test" "--frozen" "--release", kill_on_drop: false }`
[INFO] [stderr]     Finished `release` profile [optimized] target(s) in 0.14s
[INFO] [stderr]      Running unittests src/lib.rs (/opt/rustwide/target/release/deps/omicron_zone_package-907c83d5281e858f)
[INFO] [stdout] 
[INFO] [stdout] running 20 tests
[INFO] [stdout] test blob::test_converts ... ok
[INFO] [stdout] test config::identifier::tests::invalid_identifiers ... ok
[INFO] [stdout] test config::identifier::tests::valid_identifiers ... ok
[INFO] [stdout] test config::imp::test::test_order ... ok
[INFO] [stdout] test package::test::interpolate_key_as_literal ... ok
[INFO] [stdout] test package::test::interpolate_multiple ... ok
[INFO] [stdout] test package::test::interpolate_noop ... ok
[INFO] [stdout] test package::test::interpolate_single ... ok
[INFO] [stdout] test package::test::interpolate_single_with_prefix ... ok
[INFO] [stdout] test package::test::interpolate_single_with_suffix ... ok
[INFO] [stdout] test config::imp::test::test_cyclic_dependency - should panic ... ok
[INFO] [stdout] test config::imp::test::test_missing_dependency - should panic ... ok
[INFO] [stdout] test package::test::interpolate_missing_closing ... ok
[INFO] [stdout] test package::test::interpolate_missing_key ... ok
[INFO] [stdout] test cache::test::test_cache_disabled_always_misses ... ok
[INFO] [stdout] test cache::test::test_cache_lookup_misses_before_update ... ok
[INFO] [stdout] test config::identifier::tests::valid_identifiers_proptest ... ok
[INFO] [stdout] test config::identifier::tests::valid_identifiers_proptest_serde ... ok
[INFO] [stdout] test cache::test::test_cache_lookup_misses_after_removing_output ... ok
[INFO] [stdout] test cache::test::test_cache_lookup_hits_after_update ... ok
[INFO] [stdout] 
[INFO] [stdout] test result: ok. 20 passed; 0 failed; 0 ignored; 0 measured; 0 filtered out; finished in 0.01s
[INFO] [stdout] 
[INFO] [stderr]      Running unittests src/bin/test-service.rs (/opt/rustwide/target/release/deps/test_service-e3f9e0bf4a0903d1)
[INFO] [stdout] 
[INFO] [stdout] running 0 tests
[INFO] [stdout] 
[INFO] [stdout] test result: ok. 0 passed; 0 failed; 0 ignored; 0 measured; 0 filtered out; finished in 0.00s
[INFO] [stdout] 
[INFO] [stderr]      Running tests/mod.rs (/opt/rustwide/target/release/deps/mod-4866c44b7b7091fb)
[INFO] [stdout] 
[INFO] [stdout] running 6 tests
[INFO] [stdout] test test::test_package_as_zone ... ok
[INFO] [stdout] test test::test_composite_package ... FAILED
[INFO] [stdout] test test::test_rust_package_as_zone ... FAILED
[INFO] [stdout] test test::test_rust_package_with_distinct_service_name ... FAILED
[INFO] [stdout] test test::test_rust_package_as_tarball ... FAILED
[INFO] [stdout] test test::test_download ... FAILED
[INFO] [stdout] 
[INFO] [stdout] failures:
[INFO] [stdout] 
[INFO] [stdout] ---- test::test_composite_package stdout ----
[INFO] [stdout] 
[INFO] [stdout] thread 'test::test_composite_package' (3427) panicked at tests/mod.rs:247:18:
[INFO] [stdout] called `Result::unwrap()` on an `Err` value: Identifying all input paths
[INFO] [stdout] 
[INFO] [stdout] Caused by:
[INFO] [stdout]     0: Failed to get length of target/debug/test-service
[INFO] [stdout]     1: No such file or directory (os error 2)
[INFO] [stdout] 
[INFO] [stdout] Stack backtrace:
[INFO] [stdout]    0: <core::io::error::Error as anyhow::context::ext::StdError>::ext_context::<alloc::string::String>
[INFO] [stdout]    1: <omicron_zone_package::input::BuildInput>::add_file
[INFO] [stdout]    2: <omicron_zone_package::package::Package>::get_all_inputs
[INFO] [stdout]    3: <omicron_zone_package::package::Package>::create_internal::{closure#0}
[INFO] [stdout]    4: <omicron_zone_package::package::Package>::create::{closure#0}
[INFO] [stdout]    5: mod::test::test_composite_package::{closure#0}
[INFO] [stdout]    6: tokio::runtime::context::runtime::enter_runtime::<<tokio::runtime::scheduler::multi_thread::MultiThread>::block_on<core::pin::Pin<&mut dyn core::future::future::Future<Output = ()>>>::{closure#0}, ()>
[INFO] [stdout]    7: <tokio::runtime::runtime::Runtime>::block_on::<core::pin::Pin<&mut dyn core::future::future::Future<Output = ()>>>
[INFO] [stdout]    8: mod::test::test_composite_package
[INFO] [stdout]    9: <mod::test::test_composite_package::{closure#0} as core::ops::function::FnOnce<()>>::call_once
[INFO] [stdout]   10: test::__rust_begin_short_backtrace::<core::result::Result<(), alloc::string::String>, fn() -> core::result::Result<(), alloc::string::String>>
[INFO] [stdout]   11: test::run_test::{closure#0}
[INFO] [stdout]   12: std::sys::backtrace::__rust_begin_short_backtrace::<test::run_test::{closure#1}, ()>
[INFO] [stdout]   13: <std::thread::lifecycle::spawn_unchecked<test::run_test::{closure#1}, ()>::{closure#1} as core::ops::function::FnOnce<()>>::call_once::{shim:vtable#0}
[INFO] [stdout]   14: <std::sys::thread::unix::Thread>::new::thread_start
[INFO] [stdout]   15: <unknown>
[INFO] [stdout]   16: clone
[INFO] [stdout] stack backtrace:
[INFO] [stdout]    0:     0x5cb907072a41 - <<std[70759c8f55707aa4]::sys::backtrace::BacktraceLock>::print::DisplayBacktrace as core[df12db4294e9bfd3]::fmt::Display>::fmt
[INFO] [stdout]    1:     0x5cb90708a1da - core[df12db4294e9bfd3]::fmt::write
[INFO] [stdout]    2:     0x5cb9070781ec - <alloc[2182bb758b4b3781]::vec::Vec<u8> as core[df12db4294e9bfd3]::io::write::Write>::write_fmt
[INFO] [stdout]    3:     0x5cb90704a446 - std[70759c8f55707aa4]::panicking::default_hook::{closure#0}
[INFO] [stdout]    4:     0x5cb907068f39 - std[70759c8f55707aa4]::panicking::default_hook
[INFO] [stdout]    5:     0x5cb906baba90 - test[9d35eded1c95d3be]::test_main_inner::<test[9d35eded1c95d3be]::test_main_static::{closure#0}>::{closure#0}
[INFO] [stdout]    6:     0x5cb907069262 - std[70759c8f55707aa4]::panicking::panic_with_hook
[INFO] [stdout]    7:     0x5cb90704a4f2 - std[70759c8f55707aa4]::panicking::panic_handler::{closure#0}
[INFO] [stdout]    8:     0x5cb9070427e9 - std[70759c8f55707aa4]::sys::backtrace::__rust_end_short_backtrace::<std[70759c8f55707aa4]::panicking::panic_handler::{closure#0}, !>
[INFO] [stdout]    9:     0x5cb90704b68d - __rustc[8fa7c3cbc660c2b3]::rust_begin_unwind
[INFO] [stdout]   10:     0x5cb90708a93c - core[df12db4294e9bfd3]::panicking::panic_fmt
[INFO] [stdout]   11:     0x5cb90708a712 - core[df12db4294e9bfd3]::result::unwrap_failed
[INFO] [stdout]   12:     0x5cb906b63279 - mod[b44df2ea43444feb]::test::test_composite_package::{closure#0}
[INFO] [stdout]   13:     0x5cb906b7a39d - tokio[97e43bf25451e882]::runtime::context::runtime::enter_runtime::<<tokio[97e43bf25451e882]::runtime::scheduler::multi_thread::MultiThread>::block_on<core[df12db4294e9bfd3]::pin::Pin<&mut dyn core[df12db4294e9bfd3]::future::future::Future<Output = ()>>>::{closure#0}, ()>
[INFO] [stdout]   14:     0x5cb906b990ea - <tokio[97e43bf25451e882]::runtime::runtime::Runtime>::block_on::<core[df12db4294e9bfd3]::pin::Pin<&mut dyn core[df12db4294e9bfd3]::future::future::Future<Output = ()>>>
[INFO] [stdout]   15:     0x5cb906b6867b - mod[b44df2ea43444feb]::test::test_composite_package
[INFO] [stdout]   16:     0x5cb906b98c39 - <mod[b44df2ea43444feb]::test::test_composite_package::{closure#0} as core[df12db4294e9bfd3]::ops::function::FnOnce<()>>::call_once
[INFO] [stdout]   17:     0x5cb906b9ed7b - test[9d35eded1c95d3be]::__rust_begin_short_backtrace::<core[df12db4294e9bfd3]::result::Result<(), alloc[2182bb758b4b3781]::string::String>, fn() -> core[df12db4294e9bfd3]::result::Result<(), alloc[2182bb758b4b3781]::string::String>>
[INFO] [stdout]   18:     0x5cb906bac3e5 - test[9d35eded1c95d3be]::run_test::{closure#0}
[INFO] [stdout]   19:     0x5cb906ba5ca4 - std[70759c8f55707aa4]::sys::backtrace::__rust_begin_short_backtrace::<test[9d35eded1c95d3be]::run_test::{closure#1}, ()>
[INFO] [stdout]   20:     0x5cb906baf542 - <std[70759c8f55707aa4]::thread::lifecycle::spawn_unchecked<test[9d35eded1c95d3be]::run_test::{closure#1}, ()>::{closure#1} as core[df12db4294e9bfd3]::ops::function::FnOnce<()>>::call_once::{shim:vtable#0}
[INFO] [stdout]   21:     0x5cb907071bf9 - <std[70759c8f55707aa4]::sys::thread::unix::Thread>::new::thread_start
[INFO] [stdout]   22:     0x7c4c3e1abdfa - <unknown>
[INFO] [stdout]   23:     0x7c4c3e23f3d4 - clone
[INFO] [stdout]   24:                0x0 - <unknown>
[INFO] [stdout] 
[INFO] [stdout] ---- test::test_rust_package_as_zone stdout ----
[INFO] [stdout] 
[INFO] [stdout] thread 'test::test_rust_package_as_zone' (3431) panicked at tests/mod.rs:113:14:
[INFO] [stdout] called `Result::unwrap()` on an `Err` value: Identifying all input paths
[INFO] [stdout] 
[INFO] [stdout] Caused by:
[INFO] [stdout]     0: Failed to get length of target/debug/test-service
[INFO] [stdout]     1: No such file or directory (os error 2)
[INFO] [stdout] 
[INFO] [stdout] Stack backtrace:
[INFO] [stdout]    0: <core::io::error::Error as anyhow::context::ext::StdError>::ext_context::<alloc::string::String>
[INFO] [stdout]    1: <omicron_zone_package::input::BuildInput>::add_file
[INFO] [stdout]    2: <omicron_zone_package::package::Package>::get_all_inputs
[INFO] [stdout]    3: <omicron_zone_package::package::Package>::create_internal::{closure#0}
[INFO] [stdout]    4: <omicron_zone_package::package::Package>::create::{closure#0}
[INFO] [stdout]    5: mod::test::test_rust_package_as_zone::{closure#0}
[INFO] [stdout]    6: tokio::runtime::context::runtime::enter_runtime::<<tokio::runtime::scheduler::multi_thread::MultiThread>::block_on<core::pin::Pin<&mut dyn core::future::future::Future<Output = ()>>>::{closure#0}, ()>
[INFO] [stdout]    7: <tokio::runtime::runtime::Runtime>::block_on::<core::pin::Pin<&mut dyn core::future::future::Future<Output = ()>>>
[INFO] [stdout]    8: mod::test::test_rust_package_as_zone
[INFO] [stdout]    9: <mod::test::test_rust_package_as_zone::{closure#0} as core::ops::function::FnOnce<()>>::call_once
[INFO] [stdout]   10: test::__rust_begin_short_backtrace::<core::result::Result<(), alloc::string::String>, fn() -> core::result::Result<(), alloc::string::String>>
[INFO] [stdout]   11: test::run_test::{closure#0}
[INFO] [stdout]   12: std::sys::backtrace::__rust_begin_short_backtrace::<test::run_test::{closure#1}, ()>
[INFO] [stdout]   13: <std::thread::lifecycle::spawn_unchecked<test::run_test::{closure#1}, ()>::{closure#1} as core::ops::function::FnOnce<()>>::call_once::{shim:vtable#0}
[INFO] [stdout]   14: <std::sys::thread::unix::Thread>::new::thread_start
[INFO] [stdout]   15: <unknown>
[INFO] [stdout]   16: clone
[INFO] [stdout] stack backtrace:
[INFO] [stdout]    0:     0x5cb907072a41 - <<std[70759c8f55707aa4]::sys::backtrace::BacktraceLock>::print::DisplayBacktrace as core[df12db4294e9bfd3]::fmt::Display>::fmt
[INFO] [stdout]    1:     0x5cb90708a1da - core[df12db4294e9bfd3]::fmt::write
[INFO] [stdout]    2:     0x5cb9070781ec - <alloc[2182bb758b4b3781]::vec::Vec<u8> as core[df12db4294e9bfd3]::io::write::Write>::write_fmt
[INFO] [stdout]    3:     0x5cb90704a446 - std[70759c8f55707aa4]::panicking::default_hook::{closure#0}
[INFO] [stdout]    4:     0x5cb907068f39 - std[70759c8f55707aa4]::panicking::default_hook
[INFO] [stdout]    5:     0x5cb906baba90 - test[9d35eded1c95d3be]::test_main_inner::<test[9d35eded1c95d3be]::test_main_static::{closure#0}>::{closure#0}
[INFO] [stdout]    6:     0x5cb907069262 - std[70759c8f55707aa4]::panicking::panic_with_hook
[INFO] [stdout]    7:     0x5cb90704a4f2 - std[70759c8f55707aa4]::panicking::panic_handler::{closure#0}
[INFO] [stdout]    8:     0x5cb9070427e9 - std[70759c8f55707aa4]::sys::backtrace::__rust_end_short_backtrace::<std[70759c8f55707aa4]::panicking::panic_handler::{closure#0}, !>
[INFO] [stdout]    9:     0x5cb90704b68d - __rustc[8fa7c3cbc660c2b3]::rust_begin_unwind
[INFO] [stdout]   10:     0x5cb90708a93c - core[df12db4294e9bfd3]::panicking::panic_fmt
[INFO] [stdout]   11:     0x5cb90708a712 - core[df12db4294e9bfd3]::result::unwrap_failed
[INFO] [stdout]   12:     0x5cb906b63f60 - mod[b44df2ea43444feb]::test::test_rust_package_as_zone::{closure#0}
[INFO] [stdout]   13:     0x5cb906b7a39d - tokio[97e43bf25451e882]::runtime::context::runtime::enter_runtime::<<tokio[97e43bf25451e882]::runtime::scheduler::multi_thread::MultiThread>::block_on<core[df12db4294e9bfd3]::pin::Pin<&mut dyn core[df12db4294e9bfd3]::future::future::Future<Output = ()>>>::{closure#0}, ()>
[INFO] [stdout]   14:     0x5cb906b990ea - <tokio[97e43bf25451e882]::runtime::runtime::Runtime>::block_on::<core[df12db4294e9bfd3]::pin::Pin<&mut dyn core[df12db4294e9bfd3]::future::future::Future<Output = ()>>>
[INFO] [stdout]   15:     0x5cb906b687cb - mod[b44df2ea43444feb]::test::test_rust_package_as_zone
[INFO] [stdout]   16:     0x5cb906b98c59 - <mod[b44df2ea43444feb]::test::test_rust_package_as_zone::{closure#0} as core[df12db4294e9bfd3]::ops::function::FnOnce<()>>::call_once
[INFO] [stdout]   17:     0x5cb906b9ed7b - test[9d35eded1c95d3be]::__rust_begin_short_backtrace::<core[df12db4294e9bfd3]::result::Result<(), alloc[2182bb758b4b3781]::string::String>, fn() -> core[df12db4294e9bfd3]::result::Result<(), alloc[2182bb758b4b3781]::string::String>>
[INFO] [stdout]   18:     0x5cb906bac3e5 - test[9d35eded1c95d3be]::run_test::{closure#0}
[INFO] [stdout]   19:     0x5cb906ba5ca4 - std[70759c8f55707aa4]::sys::backtrace::__rust_begin_short_backtrace::<test[9d35eded1c95d3be]::run_test::{closure#1}, ()>
[INFO] [stdout]   20:     0x5cb906baf542 - <std[70759c8f55707aa4]::thread::lifecycle::spawn_unchecked<test[9d35eded1c95d3be]::run_test::{closure#1}, ()>::{closure#1} as core[df12db4294e9bfd3]::ops::function::FnOnce<()>>::call_once::{shim:vtable#0}
[INFO] [stdout]   21:     0x5cb907071bf9 - <std[70759c8f55707aa4]::sys::thread::unix::Thread>::new::thread_start
[INFO] [stdout]   22:     0x7c4c3e1abdfa - <unknown>
[INFO] [stdout]   23:     0x7c4c3e23f3d4 - clone
[INFO] [stdout]   24:                0x0 - <unknown>
[INFO] [stdout] 
[INFO] [stdout] ---- test::test_rust_package_with_distinct_service_name stdout ----
[INFO] [stdout] 
[INFO] [stdout] thread 'test::test_rust_package_with_distinct_service_name' (3432) panicked at tests/mod.rs:208:14:
[INFO] [stdout] called `Result::unwrap()` on an `Err` value: Identifying all input paths
[INFO] [stdout] 
[INFO] [stdout] Caused by:
[INFO] [stdout]     0: Failed to get length of target/debug/test-service
[INFO] [stdout]     1: No such file or directory (os error 2)
[INFO] [stdout] 
[INFO] [stdout] Stack backtrace:
[INFO] [stdout]    0: <core::io::error::Error as anyhow::context::ext::StdError>::ext_context::<alloc::string::String>
[INFO] [stdout]    1: <omicron_zone_package::input::BuildInput>::add_file
[INFO] [stdout]    2: <omicron_zone_package::package::Package>::get_all_inputs
[INFO] [stdout]    3: <omicron_zone_package::package::Package>::create_internal::{closure#0}
[INFO] [stdout]    4: <omicron_zone_package::package::Package>::create::{closure#0}
[INFO] [stdout]    5: mod::test::test_rust_package_with_distinct_service_name::{closure#0}
[INFO] [stdout]    6: tokio::runtime::context::runtime::enter_runtime::<<tokio::runtime::scheduler::multi_thread::MultiThread>::block_on<core::pin::Pin<&mut dyn core::future::future::Future<Output = ()>>>::{closure#0}, ()>
[INFO] [stdout]    7: <tokio::runtime::runtime::Runtime>::block_on::<core::pin::Pin<&mut dyn core::future::future::Future<Output = ()>>>
[INFO] [stdout]    8: mod::test::test_rust_package_with_distinct_service_name
[INFO] [stdout]    9: <mod::test::test_rust_package_with_distinct_service_name::{closure#0} as core::ops::function::FnOnce<()>>::call_once
[INFO] [stdout]   10: test::__rust_begin_short_backtrace::<core::result::Result<(), alloc::string::String>, fn() -> core::result::Result<(), alloc::string::String>>
[INFO] [stdout]   11: test::run_test::{closure#0}
[INFO] [stdout]   12: std::sys::backtrace::__rust_begin_short_backtrace::<test::run_test::{closure#1}, ()>
[INFO] [stdout]   13: <std::thread::lifecycle::spawn_unchecked<test::run_test::{closure#1}, ()>::{closure#1} as core::ops::function::FnOnce<()>>::call_once::{shim:vtable#0}
[INFO] [stdout]   14: <std::sys::thread::unix::Thread>::new::thread_start
[INFO] [stdout]   15: <unknown>
[INFO] [stdout]   16: clone
[INFO] [stdout] stack backtrace:
[INFO] [stdout]    0:     0x5cb907072a41 - <<std[70759c8f55707aa4]::sys::backtrace::BacktraceLock>::print::DisplayBacktrace as core[df12db4294e9bfd3]::fmt::Display>::fmt
[INFO] [stdout]    1:     0x5cb90708a1da - core[df12db4294e9bfd3]::fmt::write
[INFO] [stdout]    2:     0x5cb9070781ec - <alloc[2182bb758b4b3781]::vec::Vec<u8> as core[df12db4294e9bfd3]::io::write::Write>::write_fmt
[INFO] [stdout]    3:     0x5cb90704a446 - std[70759c8f55707aa4]::panicking::default_hook::{closure#0}
[INFO] [stdout]    4:     0x5cb907068f39 - std[70759c8f55707aa4]::panicking::default_hook
[INFO] [stdout]    5:     0x5cb906baba90 - test[9d35eded1c95d3be]::test_main_inner::<test[9d35eded1c95d3be]::test_main_static::{closure#0}>::{closure#0}
[INFO] [stdout]    6:     0x5cb907069262 - std[70759c8f55707aa4]::panicking::panic_with_hook
[INFO] [stdout]    7:     0x5cb90704a4f2 - std[70759c8f55707aa4]::panicking::panic_handler::{closure#0}
[INFO] [stdout]    8:     0x5cb9070427e9 - std[70759c8f55707aa4]::sys::backtrace::__rust_end_short_backtrace::<std[70759c8f55707aa4]::panicking::panic_handler::{closure#0}, !>
[INFO] [stdout]    9:     0x5cb90704b68d - __rustc[8fa7c3cbc660c2b3]::rust_begin_unwind
[INFO] [stdout]   10:     0x5cb90708a93c - core[df12db4294e9bfd3]::panicking::panic_fmt
[INFO] [stdout]   11:     0x5cb90708a712 - core[df12db4294e9bfd3]::result::unwrap_failed
[INFO] [stdout]   12:     0x5cb906b67d5b - mod[b44df2ea43444feb]::test::test_rust_package_with_distinct_service_name::{closure#0}
[INFO] [stdout]   13:     0x5cb906b7a39d - tokio[97e43bf25451e882]::runtime::context::runtime::enter_runtime::<<tokio[97e43bf25451e882]::runtime::scheduler::multi_thread::MultiThread>::block_on<core[df12db4294e9bfd3]::pin::Pin<&mut dyn core[df12db4294e9bfd3]::future::future::Future<Output = ()>>>::{closure#0}, ()>
[INFO] [stdout]   14:     0x5cb906b990ea - <tokio[97e43bf25451e882]::runtime::runtime::Runtime>::block_on::<core[df12db4294e9bfd3]::pin::Pin<&mut dyn core[df12db4294e9bfd3]::future::future::Future<Output = ()>>>
[INFO] [stdout]   15:     0x5cb906b68a6b - mod[b44df2ea43444feb]::test::test_rust_package_with_distinct_service_name
[INFO] [stdout]   16:     0x5cb906b98c99 - <mod[b44df2ea43444feb]::test::test_rust_package_with_distinct_service_name::{closure#0} as core[df12db4294e9bfd3]::ops::function::FnOnce<()>>::call_once
[INFO] [stdout]   17:     0x5cb906b9ed7b - test[9d35eded1c95d3be]::__rust_begin_short_backtrace::<core[df12db4294e9bfd3]::result::Result<(), alloc[2182bb758b4b3781]::string::String>, fn() -> core[df12db4294e9bfd3]::result::Result<(), alloc[2182bb758b4b3781]::string::String>>
[INFO] [stdout]   18:     0x5cb906bac3e5 - test[9d35eded1c95d3be]::run_test::{closure#0}
[INFO] [stdout]   19:     0x5cb906ba5ca4 - std[70759c8f55707aa4]::sys::backtrace::__rust_begin_short_backtrace::<test[9d35eded1c95d3be]::run_test::{closure#1}, ()>
[INFO] [stdout]   20:     0x5cb906baf542 - <std[70759c8f55707aa4]::thread::lifecycle::spawn_unchecked<test[9d35eded1c95d3be]::run_test::{closure#1}, ()>::{closure#1} as core[df12db4294e9bfd3]::ops::function::FnOnce<()>>::call_once::{shim:vtable#0}
[INFO] [stdout]   21:     0x5cb907071bf9 - <std[70759c8f55707aa4]::sys::thread::unix::Thread>::new::thread_start
[INFO] [stdout]   22:     0x7c4c3e1abdfa - <unknown>
[INFO] [stdout]   23:     0x7c4c3e23f3d4 - clone
[INFO] [stdout]   24:                0x0 - <unknown>
[INFO] [stdout] 
[INFO] [stdout] ---- test::test_rust_package_as_tarball stdout ----
[INFO] [stdout] 
[INFO] [stdout] thread 'test::test_rust_package_as_tarball' (3430) panicked at tests/mod.rs:155:14:
[INFO] [stdout] called `Result::unwrap()` on an `Err` value: Identifying all input paths
[INFO] [stdout] 
[INFO] [stdout] Caused by:
[INFO] [stdout]     0: Failed to get length of target/debug/test-service
[INFO] [stdout]     1: No such file or directory (os error 2)
[INFO] [stdout] 
[INFO] [stdout] Stack backtrace:
[INFO] [stdout]    0: <core::io::error::Error as anyhow::context::ext::StdError>::ext_context::<alloc::string::String>
[INFO] [stdout]    1: <omicron_zone_package::input::BuildInput>::add_file
[INFO] [stdout]    2: <omicron_zone_package::package::Package>::get_all_inputs
[INFO] [stdout]    3: <omicron_zone_package::package::Package>::create_internal::{closure#0}
[INFO] [stdout]    4: <omicron_zone_package::package::Package>::create::{closure#0}
[INFO] [stdout]    5: mod::test::test_rust_package_as_tarball::{closure#0}
[INFO] [stdout]    6: tokio::runtime::context::runtime::enter_runtime::<<tokio::runtime::scheduler::multi_thread::MultiThread>::block_on<core::pin::Pin<&mut dyn core::future::future::Future<Output = ()>>>::{closure#0}, ()>
[INFO] [stdout]    7: <tokio::runtime::runtime::Runtime>::block_on::<core::pin::Pin<&mut dyn core::future::future::Future<Output = ()>>>
[INFO] [stdout]    8: mod::test::test_rust_package_as_tarball
[INFO] [stdout]    9: <mod::test::test_rust_package_as_tarball::{closure#0} as core::ops::function::FnOnce<()>>::call_once
[INFO] [stdout]   10: test::__rust_begin_short_backtrace::<core::result::Result<(), alloc::string::String>, fn() -> core::result::Result<(), alloc::string::String>>
[INFO] [stdout]   11: test::run_test::{closure#0}
[INFO] [stdout]   12: std::sys::backtrace::__rust_begin_short_backtrace::<test::run_test::{closure#1}, ()>
[INFO] [stdout]   13: <std::thread::lifecycle::spawn_unchecked<test::run_test::{closure#1}, ()>::{closure#1} as core::ops::function::FnOnce<()>>::call_once::{shim:vtable#0}
[INFO] [stdout]   14: <std::sys::thread::unix::Thread>::new::thread_start
[INFO] [stdout]   15: <unknown>
[INFO] [stdout]   16: clone
[INFO] [stdout] stack backtrace:
[INFO] [stdout]    0:     0x5cb907072a41 - <<std[70759c8f55707aa4]::sys::backtrace::BacktraceLock>::print::DisplayBacktrace as core[df12db4294e9bfd3]::fmt::Display>::fmt
[INFO] [stdout]    1:     0x5cb90708a1da - core[df12db4294e9bfd3]::fmt::write
[INFO] [stdout]    2:     0x5cb9070781ec - <alloc[2182bb758b4b3781]::vec::Vec<u8> as core[df12db4294e9bfd3]::io::write::Write>::write_fmt
[INFO] [stdout]    3:     0x5cb90704a446 - std[70759c8f55707aa4]::panicking::default_hook::{closure#0}
[INFO] [stdout]    4:     0x5cb907068f39 - std[70759c8f55707aa4]::panicking::default_hook
[INFO] [stdout]    5:     0x5cb906baba90 - test[9d35eded1c95d3be]::test_main_inner::<test[9d35eded1c95d3be]::test_main_static::{closure#0}>::{closure#0}
[INFO] [stdout]    6:     0x5cb907069262 - std[70759c8f55707aa4]::panicking::panic_with_hook
[INFO] [stdout]    7:     0x5cb90704a4f2 - std[70759c8f55707aa4]::panicking::panic_handler::{closure#0}
[INFO] [stdout]    8:     0x5cb9070427e9 - std[70759c8f55707aa4]::sys::backtrace::__rust_end_short_backtrace::<std[70759c8f55707aa4]::panicking::panic_handler::{closure#0}, !>
[INFO] [stdout]    9:     0x5cb90704b68d - __rustc[8fa7c3cbc660c2b3]::rust_begin_unwind
[INFO] [stdout]   10:     0x5cb90708a93c - core[df12db4294e9bfd3]::panicking::panic_fmt
[INFO] [stdout]   11:     0x5cb90708a712 - core[df12db4294e9bfd3]::result::unwrap_failed
[INFO] [stdout]   12:     0x5cb906b65b81 - mod[b44df2ea43444feb]::test::test_rust_package_as_tarball::{closure#0}
[INFO] [stdout]   13:     0x5cb906b7a39d - tokio[97e43bf25451e882]::runtime::context::runtime::enter_runtime::<<tokio[97e43bf25451e882]::runtime::scheduler::multi_thread::MultiThread>::block_on<core[df12db4294e9bfd3]::pin::Pin<&mut dyn core[df12db4294e9bfd3]::future::future::Future<Output = ()>>>::{closure#0}, ()>
[INFO] [stdout]   14:     0x5cb906b990ea - <tokio[97e43bf25451e882]::runtime::runtime::Runtime>::block_on::<core[df12db4294e9bfd3]::pin::Pin<&mut dyn core[df12db4294e9bfd3]::future::future::Future<Output = ()>>>
[INFO] [stdout]   15:     0x5cb906b6891b - mod[b44df2ea43444feb]::test::test_rust_package_as_tarball
[INFO] [stdout]   16:     0x5cb906b98c79 - <mod[b44df2ea43444feb]::test::test_rust_package_as_tarball::{closure#0} as core[df12db4294e9bfd3]::ops::function::FnOnce<()>>::call_once
[INFO] [stdout]   17:     0x5cb906b9ed7b - test[9d35eded1c95d3be]::__rust_begin_short_backtrace::<core[df12db4294e9bfd3]::result::Result<(), alloc[2182bb758b4b3781]::string::String>, fn() -> core[df12db4294e9bfd3]::result::Result<(), alloc[2182bb758b4b3781]::string::String>>
[INFO] [stdout]   18:     0x5cb906bac3e5 - test[9d35eded1c95d3be]::run_test::{closure#0}
[INFO] [stdout]   19:     0x5cb906ba5ca4 - std[70759c8f55707aa4]::sys::backtrace::__rust_begin_short_backtrace::<test[9d35eded1c95d3be]::run_test::{closure#1}, ()>
[INFO] [stdout]   20:     0x5cb906baf542 - <std[70759c8f55707aa4]::thread::lifecycle::spawn_unchecked<test[9d35eded1c95d3be]::run_test::{closure#1}, ()>::{closure#1} as core[df12db4294e9bfd3]::ops::function::FnOnce<()>>::call_once::{shim:vtable#0}
[INFO] [stdout]   21:     0x5cb907071bf9 - <std[70759c8f55707aa4]::sys::thread::unix::Thread>::new::thread_start
[INFO] [stdout]   22:     0x7c4c3e1abdfa - <unknown>
[INFO] [stdout]   23:     0x7c4c3e23f3d4 - clone
[INFO] [stdout]   24:                0x0 - <unknown>
[INFO] [stdout] 
[INFO] [stdout] ---- test::test_download stdout ----
[INFO] [stdout] Error: error sending request for url (https://oxide-omicron-build.s3.amazonaws.com/OVMF_CODE.fd)
[INFO] [stdout] 
[INFO] [stdout] Caused by:
[INFO] [stdout]     0: client error (Connect)
[INFO] [stdout]     1: dns error
[INFO] [stdout]     2: failed to lookup address information: Temporary failure in name resolution
[INFO] [stdout] 
[INFO] [stdout] Stack backtrace:
[INFO] [stdout]    0: <anyhow::Error as core::convert::From<reqwest::error::Error>>::from
[INFO] [stdout]    1: omicron_zone_package::blob::download::{closure#0}
[INFO] [stdout]    2: mod::test::test_download::{closure#0}
[INFO] [stdout]    3: tokio::runtime::context::runtime::enter_runtime::<<tokio::runtime::scheduler::multi_thread::MultiThread>::block_on<core::pin::Pin<&mut dyn core::future::future::Future<Output = core::result::Result<(), anyhow::Error>>>>::{closure#0}, core::result::Result<(), anyhow::Error>>
[INFO] [stdout]    4: <tokio::runtime::runtime::Runtime>::block_on::<core::pin::Pin<&mut dyn core::future::future::Future<Output = core::result::Result<(), anyhow::Error>>>>
[INFO] [stdout]    5: mod::test::test_download
[INFO] [stdout]    6: <mod::test::test_download::{closure#0} as core::ops::function::FnOnce<()>>::call_once
[INFO] [stdout]    7: test::__rust_begin_short_backtrace::<core::result::Result<(), alloc::string::String>, fn() -> core::result::Result<(), alloc::string::String>>
[INFO] [stdout]    8: test::run_test::{closure#0}
[INFO] [stdout]    9: std::sys::backtrace::__rust_begin_short_backtrace::<test::run_test::{closure#1}, ()>
[INFO] [stdout]   10: <std::thread::lifecycle::spawn_unchecked<test::run_test::{closure#1}, ()>::{closure#1} as core::ops::function::FnOnce<()>>::call_once::{shim:vtable#0}
[INFO] [stdout]   11: <std::sys::thread::unix::Thread>::new::thread_start
[INFO] [stdout]   12: <unknown>
[INFO] [stdout]   13: clone
[INFO] [stdout] 
[INFO] [stdout] 
[INFO] [stdout] failures:
[INFO] [stdout]     test::test_composite_package
[INFO] [stdout]     test::test_download
[INFO] [stdout]     test::test_rust_package_as_tarball
[INFO] [stdout]     test::test_rust_package_as_zone
[INFO] [stdout]     test::test_rust_package_with_distinct_service_name
[INFO] [stdout] 
[INFO] [stdout] test result: FAILED. 1 passed; 5 failed; 0 ignored; 0 measured; 0 filtered out; finished in 0.04s
[INFO] [stdout] 
[INFO] [stderr] error: test failed, to rerun pass `--test mod`
[INFO] running `Command { std: "docker" "inspect" "3f7d49fc9f87bb63a988d92a8b8bba1a13c1af27541432cb0be5bebbcf6a4330", kill_on_drop: false }`
[INFO] running `Command { std: "docker" "rm" "-f" "3f7d49fc9f87bb63a988d92a8b8bba1a13c1af27541432cb0be5bebbcf6a4330", kill_on_drop: false }`
[INFO] [stdout] 3f7d49fc9f87bb63a988d92a8b8bba1a13c1af27541432cb0be5bebbcf6a4330
