[INFO] fetching crate omgkit-conf 0.0.8...
[INFO] testing omgkit-conf-0.0.8 against 1.99.0-beta.8+cargoflags=--release for beta-release-1.100-2
[INFO] extracting crate omgkit-conf 0.0.8 into /workspace/builds/worker-4-tc1/source
[INFO] started tweaking crates.io crate omgkit-conf 0.0.8
[INFO] removed 0 missing examples
[INFO] removed 0 missing tests
[INFO] finished tweaking crates.io crate omgkit-conf 0.0.8
[INFO] tweaked toml for crates.io crate omgkit-conf 0.0.8 written to /workspace/builds/worker-4-tc1/source/Cargo.toml
[INFO] validating manifest of crates.io crate omgkit-conf 0.0.8 on toolchain 1.99.0-beta.8
[INFO] running `Command { std: CARGO_HOME="/workspace/cargo-home" RUSTUP_HOME="/workspace/rustup-home" "/workspace/cargo-home/bin/cargo" "+1.99.0-beta.8" "metadata" "--manifest-path" "Cargo.toml" "--no-deps", kill_on_drop: false }`
[INFO] crate crates.io crate omgkit-conf 0.0.8 already has a lockfile, it will not be regenerated
[INFO] running `Command { std: CARGO_HOME="/workspace/cargo-home" RUSTUP_HOME="/workspace/rustup-home" "/workspace/cargo-home/bin/cargo" "+1.99.0-beta.8" "fetch" "--manifest-path" "Cargo.toml", kill_on_drop: false }`
[INFO] [stderr]     Updating crates.io index
[INFO] [stderr]  Downloading crates ...
[INFO] [stderr]   Downloaded omgkit-chem v0.0.8
[INFO] [stderr]   Downloaded omgkit-core v0.0.8
[INFO] [stderr]   Downloaded omgkit-io v0.0.8
[INFO] running `Command { std: "docker" "create" "-v" "/var/lib/crater-agent-workspace/builds/worker-4-tc1/source:/opt/rustwide/workdir:ro,Z" "-v" "/var/lib/crater-agent-workspace/builds/worker-4-tc1/target:/opt/rustwide/target:rw,Z" "-v" "/var/lib/crater-agent-workspace/cargo-home:/opt/rustwide/cargo-home:ro,Z" "-v" "/var/lib/crater-agent-workspace/rustup-home:/opt/rustwide/rustup-home:ro,Z" "-m" "1610612736" "--network" "none" "ghcr.io/rust-lang/crates-build-env/linux@sha256:77db811e55d90add9212f6832c23229e3de5f1c1f9905e8cb07319ea15df73ac" "sleep" "infinity", kill_on_drop: false }`
[INFO] [stdout] 0c9a0c87b50b0b54e8fdc86892aa80fead0506432de853e67ee6defe2f0100c1
[INFO] running `Command { std: "docker" "start" "0c9a0c87b50b0b54e8fdc86892aa80fead0506432de853e67ee6defe2f0100c1", kill_on_drop: false }`
[INFO] running `Command { std: "docker" "inspect" "0c9a0c87b50b0b54e8fdc86892aa80fead0506432de853e67ee6defe2f0100c1", kill_on_drop: false }`
[INFO] running `Command { std: "docker" "exec" "-e" "SOURCE_DIR=/opt/rustwide/workdir" "-e" "CARGO_HOME=/opt/rustwide/cargo-home" "-e" "RUSTUP_HOME=/opt/rustwide/rustup-home" "-e" "CARGO_TARGET_DIR=/opt/rustwide/target" "-w" "/opt/rustwide/workdir" "--user" "0:0" "0c9a0c87b50b0b54e8fdc86892aa80fead0506432de853e67ee6defe2f0100c1" "/opt/rustwide/cargo-home/bin/cargo" "+1.99.0-beta.8" "metadata" "--no-deps" "--format-version=1", kill_on_drop: false }`
[INFO] running `Command { std: "docker" "inspect" "0c9a0c87b50b0b54e8fdc86892aa80fead0506432de853e67ee6defe2f0100c1", kill_on_drop: false }`
[INFO] running `Command { std: "docker" "exec" "-e" "SOURCE_DIR=/opt/rustwide/workdir" "-e" "CARGO_HOME=/opt/rustwide/cargo-home" "-e" "RUSTUP_HOME=/opt/rustwide/rustup-home" "-e" "CARGO_TARGET_DIR=/opt/rustwide/target" "-e" "CARGO_INCREMENTAL=0" "-e" "RUST_BACKTRACE=full" "-e" "RUSTFLAGS=--cap-lints=warn" "-e" "RUSTDOCFLAGS=--cap-lints=warn" "-w" "/opt/rustwide/workdir" "--user" "0:0" "0c9a0c87b50b0b54e8fdc86892aa80fead0506432de853e67ee6defe2f0100c1" "/opt/rustwide/cargo-home/bin/cargo" "+1.99.0-beta.8" "build" "--frozen" "--message-format=json" "--release", kill_on_drop: false }`
[INFO] [stderr]    Compiling omgkit-core v0.0.8
[INFO] [stderr]    Compiling omgkit-chem v0.0.8
[INFO] [stderr]    Compiling omgkit-io v0.0.8
[INFO] [stderr]    Compiling omgkit-conf v0.0.8 (/opt/rustwide/workdir)
[INFO] [stderr]     Finished `release` profile [optimized] target(s) in 2.38s
[INFO] running `Command { std: "docker" "inspect" "0c9a0c87b50b0b54e8fdc86892aa80fead0506432de853e67ee6defe2f0100c1", kill_on_drop: false }`
[INFO] running `Command { std: "docker" "exec" "-e" "SOURCE_DIR=/opt/rustwide/workdir" "-e" "CARGO_HOME=/opt/rustwide/cargo-home" "-e" "RUSTUP_HOME=/opt/rustwide/rustup-home" "-e" "CARGO_TARGET_DIR=/opt/rustwide/target" "-e" "CARGO_INCREMENTAL=0" "-e" "RUST_BACKTRACE=full" "-e" "RUSTFLAGS=--cap-lints=warn" "-e" "RUSTDOCFLAGS=--cap-lints=warn" "-w" "/opt/rustwide/workdir" "--user" "0:0" "0c9a0c87b50b0b54e8fdc86892aa80fead0506432de853e67ee6defe2f0100c1" "/opt/rustwide/cargo-home/bin/cargo" "+1.99.0-beta.8" "test" "--frozen" "--no-run" "--message-format=json" "--release", kill_on_drop: false }`
[INFO] [stderr]    Compiling serde_json v1.0.151
[INFO] [stderr]    Compiling omgkit-conf v0.0.8 (/opt/rustwide/workdir)
[INFO] [stderr]     Finished `release` profile [optimized] target(s) in 3.12s
[INFO] running `Command { std: "docker" "inspect" "0c9a0c87b50b0b54e8fdc86892aa80fead0506432de853e67ee6defe2f0100c1", kill_on_drop: false }`
[INFO] running `Command { std: "docker" "exec" "-e" "SOURCE_DIR=/opt/rustwide/workdir" "-e" "CARGO_HOME=/opt/rustwide/cargo-home" "-e" "RUSTUP_HOME=/opt/rustwide/rustup-home" "-e" "CARGO_TARGET_DIR=/opt/rustwide/target" "-e" "CARGO_INCREMENTAL=0" "-e" "RUST_BACKTRACE=full" "-e" "RUSTFLAGS=--cap-lints=warn" "-e" "RUSTDOCFLAGS=--cap-lints=warn" "-w" "/opt/rustwide/workdir" "--user" "0:0" "0c9a0c87b50b0b54e8fdc86892aa80fead0506432de853e67ee6defe2f0100c1" "/opt/rustwide/cargo-home/bin/cargo" "+1.99.0-beta.8" "test" "--frozen" "--release", kill_on_drop: false }`
[INFO] [stderr]     Finished `release` profile [optimized] target(s) in 0.01s
[INFO] [stderr]      Running unittests src/lib.rs (/opt/rustwide/target/release/deps/omgkit_conf-0c2fadd0942d112d)
[INFO] [stdout] 
[INFO] [stdout] running 95 tests
[INFO] [stdout] test chiral::tests::中心原子翻到配体四面体外面时号必须跟着翻 ... ok
[INFO] [stdout] test bounds::tests::a_hypervalent_centre_gets_a_polyhedral_envelope_not_an_arbitrary_floor ... ok
[INFO] [stdout] test bounds::tests::a_ring_needs_no_special_case_the_smoothing_finds_the_short_way_round ... ok
[INFO] [stdout] test bounds::tests::tiny_molecules_are_fine ... ok
[INFO] [stdout] test chiral::tests::压平的中心不算数 ... ok
[INFO] [stdout] test chiral::tests::参照四面体把符号钉死 ... ok
[INFO] [stdout] test bounds::tests::a_one_four_across_an_aromatic_ring_has_a_pinned_torsion ... ok
[INFO] [stdout] test bounds::tests::三元环里成键那一对不许被_1_3_挤宽 ... ok
[INFO] [stdout] test chiral::tests::全局定向按多数决 ... ok
[INFO] [stdout] test chiral::tests::旋转不改变符号 ... ok
[INFO] [stdout] test bounds::tests::cis_and_trans_get_different_bounds ... ok
[INFO] [stdout] test chiral::tests::参照四面体的中心基点体积号为正 ... ok
[INFO] [stdout] test bounds::tests::every_pair_has_a_non_empty_interval ... ok
[INFO] [stdout] test bounds::tests::a_one_three_distance_comes_from_the_law_of_cosines ... ok
[INFO] [stdout] test bounds::tests::a_bond_gets_the_measured_interval ... ok
[INFO] [stdout] test chiral::tests::没有手性中心时不翻 ... ok
[INFO] [stdout] test embed::tests::参考距离表整张取上限 ... ok
[INFO] [stdout] test chiral::tests::镜像把每个体积都变号 ... ok
[INFO] [stdout] test embed::tests::嵌出来的坐标以质心为原点 ... ok
[INFO] [stdout] test chiral::tests::写出去的号与读回来的标记是同一套 ... ok
[INFO] [stdout] test embed::tests::接近平面但不是平面的结构不许被压平 ... ok
[INFO] [stdout] test embed::tests::平面点集只用掉两根轴 ... ok
[INFO] [stdout] test embed::tests::平移旋转不改变结果的距离 ... ok
[INFO] [stdout] test embed::tests::最大偏差不许把_nan_洗成零 ... ok
[INFO] [stdout] test embed::tests::摆不进三维时降级而不是失败 ... ok
[INFO] [stdout] test embed::tests::形状不对要报错 ... ok
[INFO] [stdout] test field::tests::下限那一支是饱和的 ... ok
[INFO] [stdout] test field::tests::手性项挡得住伞形翻转 ... ok
[INFO] [stdout] test field::tests::手性项的梯度与能量一致 ... ok
[INFO] [stdout] test field::tests::手性项能把号翻回来 ... ok
[INFO] [stdout] test field::tests::距离项的梯度与能量一致 ... ok
[INFO] [stdout] test field::tests::非有限坐标不许被判成满分 ... ok
[INFO] [stdout] test field::tests::精修能把违反压下去 ... ok
[INFO] [stdout] test linalg::tests::病态的近重特征值 ... ok
[INFO] [stdout] test linalg::tests::中间量溢出要报错而不是裹在_ok_里 ... ok
[INFO] [stdout] test field::tests::落在界内时罚为零 ... ok
[INFO] [stdout] test field::tests::两项一起的梯度也一致 ... ok
[INFO] [stdout] test linalg::tests::病态矩阵_量级悬殊与希尔伯特 ... ok
[INFO] [stdout] test field::tests::宽区间的对也必须进力场 ... ok
[INFO] [stdout] test linalg::tests::三维点集的_gram_矩阵秩恰好是三 ... ok
[INFO] [stdout] test linalg::tests::最坏值归约里_nan_必须赢 ... ok
[INFO] [stdout] test linalg::tests::空矩阵与一阶 ... ok
[INFO] [stdout] test linalg::tests::二阶的解析解 ... ok
[INFO] [stdout] test optimize::tests::beale_与_powell_收敛到已知最优 ... ok
[INFO] [stdout] test embed::tests::空表与退化尺寸 ... ok
[INFO] [stdout] test optimize::tests::平底罚项能压到零 ... ok
[INFO] [stdout] test linalg::tests::分解自检不许把_nan_报成零偏差 ... ok
[INFO] [stdout] test optimize::tests::同样的输入两次给同样的答案 ... ok
[INFO] [stdout] test embed::tests::自相矛盾的距离表会露出负特征值 ... ok
[INFO] [stdout] test optimize::tests::探针_各目标丢弃了多少曲率对 ... ignored
[INFO] [stdout] test linalg::tests::已经是对角阵时不动它 ... ok
[INFO] [stdout] test params::tests::bond_lookup_does_not_care_which_atom_comes_first ... ok
[INFO] [stdout] test linalg::tests::符号约定是确定的 ... ok
[INFO] [stdout] test linalg::tests::符号约定的并列规则 ... ok
[INFO] [stdout] test params::tests::a_miss_says_so_and_still_returns_something_usable ... ok
[INFO] [stdout] test optimize::tests::耦合平底罚项_梯度一致且线搜索健康 ... ok
[INFO] [stdout] test optimize::tests::解析梯度与数值梯度一致 ... ok
[INFO] [stdout] test embed::tests::真实三维点集精确回嵌 ... ok
[INFO] [stdout] test params::tests::the_tables_are_actually_parsed_and_hit ... ok
[INFO] [stdout] test linalg::tests::非有限数挡在门口 ... ok
[INFO] [stdout] test optimize::tests::起点就是最优时不乱动 ... ok
[INFO] [stdout] test linalg::tests::负特征值也要拿对 ... ok
[INFO] [stdout] test optimize::tests::迭代次数必须配得上_lbfgs ... ok
[INFO] [stdout] test params::tests::the_embedded_tables_match_the_ones_in_harness ... FAILED
[INFO] [stdout] test pipeline::tests::精修确实在干活 ... ok
[INFO] [stdout] test smooth::tests::smoothing_twice_changes_nothing ... ok
[INFO] [stdout] test smooth::tests::an_upper_bound_is_squeezed_by_the_path_through_the_third_atom ... ok
[INFO] [stdout] test smooth::tests::a_lower_bound_is_pushed_up_by_the_triangle_inequality ... ok
[INFO] [stdout] test spread::tests::不重合就一个都不动 ... ok
[INFO] [stdout] test smooth::tests::tiny_inputs_are_fine ... ok
[INFO] [stdout] test spread::tests::van_der_corput_的前几项 ... ok
[INFO] [stdout] test pipeline::tests::界不可行时如实报失败 ... ok
[INFO] [stdout] test linalg::tests::退化特征值 ... ok
[INFO] [stdout] test smooth::tests::an_impossible_constraint_set_names_a_genuinely_broken_pair ... ok
[INFO] [stdout] test pipeline::tests::三配位但没有孤对的不算立体中心 ... ok
[INFO] [stdout] test optimize::tests::rosenbrock_收敛到已知最优 ... ok
[INFO] [stdout] test spread::tests::相邻下标的位移互不相同 ... ok
[INFO] [stdout] test threading::tests::四面体烷的对棱不算交叉 ... ok
[INFO] [stdout] test linalg::tests::随机对称阵的重建与正交 ... ok
[INFO] [stdout] test threading::tests::月牙环的环身照样查得出来 ... ok
[INFO] [stdout] test pipeline::tests::漏了顺反折算会被谓词看见 ... ok
[INFO] [stdout] test spread::tests::重合的会被分开 ... ok
[INFO] [stdout] test spread::tests::位移是确定的 ... ok
[INFO] [stdout] test threading::tests::真正够远的两根键照样查得出来 ... ok
[INFO] [stdout] test threading::tests::月牙环的凹口不算穿刺 ... ok
[INFO] [stdout] test smooth::tests::the_smoothed_upper_bounds_are_themselves_a_metric ... ok
[INFO] [stdout] test pipeline::tests::同一个分子两次给逐位相同的坐标 ... ok
[INFO] [stdout] test pipeline::tests::常见分子都给得出构型 ... ok
[INFO] [stdout] test threading::tests::线段距离的解析解 ... ok
[INFO] [stdout] test pipeline::tests::双键顺反必须落到正确的一侧 ... ok
[INFO] [stdout] test threading::tests::线段穿三角形 ... ok
[INFO] [stdout] test threading::tests::被一根键连起来的两根键不算交叉 ... ok
[INFO] [stdout] test threading::tests::错开的线段不能给出偏大的距离 ... ok
[INFO] [stdout] test spread::tests::幅度受控 ... ok
[INFO] [stdout] test pipeline::tests::三配位立体中心抽得出来且两个对映体互为镜像 ... ok
[INFO] [stdout] 
[INFO] [stdout] failures:
[INFO] [stdout] 
[INFO] [stdout] ---- params::tests::the_embedded_tables_match_the_ones_in_harness stdout ----
[INFO] [stdout] 
[INFO] [stdout] thread 'params::tests::the_embedded_tables_match_the_ones_in_harness' (795) panicked at src/params.rs:344:18:
[INFO] [stdout] harness 里那份: Os { code: 2, kind: NotFound, message: "No such file or directory" }
[INFO] [stdout] stack backtrace:
[INFO] [stdout]    0:     0x5aacd6fbeb11 - <<std[70759c8f55707aa4]::sys::backtrace::BacktraceLock>::print::DisplayBacktrace as core[df12db4294e9bfd3]::fmt::Display>::fmt
[INFO] [stdout]    1:     0x5aacd6fd42da - core[df12db4294e9bfd3]::fmt::write
[INFO] [stdout]    2:     0x5aacd6fc2fac - <alloc[2182bb758b4b3781]::vec::Vec<u8> as core[df12db4294e9bfd3]::io::write::Write>::write_fmt
[INFO] [stdout]    3:     0x5aacd6f9ab86 - std[70759c8f55707aa4]::panicking::default_hook::{closure#0}
[INFO] [stdout]    4:     0x5aacd6fb6f09 - std[70759c8f55707aa4]::panicking::default_hook
[INFO] [stdout]    5:     0x5aacd6f50c60 - test[9d35eded1c95d3be]::test_main_inner::<test[9d35eded1c95d3be]::test_main_static::{closure#0}>::{closure#0}
[INFO] [stdout]    6:     0x5aacd6fb70c2 - std[70759c8f55707aa4]::panicking::panic_with_hook
[INFO] [stdout]    7:     0x5aacd6f9ac32 - std[70759c8f55707aa4]::panicking::panic_handler::{closure#0}
[INFO] [stdout]    8:     0x5aacd6f93829 - std[70759c8f55707aa4]::sys::backtrace::__rust_end_short_backtrace::<std[70759c8f55707aa4]::panicking::panic_handler::{closure#0}, !>
[INFO] [stdout]    9:     0x5aacd6f9b82d - __rustc[8fa7c3cbc660c2b3]::rust_begin_unwind
[INFO] [stdout]   10:     0x5aacd6fd4a0c - core[df12db4294e9bfd3]::panicking::panic_fmt
[INFO] [stdout]   11:     0x5aacd6fd47e2 - core[df12db4294e9bfd3]::result::unwrap_failed
[INFO] [stdout]   12:     0x5aacd6ebe4cb - <omgkit_conf[a863f623a7de0b00]::params::tests::the_embedded_tables_match_the_ones_in_harness::{closure#0} as core[df12db4294e9bfd3]::ops::function::FnOnce<()>>::call_once
[INFO] [stdout]   13:     0x5aacd6f43f4b - test[9d35eded1c95d3be]::__rust_begin_short_backtrace::<core[df12db4294e9bfd3]::result::Result<(), alloc[2182bb758b4b3781]::string::String>, fn() -> core[df12db4294e9bfd3]::result::Result<(), alloc[2182bb758b4b3781]::string::String>>
[INFO] [stdout]   14:     0x5aacd6f515b5 - test[9d35eded1c95d3be]::run_test::{closure#0}
[INFO] [stdout]   15:     0x5aacd6f4ae74 - std[70759c8f55707aa4]::sys::backtrace::__rust_begin_short_backtrace::<test[9d35eded1c95d3be]::run_test::{closure#1}, ()>
[INFO] [stdout]   16:     0x5aacd6f54712 - <std[70759c8f55707aa4]::thread::lifecycle::spawn_unchecked<test[9d35eded1c95d3be]::run_test::{closure#1}, ()>::{closure#1} as core[df12db4294e9bfd3]::ops::function::FnOnce<()>>::call_once::{shim:vtable#0}
[INFO] [stdout]   17:     0x5aacd6fbe079 - <std[70759c8f55707aa4]::sys::thread::unix::Thread>::new::thread_start
[INFO] [stdout]   18:     0x700eb778ddfa - <unknown>
[INFO] [stdout]   19:     0x700eb78213d4 - clone
[INFO] [stdout]   20:                0x0 - <unknown>
[INFO] [stdout] 
[INFO] [stdout] 
[INFO] [stdout] failures:
[INFO] [stdout]     params::tests::the_embedded_tables_match_the_ones_in_harness
[INFO] [stdout] 
[INFO] [stdout] test result: FAILED. 93 passed; 1 failed; 1 ignored; 0 measured; 0 filtered out; finished in 0.04s
[INFO] [stdout] 
[INFO] [stderr] error: test failed, to rerun pass `--lib`
[INFO] running `Command { std: "docker" "inspect" "0c9a0c87b50b0b54e8fdc86892aa80fead0506432de853e67ee6defe2f0100c1", kill_on_drop: false }`
[INFO] running `Command { std: "docker" "rm" "-f" "0c9a0c87b50b0b54e8fdc86892aa80fead0506432de853e67ee6defe2f0100c1", kill_on_drop: false }`
[INFO] [stdout] 0c9a0c87b50b0b54e8fdc86892aa80fead0506432de853e67ee6defe2f0100c1
