[INFO] fetching crate omgkit-chem 0.0.8...
[INFO] testing omgkit-chem-0.0.8 against 1.100.0-beta.1+cargoflags=--release for beta-release-1.100-2
[INFO] extracting crate omgkit-chem 0.0.8 into /workspace/builds/worker-2-tc2/source
[INFO] started tweaking crates.io crate omgkit-chem 0.0.8
[INFO] removed 0 missing examples
[INFO] removed 0 missing tests
[INFO] finished tweaking crates.io crate omgkit-chem 0.0.8
[INFO] tweaked toml for crates.io crate omgkit-chem 0.0.8 written to /workspace/builds/worker-2-tc2/source/Cargo.toml
[INFO] validating manifest of crates.io crate omgkit-chem 0.0.8 on toolchain 1.100.0-beta.1
[INFO] running `Command { std: CARGO_HOME="/workspace/cargo-home" RUSTUP_HOME="/workspace/rustup-home" "/workspace/cargo-home/bin/cargo" "+1.100.0-beta.1" "metadata" "--manifest-path" "Cargo.toml" "--no-deps", kill_on_drop: false }`
[INFO] crate crates.io crate omgkit-chem 0.0.8 already has a lockfile, it will not be regenerated
[INFO] running `Command { std: CARGO_HOME="/workspace/cargo-home" RUSTUP_HOME="/workspace/rustup-home" "/workspace/cargo-home/bin/cargo" "+1.100.0-beta.1" "fetch" "--manifest-path" "Cargo.toml", kill_on_drop: false }`
[INFO] running `Command { std: "docker" "create" "-v" "/var/lib/crater-agent-workspace/builds/worker-2-tc2/source:/opt/rustwide/workdir:ro,Z" "-v" "/var/lib/crater-agent-workspace/builds/worker-2-tc2/target:/opt/rustwide/target:rw,Z" "-v" "/var/lib/crater-agent-workspace/cargo-home:/opt/rustwide/cargo-home:ro,Z" "-v" "/var/lib/crater-agent-workspace/rustup-home:/opt/rustwide/rustup-home:ro,Z" "-m" "1610612736" "--network" "none" "ghcr.io/rust-lang/crates-build-env/linux@sha256:77db811e55d90add9212f6832c23229e3de5f1c1f9905e8cb07319ea15df73ac" "sleep" "infinity", kill_on_drop: false }`
[INFO] [stdout] d2d5a660ad305b09c822ebd63c05df70e910be410708156f48c0418fc4c4bb9e
[INFO] running `Command { std: "docker" "start" "d2d5a660ad305b09c822ebd63c05df70e910be410708156f48c0418fc4c4bb9e", kill_on_drop: false }`
[INFO] running `Command { std: "docker" "inspect" "d2d5a660ad305b09c822ebd63c05df70e910be410708156f48c0418fc4c4bb9e", kill_on_drop: false }`
[INFO] running `Command { std: "docker" "exec" "-e" "SOURCE_DIR=/opt/rustwide/workdir" "-e" "CARGO_HOME=/opt/rustwide/cargo-home" "-e" "RUSTUP_HOME=/opt/rustwide/rustup-home" "-e" "CARGO_TARGET_DIR=/opt/rustwide/target" "-w" "/opt/rustwide/workdir" "--user" "0:0" "d2d5a660ad305b09c822ebd63c05df70e910be410708156f48c0418fc4c4bb9e" "/opt/rustwide/cargo-home/bin/cargo" "+1.100.0-beta.1" "metadata" "--no-deps" "--format-version=1", kill_on_drop: false }`
[INFO] running `Command { std: "docker" "inspect" "d2d5a660ad305b09c822ebd63c05df70e910be410708156f48c0418fc4c4bb9e", kill_on_drop: false }`
[INFO] running `Command { std: "docker" "exec" "-e" "SOURCE_DIR=/opt/rustwide/workdir" "-e" "CARGO_HOME=/opt/rustwide/cargo-home" "-e" "RUSTUP_HOME=/opt/rustwide/rustup-home" "-e" "CARGO_TARGET_DIR=/opt/rustwide/target" "-e" "CARGO_INCREMENTAL=0" "-e" "RUST_BACKTRACE=full" "-e" "RUSTFLAGS=--cap-lints=warn" "-e" "RUSTDOCFLAGS=--cap-lints=warn" "-w" "/opt/rustwide/workdir" "--user" "0:0" "d2d5a660ad305b09c822ebd63c05df70e910be410708156f48c0418fc4c4bb9e" "/opt/rustwide/cargo-home/bin/cargo" "+1.100.0-beta.1" "build" "--frozen" "--message-format=json" "--release", kill_on_drop: false }`
[INFO] [stderr]    Compiling omgkit-core v0.0.8
[INFO] [stderr]    Compiling omgkit-chem v0.0.8 (/opt/rustwide/workdir)
[INFO] [stderr]     Finished `release` profile [optimized] target(s) in 7.27s
[INFO] running `Command { std: "docker" "inspect" "d2d5a660ad305b09c822ebd63c05df70e910be410708156f48c0418fc4c4bb9e", kill_on_drop: false }`
[INFO] running `Command { std: "docker" "exec" "-e" "SOURCE_DIR=/opt/rustwide/workdir" "-e" "CARGO_HOME=/opt/rustwide/cargo-home" "-e" "RUSTUP_HOME=/opt/rustwide/rustup-home" "-e" "CARGO_TARGET_DIR=/opt/rustwide/target" "-e" "CARGO_INCREMENTAL=0" "-e" "RUST_BACKTRACE=full" "-e" "RUSTFLAGS=--cap-lints=warn" "-e" "RUSTDOCFLAGS=--cap-lints=warn" "-w" "/opt/rustwide/workdir" "--user" "0:0" "d2d5a660ad305b09c822ebd63c05df70e910be410708156f48c0418fc4c4bb9e" "/opt/rustwide/cargo-home/bin/cargo" "+1.100.0-beta.1" "test" "--frozen" "--no-run" "--message-format=json" "--release", kill_on_drop: false }`
[INFO] [stderr]    Compiling serde_core v1.0.229
[INFO] [stderr]    Compiling omgkit-io v0.0.8
[INFO] [stderr]    Compiling serde_json v1.0.151
[INFO] [stderr]    Compiling omgkit-chem v0.0.8 (/opt/rustwide/workdir)
[INFO] [stderr]     Finished `release` profile [optimized] target(s) in 45.12s
[INFO] running `Command { std: "docker" "inspect" "d2d5a660ad305b09c822ebd63c05df70e910be410708156f48c0418fc4c4bb9e", kill_on_drop: false }`
[INFO] running `Command { std: "docker" "exec" "-e" "SOURCE_DIR=/opt/rustwide/workdir" "-e" "CARGO_HOME=/opt/rustwide/cargo-home" "-e" "RUSTUP_HOME=/opt/rustwide/rustup-home" "-e" "CARGO_TARGET_DIR=/opt/rustwide/target" "-e" "CARGO_INCREMENTAL=0" "-e" "RUST_BACKTRACE=full" "-e" "RUSTFLAGS=--cap-lints=warn" "-e" "RUSTDOCFLAGS=--cap-lints=warn" "-w" "/opt/rustwide/workdir" "--user" "0:0" "d2d5a660ad305b09c822ebd63c05df70e910be410708156f48c0418fc4c4bb9e" "/opt/rustwide/cargo-home/bin/cargo" "+1.100.0-beta.1" "test" "--frozen" "--release", kill_on_drop: false }`
[INFO] [stderr]     Finished `release` profile [optimized] target(s) in 0.08s
[INFO] [stderr]      Running unittests src/lib.rs (/opt/rustwide/target/release/build/omgkit-chem/334c6241384b7327/out/omgkit_chem-334c6241384b7327)
[INFO] [stdout] 
[INFO] [stdout] running 130 tests
[INFO] [stdout] test aromaticity::tests::acyclic_molecules_are_untouched ... ok
[INFO] [stdout] test aromaticity::tests::benzene_is_aromatic ... ok
[INFO] [stdout] test aromaticity::tests::cationic_aromatics ... ok
[INFO] [stdout] test adjust_hs::tests::is_idempotent ... ok
[INFO] [stdout] test aromaticity::tests::antiaromatic_and_nonaromatic_rings ... ok
[INFO] [stdout] test aromaticity::tests::exocyclic_double_bonds_steal_electrons ... ok
[INFO] [stdout] test aromaticity::tests::classic_heteroaromatics ... ok
[INFO] [stdout] test adjust_hs::tests::benzene_is_untouched ... ok
[INFO] [stdout] test aromaticity::tests::fused_systems_mark_all_bonds ... ok
[INFO] [stdout] test aromaticity::tests::is_idempotent ... ok
[INFO] [stdout] test aromaticity::tests::saturated_rings_are_not_aromatic ... ok
[INFO] [stdout] test cleanup::tests::azide_becomes_zwitterion ... ok
[INFO] [stdout] test cleanup::tests::cleanup_makes_overvalent_nitro_pass_valence_check ... ok
[INFO] [stdout] test adjust_hs::tests::substituted_nitrogen_gains_nothing ... ok
[INFO] [stdout] test cleanup::tests::charged_nitrogen_is_left_alone ... ok
[INFO] [stdout] test aromaticity::tests::kekule_input_is_perceived_as_aromatic ... ok
[INFO] [stdout] test adjust_hs::tests::pyrrole_nitrogen_keeps_its_hydrogen ... ok
[INFO] [stdout] test aromaticity::tests::partially_aromatic_molecules ... ok
[INFO] [stdout] test cleanup::tests::neutral_low_valence_nitrogen_untouched ... ok
[INFO] [stdout] test cleanup::tests::phosphorus_without_double_to_c_or_n_untouched ... ok
[INFO] [stdout] test cleanup::tests::nitro_group_becomes_zwitterion ... ok
[INFO] [stdout] test cleanup::tests::phosphorus_zwitterion ... ok
[INFO] [stdout] test cleanup::tests::phosphorus_requires_neighbor_degree_at_least_two ... ok
[INFO] [stdout] test cleanup::tests::fluorine_is_not_a_halogen_here ... ok
[INFO] [stdout] test cleanup::tests::halogen_with_non_oxygen_neighbor_untouched ... ok
[INFO] [stdout] test cleanup::tests::is_idempotent ... ok
[INFO] [stdout] test cleanup::tests::perchloric_acid ... ok
[INFO] [stdout] test conjugation::tests::aromatic_atoms_are_sp2 ... ok
[INFO] [stdout] test cleanup_chirality::tests::non_sp3_tetrahedral_is_cleared ... ok
[INFO] [stdout] test cleanup_chirality::tests::sp3_tetrahedral_is_kept_even_when_not_a_real_stereocentre ... ok
[INFO] [stdout] test conjugation::tests::heavy_elements_do_not_extend_conjugation ... ok
[INFO] [stdout] test conjugation::tests::is_idempotent ... ok
[INFO] [stdout] test conjugation::tests::aromatic_bonds_are_conjugated ... ok
[INFO] [stdout] test conjugation::tests::butadiene_is_fully_conjugated ... ok
[INFO] [stdout] test cleanup_chirality::tests::coordination_geometry_checks_the_degree ... ok
[INFO] [stdout] test cleanup_chirality::tests::is_idempotent ... ok
[INFO] [stdout] test cleanup_chirality::tests::out_of_range_permutation_is_reset_but_geometry_kept ... ok
[INFO] [stdout] test conjugation::tests::isolated_double_bonds_are_not_conjugated ... ok
[INFO] [stdout] test conjugation::tests::carboxyl_is_conjugated ... ok
[INFO] [stdout] test conjugation::tests::simple_hybridizations ... ok
[INFO] [stdout] test conjugation::tests::dummy_atoms_have_no_hybridization ... ok
[INFO] [stdout] test conjugation::tests::sp3_downgrade_requires_low_total_degree ... ok
[INFO] [stdout] test descriptors::tests::an_isotope_label_changes_the_mass ... ok
[INFO] [stdout] test explicit_hs::tests::the_chiral_tag_is_left_alone_on_purpose ... ok
[INFO] [stdout] test descriptors::tests::missing_is_reported_as_missing ... ok
[INFO] [stdout] test conjugation::tests::triple_bonds_conjugate ... ok
[INFO] [stdout] test descriptors::tests::total_degree_counts_hydrogen_either_way_but_total_hs_does_not ... ok
[INFO] [stdout] test descriptors::tests::a_configured_double_bond_reports_its_geometry ... ok
[INFO] [stdout] test descriptors::tests::benzene_bonds_are_aromatic_conjugated_and_cyclic ... ok
[INFO] [stdout] test gasteiger::tests::methane_carbon_is_negative_and_sums_to_zero ... ok
[INFO] [stdout] test explicit_hs::tests::adding_twice_adds_nothing_the_second_time ... ok
[INFO] [stdout] test explicit_hs::tests::every_original_index_still_means_the_same_atom ... ok
[INFO] [stdout] test kekulize::tests::aromatic_dummy_is_rejected_loudly ... ok
[INFO] [stdout] test explicit_hs::tests::the_hydrogen_count_comes_out_right ... ok
[INFO] [stdout] test explicit_hs::tests::the_new_hydrogens_are_ordered_by_rank_not_by_storage ... ok
[INFO] [stdout] test gasteiger::tests::an_element_outside_the_table_yields_a_non_finite_charge ... ok
[INFO] [stdout] test gasteiger::tests::charges_match_the_external_reference ... ok
[INFO] [stdout] test kekulize::tests::naphthalene_gets_five_double_bonds ... ok
[INFO] [stdout] test kekulize::tests::insoluble_systems_are_proven_insoluble_not_abandoned ... ok
[INFO] [stdout] test kekulize::tests::no_aromatic_residue ... ok
[INFO] [stdout] test kekulize::tests::non_aromatic_dummy_in_aromatic_ring_is_also_rejected ... ok
[INFO] [stdout] test kekulize::tests::non_aromatic_molecule_is_untouched ... ok
[INFO] [stdout] test kekulize::tests::pyrrole_explicit_h_becomes_implicit ... ok
[INFO] [stdout] test kekulize::tests::aromatic_heteroatom_hydrogens_are_inferred ... ok
[INFO] [stdout] test kekulize::tests::ring_system_result_is_independent_of_siblings ... ok
[INFO] [stdout] test kekulize::tests::benzene_gets_three_double_bonds ... ok
[INFO] [stdout] test organometallics::tests::ferrocene_carbon_metal_bond_becomes_dative ... ok
[INFO] [stdout] test organometallics::tests::is_idempotent ... ok
[INFO] [stdout] test organometallics::tests::plain_organics_are_untouched ... ok
[INFO] [stdout] test pipeline::tests::common_molecules ... ok
[INFO] [stdout] test pipeline::tests::hypervalent_is_rejected ... ok
[INFO] [stdout] test organometallics::tests::metal_predicate ... ok
[INFO] [stdout] test organometallics::tests::non_hypervalent_metal_bonds_are_untouched ... ok
[INFO] [stdout] test pipeline::tests::is_idempotent ... ok
[INFO] [stdout] test kekulize::tests::is_deterministic ... ok
[INFO] [stdout] test radicals::tests::atoms_without_brackets_never_get_radicals ... ok
[INFO] [stdout] test radicals::tests::charge_enters_the_formula_not_the_lookup ... ok
[INFO] [stdout] test radicals::tests::classic_radicals ... ok
[INFO] [stdout] test radicals::tests::dummy_atoms_are_left_alone ... ok
[INFO] [stdout] test radicals::tests::is_idempotent ... ok
[INFO] [stdout] test radicals::tests::pyrrolyl_nitrogen_is_a_radical ... ok
[INFO] [stdout] test kekulize::tests::fusion_carbons_get_no_hydrogen ... ok
[INFO] [stdout] test radicals::tests::saturated_bracket_atoms_have_none ... ok
[INFO] [stdout] test radicals::tests::unconstrained_elements ... ok
[INFO] [stdout] test remove_hs::chirality_tests::adding_hydrogens_and_removing_them_again_leaves_the_configuration_alone ... ok
[INFO] [stdout] test kekulize::tests::independent_ring_systems_do_not_contaminate_each_other ... ok
[INFO] [stdout] test kekulize::tests::invalid_aromatic_claim_is_caught_only_by_kekulize ... ok
[INFO] [stdout] test kekulize::tests::total_valence_is_preserved ... ok
[INFO] [stdout] test pipeline::tests::pyrrole_keeps_its_nh ... ok
[INFO] [stdout] test pipeline::tests::净化会剔除几何上不成立的立体标记 ... ok
[INFO] [stdout] test rings::fused_system_tests::acyclic_has_no_systems ... ok
[INFO] [stdout] test rings::fused_system_tests::biphenyl_rings_stay_separate ... ok
[INFO] [stdout] test rings::fused_system_tests::bridged_bicyclic_is_one_system ... ok
[INFO] [stdout] test rings::fused_system_tests::disconnected_fragments_give_separate_systems ... ok
[INFO] [stdout] test rings::fused_system_tests::fused_rings_merge ... ok
[INFO] [stdout] test rings::fused_system_tests::spiro_rings_stay_separate ... ok
[INFO] [stdout] test rings::fused_system_tests::systems_cover_exactly_the_ring_atoms ... ok
[INFO] [stdout] test rings::organometallic_root_cause::ring_result_follows_the_bond_becoming_dative ... ok
[INFO] [stdout] test rings::fused_system_tests::single_ring_is_one_system ... ok
[INFO] [stdout] test rings::tests::acyclic_has_no_rings ... ok
[INFO] [stdout] test rings::tests::dative_bonds_do_not_form_rings ... ok
[INFO] [stdout] test rings::tests::disconnected_fragments ... ok
[INFO] [stdout] test rings::tests::flags_are_written_back ... ok
[INFO] [stdout] test rings::tests::fused_rings_take_the_smallest ... ok
[INFO] [stdout] test rings::tests::membership_agrees_with_min_ring_size ... ok
[INFO] [stdout] test rings::tests::simple_rings ... ok
[INFO] [stdout] test rings::tests::spiro_and_bridged ... ok
[INFO] [stdout] test rings::tests::substituent_is_not_in_ring ... ok
[INFO] [stdout] test rings::tests::a_ring_too_big_for_the_field_still_knows_it_is_a_ring ... ok
[INFO] [stdout] test rings::tests::a_ring_reports_its_own_size_all_the_way_up_to_the_field_width ... ok
[INFO] [stdout] test sssr::tests::ring_atoms_and_bonds_are_in_cycle_order ... ok
[INFO] [stdout] test sssr::tests::acyclic_has_no_rings ... ok
[INFO] [stdout] test sssr::tests::ring_set_is_independent_of_atom_numbering ... ok
[INFO] [stdout] test sssr::tests::separate_ring_systems_are_all_found ... ok
[INFO] [stdout] test sssr::tests::simple_rings ... ok
[INFO] [stdout] test sssr::tests::cages_have_more_rings_than_the_cyclomatic_number ... ok
[INFO] [stdout] test valence::tests::aromatic_ring_atoms ... ok
[INFO] [stdout] test sssr::tests::dative_bonds_do_not_close_rings ... ok
[INFO] [stdout] test sssr::tests::fused_aromatics ... ok
[INFO] [stdout] test valence::tests::bracket_atoms_get_no_implicit_hs ... ok
[INFO] [stdout] test valence::tests::dative_bond_asymmetry_flows_through ... ok
[INFO] [stdout] test valence::tests::kekulized_form_gives_same_counts ... ok
[INFO] [stdout] test valence::tests::implicit_hs_written_back_to_atoms ... ok
[INFO] [stdout] test valence::tests::wildcard_gets_no_implicit_hs ... ok
[INFO] [stdout] test valence::tests::overvalent_carbon_is_rejected ... ok
[INFO] [stdout] test valence::tests::simple_organics ... ok
[INFO] [stdout] test rings::fused_system_tests::long_chain_does_not_overflow_stack ... ok
[INFO] [stdout] test valence::tests::hypervalent_sulfur ... ok
[INFO] [stdout] test valence::tests::charged_atoms_use_effective_atomic_number ... ok
[INFO] [stdout] test rings::tests::long_chain_does_not_overflow_stack ... ok
[INFO] [stdout] 
[INFO] [stdout] test result: ok. 130 passed; 0 failed; 0 ignored; 0 measured; 0 filtered out; finished in 0.03s
[INFO] [stdout] 
[INFO] [stderr]      Running tests/canonical_write_survives_resanitize.rs (/opt/rustwide/target/release/build/omgkit-chem/9e9a5f32c764081b/out/canonical_write_survives_resanitize-9e9a5f32c764081b)
[INFO] [stdout] 
[INFO] [stdout] running 5 tests
[INFO] [stdout] test 净化后写出_读回来分子式不变_全量 ... FAILED
[INFO] [stdout] test 净化后写出_读回来分子式不变_冒烟 ... FAILED
[INFO] [stdout] test 多价元素的方括号不许省 ... ok
[INFO] [stdout] test 不净化就写出_读回来分子式不变_全量 ... FAILED
[INFO] [stdout] test 不净化就写出_读回来分子式不变_冒烟 ... FAILED
[INFO] [stdout] 
[INFO] [stdout] failures:
[INFO] [stdout] 
[INFO] [stdout] ---- 净化后写出_读回来分子式不变_全量 stdout ----
[INFO] [stdout] 
[INFO] [stdout] thread '净化后写出_读回来分子式不变_全量' (846) panicked at tests/canonical_write_survives_resanitize.rs:132:65:
[INFO] [stdout] 读不了 "/opt/rustwide/workdir/../../harness/corpus/large.smi":No such file or directory (os error 2)
[INFO] [stdout] stack backtrace:
[INFO] [stdout]    0:     0x5e3b1eecfdb1 - <<std[617be2ca0a6fd877]::sys::backtrace::BacktraceLock>::print::DisplayBacktrace as core[a373ad73a504971]::fmt::Display>::fmt
[INFO] [stdout]    1:     0x5e3b1eee402a - core[a373ad73a504971]::fmt::write
[INFO] [stdout]    2:     0x5e3b1eed3fcc - <alloc[2e1b2a31b91974c5]::vec::Vec<u8> as core[a373ad73a504971]::io::write::Write>::write_fmt
[INFO] [stdout]    3:     0x5e3b1eeabd26 - std[617be2ca0a6fd877]::panicking::default_hook::{closure#0}
[INFO] [stdout]    4:     0x5e3b1eec80e9 - std[617be2ca0a6fd877]::panicking::default_hook
[INFO] [stdout]    5:     0x5e3b1ee2df90 - test[aada8e7e76ba119b]::test_main_inner::{closure#0}
[INFO] [stdout]    6:     0x5e3b1eec82a2 - std[617be2ca0a6fd877]::panicking::panic_with_hook
[INFO] [stdout]    7:     0x5e3b1eeabdd2 - std[617be2ca0a6fd877]::panicking::panic_handler::{closure#0}
[INFO] [stdout]    8:     0x5e3b1eea4959 - std[617be2ca0a6fd877]::sys::backtrace::__rust_end_short_backtrace::<std[617be2ca0a6fd877]::panicking::panic_handler::{closure#0}, !>
[INFO] [stdout]    9:     0x5e3b1eeac9dd - __rustc[ea4f61d10b84890b]::rust_begin_unwind
[INFO] [stdout]   10:     0x5e3b1eee475c - core[a373ad73a504971]::panicking::panic_fmt
[INFO] [stdout]   11:     0x5e3b1edf278a - canonical_write_survives_resanitize[f16d088a0d6e5e2f]::check::{closure#0}
[INFO] [stdout]   12:     0x5e3b1edf3809 - canonical_write_survives_resanitize[f16d088a0d6e5e2f]::check
[INFO] [stdout]   13:     0x5e3b1edf5f49 - <canonical_write_survives_resanitize[f16d088a0d6e5e2f]::净化后写出_读回来分子式不变_全量::{closure#0} as core[a373ad73a504971]::ops::function::FnOnce<()>>::call_once
[INFO] [stdout]   14:     0x5e3b1ee213db - test[aada8e7e76ba119b]::__rust_begin_short_backtrace::<core[a373ad73a504971]::result::Result<(), alloc[2e1b2a31b91974c5]::string::String>, fn() -> core[a373ad73a504971]::result::Result<(), alloc[2e1b2a31b91974c5]::string::String>>
[INFO] [stdout]   15:     0x5e3b1ee2e5b5 - test[aada8e7e76ba119b]::run_test::{closure#0}
[INFO] [stdout]   16:     0x5e3b1ee27ea4 - std[617be2ca0a6fd877]::sys::backtrace::__rust_begin_short_backtrace::<test[aada8e7e76ba119b]::run_test::{closure#1}, ()>
[INFO] [stdout]   17:     0x5e3b1ee31642 - <std[617be2ca0a6fd877]::thread::lifecycle::spawn_unchecked<test[aada8e7e76ba119b]::run_test::{closure#1}, ()>::{closure#1} as core[a373ad73a504971]::ops::function::FnOnce<()>>::call_once::{shim:vtable#0}
[INFO] [stdout]   18:     0x5e3b1eecf2af - <std[617be2ca0a6fd877]::sys::thread::unix::Thread>::new::thread_start
[INFO] [stdout]   19:     0x72fc24ba6dfa - <unknown>
[INFO] [stdout]   20:     0x72fc24c3a3d4 - clone
[INFO] [stdout]   21:                0x0 - <unknown>
[INFO] [stdout] 
[INFO] [stdout] ---- 净化后写出_读回来分子式不变_冒烟 stdout ----
[INFO] [stdout] 
[INFO] [stdout] thread '净化后写出_读回来分子式不变_冒烟' (847) panicked at tests/canonical_write_survives_resanitize.rs:132:65:
[INFO] [stdout] 读不了 "/opt/rustwide/workdir/../../harness/corpus/smoke.smi":No such file or directory (os error 2)
[INFO] [stdout] stack backtrace:
[INFO] [stdout]    0:     0x5e3b1eecfdb1 - <<std[617be2ca0a6fd877]::sys::backtrace::BacktraceLock>::print::DisplayBacktrace as core[a373ad73a504971]::fmt::Display>::fmt
[INFO] [stdout]    1:     0x5e3b1eee402a - core[a373ad73a504971]::fmt::write
[INFO] [stdout]    2:     0x5e3b1eed3fcc - <alloc[2e1b2a31b91974c5]::vec::Vec<u8> as core[a373ad73a504971]::io::write::Write>::write_fmt
[INFO] [stdout]    3:     0x5e3b1eeabd26 - std[617be2ca0a6fd877]::panicking::default_hook::{closure#0}
[INFO] [stdout]    4:     0x5e3b1eec80e9 - std[617be2ca0a6fd877]::panicking::default_hook
[INFO] [stdout]    5:     0x5e3b1ee2df90 - test[aada8e7e76ba119b]::test_main_inner::{closure#0}
[INFO] [stdout]    6:     0x5e3b1eec82a2 - std[617be2ca0a6fd877]::panicking::panic_with_hook
[INFO] [stdout]    7:     0x5e3b1eeabdd2 - std[617be2ca0a6fd877]::panicking::panic_handler::{closure#0}
[INFO] [stdout]    8:     0x5e3b1eea4959 - std[617be2ca0a6fd877]::sys::backtrace::__rust_end_short_backtrace::<std[617be2ca0a6fd877]::panicking::panic_handler::{closure#0}, !>
[INFO] [stdout]    9:     0x5e3b1eeac9dd - __rustc[ea4f61d10b84890b]::rust_begin_unwind
[INFO] [stdout]   10:     0x5e3b1eee475c - core[a373ad73a504971]::panicking::panic_fmt
[INFO] [stdout]   11:     0x5e3b1edf278a - canonical_write_survives_resanitize[f16d088a0d6e5e2f]::check::{closure#0}
[INFO] [stdout]   12:     0x5e3b1edf3809 - canonical_write_survives_resanitize[f16d088a0d6e5e2f]::check
[INFO] [stdout]   13:     0x5e3b1edf6059 - <canonical_write_survives_resanitize[f16d088a0d6e5e2f]::净化后写出_读回来分子式不变_冒烟::{closure#0} as core[a373ad73a504971]::ops::function::FnOnce<()>>::call_once
[INFO] [stdout]   14:     0x5e3b1ee213db - test[aada8e7e76ba119b]::__rust_begin_short_backtrace::<core[a373ad73a504971]::result::Result<(), alloc[2e1b2a31b91974c5]::string::String>, fn() -> core[a373ad73a504971]::result::Result<(), alloc[2e1b2a31b91974c5]::string::String>>
[INFO] [stdout]   15:     0x5e3b1ee2e5b5 - test[aada8e7e76ba119b]::run_test::{closure#0}
[INFO] [stdout]   16:     0x5e3b1ee27ea4 - std[617be2ca0a6fd877]::sys::backtrace::__rust_begin_short_backtrace::<test[aada8e7e76ba119b]::run_test::{closure#1}, ()>
[INFO] [stdout]   17:     0x5e3b1ee31642 - <std[617be2ca0a6fd877]::thread::lifecycle::spawn_unchecked<test[aada8e7e76ba119b]::run_test::{closure#1}, ()>::{closure#1} as core[a373ad73a504971]::ops::function::FnOnce<()>>::call_once::{shim:vtable#0}
[INFO] [stdout]   18:     0x5e3b1eecf2af - <std[617be2ca0a6fd877]::sys::thread::unix::Thread>::new::thread_start
[INFO] [stdout]   19:     0x72fc24ba6dfa - <unknown>
[INFO] [stdout]   20:     0x72fc24c3a3d4 - clone
[INFO] [stdout]   21:                0x0 - <unknown>
[INFO] [stdout] 
[INFO] [stdout] ---- 不净化就写出_读回来分子式不变_全量 stdout ----
[INFO] [stdout] 
[INFO] [stdout] thread '不净化就写出_读回来分子式不变_全量' (844) panicked at tests/canonical_write_survives_resanitize.rs:132:65:
[INFO] [stdout] 读不了 "/opt/rustwide/workdir/../../harness/corpus/large.smi":No such file or directory (os error 2)
[INFO] [stdout] stack backtrace:
[INFO] [stdout]    0:     0x5e3b1eecfdb1 - <<std[617be2ca0a6fd877]::sys::backtrace::BacktraceLock>::print::DisplayBacktrace as core[a373ad73a504971]::fmt::Display>::fmt
[INFO] [stdout]    1:     0x5e3b1eee402a - core[a373ad73a504971]::fmt::write
[INFO] [stdout]    2:     0x5e3b1eed3fcc - <alloc[2e1b2a31b91974c5]::vec::Vec<u8> as core[a373ad73a504971]::io::write::Write>::write_fmt
[INFO] [stdout]    3:     0x5e3b1eeabd26 - std[617be2ca0a6fd877]::panicking::default_hook::{closure#0}
[INFO] [stdout]    4:     0x5e3b1eec80e9 - std[617be2ca0a6fd877]::panicking::default_hook
[INFO] [stdout]    5:     0x5e3b1ee2df90 - test[aada8e7e76ba119b]::test_main_inner::{closure#0}
[INFO] [stdout]    6:     0x5e3b1eec82a2 - std[617be2ca0a6fd877]::panicking::panic_with_hook
[INFO] [stdout]    7:     0x5e3b1eeabdd2 - std[617be2ca0a6fd877]::panicking::panic_handler::{closure#0}
[INFO] [stdout]    8:     0x5e3b1eea4959 - std[617be2ca0a6fd877]::sys::backtrace::__rust_end_short_backtrace::<std[617be2ca0a6fd877]::panicking::panic_handler::{closure#0}, !>
[INFO] [stdout]    9:     0x5e3b1eeac9dd - __rustc[ea4f61d10b84890b]::rust_begin_unwind
[INFO] [stdout]   10:     0x5e3b1eee475c - core[a373ad73a504971]::panicking::panic_fmt
[INFO] [stdout]   11:     0x5e3b1edf278a - canonical_write_survives_resanitize[f16d088a0d6e5e2f]::check::{closure#0}
[INFO] [stdout]   12:     0x5e3b1edf3809 - canonical_write_survives_resanitize[f16d088a0d6e5e2f]::check
[INFO] [stdout]   13:     0x5e3b1edf6166 - <canonical_write_survives_resanitize[f16d088a0d6e5e2f]::不净化就写出_读回来分子式不变_全量::{closure#0} as core[a373ad73a504971]::ops::function::FnOnce<()>>::call_once
[INFO] [stdout]   14:     0x5e3b1ee213db - test[aada8e7e76ba119b]::__rust_begin_short_backtrace::<core[a373ad73a504971]::result::Result<(), alloc[2e1b2a31b91974c5]::string::String>, fn() -> core[a373ad73a504971]::result::Result<(), alloc[2e1b2a31b91974c5]::string::String>>
[INFO] [stdout]   15:     0x5e3b1ee2e5b5 - test[aada8e7e76ba119b]::run_test::{closure#0}
[INFO] [stdout]   16:     0x5e3b1ee27ea4 - std[617be2ca0a6fd877]::sys::backtrace::__rust_begin_short_backtrace::<test[aada8e7e76ba119b]::run_test::{closure#1}, ()>
[INFO] [stdout]   17:     0x5e3b1ee31642 - <std[617be2ca0a6fd877]::thread::lifecycle::spawn_unchecked<test[aada8e7e76ba119b]::run_test::{closure#1}, ()>::{closure#1} as core[a373ad73a504971]::ops::function::FnOnce<()>>::call_once::{shim:vtable#0}
[INFO] [stdout]   18:     0x5e3b1eecf2af - <std[617be2ca0a6fd877]::sys::thread::unix::Thread>::new::thread_start
[INFO] [stdout]   19:     0x72fc24ba6dfa - <unknown>
[INFO] [stdout]   20:     0x72fc24c3a3d4 - clone
[INFO] [stdout]   21:                0x0 - <unknown>
[INFO] [stdout] 
[INFO] [stdout] ---- 不净化就写出_读回来分子式不变_冒烟 stdout ----
[INFO] [stdout] 
[INFO] [stdout] thread '不净化就写出_读回来分子式不变_冒烟' (845) panicked at tests/canonical_write_survives_resanitize.rs:132:65:
[INFO] [stdout] 读不了 "/opt/rustwide/workdir/../../harness/corpus/smoke.smi":No such file or directory (os error 2)
[INFO] [stdout] stack backtrace:
[INFO] [stdout]    0:     0x5e3b1eecfdb1 - <<std[617be2ca0a6fd877]::sys::backtrace::BacktraceLock>::print::DisplayBacktrace as core[a373ad73a504971]::fmt::Display>::fmt
[INFO] [stdout]    1:     0x5e3b1eee402a - core[a373ad73a504971]::fmt::write
[INFO] [stdout]    2:     0x5e3b1eed3fcc - <alloc[2e1b2a31b91974c5]::vec::Vec<u8> as core[a373ad73a504971]::io::write::Write>::write_fmt
[INFO] [stdout]    3:     0x5e3b1eeabd26 - std[617be2ca0a6fd877]::panicking::default_hook::{closure#0}
[INFO] [stdout]    4:     0x5e3b1eec80e9 - std[617be2ca0a6fd877]::panicking::default_hook
[INFO] [stdout]    5:     0x5e3b1ee2df90 - test[aada8e7e76ba119b]::test_main_inner::{closure#0}
[INFO] [stdout]    6:     0x5e3b1eec82a2 - std[617be2ca0a6fd877]::panicking::panic_with_hook
[INFO] [stdout]    7:     0x5e3b1eeabdd2 - std[617be2ca0a6fd877]::panicking::panic_handler::{closure#0}
[INFO] [stdout]    8:     0x5e3b1eea4959 - std[617be2ca0a6fd877]::sys::backtrace::__rust_end_short_backtrace::<std[617be2ca0a6fd877]::panicking::panic_handler::{closure#0}, !>
[INFO] [stdout]    9:     0x5e3b1eeac9dd - __rustc[ea4f61d10b84890b]::rust_begin_unwind
[INFO] [stdout]   10:     0x5e3b1eee475c - core[a373ad73a504971]::panicking::panic_fmt
[INFO] [stdout]   11:     0x5e3b1edf278a - canonical_write_survives_resanitize[f16d088a0d6e5e2f]::check::{closure#0}
[INFO] [stdout]   12:     0x5e3b1edf3809 - canonical_write_survives_resanitize[f16d088a0d6e5e2f]::check
[INFO] [stdout]   13:     0x5e3b1edf6266 - <canonical_write_survives_resanitize[f16d088a0d6e5e2f]::不净化就写出_读回来分子式不变_冒烟::{closure#0} as core[a373ad73a504971]::ops::function::FnOnce<()>>::call_once
[INFO] [stdout]   14:     0x5e3b1ee213db - test[aada8e7e76ba119b]::__rust_begin_short_backtrace::<core[a373ad73a504971]::result::Result<(), alloc[2e1b2a31b91974c5]::string::String>, fn() -> core[a373ad73a504971]::result::Result<(), alloc[2e1b2a31b91974c5]::string::String>>
[INFO] [stdout]   15:     0x5e3b1ee2e5b5 - test[aada8e7e76ba119b]::run_test::{closure#0}
[INFO] [stdout]   16:     0x5e3b1ee27ea4 - std[617be2ca0a6fd877]::sys::backtrace::__rust_begin_short_backtrace::<test[aada8e7e76ba119b]::run_test::{closure#1}, ()>
[INFO] [stdout]   17:     0x5e3b1ee31642 - <std[617be2ca0a6fd877]::thread::lifecycle::spawn_unchecked<test[aada8e7e76ba119b]::run_test::{closure#1}, ()>::{closure#1} as core[a373ad73a504971]::ops::function::FnOnce<()>>::call_once::{shim:vtable#0}
[INFO] [stdout]   18:     0x5e3b1eecf2af - <std[617be2ca0a6fd877]::sys::thread::unix::Thread>::new::thread_start
[INFO] [stdout]   19:     0x72fc24ba6dfa - <unknown>
[INFO] [stdout]   20:     0x72fc24c3a3d4 - clone
[INFO] [stdout]   21:                0x0 - <unknown>
[INFO] [stdout] 
[INFO] [stdout] 
[INFO] [stdout] failures:
[INFO] [stdout]     不净化就写出_读回来分子式不变_全量
[INFO] [stdout]     不净化就写出_读回来分子式不变_冒烟
[INFO] [stdout]     净化后写出_读回来分子式不变_全量
[INFO] [stdout]     净化后写出_读回来分子式不变_冒烟
[INFO] [stdout] 
[INFO] [stdout] test result: FAILED. 1 passed; 4 failed; 0 ignored; 0 measured; 0 filtered out; finished in 0.00s
[INFO] [stdout] 
[INFO] [stderr] error: test failed, to rerun pass `--test canonical_write_survives_resanitize`
[INFO] running `Command { std: "docker" "inspect" "d2d5a660ad305b09c822ebd63c05df70e910be410708156f48c0418fc4c4bb9e", kill_on_drop: false }`
[INFO] running `Command { std: "docker" "rm" "-f" "d2d5a660ad305b09c822ebd63c05df70e910be410708156f48c0418fc4c4bb9e", kill_on_drop: false }`
[INFO] [stdout] d2d5a660ad305b09c822ebd63c05df70e910be410708156f48c0418fc4c4bb9e
