[INFO] fetching crate omgbase 0.19.0...
[INFO] testing omgbase-0.19.0 against 1.100.0-beta.1+cargoflags=--release for beta-release-1.100-2
[INFO] extracting crate omgbase 0.19.0 into /workspace/builds/worker-3-tc2/source
[INFO] started tweaking crates.io crate omgbase 0.19.0
[INFO] removed 0 missing tests
[INFO] finished tweaking crates.io crate omgbase 0.19.0
[INFO] tweaked toml for crates.io crate omgbase 0.19.0 written to /workspace/builds/worker-3-tc2/source/Cargo.toml
[INFO] validating manifest of crates.io crate omgbase 0.19.0 on toolchain 1.100.0-beta.1
[INFO] running `Command { std: CARGO_HOME="/workspace/cargo-home" RUSTUP_HOME="/workspace/rustup-home" "/workspace/cargo-home/bin/cargo" "+1.100.0-beta.1" "metadata" "--manifest-path" "Cargo.toml" "--no-deps", kill_on_drop: false }`
[INFO] crate crates.io crate omgbase 0.19.0 already has a lockfile, it will not be regenerated
[INFO] running `Command { std: CARGO_HOME="/workspace/cargo-home" RUSTUP_HOME="/workspace/rustup-home" "/workspace/cargo-home/bin/cargo" "+1.100.0-beta.1" "fetch" "--manifest-path" "Cargo.toml", kill_on_drop: false }`
[INFO] running `Command { std: "docker" "create" "-v" "/var/lib/crater-agent-workspace/builds/worker-3-tc2/source:/opt/rustwide/workdir:ro,Z" "-v" "/var/lib/crater-agent-workspace/builds/worker-3-tc2/target:/opt/rustwide/target:rw,Z" "-v" "/var/lib/crater-agent-workspace/cargo-home:/opt/rustwide/cargo-home:ro,Z" "-v" "/var/lib/crater-agent-workspace/rustup-home:/opt/rustwide/rustup-home:ro,Z" "-m" "1610612736" "--network" "none" "ghcr.io/rust-lang/crates-build-env/linux@sha256:77db811e55d90add9212f6832c23229e3de5f1c1f9905e8cb07319ea15df73ac" "sleep" "infinity", kill_on_drop: false }`
[INFO] [stdout] 1ea2fd057141c453f35815a17790ab299982660cfcd9682d3713df07a4baac55
[INFO] running `Command { std: "docker" "start" "1ea2fd057141c453f35815a17790ab299982660cfcd9682d3713df07a4baac55", kill_on_drop: false }`
[INFO] running `Command { std: "docker" "inspect" "1ea2fd057141c453f35815a17790ab299982660cfcd9682d3713df07a4baac55", kill_on_drop: false }`
[INFO] running `Command { std: "docker" "exec" "-e" "SOURCE_DIR=/opt/rustwide/workdir" "-e" "CARGO_HOME=/opt/rustwide/cargo-home" "-e" "RUSTUP_HOME=/opt/rustwide/rustup-home" "-e" "CARGO_TARGET_DIR=/opt/rustwide/target" "-w" "/opt/rustwide/workdir" "--user" "0:0" "1ea2fd057141c453f35815a17790ab299982660cfcd9682d3713df07a4baac55" "/opt/rustwide/cargo-home/bin/cargo" "+1.100.0-beta.1" "metadata" "--no-deps" "--format-version=1", kill_on_drop: false }`
[INFO] running `Command { std: "docker" "inspect" "1ea2fd057141c453f35815a17790ab299982660cfcd9682d3713df07a4baac55", kill_on_drop: false }`
[INFO] running `Command { std: "docker" "exec" "-e" "SOURCE_DIR=/opt/rustwide/workdir" "-e" "CARGO_HOME=/opt/rustwide/cargo-home" "-e" "RUSTUP_HOME=/opt/rustwide/rustup-home" "-e" "CARGO_TARGET_DIR=/opt/rustwide/target" "-e" "CARGO_INCREMENTAL=0" "-e" "RUST_BACKTRACE=full" "-e" "RUSTFLAGS=--cap-lints=warn" "-e" "RUSTDOCFLAGS=--cap-lints=warn" "-w" "/opt/rustwide/workdir" "--user" "0:0" "1ea2fd057141c453f35815a17790ab299982660cfcd9682d3713df07a4baac55" "/opt/rustwide/cargo-home/bin/cargo" "+1.100.0-beta.1" "build" "--frozen" "--message-format=json" "--release", kill_on_drop: false }`
[INFO] [stderr]    Compiling serde_json v1.0.151
[INFO] [stderr]    Compiling hashbrown v0.17.1
[INFO] [stderr]    Compiling unicode-id v0.3.7
[INFO] [stderr]    Compiling smallvec v1.16.2
[INFO] [stderr]    Compiling ring v0.17.14
[INFO] [stderr]    Compiling thiserror v2.0.21
[INFO] [stderr]    Compiling syn v3.0.6
[INFO] [stderr]    Compiling unicode-normalization v0.1.25
[INFO] [stderr]    Compiling getrandom v0.2.17
[INFO] [stderr]    Compiling libsqlite3-sys v0.38.2
[INFO] [stderr]    Compiling arraydeque v0.5.1
[INFO] [stderr]    Compiling sha2 v0.10.9
[INFO] [stderr]    Compiling rustls v0.23.45
[INFO] [stderr]    Compiling http v1.5.0
[INFO] [stderr]    Compiling base64 v0.23.1
[INFO] [stderr]    Compiling getrandom v0.3.4
[INFO] [stderr]    Compiling markdown v1.0.0
[INFO] [stderr]    Compiling omgbase v0.19.0 (/opt/rustwide/workdir)
[INFO] [stderr]    Compiling indexmap v2.14.0
[INFO] [stderr]    Compiling hashlink v0.12.2
[INFO] [stderr]    Compiling ureq-proto v0.6.4
[INFO] [stderr]    Compiling synstructure v0.14.0
[INFO] [stderr]    Compiling zerovec-derive v0.11.6
[INFO] [stderr]    Compiling displaydoc v0.2.7
[INFO] [stderr]    Compiling thiserror-impl v2.0.21
[INFO] [stderr]    Compiling serde_derive v1.0.229
[INFO] [stderr]    Compiling zerofrom-derive v0.1.8
[INFO] [stderr]    Compiling yoke-derive v0.8.3
[INFO] [stderr]    Compiling omgbase-format v0.2.2
[INFO] [stderr]    Compiling zerofrom v0.1.8
[INFO] [stderr]    Compiling yoke v0.8.3
[INFO] [stderr]    Compiling omgbase-reconcile v2.3.1
[INFO] [stderr]    Compiling zerovec v0.11.8
[INFO] [stderr]    Compiling zerotrie v0.2.5
[INFO] [stderr]    Compiling saphyr-parser v0.1.0
[INFO] [stderr]    Compiling tinystr v0.8.4
[INFO] [stderr]    Compiling potential_utf v0.1.6
[INFO] [stderr]    Compiling omgbase-mutate v3.5.1
[INFO] [stderr]    Compiling icu_collections v2.1.1
[INFO] [stderr]    Compiling omgbase-properties v1.1.1
[INFO] [stderr]    Compiling icu_locale_core v2.1.1
[INFO] [stderr]    Compiling serde v1.0.229
[INFO] [stderr]    Compiling icu_provider v2.1.1
[INFO] [stderr]    Compiling omgbase-search v2.0.0
[INFO] [stderr]    Compiling oqx v0.23.0
[INFO] [stderr]    Compiling icu_normalizer v2.1.1
[INFO] [stderr]    Compiling icu_properties v2.1.2
[INFO] [stderr]    Compiling idna_adapter v1.2.1
[INFO] [stderr]    Compiling idna v1.1.0
[INFO] [stderr]    Compiling url v2.5.8
[INFO] [stderr]    Compiling omgbase-graph v1.1.1
[INFO] [stderr]    Compiling rustls-webpki v0.103.15
[INFO] [stderr]    Compiling ureq v3.4.2
[INFO] [stderr]    Compiling rusqlite v0.40.2
[INFO] [stderr]    Compiling omgbase-store v14.2.0
[INFO] [stderr]    Compiling omgbase-sync v2.2.9
[INFO] [stderr]    Compiling omgbase-surface v4.7.1
[INFO] [stderr]     Finished `release` profile [optimized] target(s) in 1m 51s
[INFO] running `Command { std: "docker" "inspect" "1ea2fd057141c453f35815a17790ab299982660cfcd9682d3713df07a4baac55", kill_on_drop: false }`
[INFO] running `Command { std: "docker" "exec" "-e" "SOURCE_DIR=/opt/rustwide/workdir" "-e" "CARGO_HOME=/opt/rustwide/cargo-home" "-e" "RUSTUP_HOME=/opt/rustwide/rustup-home" "-e" "CARGO_TARGET_DIR=/opt/rustwide/target" "-e" "CARGO_INCREMENTAL=0" "-e" "RUST_BACKTRACE=full" "-e" "RUSTFLAGS=--cap-lints=warn" "-e" "RUSTDOCFLAGS=--cap-lints=warn" "-w" "/opt/rustwide/workdir" "--user" "0:0" "1ea2fd057141c453f35815a17790ab299982660cfcd9682d3713df07a4baac55" "/opt/rustwide/cargo-home/bin/cargo" "+1.100.0-beta.1" "test" "--frozen" "--no-run" "--message-format=json" "--release", kill_on_drop: false }`
[INFO] [stderr]    Compiling omgbase v0.19.0 (/opt/rustwide/workdir)
[INFO] [stderr]     Finished `release` profile [optimized] target(s) in 7.39s
[INFO] running `Command { std: "docker" "inspect" "1ea2fd057141c453f35815a17790ab299982660cfcd9682d3713df07a4baac55", kill_on_drop: false }`
[INFO] running `Command { std: "docker" "exec" "-e" "SOURCE_DIR=/opt/rustwide/workdir" "-e" "CARGO_HOME=/opt/rustwide/cargo-home" "-e" "RUSTUP_HOME=/opt/rustwide/rustup-home" "-e" "CARGO_TARGET_DIR=/opt/rustwide/target" "-e" "CARGO_INCREMENTAL=0" "-e" "RUST_BACKTRACE=full" "-e" "RUSTFLAGS=--cap-lints=warn" "-e" "RUSTDOCFLAGS=--cap-lints=warn" "-w" "/opt/rustwide/workdir" "--user" "0:0" "1ea2fd057141c453f35815a17790ab299982660cfcd9682d3713df07a4baac55" "/opt/rustwide/cargo-home/bin/cargo" "+1.100.0-beta.1" "test" "--frozen" "--release", kill_on_drop: false }`
[INFO] [stderr]     Finished `release` profile [optimized] target(s) in 0.12s
[INFO] [stderr]      Running unittests src/main.rs (/opt/rustwide/target/release/build/omgbase/b005b35dcb1b1b9e/out/omgbase-b005b35dcb1b1b9e)
[INFO] [stdout] 
[INFO] [stdout] running 52 tests
[INFO] [stdout] test cli::argv::tests::globals_anywhere_and_passthrough ... ok
[INFO] [stdout] test cli::argv::tests::command_options ... ok
[INFO] [stdout] test cli::cmd::admin::tests::size_report_lines ... ok
[INFO] [stdout] test cli::cmd::log::tests::since ... ok
[INFO] [stdout] test cli::cmd::mutate::tests::at_specs ... ok
[INFO] [stdout] test cli::argv::tests::globals_errors ... ok
[INFO] [stdout] test cli::cmd::docs::tests::set_values_are_yaml_scalars ... ok
[INFO] [stdout] test cli::cmd::node::tests::value_is_the_remaining_positionals ... ok
[INFO] [stdout] test cli::cmd::docs::tests::doc_op_roots_the_path ... ok
[INFO] [stdout] test cli::cmd::admin::tests::coercion_and_paths ... ok
[INFO] [stdout] test cli::cmd::docs::tests::meta_options_repeat ... ok
[INFO] [stdout] test cli::output::tests::json_like_javascript ... ok
[INFO] [stdout] test cli::cmd::mutate::tests::content_opts_take_dash_values_verbatim ... ok
[INFO] [stdout] test cli::cmd::mutate::tests::receipt_ids_prefer_the_previews_live_ids ... ok
[INFO] [stdout] test cli::commands::tests::every_command_has_a_card ... ok
[INFO] [stdout] test cli::seams::tests::canonical_instant_accepts_offsets ... ok
[INFO] [stdout] test cli::cmd::sync::tests::the_fs_adapter_argv_follows_the_launcher_rule ... ok
[INFO] [stdout] test cli::render::tests::columns_pad_and_trim ... ok
[INFO] [stdout] test cli::commands::tests::guesses ... ok
[INFO] [stdout] test cli::cmd::mutate::tests::refs_become_effect_targets_and_placements ... ok
[INFO] [stdout] test cli::shell::refs::tests::parses ... ok
[INFO] [stdout] test cli::render::tests::plain_wordmark ... ok
[INFO] [stdout] test cli::render::tests::relative_time ... ok
[INFO] [stdout] test cli::seams::tests::seams_parse_and_reject ... ok
[INFO] [stdout] test cli::shell::tokenize::tests::unterminated ... ok
[INFO] [stdout] test cli::shell::refs::tests::rows_and_coercion ... ok
[INFO] [stdout] test cli::context::tests::a_locator_is_a_hash_ref_that_is_not_an_id ... ok
[INFO] [stdout] test cli::seams::tests::the_sequential_minter_is_shared_across_stores ... ok
[INFO] [stdout] test cli::tests::program_name ... ok
[INFO] [stdout] test cli::seams::tests::writer_lock_timeout_seam ... ok
[INFO] [stdout] test cli::output::tests::cells ... ok
[INFO] [stdout] test cli::shell::tokenize::tests::splits_and_quotes ... ok
[INFO] [stdout] test drain::tests::close_stops_before_a_pending_debounce_fires ... ok
[INFO] [stdout] test drain::tests::drainer_spawn_runs_init_on_the_thread_and_disables_on_failure ... ok
[INFO] [stdout] test cli::tests::spec_version_matches_the_spec ... FAILED
[INFO] [stdout] test cli::cmd::mcp::tests::the_flag_beats_the_setting_and_a_bad_setting_serves_full ... ok
[INFO] [stderr] [mcp] ignoring setting mcp.tools = "lite" (expected full|minimal); serving the full catalog
[INFO] [stderr] [mcp] ignoring setting mcp.tools = 3 (expected full|minimal); serving the full catalog
[INFO] [stdout] test watch::tests::the_fs_launcher_never_reads_the_row_command ... ok
[INFO] [stdout] test mcp::tests::write_tools_take_and_release_the_writer_lock ... ok
[INFO] [stdout] test mcp::tests::initialize_list_call_ping ... ok
[INFO] [stdout] test mcp::tests::a_profile_filters_listing_and_calling_only ... ok
[INFO] [stdout] test watch::tests::a_live_lease_elsewhere_skips_the_watcher ... ok
[INFO] [stdout] test watch::tests::a_sourceless_repo_has_nothing_to_watch ... ok
[INFO] [stdout] test drain::tests::two_handles_share_one_provider_and_serialize_its_calls ... ok
[INFO] [stdout] test watch::tests::a_missing_adapter_degrades_to_no_watch ... ok
[INFO] [stdout] test drain::tests::flush_drains_now_and_waits ... ok
[INFO] [stdout] test watch::tests::an_adapter_that_dies_before_ready_is_unavailable_but_the_sweep_runs ... ok
[INFO] [stdout] test watch::tests::a_non_watching_adapter_is_unavailable ... ok
[INFO] [stdout] test watch::tests::ready_is_awaited_and_an_early_batch_is_reconciled_after_the_prime ... ok
[INFO] [stdout] test drain::tests::a_burst_of_schedules_is_one_debounced_drain ... ok
[INFO] [stdout] test drain::tests::a_schedule_during_a_drain_reruns_once_without_debounce ... ok
[INFO] [stdout] test drain::tests::a_failing_drain_is_logged_and_retried_on_the_next_schedule ... ok
[INFO] [stdout] test watch::tests::a_silent_adapter_is_tolerated_after_patience ... ok
[INFO] [stdout] 
[INFO] [stdout] failures:
[INFO] [stdout] 
[INFO] [stdout] ---- cli::tests::spec_version_matches_the_spec stdout ----
[INFO] [stdout] 
[INFO] [stdout] thread 'cli::tests::spec_version_matches_the_spec' (1957) panicked at src/cli/mod.rs:218:10:
[INFO] [stdout] spec/cli/VERSION: Os { code: 2, kind: NotFound, message: "No such file or directory" }
[INFO] [stdout] stack backtrace:
[INFO] [stdout]    0:     0x5ddab8b13c11 - <<std[617be2ca0a6fd877]::sys::backtrace::BacktraceLock>::print::DisplayBacktrace as core[a373ad73a504971]::fmt::Display>::fmt
[INFO] [stdout]    1:     0x5ddab8b2dc2a - core[a373ad73a504971]::fmt::write
[INFO] [stdout]    2:     0x5ddab8b188cc - <alloc[2e1b2a31b91974c5]::vec::Vec<u8> as core[a373ad73a504971]::io::write::Write>::write_fmt
[INFO] [stdout]    3:     0x5ddab8aebf36 - std[617be2ca0a6fd877]::panicking::default_hook::{closure#0}
[INFO] [stdout]    4:     0x5ddab8b0a889 - std[617be2ca0a6fd877]::panicking::default_hook
[INFO] [stdout]    5:     0x5ddab82019f0 - test[aada8e7e76ba119b]::test_main_inner::{closure#0}
[INFO] [stdout]    6:     0x5ddab8b0aa42 - std[617be2ca0a6fd877]::panicking::panic_with_hook
[INFO] [stdout]    7:     0x5ddab8aebfe2 - std[617be2ca0a6fd877]::panicking::panic_handler::{closure#0}
[INFO] [stdout]    8:     0x5ddab8ae4689 - std[617be2ca0a6fd877]::sys::backtrace::__rust_end_short_backtrace::<std[617be2ca0a6fd877]::panicking::panic_handler::{closure#0}, !>
[INFO] [stdout]    9:     0x5ddab8aecf4d - __rustc[ea4f61d10b84890b]::rust_begin_unwind
[INFO] [stdout]   10:     0x5ddab8b2e44c - core[a373ad73a504971]::panicking::panic_fmt
[INFO] [stdout]   11:     0x5ddab8b2e222 - core[a373ad73a504971]::result::unwrap_failed
[INFO] [stdout]   12:     0x5ddab81aed09 - <omgbase[1093924cde3a315f]::cli::tests::spec_version_matches_the_spec::{closure#0} as core[a373ad73a504971]::ops::function::FnOnce<()>>::call_once
[INFO] [stdout]   13:     0x5ddab81f4e3b - test[aada8e7e76ba119b]::__rust_begin_short_backtrace::<core[a373ad73a504971]::result::Result<(), alloc[2e1b2a31b91974c5]::string::String>, fn() -> core[a373ad73a504971]::result::Result<(), alloc[2e1b2a31b91974c5]::string::String>>
[INFO] [stdout]   14:     0x5ddab8202015 - test[aada8e7e76ba119b]::run_test::{closure#0}
[INFO] [stdout]   15:     0x5ddab81fb904 - std[617be2ca0a6fd877]::sys::backtrace::__rust_begin_short_backtrace::<test[aada8e7e76ba119b]::run_test::{closure#1}, ()>
[INFO] [stdout]   16:     0x5ddab82050a2 - <std[617be2ca0a6fd877]::thread::lifecycle::spawn_unchecked<test[aada8e7e76ba119b]::run_test::{closure#1}, ()>::{closure#1} as core[a373ad73a504971]::ops::function::FnOnce<()>>::call_once::{shim:vtable#0}
[INFO] [stdout]   17:     0x5ddab8b126ff - <std[617be2ca0a6fd877]::sys::thread::unix::Thread>::new::thread_start
[INFO] [stdout]   18:     0x7db1f825ddfa - <unknown>
[INFO] [stdout]   19:     0x7db1f82f13d4 - clone
[INFO] [stdout]   20:                0x0 - <unknown>
[INFO] [stdout] 
[INFO] [stdout] 
[INFO] [stdout] failures:
[INFO] [stdout]     cli::tests::spec_version_matches_the_spec
[INFO] [stdout] 
[INFO] [stdout] test result: FAILED. 51 passed; 1 failed; 0 ignored; 0 measured; 0 filtered out; finished in 0.42s
[INFO] [stdout] 
[INFO] [stderr] error: test failed, to rerun pass `--bin omgbase`
[INFO] running `Command { std: "docker" "inspect" "1ea2fd057141c453f35815a17790ab299982660cfcd9682d3713df07a4baac55", kill_on_drop: false }`
[INFO] running `Command { std: "docker" "rm" "-f" "1ea2fd057141c453f35815a17790ab299982660cfcd9682d3713df07a4baac55", kill_on_drop: false }`
[INFO] [stdout] 1ea2fd057141c453f35815a17790ab299982660cfcd9682d3713df07a4baac55
