[INFO] fetching crate omgbase-surface 4.7.1...
[INFO] testing omgbase-surface-4.7.1 against 1.100.0-beta.1+cargoflags=--release for beta-release-1.100-2
[INFO] extracting crate omgbase-surface 4.7.1 into /workspace/builds/worker-1-tc2/source
[INFO] started tweaking crates.io crate omgbase-surface 4.7.1
[INFO] removed 0 missing tests
[INFO] finished tweaking crates.io crate omgbase-surface 4.7.1
[INFO] tweaked toml for crates.io crate omgbase-surface 4.7.1 written to /workspace/builds/worker-1-tc2/source/Cargo.toml
[INFO] validating manifest of crates.io crate omgbase-surface 4.7.1 on toolchain 1.100.0-beta.1
[INFO] running `Command { std: CARGO_HOME="/workspace/cargo-home" RUSTUP_HOME="/workspace/rustup-home" "/workspace/cargo-home/bin/cargo" "+1.100.0-beta.1" "metadata" "--manifest-path" "Cargo.toml" "--no-deps", kill_on_drop: false }`
[INFO] crate crates.io crate omgbase-surface 4.7.1 already has a lockfile, it will not be regenerated
[INFO] running `Command { std: CARGO_HOME="/workspace/cargo-home" RUSTUP_HOME="/workspace/rustup-home" "/workspace/cargo-home/bin/cargo" "+1.100.0-beta.1" "fetch" "--manifest-path" "Cargo.toml", kill_on_drop: false }`
[INFO] running `Command { std: "docker" "create" "-v" "/var/lib/crater-agent-workspace/builds/worker-1-tc2/source:/opt/rustwide/workdir:ro,Z" "-v" "/var/lib/crater-agent-workspace/builds/worker-1-tc2/target:/opt/rustwide/target:rw,Z" "-v" "/var/lib/crater-agent-workspace/cargo-home:/opt/rustwide/cargo-home:ro,Z" "-v" "/var/lib/crater-agent-workspace/rustup-home:/opt/rustwide/rustup-home:ro,Z" "-m" "1610612736" "--network" "none" "ghcr.io/rust-lang/crates-build-env/linux@sha256:77db811e55d90add9212f6832c23229e3de5f1c1f9905e8cb07319ea15df73ac" "sleep" "infinity", kill_on_drop: false }`
[INFO] [stdout] 0b1d01ad1f763544f67211df7c2ece90911643eda6f1875b2a4a3a27df7f34ea
[INFO] running `Command { std: "docker" "start" "0b1d01ad1f763544f67211df7c2ece90911643eda6f1875b2a4a3a27df7f34ea", kill_on_drop: false }`
[INFO] running `Command { std: "docker" "inspect" "0b1d01ad1f763544f67211df7c2ece90911643eda6f1875b2a4a3a27df7f34ea", kill_on_drop: false }`
[INFO] running `Command { std: "docker" "exec" "-e" "SOURCE_DIR=/opt/rustwide/workdir" "-e" "CARGO_HOME=/opt/rustwide/cargo-home" "-e" "RUSTUP_HOME=/opt/rustwide/rustup-home" "-e" "CARGO_TARGET_DIR=/opt/rustwide/target" "-w" "/opt/rustwide/workdir" "--user" "0:0" "0b1d01ad1f763544f67211df7c2ece90911643eda6f1875b2a4a3a27df7f34ea" "/opt/rustwide/cargo-home/bin/cargo" "+1.100.0-beta.1" "metadata" "--no-deps" "--format-version=1", kill_on_drop: false }`
[INFO] running `Command { std: "docker" "inspect" "0b1d01ad1f763544f67211df7c2ece90911643eda6f1875b2a4a3a27df7f34ea", kill_on_drop: false }`
[INFO] running `Command { std: "docker" "exec" "-e" "SOURCE_DIR=/opt/rustwide/workdir" "-e" "CARGO_HOME=/opt/rustwide/cargo-home" "-e" "RUSTUP_HOME=/opt/rustwide/rustup-home" "-e" "CARGO_TARGET_DIR=/opt/rustwide/target" "-e" "CARGO_INCREMENTAL=0" "-e" "RUST_BACKTRACE=full" "-e" "RUSTFLAGS=--cap-lints=warn" "-e" "RUSTDOCFLAGS=--cap-lints=warn" "-w" "/opt/rustwide/workdir" "--user" "0:0" "0b1d01ad1f763544f67211df7c2ece90911643eda6f1875b2a4a3a27df7f34ea" "/opt/rustwide/cargo-home/bin/cargo" "+1.100.0-beta.1" "build" "--frozen" "--message-format=json" "--release", kill_on_drop: false }`
[INFO] [stderr]    Compiling serde_json v1.0.151
[INFO] [stderr]    Compiling indexmap v2.14.0
[INFO] [stderr]    Compiling syn v3.0.6
[INFO] [stderr]    Compiling aho-corasick v1.1.5
[INFO] [stderr]    Compiling smallvec v1.16.2
[INFO] [stderr]    Compiling sha2 v0.10.9
[INFO] [stderr]    Compiling unicode-id v0.3.7
[INFO] [stderr]    Compiling unicode-normalization v0.1.25
[INFO] [stderr]    Compiling markdown v1.0.0
[INFO] [stderr]    Compiling thiserror v2.0.21
[INFO] [stderr]    Compiling cc v1.5.1
[INFO] [stderr]    Compiling arraydeque v0.5.1
[INFO] [stderr]    Compiling hashlink v0.12.2
[INFO] [stderr]    Compiling getrandom v0.3.4
[INFO] [stderr]    Compiling libsqlite3-sys v0.38.2
[INFO] [stderr]    Compiling regex-automata v0.4.18
[INFO] [stderr]    Compiling omgbase-format v0.2.2
[INFO] [stderr]    Compiling synstructure v0.14.0
[INFO] [stderr]    Compiling zerofrom-derive v0.1.8
[INFO] [stderr]    Compiling yoke-derive v0.8.3
[INFO] [stderr]    Compiling zerofrom v0.1.8
[INFO] [stderr]    Compiling zerovec-derive v0.11.6
[INFO] [stderr]    Compiling yoke v0.8.3
[INFO] [stderr]    Compiling displaydoc v0.2.7
[INFO] [stderr]    Compiling regex v1.13.1
[INFO] [stderr]    Compiling thiserror-impl v2.0.21
[INFO] [stderr]    Compiling serde_derive v1.0.229
[INFO] [stderr]    Compiling omgbase-reconcile v2.3.1
[INFO] [stderr]    Compiling zerotrie v0.2.5
[INFO] [stderr]    Compiling zerovec v0.11.8
[INFO] [stderr]    Compiling saphyr-parser v0.1.0
[INFO] [stderr]    Compiling tinystr v0.8.4
[INFO] [stderr]    Compiling icu_locale_core v2.1.1
[INFO] [stderr]    Compiling potential_utf v0.1.6
[INFO] [stderr]    Compiling icu_collections v2.1.1
[INFO] [stderr]    Compiling omgbase-properties v1.1.1
[INFO] [stderr]    Compiling omgbase-mutate v3.5.1
[INFO] [stderr]    Compiling icu_provider v2.1.1
[INFO] [stderr]    Compiling icu_properties v2.1.2
[INFO] [stderr]    Compiling icu_normalizer v2.1.1
[INFO] [stderr]    Compiling serde v1.0.229
[INFO] [stderr]    Compiling idna_adapter v1.2.1
[INFO] [stderr]    Compiling idna v1.1.0
[INFO] [stderr]    Compiling omgbase-search v2.0.0
[INFO] [stderr]    Compiling oqx v0.23.0
[INFO] [stderr]    Compiling url v2.5.8
[INFO] [stderr]    Compiling omgbase-graph v1.1.1
[INFO] [stderr]    Compiling rusqlite v0.40.2
[INFO] [stderr]    Compiling omgbase-store v14.2.0
[INFO] [stderr]    Compiling omgbase-sync v2.2.9
[INFO] [stderr]    Compiling omgbase-surface v4.7.1 (/opt/rustwide/workdir)
[INFO] [stderr]     Finished `release` profile [optimized] target(s) in 4m 47s
[INFO] running `Command { std: "docker" "inspect" "0b1d01ad1f763544f67211df7c2ece90911643eda6f1875b2a4a3a27df7f34ea", kill_on_drop: false }`
[INFO] running `Command { std: "docker" "exec" "-e" "SOURCE_DIR=/opt/rustwide/workdir" "-e" "CARGO_HOME=/opt/rustwide/cargo-home" "-e" "RUSTUP_HOME=/opt/rustwide/rustup-home" "-e" "CARGO_TARGET_DIR=/opt/rustwide/target" "-e" "CARGO_INCREMENTAL=0" "-e" "RUST_BACKTRACE=full" "-e" "RUSTFLAGS=--cap-lints=warn" "-e" "RUSTDOCFLAGS=--cap-lints=warn" "-w" "/opt/rustwide/workdir" "--user" "0:0" "0b1d01ad1f763544f67211df7c2ece90911643eda6f1875b2a4a3a27df7f34ea" "/opt/rustwide/cargo-home/bin/cargo" "+1.100.0-beta.1" "test" "--frozen" "--no-run" "--message-format=json" "--release", kill_on_drop: false }`
[INFO] [stderr]    Compiling omgbase-surface v4.7.1 (/opt/rustwide/workdir)
[INFO] [stderr]     Finished `release` profile [optimized] target(s) in 1m 09s
[INFO] running `Command { std: "docker" "inspect" "0b1d01ad1f763544f67211df7c2ece90911643eda6f1875b2a4a3a27df7f34ea", kill_on_drop: false }`
[INFO] running `Command { std: "docker" "exec" "-e" "SOURCE_DIR=/opt/rustwide/workdir" "-e" "CARGO_HOME=/opt/rustwide/cargo-home" "-e" "RUSTUP_HOME=/opt/rustwide/rustup-home" "-e" "CARGO_TARGET_DIR=/opt/rustwide/target" "-e" "CARGO_INCREMENTAL=0" "-e" "RUST_BACKTRACE=full" "-e" "RUSTFLAGS=--cap-lints=warn" "-e" "RUSTDOCFLAGS=--cap-lints=warn" "-w" "/opt/rustwide/workdir" "--user" "0:0" "0b1d01ad1f763544f67211df7c2ece90911643eda6f1875b2a4a3a27df7f34ea" "/opt/rustwide/cargo-home/bin/cargo" "+1.100.0-beta.1" "test" "--frozen" "--release", kill_on_drop: false }`
[INFO] [stderr]     Finished `release` profile [optimized] target(s) in 0.14s
[INFO] [stderr]      Running unittests src/lib.rs (/opt/rustwide/target/release/build/omgbase-surface/4841b73fae3bccd2/out/omgbase_surface-4841b73fae3bccd2)
[INFO] [stdout] 
[INFO] [stdout] running 159 tests
[INFO] [stdout] test catalog::sugar_tests::blocks_update_with_an_empty_expect_succeeds_through_the_planner ... ok
[INFO] [stdout] test catalog::sugar_tests::docs_update_is_set_content_sugar_with_the_kernel_footprint ... ok
[INFO] [stdout] test catalog::sugar_tests::document_operations_are_the_stores_builders ... ok
[INFO] [stdout] test arguments::tests::string_lists_take_one_bare_string_and_fix_a_comma_joined_one ... ok
[INFO] [stdout] test catalog::sugar_tests::effect_driven_sugar_tools_match_the_kernel_oracle_over_the_alchemy_corpus ... ok
[INFO] [stdout] test arguments::tests::unknown_names_are_corrected ... ok
[INFO] [stdout] test catalog::sugar_tests::retired_names_are_argument_errors_on_every_write_tool ... ok
[INFO] [stdout] test catalog::sugar_tests::previews_are_plans_that_burn_nothing ... ok
[INFO] [stdout] test arguments::tests::hints_list_the_shape_in_bytewise_order ... ok
[INFO] [stdout] test arguments::tests::distance_and_nearest ... ok
[INFO] [stdout] test catalog::sugar_tests::blocks_check_with_a_duplicate_id_dedupes_through_the_planner ... ok
[INFO] [stdout] test catalog::sugar_tests::an_empty_block_list_is_an_argument_error ... ok
[INFO] [stdout] test catalog::tests::catalog_lists_every_tool_of_the_table ... ok
[INFO] [stdout] test arguments::tests::retired_write_inputs_name_their_replacement ... ok
[INFO] [stdout] test catalog::tests::change_summaries_are_rooted_like_the_reference_renders_them ... ok
[INFO] [stdout] test catalog::tests::plain_shape_errors_carry_their_fix ... ok
[INFO] [stdout] test catalog::tests::plan_returns_diffs_only_on_request ... ok
[INFO] [stdout] test catalog::tests::observe_read_and_query_round_trip ... ok
[INFO] [stdout] test catalog::tests::plan_execute_and_apply_effects_round_trip ... ok
[INFO] [stdout] test context::tests::glob_to_like_escapes ... ok
[INFO] [stdout] test context::tests::json_and_sql_bridges ... ok
[INFO] [stdout] test context::tests::nested_property_objects_rebuild ... ok
[INFO] [stdout] test context::tests::rows_surfacing_as_values_render_id_and_path ... ok
[INFO] [stdout] test cursor::tests::a_cursor_from_1x_is_refused_by_the_path_decoder ... ok
[INFO] [stdout] test cursor::tests::base64url_round_trips_and_matches_node ... ok
[INFO] [stdout] test cursor::tests::cursors_encode_json_tuples ... ok
[INFO] [stdout] test error::tests::envelope_shape ... ok
[INFO] [stdout] test error::tests::mutation_errors_keep_code_and_data ... ok
[INFO] [stdout] test fixes::tests::a_fix_is_canonical_json_prefixed_only_for_another_tool ... ok
[INFO] [stdout] test fixes::tests::a_leader_in_a_literal_slot_is_dropped_there ... ok
[INFO] [stdout] test fixes::tests::a_stale_revision_at_plan_time_is_repinned_to_the_current_one ... ok
[INFO] [stdout] test fixes::tests::a_symbol_before_its_create_moves_the_create_first_and_renames_it ... ok
[INFO] [stdout] test fixes::tests::an_ambiguous_slot_takes_the_first_identity ... ok
[INFO] [stdout] test fixes::tests::an_unexecutable_plan_is_replanned_from_its_core ... ok
[INFO] [stdout] test fixes::tests::bounds_and_roots ... ok
[INFO] [stdout] test fixes::tests::conflicting_effects_keeps_the_later_effect ... ok
[INFO] [stdout] test catalog::tests::insert_and_move_carry_the_destination_parent_cas_and_many_reads_keep_one_item ... ok
[INFO] [stdout] test fixes::tests::other_tools_and_other_errors_pass_through ... ok
[INFO] [stdout] test fixes::tests::selector_requests_are_decorated_with_their_origins ... ok
[INFO] [stdout] test fixes::tests::the_append_tools_spell_their_calls ... ok
[INFO] [stdout] test graph::tests::order_is_bytewise ... ok
[INFO] [stdout] test catalog::tests::bare_hits_are_the_projection_only ... ok
[INFO] [stdout] test graph::tests::query_shape ... ok
[INFO] [stdout] test graph::tests::user_select_aliases ... ok
[INFO] [stdout] test history::tests::deletion ... ok
[INFO] [stdout] test history::tests::change_at_top_and_bottom_truncates_context ... ok
[INFO] [stdout] test history::tests::empty_old_and_empty_new_texts ... ok
[INFO] [stdout] test history::tests::far_changes_are_two_hunks_near_changes_share_one ... ok
[INFO] [stdout] test history::tests::hunk_merge_boundary_six_between_merges_seven_splits ... ok
[INFO] [stdout] test history::tests::identical_texts_are_empty ... ok
[INFO] [stdout] test history::tests::insertion_at_the_very_top ... ok
[INFO] [stdout] test history::tests::insertion_in_the_middle_is_one_plus_line ... ok
[INFO] [stdout] test history::tests::replacement ... ok
[INFO] [stdout] test history::tests::splits_on_newline_exactly_and_the_empty_text_has_no_lines ... ok
[INFO] [stdout] test history::tests::textbook_tie_case ... ok
[INFO] [stdout] test history::tests::trailing_newline_and_empty_lines_are_lines ... ok
[INFO] [stdout] test catalog::tests::profiles_filter_the_listing_not_the_semantics ... ok
[INFO] [stdout] test names::tests::an_empty_repository_has_no_vocabulary ... ok
[INFO] [stdout] test names::tests::edit_distance_is_optimal_string_alignment ... ok
[INFO] [stdout] test catalog::tests::string_list_arguments_take_one_bare_string ... ok
[INFO] [stdout] test names::tests::nearest_match_rule ... ok
[INFO] [stdout] test history::tests::diff_unified_unknown_revision_is_target_missing_like_diff ... ok
[INFO] [stdout] test catalog::tests::plan_apply_and_execute_take_a_selector ... ok
[INFO] [stdout] test names::tests::cache_refreshes_on_a_new_commit ... ok
[INFO] [stdout] test history::tests::diff_unified_is_over_the_reconstructed_file_not_the_block_map ... ok
[INFO] [stdout] test paths::tests::the_two_forms ... ok
[INFO] [stdout] test planner::tests::a_pushable_scan_compiles_to_one_statement_in_root_order ... ok
[INFO] [stdout] test catalog::tests::doc_tools_return_receipts_and_preview_through_plan ... ok
[INFO] [stdout] test planner::tests::a_residual_that_could_raise_declines_the_whole_query ... ok
[INFO] [stdout] test planner::tests::a_top_level_not_or_or_is_the_whole_residual_and_declines ... ok
[INFO] [stdout] test planner::tests::declined_shapes_return_none ... ok
[INFO] [stdout] test planner::tests::every_target_has_its_join_columns_guards_and_order ... ok
[INFO] [stdout] test catalog::tests::writes_go_through_the_fixed_doc_store_and_fire_the_hook ... ok
[INFO] [stdout] test planner::tests::mixed_conjunctions_push_the_translatable_parts_and_keep_the_rest ... ok
[INFO] [stdout] test query::tests::a_hit_that_is_not_a_store_row_fails_the_query ... ok
[INFO] [stdout] test query::tests::bare_hits_are_the_projection_in_its_own_order ... ok
[INFO] [stdout] test query::tests::a_path_read_is_the_attribute_or_a_row_handle_never_a_source_handle ... ok
[INFO] [stdout] test query::tests::a_projection_onto_the_envelope_must_be_aliased ... ok
[INFO] [stdout] test query::tests::distinct_dedups_by_user_projection_first_wins ... ok
[INFO] [stdout] test names::tests::links_are_closed_and_dst_reaches_docs ... ok
[INFO] [stdout] test query::tests::hits_peel_the_injected_columns ... ok
[INFO] [stdout] test query::tests::path_literals_are_rooted_only_against_path_reads ... ok
[INFO] [stdout] test query::tests::repo_and_bare_targets_are_refused_statically ... ok
[INFO] [stdout] test query::tests::bare_needs_a_select_and_is_not_the_values_form ... ok
[INFO] [stdout] test query::tests::reserved_projection_names_are_refused ... ok
[INFO] [stdout] test names::tests::vocabulary_per_kind ... ok
[INFO] [stdout] test query::tests::row_functions_become_self_methods ... ok
[INFO] [stdout] test query::tests::top_level_bounds_must_be_literals ... ok
[INFO] [stdout] test query::tests::the_page_runs_on_identity ... ok
[INFO] [stdout] test read::tests::token_cost_is_ceil_quarter_of_json_length ... ok
[INFO] [stdout] test reference::tests::clause_order_sentence_matches_the_parser ... ok
[INFO] [stdout] test read::tests::words_and_prefixes ... ok
[INFO] [stdout] test query::tests::semantic_phrases_are_collected_distinct ... ok
[INFO] [stdout] test reference::tests::error_examples_live_in_prose ... ok
[INFO] [stdout] test select::tests::a_leader_in_a_non_expression_slot_is_refused ... ok
[INFO] [stdout] test reference::tests::twin_is_byte_identical_to_the_reference ... ok
[INFO] [stdout] test reference::tests::extraction_is_substantial ... ok
[INFO] [stdout] test names::tests::tiers ... ok
[INFO] [stdout] test select::tests::binding_a_whole_target ... ok
[INFO] [stdout] test select::tests::bare_targets_normalize_before_the_shape_check ... ok
[INFO] [stdout] test reference::tests::every_example_parses ... ok
[INFO] [stdout] test select::tests::constant_folding_of_literal_leaders ... ok
[INFO] [stdout] test names::tests::what_is_not_judged ... ok
[INFO] [stdout] test select::tests::lowering_errors_gain_the_template_and_the_row ... ok
[INFO] [stdout] test select::tests::offsets_shift_back_by_the_wrapper ... ok
[INFO] [stdout] test select::tests::binding_the_hit_by_kind_and_the_other_slots ... ok
[INFO] [stdout] test select::tests::binding_types_each_slot_and_names_the_row ... ok
[INFO] [stdout] test select::tests::the_leader_is_exact_and_everything_else_is_literal ... ok
[INFO] [stdout] test select::tests::the_request_reads_expect_only_with_a_select ... ok
[INFO] [stdout] test names::tests::refuse_mode_is_the_hint_text_as_filter_invalid ... ok
[INFO] [stdout] test select::tests::the_rewrite_appends_slot_projections_after_the_users_items ... ok
[INFO] [stdout] test select::tests::the_static_pass_refuses_what_cannot_be_a_selection ... ok
[INFO] [stdout] test translate::tests::a_rooted_path_literal_is_the_indexed_fast_path ... ok
[INFO] [stdout] test translate::tests::a_key_read_through_a_source_handle_is_pushed_scoped_to_its_source ... ok
[INFO] [stdout] test translate::tests::and_composes_two_pushable_comparisons ... ok
[INFO] [stdout] test translate::tests::and_declines_wholesale_if_either_side_is_not_pushable ... ok
[INFO] [stdout] test translate::tests::bindings_are_typed_by_their_value ... ok
[INFO] [stdout] test translate::tests::bare_doc_property_is_the_scalar_in_scope_subquery ... ok
[INFO] [stdout] test translate::tests::blocks_and_nodes_flatten_bare_identifiers_into_attrs ... ok
[INFO] [stdout] test translate::tests::attributes_that_are_not_columns_decline_and_are_never_properties ... ok
[INFO] [stdout] test translate::tests::booleans_bind_as_one_and_zero ... ok
[INFO] [stdout] test translate::tests::docs_raw_and_computed_intrinsics_are_not_columns ... ok
[INFO] [stdout] test translate::tests::dst_reach_through_reads_the_destination_by_its_foreign_key ... ok
[INFO] [stdout] test translate::tests::contains_is_instr ... ok
[INFO] [stdout] test translate::tests::disjunction_as_a_nested_expr_is_declined ... ok
[INFO] [stdout] test translate::tests::doc_and_block_reach_through ... ok
[INFO] [stdout] test translate::tests::equality_is_null_safe_is ... ok
[INFO] [stdout] test translate::tests::format_is_a_column_not_a_property ... ok
[INFO] [stdout] test translate::tests::edges_push_their_plain_fields_under_the_surface_names ... ok
[INFO] [stdout] test translate::tests::ends_with_is_negative_substr_equality ... ok
[INFO] [stdout] test translate::tests::inequality_is_null_safe_is_not ... ok
[INFO] [stdout] test translate::tests::intrinsic_column_mapping ... ok
[INFO] [stdout] test translate::tests::json_against_a_boolean_tests_json_type_for_the_literal ... ok
[INFO] [stdout] test translate::tests::matches_needs_a_regexp_udf ... ok
[INFO] [stdout] test translate::tests::negation_as_a_nested_expr_is_not_and_safe ... ok
[INFO] [stdout] test translate::tests::property_against_a_boolean_tests_p_type_bool_in_the_scalar_row_subquery ... ok
[INFO] [stdout] test translate::tests::json_against_a_number_tests_the_numeric_types_then_compares ... ok
[INFO] [stdout] test translate::tests::property_against_a_number_tests_p_type_number_in_the_scalar_row_subquery ... ok
[INFO] [stdout] test translate::tests::lower_then_starts_with_pushes_with_explicit_lower ... ok
[INFO] [stdout] test translate::tests::relation_and_handle_names_are_not_property_reads ... ok
[INFO] [stdout] test translate::tests::representatives_carry_their_type ... ok
[INFO] [stdout] test translate::tests::relational_ops_are_plain_comparisons ... ok
[INFO] [stdout] test translate::tests::range_membership_in_and_bare_idents_are_declined ... ok
[INFO] [stdout] test translate::tests::reach_through_identity_is_the_foreign_key ... ok
[INFO] [stdout] test translate::tests::resolves_a_binding_to_its_param_value ... ok
[INFO] [stdout] test translate::tests::starts_with_is_substr_equality ... ok
[INFO] [stdout] test translate::tests::the_spec_shapes_of_decline_a ... ok
[INFO] [stdout] test translate::tests::typed_pushes_compose_under_and_and_keep_the_untyped_forms ... ok
[INFO] [stdout] test translate::tests::updated_at_pushes_as_its_revisions_subquery ... ok
[INFO] [stdout] test translate::tests::unsafe_identifier_segments_are_never_inlined ... ok
[INFO] [stdout] test translate::tests::upper_wraps_the_receiver_in_value_position ... ok
[INFO] [stdout] test translate::tests::the_comparison_matrix_decides_every_cell ... ok
[INFO] [stdout] test version::tests::a_host_supplies_its_own_identity ... ok
[INFO] [stdout] test translate::tests::unmapped_node_intrinsic_is_not_pushed ... ok
[INFO] [stdout] test select::tests::bare_new_symbols_settle_against_the_prefix_plan ... ok
[INFO] [stdout] test select::tests::the_selector_less_path_refuses_what_has_no_row ... ok
[INFO] [stdout] test select::tests::the_selector_less_path_evaluates_in_the_targets_row ... ok
[INFO] [stdout] test version::tests::library_embedding_answers_with_its_own_version_and_nulls ... ok
[INFO] [stdout] test translate::tests::handle_sets_match_the_store_context ... ok
[INFO] [stdout] 
[INFO] [stdout] test result: ok. 159 passed; 0 failed; 0 ignored; 0 measured; 0 filtered out; finished in 0.20s
[INFO] [stdout] 
[INFO] [stderr]      Running tests/conformance.rs (/opt/rustwide/target/release/build/omgbase-surface/ae19610fc3aec5e7/out/conformance-ae19610fc3aec5e7)
[INFO] [stdout] 
[INFO] [stdout] running 3 tests
[INFO] [stdout] test agrees_across_a_paginated_sweep ... ok
[INFO] [stderr]      Running tests/spec.rs (/opt/rustwide/target/release/build/omgbase-surface/c19b4557b80d6ee8/out/spec-c19b4557b80d6ee8)
[INFO] [stdout] test planned_queries_actually_reduce_the_scan ... ok
[INFO] [stdout] test planned_equals_in_memory_over_the_alchemy_corpus ... ok
[INFO] [stdout] 
[INFO] [stdout] test result: ok. 3 passed; 0 failed; 0 ignored; 0 measured; 0 filtered out; finished in 0.00s
[INFO] [stdout] 
[INFO] [stdout] 
[INFO] [stdout] running 8 tests
[INFO] [stdout] test ladder_extraction_follows_the_rung_grammar ... ok
[INFO] [stdout] test version_agrees_with_the_spec ... ok
[INFO] [stdout] test fixture_files_are_well_formed_and_every_case_file_was_loaded ... ok
[INFO] [stdout] test interop_suite_is_shape_checked_and_skipped ... ok
[INFO] [stdout] test example_ladders_are_well_formed_and_match_the_suite_bytewise ... ok
[INFO] [stdout] test spec ... ok
[INFO] [stdout] test tool_descriptions_match_the_reference ... FAILED
[INFO] [stdout] test case_names_are_unique_per_file ... ok
[INFO] [stdout] 
[INFO] [stdout] failures:
[INFO] [stdout] 
[INFO] [stdout] ---- tool_descriptions_match_the_reference stdout ----
[INFO] [stdout] 
[INFO] [stdout] thread 'tool_descriptions_match_the_reference' (1532) panicked at tests/spec.rs:1246:6:
[INFO] [stdout] spec/surface/tool-descriptions.json: Os { code: 2, kind: NotFound, message: "No such file or directory" }
[INFO] [stdout] stack backtrace:
[INFO] [stdout]    0:     0x5ffb8df02851 - <<std[617be2ca0a6fd877]::sys::backtrace::BacktraceLock>::print::DisplayBacktrace as core[a373ad73a504971]::fmt::Display>::fmt
[INFO] [stdout]    1:     0x5ffb8df1ad0a - core[a373ad73a504971]::fmt::write
[INFO] [stdout]    2:     0x5ffb8df06d5c - <alloc[2e1b2a31b91974c5]::vec::Vec<u8> as core[a373ad73a504971]::io::write::Write>::write_fmt
[INFO] [stdout]    3:     0x5ffb8dedc9e6 - std[617be2ca0a6fd877]::panicking::default_hook::{closure#0}
[INFO] [stdout]    4:     0x5ffb8def9b49 - std[617be2ca0a6fd877]::panicking::default_hook
[INFO] [stdout]    5:     0x5ffb8d7adef0 - test[aada8e7e76ba119b]::test_main_inner::{closure#0}
[INFO] [stdout]    6:     0x5ffb8def9d02 - std[617be2ca0a6fd877]::panicking::panic_with_hook
[INFO] [stdout]    7:     0x5ffb8dedca92 - std[617be2ca0a6fd877]::panicking::panic_handler::{closure#0}
[INFO] [stdout]    8:     0x5ffb8ded53f9 - std[617be2ca0a6fd877]::sys::backtrace::__rust_end_short_backtrace::<std[617be2ca0a6fd877]::panicking::panic_handler::{closure#0}, !>
[INFO] [stdout]    9:     0x5ffb8dedd78d - __rustc[ea4f61d10b84890b]::rust_begin_unwind
[INFO] [stdout]   10:     0x5ffb8df1b52c - core[a373ad73a504971]::panicking::panic_fmt
[INFO] [stdout]   11:     0x5ffb8df1b302 - core[a373ad73a504971]::result::unwrap_failed
[INFO] [stdout]   12:     0x5ffb8d7761a9 - <spec[5c3bf4982f093556]::tool_descriptions_match_the_reference::{closure#0} as core[a373ad73a504971]::ops::function::FnOnce<()>>::call_once
[INFO] [stdout]   13:     0x5ffb8d7a133b - test[aada8e7e76ba119b]::__rust_begin_short_backtrace::<core[a373ad73a504971]::result::Result<(), alloc[2e1b2a31b91974c5]::string::String>, fn() -> core[a373ad73a504971]::result::Result<(), alloc[2e1b2a31b91974c5]::string::String>>
[INFO] [stdout]   14:     0x5ffb8d7ae515 - test[aada8e7e76ba119b]::run_test::{closure#0}
[INFO] [stdout]   15:     0x5ffb8d7a7e04 - std[617be2ca0a6fd877]::sys::backtrace::__rust_begin_short_backtrace::<test[aada8e7e76ba119b]::run_test::{closure#1}, ()>
[INFO] [stdout]   16:     0x5ffb8d7b15a2 - <std[617be2ca0a6fd877]::thread::lifecycle::spawn_unchecked<test[aada8e7e76ba119b]::run_test::{closure#1}, ()>::{closure#1} as core[a373ad73a504971]::ops::function::FnOnce<()>>::call_once::{shim:vtable#0}
[INFO] [stdout]   17:     0x5ffb8df0185f - <std[617be2ca0a6fd877]::sys::thread::unix::Thread>::new::thread_start
[INFO] [stdout]   18:     0x75c094524dfa - <unknown>
[INFO] [stdout]   19:     0x75c0945b83d4 - clone
[INFO] [stdout]   20:                0x0 - <unknown>
[INFO] [stdout] 
[INFO] [stdout] 
[INFO] [stdout] failures:
[INFO] [stdout]     tool_descriptions_match_the_reference
[INFO] [stdout] 
[INFO] [stdout] test result: FAILED. 7 passed; 1 failed; 0 ignored; 0 measured; 0 filtered out; finished in 0.01s
[INFO] [stdout] 
[INFO] [stderr] error: test failed, to rerun pass `--test spec`
[INFO] running `Command { std: "docker" "inspect" "0b1d01ad1f763544f67211df7c2ece90911643eda6f1875b2a4a3a27df7f34ea", kill_on_drop: false }`
[INFO] running `Command { std: "docker" "rm" "-f" "0b1d01ad1f763544f67211df7c2ece90911643eda6f1875b2a4a3a27df7f34ea", kill_on_drop: false }`
[INFO] [stdout] 0b1d01ad1f763544f67211df7c2ece90911643eda6f1875b2a4a3a27df7f34ea
