[INFO] fetching crate omg_serde 0.1.0...
[INFO] testing omg_serde-0.1.0 against 1.99.0-beta.8+cargoflags=--release for beta-release-1.100-2
[INFO] extracting crate omg_serde 0.1.0 into /workspace/builds/worker-4-tc1/source
[INFO] started tweaking crates.io crate omg_serde 0.1.0
[INFO] finished tweaking crates.io crate omg_serde 0.1.0
[INFO] tweaked toml for crates.io crate omg_serde 0.1.0 written to /workspace/builds/worker-4-tc1/source/Cargo.toml
[INFO] validating manifest of crates.io crate omg_serde 0.1.0 on toolchain 1.99.0-beta.8
[INFO] running `Command { std: CARGO_HOME="/workspace/cargo-home" RUSTUP_HOME="/workspace/rustup-home" "/workspace/cargo-home/bin/cargo" "+1.99.0-beta.8" "metadata" "--manifest-path" "Cargo.toml" "--no-deps", kill_on_drop: false }`
[INFO] running `Command { std: CARGO_HOME="/workspace/cargo-home" RUSTUP_HOME="/workspace/rustup-home" "/workspace/cargo-home/bin/cargo" "+1.99.0-beta.8" "generate-lockfile" "--manifest-path" "Cargo.toml", kill_on_drop: false }`
[INFO] [stderr]     Updating crates.io index
[INFO] [stderr]      Locking 110 packages to highest compatible versions
[INFO] [stderr]       Adding derive-new v0.5.9 (available: v0.7.0)
[INFO] [stderr]       Adding serde_yaml v0.8.26 (available: v0.9.34+deprecated)
[INFO] running `Command { std: CARGO_HOME="/workspace/cargo-home" RUSTUP_HOME="/workspace/rustup-home" "/workspace/cargo-home/bin/cargo" "+1.99.0-beta.8" "fetch" "--manifest-path" "Cargo.toml", kill_on_drop: false }`
[INFO] [stderr]  Downloading crates ...
[INFO] [stderr]   Downloaded svgbobdoc v0.2.3
[INFO] [stderr]   Downloaded omg_core v0.1.0
[INFO] [stderr]   Downloaded unwrap v1.2.1
[INFO] [stderr]   Downloaded svg v0.5.12
[INFO] [stderr]   Downloaded svgbob v0.4.1
[INFO] [stderr]   Downloaded noise v0.7.0
[INFO] [stderr]   Downloaded env_logger v0.8.4
[INFO] running `Command { std: "docker" "create" "-v" "/var/lib/crater-agent-workspace/builds/worker-4-tc1/source:/opt/rustwide/workdir:ro,Z" "-v" "/var/lib/crater-agent-workspace/builds/worker-4-tc1/target:/opt/rustwide/target:rw,Z" "-v" "/var/lib/crater-agent-workspace/cargo-home:/opt/rustwide/cargo-home:ro,Z" "-v" "/var/lib/crater-agent-workspace/rustup-home:/opt/rustwide/rustup-home:ro,Z" "-m" "1610612736" "--network" "none" "ghcr.io/rust-lang/crates-build-env/linux@sha256:77db811e55d90add9212f6832c23229e3de5f1c1f9905e8cb07319ea15df73ac" "sleep" "infinity", kill_on_drop: false }`
[INFO] [stdout] 9a5f5cb92841aa7523961c0331e573a746b0293a649c84b3486281691abe0278
[INFO] running `Command { std: "docker" "start" "9a5f5cb92841aa7523961c0331e573a746b0293a649c84b3486281691abe0278", kill_on_drop: false }`
[INFO] running `Command { std: "docker" "inspect" "9a5f5cb92841aa7523961c0331e573a746b0293a649c84b3486281691abe0278", kill_on_drop: false }`
[INFO] running `Command { std: "docker" "exec" "-e" "SOURCE_DIR=/opt/rustwide/workdir" "-e" "CARGO_HOME=/opt/rustwide/cargo-home" "-e" "RUSTUP_HOME=/opt/rustwide/rustup-home" "-e" "CARGO_TARGET_DIR=/opt/rustwide/target" "-w" "/opt/rustwide/workdir" "--user" "0:0" "9a5f5cb92841aa7523961c0331e573a746b0293a649c84b3486281691abe0278" "/opt/rustwide/cargo-home/bin/cargo" "+1.99.0-beta.8" "metadata" "--no-deps" "--format-version=1", kill_on_drop: false }`
[INFO] running `Command { std: "docker" "inspect" "9a5f5cb92841aa7523961c0331e573a746b0293a649c84b3486281691abe0278", kill_on_drop: false }`
[INFO] running `Command { std: "docker" "exec" "-e" "SOURCE_DIR=/opt/rustwide/workdir" "-e" "CARGO_HOME=/opt/rustwide/cargo-home" "-e" "RUSTUP_HOME=/opt/rustwide/rustup-home" "-e" "CARGO_TARGET_DIR=/opt/rustwide/target" "-e" "CARGO_INCREMENTAL=0" "-e" "RUST_BACKTRACE=full" "-e" "RUSTFLAGS=--cap-lints=warn" "-e" "RUSTDOCFLAGS=--cap-lints=warn" "-w" "/opt/rustwide/workdir" "--user" "0:0" "9a5f5cb92841aa7523961c0331e573a746b0293a649c84b3486281691abe0278" "/opt/rustwide/cargo-home/bin/cargo" "+1.99.0-beta.8" "build" "--frozen" "--message-format=json" "--release", kill_on_drop: false }`
[INFO] [stderr]    Compiling miniz_oxide v0.4.4
[INFO] [stderr]    Compiling either v1.19.0
[INFO] [stderr]    Compiling adler32 v1.2.0
[INFO] [stderr]    Compiling crc32fast v1.5.2
[INFO] [stderr]    Compiling num-rational v0.3.2
[INFO] [stderr]    Compiling adler v1.0.2
[INFO] [stderr]    Compiling weezl v0.1.12
[INFO] [stderr]    Compiling aho-corasick v1.1.5
[INFO] [stderr]    Compiling getrandom v0.1.16
[INFO] [stderr]    Compiling regex-syntax v0.8.11
[INFO] [stderr]    Compiling syn v1.0.109
[INFO] [stderr]    Compiling syn v3.0.9
[INFO] [stderr]    Compiling regex-automata v0.4.18
[INFO] [stderr]    Compiling num-iter v0.1.46
[INFO] [stderr]    Compiling indexmap v1.9.3
[INFO] [stderr]    Compiling bytemuck v1.25.2
[INFO] [stderr]    Compiling deflate v0.8.6
[INFO] [stderr]    Compiling miniz_oxide v0.3.7
[INFO] [stderr]    Compiling scoped_threadpool v0.1.9
[INFO] [stderr]    Compiling svg v0.5.12
[INFO] [stderr]    Compiling rayon v1.12.0
[INFO] [stderr]    Compiling rand_core v0.5.1
[INFO] [stderr]    Compiling pom v1.1.0
[INFO] [stderr]    Compiling rand_chacha v0.2.2
[INFO] [stderr]    Compiling gif v0.11.4
[INFO] [stderr]    Compiling svgbob v0.4.1
[INFO] [stderr]    Compiling png v0.16.8
[INFO] [stderr]    Compiling rand v0.7.3
[INFO] [stderr]    Compiling rand_xorshift v0.2.0
[INFO] [stderr]    Compiling atty v0.2.14
[INFO] [stderr]    Compiling base64 v0.12.3
[INFO] [stderr]    Compiling humantime v2.4.0
[INFO] [stderr]    Compiling linked-hash-map v0.5.6
[INFO] [stderr]    Compiling lazy_static v1.5.1
[INFO] [stderr]    Compiling chrono v0.4.45
[INFO] [stderr]    Compiling unwrap v1.2.1
[INFO] [stderr]    Compiling yaml-rust v0.4.5
[INFO] [stderr]    Compiling derive-new v0.5.9
[INFO] [stderr]    Compiling serde_derive v1.0.229
[INFO] [stderr]    Compiling regex v1.13.1
[INFO] [stderr]    Compiling jpeg-decoder v0.1.22
[INFO] [stderr]    Compiling env_logger v0.8.4
[INFO] [stderr]    Compiling tiff v0.6.1
[INFO] [stderr]    Compiling svgbobdoc v0.2.3
[INFO] [stderr]    Compiling serde v1.0.229
[INFO] [stderr]    Compiling image v0.23.14
[INFO] [stderr]    Compiling serde_yaml v0.8.26
[INFO] [stderr]    Compiling noise v0.7.0
[INFO] [stderr]    Compiling omg_core v0.1.0
[INFO] [stderr]    Compiling omg_serde v0.1.0 (/opt/rustwide/workdir)
[INFO] [stderr]     Finished `release` profile [optimized] target(s) in 10.79s
[INFO] [stderr] warning: the following packages contain code that will be rejected by a future version of Rust: noise v0.7.0, svg v0.5.12
[INFO] [stderr] note: to see what the problems were, use the option `--future-incompat-report`, or run `cargo report future-incompatibilities --id 2`
[INFO] running `Command { std: "docker" "inspect" "9a5f5cb92841aa7523961c0331e573a746b0293a649c84b3486281691abe0278", kill_on_drop: false }`
[INFO] running `Command { std: "docker" "exec" "-e" "SOURCE_DIR=/opt/rustwide/workdir" "-e" "CARGO_HOME=/opt/rustwide/cargo-home" "-e" "RUSTUP_HOME=/opt/rustwide/rustup-home" "-e" "CARGO_TARGET_DIR=/opt/rustwide/target" "-e" "CARGO_INCREMENTAL=0" "-e" "RUST_BACKTRACE=full" "-e" "RUSTFLAGS=--cap-lints=warn" "-e" "RUSTDOCFLAGS=--cap-lints=warn" "-w" "/opt/rustwide/workdir" "--user" "0:0" "9a5f5cb92841aa7523961c0331e573a746b0293a649c84b3486281691abe0278" "/opt/rustwide/cargo-home/bin/cargo" "+1.99.0-beta.8" "test" "--frozen" "--no-run" "--message-format=json" "--release", kill_on_drop: false }`
[INFO] [stderr]    Compiling omg_serde v0.1.0 (/opt/rustwide/workdir)
[INFO] [stderr]     Finished `release` profile [optimized] target(s) in 0.98s
[INFO] [stderr] warning: the following packages contain code that will be rejected by a future version of Rust: noise v0.7.0, svg v0.5.12
[INFO] [stderr] note: to see what the problems were, use the option `--future-incompat-report`, or run `cargo report future-incompatibilities --id 2`
[INFO] running `Command { std: "docker" "inspect" "9a5f5cb92841aa7523961c0331e573a746b0293a649c84b3486281691abe0278", kill_on_drop: false }`
[INFO] running `Command { std: "docker" "exec" "-e" "SOURCE_DIR=/opt/rustwide/workdir" "-e" "CARGO_HOME=/opt/rustwide/cargo-home" "-e" "RUSTUP_HOME=/opt/rustwide/rustup-home" "-e" "CARGO_TARGET_DIR=/opt/rustwide/target" "-e" "CARGO_INCREMENTAL=0" "-e" "RUST_BACKTRACE=full" "-e" "RUSTFLAGS=--cap-lints=warn" "-e" "RUSTDOCFLAGS=--cap-lints=warn" "-w" "/opt/rustwide/workdir" "--user" "0:0" "9a5f5cb92841aa7523961c0331e573a746b0293a649c84b3486281691abe0278" "/opt/rustwide/cargo-home/bin/cargo" "+1.99.0-beta.8" "test" "--frozen" "--release", kill_on_drop: false }`
[INFO] [stderr]     Finished `release` profile [optimized] target(s) in 0.05s
[INFO] [stderr] warning: the following packages contain code that will be rejected by a future version of Rust: noise v0.7.0, svg v0.5.12
[INFO] [stderr] note: to see what the problems were, use the option `--future-incompat-report`, or run `cargo report future-incompatibilities --id 2`
[INFO] [stderr]      Running unittests src/lib.rs (/opt/rustwide/target/release/deps/omg_serde-9d21fd76e74cab61)
[INFO] [stdout] 
[INFO] [stdout] running 28 tests
[INFO] [stdout] test data::math::generator::generator1d::tests::test_convert_gradient ... ok
[INFO] [stdout] test data::color::tests::test_conversion ... ok
[INFO] [stdout] test data::math::generator::generator1d::tests::test_convert_input_as_output ... ok
[INFO] [stdout] test data::math::generator::generator1d::tests::test_convert_interpolate_vector ... ok
[INFO] [stdout] test data::math::generator::generator2d::tests::test_convert_apply_to_x ... ok
[INFO] [stdout] test data::math::generator::generator2d::tests::test_convert_apply_to_distance ... ok
[INFO] [stdout] test data::math::generator::generator2d::tests::test_convert_apply_to_y ... ok
[INFO] [stdout] test data::math::generator::generator2d::tests::test_convert_index_generator ... ok
[INFO] [stdout] test data::math::generator::gradient::tests::test_conversion ... ok
[INFO] [stdout] test data::math::generator::noise::tests::test_conversion ... ok
[INFO] [stdout] test data::math::interpolation::vector::tests::test_conversion ... ok
[INFO] [stdout] test data::math::selector::tests::test_conversion ... ok
[INFO] [stdout] test data::math::selector::tests::test_convert_color_selector ... ok
[INFO] [stdout] test data::math::size2d::tests::test_conversion ... ok
[INFO] [stdout] test data::math::transformer::lookup2d::tests::test_conversion ... ok
[INFO] [stdout] test data::math::size2d::tests::test_failed_conversion ... ok
[INFO] [stdout] test data::math::transformer::threshold::tests::test_conversion ... ok
[INFO] [stdout] test data::math::transformer::transformer1d::tests::test_convert_overwrite ... ok
[INFO] [stdout] test data::math::transformer::transformer1d::tests::test_convert_overwrite_with_map ... ok
[INFO] [stdout] test data::math::transformer::transformer2d::tests::test_convert_overwrite ... ok
[INFO] [stdout] test generation::attributes::create::tests::test_conversion ... ok
[INFO] [stdout] test generation::attributes::distortion1d::tests::test_conversion ... ok
[INFO] [stdout] test generation::attributes::distortion2d::tests::test_conversion ... ok
[INFO] [stdout] test generation::attributes::generator::tests::test_conversion ... ok
[INFO] [stdout] test generation::attributes::modify::tests::test_conversion ... ok
[INFO] [stdout] test generation::attributes::transformer::tests::test_conversion ... ok
[INFO] [stdout] test generation::tests::test_conversion ... ok
[INFO] [stdout] test generation::tests::test_conversion_missing_attribute ... ok
[INFO] [stdout] 
[INFO] [stdout] test result: ok. 28 passed; 0 failed; 0 ignored; 0 measured; 0 filtered out; finished in 0.00s
[INFO] [stdout] 
[INFO] [stderr]      Running tests/test_read.rs (/opt/rustwide/target/release/deps/test_read-fa2316a81d299d5d)
[INFO] [stdout] 
[INFO] [stdout] running 2 tests
[INFO] [stdout] test test_map_storage ... FAILED
[INFO] [stdout] test test_color_selector_storage ... FAILED
[INFO] [stdout] 
[INFO] [stdout] failures:
[INFO] [stdout] 
[INFO] [stdout] ---- test_map_storage stdout ----
[INFO] [stdout] 
[INFO] [stdout] thread 'test_map_storage' (1152) panicked at tests/test_read.rs:21:42:
[INFO] [stdout] called `Result::unwrap()` on an `Err` value: Failed to write MapGeneration 'test0' to 'map.yaml'
[INFO] [stdout] 
[INFO] [stdout] Caused by:
[INFO] [stdout]     Read-only file system (os error 30)
[INFO] [stdout] 
[INFO] [stdout] Stack backtrace:
[INFO] [stdout]    0: <anyhow::Error as core::convert::From<core::io::error::Error>>::from
[INFO] [stdout]    1: <omg_serde::interface::map::MapStorageWithSerde>::inner_write
[INFO] [stdout]    2: <omg_serde::interface::map::MapStorageWithSerde as omg_core::interface::map::MapStorage>::write
[INFO] [stdout]    3: <test_read::test_map_storage::{closure#0} as core::ops::function::FnOnce<()>>::call_once
[INFO] [stdout]    4: test::__rust_begin_short_backtrace::<core::result::Result<(), alloc::string::String>, fn() -> core::result::Result<(), alloc::string::String>>
[INFO] [stdout]    5: test::run_test::{closure#0}
[INFO] [stdout]    6: std::sys::backtrace::__rust_begin_short_backtrace::<test::run_test::{closure#1}, ()>
[INFO] [stdout]    7: <std::thread::lifecycle::spawn_unchecked<test::run_test::{closure#1}, ()>::{closure#1} as core::ops::function::FnOnce<()>>::call_once::{shim:vtable#0}
[INFO] [stdout]    8: <std::sys::thread::unix::Thread>::new::thread_start
[INFO] [stdout]    9: <unknown>
[INFO] [stdout]   10: clone
[INFO] [stdout] stack backtrace:
[INFO] [stdout]    0:     0x58c2551c8a71 - <<std[70759c8f55707aa4]::sys::backtrace::BacktraceLock>::print::DisplayBacktrace as core[df12db4294e9bfd3]::fmt::Display>::fmt
[INFO] [stdout]    1:     0x58c2551df09a - core[df12db4294e9bfd3]::fmt::write
[INFO] [stdout]    2:     0x58c2551cd40c - <alloc[2182bb758b4b3781]::vec::Vec<u8> as core[df12db4294e9bfd3]::io::write::Write>::write_fmt
[INFO] [stdout]    3:     0x58c2551a4776 - std[70759c8f55707aa4]::panicking::default_hook::{closure#0}
[INFO] [stdout]    4:     0x58c2551c0e49 - std[70759c8f55707aa4]::panicking::default_hook
[INFO] [stdout]    5:     0x58c2551098d0 - test[9d35eded1c95d3be]::test_main_inner::<test[9d35eded1c95d3be]::test_main_static::{closure#0}>::{closure#0}
[INFO] [stdout]    6:     0x58c2551c1002 - std[70759c8f55707aa4]::panicking::panic_with_hook
[INFO] [stdout]    7:     0x58c2551a4822 - std[70759c8f55707aa4]::panicking::panic_handler::{closure#0}
[INFO] [stdout]    8:     0x58c25519ce89 - std[70759c8f55707aa4]::sys::backtrace::__rust_end_short_backtrace::<std[70759c8f55707aa4]::panicking::panic_handler::{closure#0}, !>
[INFO] [stdout]    9:     0x58c2551a552d - __rustc[8fa7c3cbc660c2b3]::rust_begin_unwind
[INFO] [stdout]   10:     0x58c2551df7cc - core[df12db4294e9bfd3]::panicking::panic_fmt
[INFO] [stdout]   11:     0x58c2551df5a2 - core[df12db4294e9bfd3]::result::unwrap_failed
[INFO] [stdout]   12:     0x58c2550fa7aa - <test_read[27358883aeedfcb1]::test_map_storage::{closure#0} as core[df12db4294e9bfd3]::ops::function::FnOnce<()>>::call_once
[INFO] [stdout]   13:     0x58c2550fcbbb - test[9d35eded1c95d3be]::__rust_begin_short_backtrace::<core[df12db4294e9bfd3]::result::Result<(), alloc[2182bb758b4b3781]::string::String>, fn() -> core[df12db4294e9bfd3]::result::Result<(), alloc[2182bb758b4b3781]::string::String>>
[INFO] [stdout]   14:     0x58c25510a225 - test[9d35eded1c95d3be]::run_test::{closure#0}
[INFO] [stdout]   15:     0x58c255103ae4 - std[70759c8f55707aa4]::sys::backtrace::__rust_begin_short_backtrace::<test[9d35eded1c95d3be]::run_test::{closure#1}, ()>
[INFO] [stdout]   16:     0x58c25510d382 - <std[70759c8f55707aa4]::thread::lifecycle::spawn_unchecked<test[9d35eded1c95d3be]::run_test::{closure#1}, ()>::{closure#1} as core[df12db4294e9bfd3]::ops::function::FnOnce<()>>::call_once::{shim:vtable#0}
[INFO] [stdout]   17:     0x58c2551c7fd9 - <std[70759c8f55707aa4]::sys::thread::unix::Thread>::new::thread_start
[INFO] [stdout]   18:     0x706e009bddfa - <unknown>
[INFO] [stdout]   19:     0x706e00a513d4 - clone
[INFO] [stdout]   20:                0x0 - <unknown>
[INFO] [stdout] 
[INFO] [stdout] ---- test_color_selector_storage stdout ----
[INFO] [stdout] 
[INFO] [stdout] thread 'test_color_selector_storage' (1151) panicked at tests/test_read.rs:44:36:
[INFO] [stdout] called `Result::unwrap()` on an `Err` value: Failed to write selector to 'color_selector.yaml'
[INFO] [stdout] 
[INFO] [stdout] Caused by:
[INFO] [stdout]     Read-only file system (os error 30)
[INFO] [stdout] 
[INFO] [stdout] Stack backtrace:
[INFO] [stdout]    0: <anyhow::Error as core::convert::From<core::io::error::Error>>::from
[INFO] [stdout]    1: <omg_serde::interface::selector::SelectorStorageWithSerde>::inner_write
[INFO] [stdout]    2: <omg_serde::interface::selector::SelectorStorageWithSerde as omg_core::interface::selector::SelectorStorage>::write
[INFO] [stdout]    3: <test_read::test_color_selector_storage::{closure#0} as core::ops::function::FnOnce<()>>::call_once
[INFO] [stdout]    4: test::__rust_begin_short_backtrace::<core::result::Result<(), alloc::string::String>, fn() -> core::result::Result<(), alloc::string::String>>
[INFO] [stdout]    5: test::run_test::{closure#0}
[INFO] [stdout]    6: std::sys::backtrace::__rust_begin_short_backtrace::<test::run_test::{closure#1}, ()>
[INFO] [stdout]    7: <std::thread::lifecycle::spawn_unchecked<test::run_test::{closure#1}, ()>::{closure#1} as core::ops::function::FnOnce<()>>::call_once::{shim:vtable#0}
[INFO] [stdout]    8: <std::sys::thread::unix::Thread>::new::thread_start
[INFO] [stdout]    9: <unknown>
[INFO] [stdout]   10: clone
[INFO] [stdout] stack backtrace:
[INFO] [stdout]    0:     0x58c2551c8a71 - <<std[70759c8f55707aa4]::sys::backtrace::BacktraceLock>::print::DisplayBacktrace as core[df12db4294e9bfd3]::fmt::Display>::fmt
[INFO] [stdout]    1:     0x58c2551df09a - core[df12db4294e9bfd3]::fmt::write
[INFO] [stdout]    2:     0x58c2551cd40c - <alloc[2182bb758b4b3781]::vec::Vec<u8> as core[df12db4294e9bfd3]::io::write::Write>::write_fmt
[INFO] [stdout]    3:     0x58c2551a4776 - std[70759c8f55707aa4]::panicking::default_hook::{closure#0}
[INFO] [stdout]    4:     0x58c2551c0e49 - std[70759c8f55707aa4]::panicking::default_hook
[INFO] [stdout]    5:     0x58c2551098d0 - test[9d35eded1c95d3be]::test_main_inner::<test[9d35eded1c95d3be]::test_main_static::{closure#0}>::{closure#0}
[INFO] [stdout]    6:     0x58c2551c1002 - std[70759c8f55707aa4]::panicking::panic_with_hook
[INFO] [stdout]    7:     0x58c2551a4822 - std[70759c8f55707aa4]::panicking::panic_handler::{closure#0}
[INFO] [stdout]    8:     0x58c25519ce89 - std[70759c8f55707aa4]::sys::backtrace::__rust_end_short_backtrace::<std[70759c8f55707aa4]::panicking::panic_handler::{closure#0}, !>
[INFO] [stdout]    9:     0x58c2551a552d - __rustc[8fa7c3cbc660c2b3]::rust_begin_unwind
[INFO] [stdout]   10:     0x58c2551df7cc - core[df12db4294e9bfd3]::panicking::panic_fmt
[INFO] [stdout]   11:     0x58c2551df5a2 - core[df12db4294e9bfd3]::result::unwrap_failed
[INFO] [stdout]   12:     0x58c2550fab83 - <test_read[27358883aeedfcb1]::test_color_selector_storage::{closure#0} as core[df12db4294e9bfd3]::ops::function::FnOnce<()>>::call_once
[INFO] [stdout]   13:     0x58c2550fcbbb - test[9d35eded1c95d3be]::__rust_begin_short_backtrace::<core[df12db4294e9bfd3]::result::Result<(), alloc[2182bb758b4b3781]::string::String>, fn() -> core[df12db4294e9bfd3]::result::Result<(), alloc[2182bb758b4b3781]::string::String>>
[INFO] [stdout]   14:     0x58c25510a225 - test[9d35eded1c95d3be]::run_test::{closure#0}
[INFO] [stdout]   15:     0x58c255103ae4 - std[70759c8f55707aa4]::sys::backtrace::__rust_begin_short_backtrace::<test[9d35eded1c95d3be]::run_test::{closure#1}, ()>
[INFO] [stdout]   16:     0x58c25510d382 - <std[70759c8f55707aa4]::thread::lifecycle::spawn_unchecked<test[9d35eded1c95d3be]::run_test::{closure#1}, ()>::{closure#1} as core[df12db4294e9bfd3]::ops::function::FnOnce<()>>::call_once::{shim:vtable#0}
[INFO] [stdout]   17:     0x58c2551c7fd9 - <std[70759c8f55707aa4]::sys::thread::unix::Thread>::new::thread_start
[INFO] [stdout]   18:     0x706e009bddfa - <unknown>
[INFO] [stdout]   19:     0x706e00a513d4 - clone
[INFO] [stdout]   20:                0x0 - <unknown>
[INFO] [stdout] 
[INFO] [stdout] 
[INFO] [stdout] failures:
[INFO] [stdout]     test_color_selector_storage
[INFO] [stdout]     test_map_storage
[INFO] [stdout] 
[INFO] [stdout] test result: FAILED. 0 passed; 2 failed; 0 ignored; 0 measured; 0 filtered out; finished in 0.00s
[INFO] [stdout] 
[INFO] [stderr] error: test failed, to rerun pass `--test test_read`
[INFO] running `Command { std: "docker" "inspect" "9a5f5cb92841aa7523961c0331e573a746b0293a649c84b3486281691abe0278", kill_on_drop: false }`
[INFO] running `Command { std: "docker" "rm" "-f" "9a5f5cb92841aa7523961c0331e573a746b0293a649c84b3486281691abe0278", kill_on_drop: false }`
[INFO] [stdout] 9a5f5cb92841aa7523961c0331e573a746b0293a649c84b3486281691abe0278
