[INFO] fetching crate oma-inquire 0.6.0...
[INFO] testing oma-inquire-0.6.0 against 1.99.0-beta.8+cargoflags=--release for beta-release-1.100-2
[INFO] extracting crate oma-inquire 0.6.0 into /workspace/builds/worker-4-tc1/source
[INFO] started tweaking crates.io crate oma-inquire 0.6.0
[INFO] removed 0 missing examples
[INFO] finished tweaking crates.io crate oma-inquire 0.6.0
[INFO] tweaked toml for crates.io crate oma-inquire 0.6.0 written to /workspace/builds/worker-4-tc1/source/Cargo.toml
[INFO] validating manifest of crates.io crate oma-inquire 0.6.0 on toolchain 1.99.0-beta.8
[INFO] running `Command { std: CARGO_HOME="/workspace/cargo-home" RUSTUP_HOME="/workspace/rustup-home" "/workspace/cargo-home/bin/cargo" "+1.99.0-beta.8" "metadata" "--manifest-path" "Cargo.toml" "--no-deps", kill_on_drop: false }`
[INFO] crate crates.io crate oma-inquire 0.6.0 already has a lockfile, it will not be regenerated
[INFO] running `Command { std: CARGO_HOME="/workspace/cargo-home" RUSTUP_HOME="/workspace/rustup-home" "/workspace/cargo-home/bin/cargo" "+1.99.0-beta.8" "fetch" "--manifest-path" "Cargo.toml", kill_on_drop: false }`
[INFO] [stderr]     Updating crates.io index
[INFO] [stderr]  Downloading crates ...
[INFO] [stderr]   Downloaded redox_termios v0.1.3
[INFO] [stderr]   Downloaded libredox v0.1.9
[INFO] [stderr]   Downloaded tempfile v3.20.0
[INFO] [stderr]   Downloaded termion v4.0.5
[INFO] [stderr]   Downloaded numtoa v0.2.4
[INFO] [stderr]   Downloaded cc v1.2.31
[INFO] [stderr]   Downloaded console v0.16.0
[INFO] running `Command { std: "docker" "create" "-v" "/var/lib/crater-agent-workspace/builds/worker-4-tc1/source:/opt/rustwide/workdir:ro,Z" "-v" "/var/lib/crater-agent-workspace/builds/worker-4-tc1/target:/opt/rustwide/target:rw,Z" "-v" "/var/lib/crater-agent-workspace/cargo-home:/opt/rustwide/cargo-home:ro,Z" "-v" "/var/lib/crater-agent-workspace/rustup-home:/opt/rustwide/rustup-home:ro,Z" "-m" "1610612736" "--network" "none" "ghcr.io/rust-lang/crates-build-env/linux@sha256:77db811e55d90add9212f6832c23229e3de5f1c1f9905e8cb07319ea15df73ac" "sleep" "infinity", kill_on_drop: false }`
[INFO] [stdout] 18a3364cdc9c3c09095c58af0b5942d2c4c0ec3407df3dfc338813171dc54403
[INFO] running `Command { std: "docker" "start" "18a3364cdc9c3c09095c58af0b5942d2c4c0ec3407df3dfc338813171dc54403", kill_on_drop: false }`
[INFO] running `Command { std: "docker" "inspect" "18a3364cdc9c3c09095c58af0b5942d2c4c0ec3407df3dfc338813171dc54403", kill_on_drop: false }`
[INFO] running `Command { std: "docker" "exec" "-e" "SOURCE_DIR=/opt/rustwide/workdir" "-e" "CARGO_HOME=/opt/rustwide/cargo-home" "-e" "RUSTUP_HOME=/opt/rustwide/rustup-home" "-e" "CARGO_TARGET_DIR=/opt/rustwide/target" "-w" "/opt/rustwide/workdir" "--user" "0:0" "18a3364cdc9c3c09095c58af0b5942d2c4c0ec3407df3dfc338813171dc54403" "/opt/rustwide/cargo-home/bin/cargo" "+1.99.0-beta.8" "metadata" "--no-deps" "--format-version=1", kill_on_drop: false }`
[INFO] running `Command { std: "docker" "inspect" "18a3364cdc9c3c09095c58af0b5942d2c4c0ec3407df3dfc338813171dc54403", kill_on_drop: false }`
[INFO] running `Command { std: "docker" "exec" "-e" "SOURCE_DIR=/opt/rustwide/workdir" "-e" "CARGO_HOME=/opt/rustwide/cargo-home" "-e" "RUSTUP_HOME=/opt/rustwide/rustup-home" "-e" "CARGO_TARGET_DIR=/opt/rustwide/target" "-e" "CARGO_INCREMENTAL=0" "-e" "RUST_BACKTRACE=full" "-e" "RUSTFLAGS=--cap-lints=warn" "-e" "RUSTDOCFLAGS=--cap-lints=warn" "-w" "/opt/rustwide/workdir" "--user" "0:0" "18a3364cdc9c3c09095c58af0b5942d2c4c0ec3407df3dfc338813171dc54403" "/opt/rustwide/cargo-home/bin/cargo" "+1.99.0-beta.8" "build" "--frozen" "--message-format=json" "--release", kill_on_drop: false }`
[INFO] [stderr]    Compiling libc v0.2.174
[INFO] [stderr]    Compiling cfg-if v1.0.1
[INFO] [stderr]    Compiling parking_lot_core v0.9.11
[INFO] [stderr]    Compiling signal-hook v0.3.18
[INFO] [stderr]    Compiling unicode-segmentation v1.12.0
[INFO] [stderr]    Compiling lock_api v0.4.13
[INFO] [stderr]    Compiling quote v1.0.40
[INFO] [stderr]    Compiling log v0.4.27
[INFO] [stderr]    Compiling rustix v1.0.8
[INFO] [stderr]    Compiling linux-raw-sys v0.9.4
[INFO] [stderr]    Compiling bitflags v2.9.1
[INFO] [stderr]    Compiling syn v2.0.104
[INFO] [stderr]    Compiling thread_local v1.1.9
[INFO] [stderr]    Compiling convert_case v0.10.0
[INFO] [stderr]    Compiling fuzzy-matcher v0.3.7
[INFO] [stderr]    Compiling unicode-width v0.2.1
[INFO] [stderr]    Compiling signal-hook-registry v1.4.5
[INFO] [stderr]    Compiling mio v1.0.4
[INFO] [stderr]    Compiling parking_lot v0.12.4
[INFO] [stderr]    Compiling signal-hook-mio v0.2.4
[INFO] [stderr]    Compiling derive_more-impl v2.1.1
[INFO] [stderr]    Compiling derive_more v2.1.1
[INFO] [stderr]    Compiling crossterm v0.29.0
[INFO] [stderr]    Compiling oma-inquire v0.6.0 (/opt/rustwide/workdir)
[INFO] [stderr]     Finished `release` profile [optimized] target(s) in 9.81s
[INFO] running `Command { std: "docker" "inspect" "18a3364cdc9c3c09095c58af0b5942d2c4c0ec3407df3dfc338813171dc54403", kill_on_drop: false }`
[INFO] running `Command { std: "docker" "exec" "-e" "SOURCE_DIR=/opt/rustwide/workdir" "-e" "CARGO_HOME=/opt/rustwide/cargo-home" "-e" "RUSTUP_HOME=/opt/rustwide/rustup-home" "-e" "CARGO_TARGET_DIR=/opt/rustwide/target" "-e" "CARGO_INCREMENTAL=0" "-e" "RUST_BACKTRACE=full" "-e" "RUSTFLAGS=--cap-lints=warn" "-e" "RUSTDOCFLAGS=--cap-lints=warn" "-w" "/opt/rustwide/workdir" "--user" "0:0" "18a3364cdc9c3c09095c58af0b5942d2c4c0ec3407df3dfc338813171dc54403" "/opt/rustwide/cargo-home/bin/cargo" "+1.99.0-beta.8" "test" "--frozen" "--no-run" "--message-format=json" "--release", kill_on_drop: false }`
[INFO] [stderr]    Compiling syn v2.0.104
[INFO] [stderr]    Compiling hashbrown v0.15.4
[INFO] [stderr]    Compiling memchr v2.7.5
[INFO] [stderr]    Compiling rustc_version v0.4.1
[INFO] [stderr]    Compiling regex-syntax v0.8.5
[INFO] [stderr]    Compiling winnow v0.7.12
[INFO] [stderr]    Compiling toml_datetime v0.6.11
[INFO] [stderr]    Compiling cfg-if v1.0.1
[INFO] [stderr]    Compiling glob v0.3.2
[INFO] [stderr]    Compiling futures-core v0.3.31
[INFO] [stderr]    Compiling relative-path v1.9.3
[INFO] [stderr]    Compiling rstest_macros v0.26.1
[INFO] [stderr]    Compiling slab v0.4.10
[INFO] [stderr]    Compiling futures-timer v3.0.3
[INFO] [stderr]    Compiling iana-time-zone v0.1.63
[INFO] [stderr]    Compiling indexmap v2.10.0
[INFO] [stderr]    Compiling aho-corasick v1.1.3
[INFO] [stderr]    Compiling chrono v0.4.41
[INFO] [stderr]    Compiling regex-automata v0.4.9
[INFO] [stderr]    Compiling toml_edit v0.22.27
[INFO] [stderr]    Compiling proc-macro-crate v3.3.0
[INFO] [stderr]    Compiling regex v1.11.1
[INFO] [stderr]    Compiling derive_more-impl v2.1.1
[INFO] [stderr]    Compiling futures-macro v0.3.31
[INFO] [stderr]    Compiling derive_more v2.1.1
[INFO] [stderr]    Compiling crossterm v0.29.0
[INFO] [stderr]    Compiling futures-util v0.3.31
[INFO] [stderr]    Compiling oma-inquire v0.6.0 (/opt/rustwide/workdir)
[INFO] [stderr]    Compiling rstest v0.26.1
[INFO] [stdout] warning: field `input` is never read
[INFO] [stdout]  --> src/terminal/test.rs:9:9
[INFO] [stdout]   |
[INFO] [stdout] 7 | pub struct MockTerminal {
[INFO] [stdout]   |            ------------ field in this struct
[INFO] [stdout] 8 |     pub size: TerminalSize,
[INFO] [stdout] 9 |     pub input: VecDeque<Key>,
[INFO] [stdout]   |         ^^^^^
[INFO] [stdout]   |
[INFO] [stdout]   = note: `#[warn(dead_code)]` (part of `#[warn(unused)]`) on by default
[INFO] [stdout] 
[INFO] [stdout] 
[INFO] [stdout] warning: variant `Calendar` is never constructed
[INFO] [stdout]    --> src/ui/backend.rs:786:9
[INFO] [stdout]     |
[INFO] [stdout] 778 |     pub enum Token {
[INFO] [stdout]     |              ----- variant in this enum
[INFO] [stdout] ...
[INFO] [stdout] 786 |         Calendar {
[INFO] [stdout]     |         ^^^^^^^^
[INFO] [stdout]     |
[INFO] [stdout]     = note: `Token` has derived impls for the traits `Clone` and `Debug`, but these are intentionally ignored during dead code analysis
[INFO] [stdout] 
[INFO] [stdout] 
[INFO] [stderr]     Finished `release` profile [optimized] target(s) in 27.51s
[INFO] running `Command { std: "docker" "inspect" "18a3364cdc9c3c09095c58af0b5942d2c4c0ec3407df3dfc338813171dc54403", kill_on_drop: false }`
[INFO] running `Command { std: "docker" "exec" "-e" "SOURCE_DIR=/opt/rustwide/workdir" "-e" "CARGO_HOME=/opt/rustwide/cargo-home" "-e" "RUSTUP_HOME=/opt/rustwide/rustup-home" "-e" "CARGO_TARGET_DIR=/opt/rustwide/target" "-e" "CARGO_INCREMENTAL=0" "-e" "RUST_BACKTRACE=full" "-e" "RUSTFLAGS=--cap-lints=warn" "-e" "RUSTDOCFLAGS=--cap-lints=warn" "-w" "/opt/rustwide/workdir" "--user" "0:0" "18a3364cdc9c3c09095c58af0b5942d2c4c0ec3407df3dfc338813171dc54403" "/opt/rustwide/cargo-home/bin/cargo" "+1.99.0-beta.8" "test" "--frozen" "--release", kill_on_drop: false }`
[INFO] [stderr] warning: field `input` is never read
[INFO] [stderr]  --> src/terminal/test.rs:9:9
[INFO] [stderr]   |
[INFO] [stderr] 7 | pub struct MockTerminal {
[INFO] [stderr]   |            ------------ field in this struct
[INFO] [stderr] 8 |     pub size: TerminalSize,
[INFO] [stderr] 9 |     pub input: VecDeque<Key>,
[INFO] [stderr]   |         ^^^^^
[INFO] [stderr]   |
[INFO] [stderr]   = note: `#[warn(dead_code)]` (part of `#[warn(unused)]`) on by default
[INFO] [stderr] 
[INFO] [stderr] warning: variant `Calendar` is never constructed
[INFO] [stderr]    --> src/ui/backend.rs:786:9
[INFO] [stderr]     |
[INFO] [stderr] 778 |     pub enum Token {
[INFO] [stderr]     |              ----- variant in this enum
[INFO] [stderr] ...
[INFO] [stderr] 786 |         Calendar {
[INFO] [stderr]     |         ^^^^^^^^
[INFO] [stderr]     |
[INFO] [stderr]     = note: `Token` has derived impls for the traits `Clone` and `Debug`, but these are intentionally ignored during dead code analysis
[INFO] [stderr] 
[INFO] [stderr] warning: `oma-inquire` (lib test) generated 2 warnings
[INFO] [stderr]     Finished `release` profile [optimized] target(s) in 0.08s
[INFO] [stderr]      Running unittests src/lib.rs (/opt/rustwide/target/release/deps/inquire-dfbda5d89fdebe91)
[INFO] [stdout] 
[INFO] [stdout] running 122 tests
[INFO] [stdout] test input::action::test::backspace_results_in_delete_char_left ... ok
[INFO] [stdout] test ansi::tests::ansi_aware_test_normal_ansi_escapes ... ok
[INFO] [stdout] test input::action::test::arrows_with_ctrl_move_by_word ... ok
[INFO] [stdout] test input::action::test::chars_generate_write_actions ... ok
[INFO] [stdout] test input::action::test::ctrl_backspace_does_nothing ... ok
[INFO] [stdout] test input::action::test::ctrl_delete_results_in_delete_word_right ... ok
[INFO] [stdout] test input::action::test::end_moves_to_end_of_line ... ok
[INFO] [stdout] test input::action::test::home_moves_to_beginning_of_line ... ok
[INFO] [stdout] test input::test::chinese_with_cursor_is_correctly_initialized ... ok
[INFO] [stdout] test input::test::clear_does_not_affect_placeholder ... ok
[INFO] [stdout] test ansi::tests::test_normal_ansi_escapes ... ok
[INFO] [stdout] test input::action::test::delete_results_in_delete_char_right ... ok
[INFO] [stdout] test input::test::clear_makes_content_empty ... ok
[INFO] [stdout] test input::action::test::horizontal_arrows_results_in_move_cursor_char ... ok
[INFO] [stdout] test input::action::test::page_up_and_down_do_nothing ... ok
[INFO] [stdout] test input::action::test::vertical_arrows_do_nothing ... ok
[INFO] [stdout] test input::test::delete_action_tests ... ok
[INFO] [stdout] test input::test::generic_user_scenario ... ok
[INFO] [stdout] test input::test::move_cursor_action_tests ... ok
[INFO] [stdout] test ansi::tests::test_inconsistencies ... ok
[INFO] [stdout] test input::test::move_previous_word ... ok
[INFO] [stdout] test input::test::new_with_chinese_content_is_correctly_initialized ... ok
[INFO] [stdout] test input::test::new_with_content_is_correctly_initialized ... ok
[INFO] [stdout] test input::test::regression_issue_5 ... ok
[INFO] [stdout] test input::test::new_is_empty ... ok
[INFO] [stdout] test input::test::with_cursor_is_correctly_initialized ... ok
[INFO] [stdout] test input::test::with_cursor_panics_if_out_of_bounds ... ok
[INFO] [stdout] test prompts::action::test::ctrl_c_results_in_interrupt_action ... ok
[INFO] [stdout] test input::test::with_placeholder_is_correctly_initialized ... ok
[INFO] [stdout] test parser::test::default_bool_parser::invalid_no_inputs ... ok
[INFO] [stdout] test parser::test::default_bool_parser::invalid_yes_inputs ... ok
[INFO] [stdout] test prompts::action::test::generic_keys_are_passed_down_to_inner_action ... ok
[INFO] [stdout] test prompts::action::test::emacs_control_keybindings ... FAILED
[INFO] [stdout] test parser::test::default_bool_parser::valid_no_inputs ... ok
[INFO] [stdout] test parser::test::default_bool_parser::valid_yes_inputs ... ok
[INFO] [stdout] test prompts::confirm::test::custom_help_message_is_rendered ... ok
[INFO] [stdout] test prompts::confirm::test::default_formatter_for_default_values_follows_convention::case_1 ... ok
[INFO] [stdout] test prompts::action::test::standard_keybindings_for_cancel ... ok
[INFO] [stdout] test prompts::confirm::test::ctrl_c_interrupts_prompt ... ok
[INFO] [stdout] test prompts::confirm::test::custom_formatter_affects_final_output ... ok
[INFO] [stdout] test prompts::confirm::test::default_formatter_outputs_false_answer_as_no ... ok
[INFO] [stdout] test prompts::confirm::test::default_formatter_outputs_true_answer_as_yes ... ok
[INFO] [stdout] test prompts::confirm::test::default_help_message_does_not_exist_and_is_not_rendered ... ok
[INFO] [stdout] test prompts::action::test::standard_keybindings_for_submit ... ok
[INFO] [stdout] test prompts::confirm::test::escape_after_successful_submit_has_no_effect ... ok
[INFO] [stdout] test prompts::confirm::test::escape_raises_error ... ok
[INFO] [stdout] test prompts::confirm::test::default_formatter_for_default_values_follows_convention::case_2 ... ok
[INFO] [stdout] test prompts::confirm::test::custom_formatter_for_default_values_is_used::case_1 ... FAILED
[INFO] [stdout] test prompts::confirm::test::custom_formatter_for_default_values_is_used::case_2 ... FAILED
[INFO] [stdout] test prompts::confirm::test::prompt_can_be_initialized_from_str ... ok
[INFO] [stdout] test prompts::confirm::test::prompt_with_default_can_be_readily_submitted::case_1 ... ok
[INFO] [stdout] test prompts::confirm::test::prompt_correctly_handles_direct_hotkeys::case_1 ... ok
[INFO] [stdout] test prompts::confirm::test::prompt_correctly_handles_direct_hotkeys::case_2 ... ok
[INFO] [stdout] test prompts::confirm::test::prompt_correctly_handles_direct_hotkeys::case_4 ... ok
[INFO] [stdout] test prompts::confirm::test::prompt_with_default_can_be_readily_submitted::case_2 ... ok
[INFO] [stdout] test prompts::multiselect::test::chars_do_not_affect_prompt_without_filtering ... FAILED
[INFO] [stdout] test prompts::confirm::test::prompt_correctly_handles_direct_hotkeys::case_3 ... ok
[INFO] [stdout] test prompts::multiselect::test::keep_filter_false_should_reset_option_list ... FAILED
[INFO] [stdout] test prompts::multiselect::test::keep_filter_should_be_true_by_default ... FAILED
[INFO] [stdout] test prompts::multiselect::test::down_arrow_on_empty_list_does_not_panic ... FAILED
[INFO] [stdout] test prompts::multiselect::test::keep_filter_false_behavior ... FAILED
[INFO] [stdout] test prompts::multiselect::test::closure_formatter ... FAILED
[INFO] [stdout] test prompts::multiselect::test::starting_cursor_is_respected ... FAILED
[INFO] [stdout] test prompts::multiselect::test::selecting_all_by_default_behavior ... FAILED
[INFO] [stdout] test prompts::multiselect::test::keep_filter_true_behavior ... FAILED
[INFO] [stdout] test prompts::password::test::empty ... ok
[INFO] [stdout] test prompts::multiselect::test::list_option_indexes_are_relative_to_input_vec ... FAILED
[INFO] [stdout] test prompts::multiselect::test::naive_assert_fuzzy_match_as_default_scorer ... FAILED
[INFO] [stdout] test prompts::password::test::letters_and_enter ... ok
[INFO] [stdout] test prompts::password::test::input_correction_after_validation_when_hidden ... ok
[INFO] [stdout] test prompts::password::test::input_and_correction ... ok
[INFO] [stdout] test prompts::password::test::input_confirmation_different - should panic ... ok
[INFO] [stdout] test prompts::password::test::input_correction_after_validation_when_full ... ok
[INFO] [stdout] test prompts::password::test::input_and_excessive_correction ... ok
[INFO] [stdout] test prompts::password::test::input_correction_after_validation_when_masked ... ok
[INFO] [stdout] test prompts::password::test::input_confirmation_same ... ok
[INFO] [stdout] test prompts::select::test::chars_do_not_affect_prompt_without_filtering ... ok
[INFO] [stdout] test prompts::password::test::single_letter ... ok
[INFO] [stdout] test prompts::select::test::closure_formatter ... ok
[INFO] [stdout] test prompts::select::test::starting_cursor_is_respected ... ok
[INFO] [stdout] test prompts::select::test::enter_arrow_on_empty_list_does_not_panic ... ok
[INFO] [stdout] test prompts::select::test::down_arrow_on_empty_list_does_not_panic ... ok
[INFO] [stdout] test prompts::sort::test::closure_formatter ... ok
[INFO] [stdout] test prompts::select::test::naive_assert_fuzzy_match_as_default_scorer ... ok
[INFO] [stdout] test prompts::sort::test::edge_drag_does_not_panic_or_corrupt ... ok
[INFO] [stdout] test prompts::sort::test::drag_item_down_via_space_and_arrow ... ok
[INFO] [stdout] test prompts::sort::test::default_no_op_submission ... ok
[INFO] [stdout] test prompts::text::test::empty ... ok
[INFO] [stdout] test prompts::sort::test::starting_cursor_is_respected ... ok
[INFO] [stdout] test prompts::sort::test::move_cursor_and_drag_up ... ok
[INFO] [stdout] test prompts::sort::test::vim_mode_navigation_and_drag ... ok
[INFO] [stdout] test prompts::password::test::prompt_with_hidden_should_clear_on_mismatch ... ok
[INFO] [stdout] test prompts::password::test::prompt_with_masked_should_clear_1st_on_mismatch ... ok
[INFO] [stdout] test prompts::text::test::single_letter ... ok
[INFO] [stdout] test terminal::crossterm::test::bg_color_management ... ok
[INFO] [stdout] test terminal::crossterm::test::fg_color_management ... ok
[INFO] [stdout] test terminal::crossterm::test::style_management ... ok
[INFO] [stdout] test terminal::crossterm::test::style_management_with_flags ... ok
[INFO] [stdout] test terminal::crossterm::test::writer ... ok
[INFO] [stdout] test ui::frame_renderer::test::ensure_inline_ansi_codes_are_maintained ... ok
[INFO] [stdout] test utils::test::int_log10_works ... ok
[INFO] [stdout] test utils::test::paginate_first_half ... ok
[INFO] [stdout] test utils::test::paginate_first_half_no_cursor ... ok
[INFO] [stdout] test utils::test::paginate_last_half ... ok
[INFO] [stdout] test utils::test::paginate_last_half_no_cursor ... ok
[INFO] [stdout] test utils::test::paginate_middle ... ok
[INFO] [stdout] test utils::test::paginate_middle_no_cursor ... ok
[INFO] [stdout] test prompts::password::test::prompt_with_full_should_clear_1st_on_mismatch ... ok
[INFO] [stdout] test utils::test::paginate_too_few ... ok
[INFO] [stdout] test validator::validators_test::slice_length ... ok
[INFO] [stdout] test validator::validators_test::slice_max_length ... ok
[INFO] [stdout] test validator::validators_test::slice_min_length ... ok
[INFO] [stdout] test utils::test::paginate_too_few_no_cursor ... ok
[INFO] [stdout] test validator::validators_test::string_max_length_counts_graphemes ... ok
[INFO] [stdout] test validator::validators_test::string_length_counts_graphemes ... ok
[INFO] [stdout] test validator::validators_test::string_min_length_counts_graphemes ... ok
[INFO] [stdout] test prompts::password::test::letters_and_enter_with_emoji ... ok
[INFO] [stdout] test prompts::text::test::letters_and_enter ... ok
[INFO] [stdout] test prompts::text::test::input_and_excessive_correction ... ok
[INFO] [stdout] test prompts::text::test::input_and_correction ... ok
[INFO] [stdout] test prompts::text::test::input_correction_after_validation ... ok
[INFO] [stderr] error: test failed, to rerun pass `--lib`
[INFO] [stdout] test prompts::text::test::letters_and_enter_with_emoji ... ok
[INFO] [stdout] 
[INFO] [stdout] failures:
[INFO] [stdout] 
[INFO] [stdout] ---- prompts::action::test::emacs_control_keybindings stdout ----
[INFO] [stdout] 
[INFO] [stdout] thread 'prompts::action::test::emacs_control_keybindings' (1355) panicked at src/prompts/action.rs:169:9:
[INFO] [stdout] assertion `left == right` failed
[INFO] [stdout]   left: Some(Cancel)
[INFO] [stdout]  right: Some(Inner(Action(Char('g', KeyModifiers(CONTROL)))))
[INFO] [stdout] stack backtrace:
[INFO] [stdout]    0:     0x59430e377fc1 - <<std[70759c8f55707aa4]::sys::backtrace::BacktraceLock>::print::DisplayBacktrace as core[df12db4294e9bfd3]::fmt::Display>::fmt
[INFO] [stdout]    1:     0x59430e38dbda - core[df12db4294e9bfd3]::fmt::write
[INFO] [stdout]    2:     0x59430e37cebc - <alloc[2182bb758b4b3781]::vec::Vec<u8> as core[df12db4294e9bfd3]::io::write::Write>::write_fmt
[INFO] [stdout]    3:     0x59430e354206 - std[70759c8f55707aa4]::panicking::default_hook::{closure#0}
[INFO] [stdout]    4:     0x59430e370479 - std[70759c8f55707aa4]::panicking::default_hook
[INFO] [stdout]    5:     0x59430e304180 - test[9d35eded1c95d3be]::test_main_inner::<test[9d35eded1c95d3be]::test_main_static::{closure#0}>::{closure#0}
[INFO] [stdout]    6:     0x59430e370632 - std[70759c8f55707aa4]::panicking::panic_with_hook
[INFO] [stdout]    7:     0x59430e3542b2 - std[70759c8f55707aa4]::panicking::panic_handler::{closure#0}
[INFO] [stdout]    8:     0x59430e34d009 - std[70759c8f55707aa4]::sys::backtrace::__rust_end_short_backtrace::<std[70759c8f55707aa4]::panicking::panic_handler::{closure#0}, !>
[INFO] [stdout]    9:     0x59430e354ead - __rustc[8fa7c3cbc660c2b3]::rust_begin_unwind
[INFO] [stdout]   10:     0x59430e38e30c - core[df12db4294e9bfd3]::panicking::panic_fmt
[INFO] [stdout]   11:     0x59430e38e223 - core[df12db4294e9bfd3]::panicking::assert_failed_inner
[INFO] [stdout]   12:     0x59430e2e22af - core[df12db4294e9bfd3]::panicking::assert_failed::<core[df12db4294e9bfd3]::option::Option<inquire[9ef75d835153d823]::prompts::action::Action<inquire[9ef75d835153d823]::prompts::action::test::MockInnerAction>>, core[df12db4294e9bfd3]::option::Option<inquire[9ef75d835153d823]::prompts::action::Action<inquire[9ef75d835153d823]::prompts::action::test::MockInnerAction>>>
[INFO] [stdout]   13:     0x59430e2c1709 - <inquire[9ef75d835153d823]::prompts::action::test::emacs_control_keybindings::{closure#0} as core[df12db4294e9bfd3]::ops::function::FnOnce<()>>::call_once
[INFO] [stdout]   14:     0x59430e2f746b - test[9d35eded1c95d3be]::__rust_begin_short_backtrace::<core[df12db4294e9bfd3]::result::Result<(), alloc[2182bb758b4b3781]::string::String>, fn() -> core[df12db4294e9bfd3]::result::Result<(), alloc[2182bb758b4b3781]::string::String>>
[INFO] [stdout]   15:     0x59430e304ad5 - test[9d35eded1c95d3be]::run_test::{closure#0}
[INFO] [stdout]   16:     0x59430e2fe394 - std[70759c8f55707aa4]::sys::backtrace::__rust_begin_short_backtrace::<test[9d35eded1c95d3be]::run_test::{closure#1}, ()>
[INFO] [stdout]   17:     0x59430e307c32 - <std[70759c8f55707aa4]::thread::lifecycle::spawn_unchecked<test[9d35eded1c95d3be]::run_test::{closure#1}, ()>::{closure#1} as core[df12db4294e9bfd3]::ops::function::FnOnce<()>>::call_once::{shim:vtable#0}
[INFO] [stdout]   18:     0x59430e377869 - <std[70759c8f55707aa4]::sys::thread::unix::Thread>::new::thread_start
[INFO] [stdout]   19:     0x7efb45f7fdfa - <unknown>
[INFO] [stdout]   20:     0x7efb460133d4 - clone
[INFO] [stdout]   21:                0x0 - <unknown>
[INFO] [stdout] 
[INFO] [stdout] ---- prompts::confirm::test::custom_formatter_for_default_values_is_used::case_1 stdout ----
[INFO] [stdout] 
[INFO] [stdout] thread 'prompts::confirm::test::custom_formatter_for_default_values_is_used::case_1' (1361) panicked at src/prompts/confirm/test.rs:140:13:
[INFO] [stdout] Frame 0 did not contain a default value token
[INFO] [stdout] stack backtrace:
[INFO] [stdout]    0:     0x59430e377fc1 - <<std[70759c8f55707aa4]::sys::backtrace::BacktraceLock>::print::DisplayBacktrace as core[df12db4294e9bfd3]::fmt::Display>::fmt
[INFO] [stdout]    1:     0x59430e38dbda - core[df12db4294e9bfd3]::fmt::write
[INFO] [stdout]    2:     0x59430e37cebc - <alloc[2182bb758b4b3781]::vec::Vec<u8> as core[df12db4294e9bfd3]::io::write::Write>::write_fmt
[INFO] [stdout]    3:     0x59430e354206 - std[70759c8f55707aa4]::panicking::default_hook::{closure#0}
[INFO] [stdout]    4:     0x59430e370479 - std[70759c8f55707aa4]::panicking::default_hook
[INFO] [stdout]    5:     0x59430e304180 - test[9d35eded1c95d3be]::test_main_inner::<test[9d35eded1c95d3be]::test_main_static::{closure#0}>::{closure#0}
[INFO] [stdout]    6:     0x59430e370632 - std[70759c8f55707aa4]::panicking::panic_with_hook
[INFO] [stdout]    7:     0x59430e3542b2 - std[70759c8f55707aa4]::panicking::panic_handler::{closure#0}
[INFO] [stdout]    8:     0x59430e34d009 - std[70759c8f55707aa4]::sys::backtrace::__rust_end_short_backtrace::<std[70759c8f55707aa4]::panicking::panic_handler::{closure#0}, !>
[INFO] [stdout]    9:     0x59430e354ead - __rustc[8fa7c3cbc660c2b3]::rust_begin_unwind
[INFO] [stdout]   10:     0x59430e38e30c - core[df12db4294e9bfd3]::panicking::panic_fmt
[INFO] [stdout]   11:     0x59430e2ebff8 - inquire[9ef75d835153d823]::prompts::confirm::test::custom_formatter_for_default_values_is_used
[INFO] [stdout]   12:     0x59430e2c2435 - <inquire[9ef75d835153d823]::prompts::confirm::test::custom_formatter_for_default_values_is_used::case_1::{closure#0} as core[df12db4294e9bfd3]::ops::function::FnOnce<()>>::call_once
[INFO] [stdout]   13:     0x59430e2f746b - test[9d35eded1c95d3be]::__rust_begin_short_backtrace::<core[df12db4294e9bfd3]::result::Result<(), alloc[2182bb758b4b3781]::string::String>, fn() -> core[df12db4294e9bfd3]::result::Result<(), alloc[2182bb758b4b3781]::string::String>>
[INFO] [stdout]   14:     0x59430e304ad5 - test[9d35eded1c95d3be]::run_test::{closure#0}
[INFO] [stdout]   15:     0x59430e2fe394 - std[70759c8f55707aa4]::sys::backtrace::__rust_begin_short_backtrace::<test[9d35eded1c95d3be]::run_test::{closure#1}, ()>
[INFO] [stdout]   16:     0x59430e307c32 - <std[70759c8f55707aa4]::thread::lifecycle::spawn_unchecked<test[9d35eded1c95d3be]::run_test::{closure#1}, ()>::{closure#1} as core[df12db4294e9bfd3]::ops::function::FnOnce<()>>::call_once::{shim:vtable#0}
[INFO] [stdout]   17:     0x59430e377869 - <std[70759c8f55707aa4]::sys::thread::unix::Thread>::new::thread_start
[INFO] [stdout]   18:     0x7efb45f7fdfa - <unknown>
[INFO] [stdout]   19:     0x7efb460133d4 - clone
[INFO] [stdout]   20:                0x0 - <unknown>
[INFO] [stdout] 
[INFO] [stdout] ---- prompts::confirm::test::custom_formatter_for_default_values_is_used::case_2 stdout ----
[INFO] [stdout] 
[INFO] [stdout] thread 'prompts::confirm::test::custom_formatter_for_default_values_is_used::case_2' (1362) panicked at src/prompts/confirm/test.rs:140:13:
[INFO] [stdout] Frame 0 did not contain a default value token
[INFO] [stdout] stack backtrace:
[INFO] [stdout]    0:     0x59430e377fc1 - <<std[70759c8f55707aa4]::sys::backtrace::BacktraceLock>::print::DisplayBacktrace as core[df12db4294e9bfd3]::fmt::Display>::fmt
[INFO] [stdout]    1:     0x59430e38dbda - core[df12db4294e9bfd3]::fmt::write
[INFO] [stdout]    2:     0x59430e37cebc - <alloc[2182bb758b4b3781]::vec::Vec<u8> as core[df12db4294e9bfd3]::io::write::Write>::write_fmt
[INFO] [stdout]    3:     0x59430e354206 - std[70759c8f55707aa4]::panicking::default_hook::{closure#0}
[INFO] [stdout]    4:     0x59430e370479 - std[70759c8f55707aa4]::panicking::default_hook
[INFO] [stdout]    5:     0x59430e304180 - test[9d35eded1c95d3be]::test_main_inner::<test[9d35eded1c95d3be]::test_main_static::{closure#0}>::{closure#0}
[INFO] [stdout]    6:     0x59430e370632 - std[70759c8f55707aa4]::panicking::panic_with_hook
[INFO] [stdout]    7:     0x59430e3542b2 - std[70759c8f55707aa4]::panicking::panic_handler::{closure#0}
[INFO] [stdout]    8:     0x59430e34d009 - std[70759c8f55707aa4]::sys::backtrace::__rust_end_short_backtrace::<std[70759c8f55707aa4]::panicking::panic_handler::{closure#0}, !>
[INFO] [stdout]    9:     0x59430e354ead - __rustc[8fa7c3cbc660c2b3]::rust_begin_unwind
[INFO] [stdout]   10:     0x59430e38e30c - core[df12db4294e9bfd3]::panicking::panic_fmt
[INFO] [stdout]   11:     0x59430e2ebff8 - inquire[9ef75d835153d823]::prompts::confirm::test::custom_formatter_for_default_values_is_used
[INFO] [stdout]   12:     0x59430e2c2502 - <inquire[9ef75d835153d823]::prompts::confirm::test::custom_formatter_for_default_values_is_used::case_2::{closure#0} as core[df12db4294e9bfd3]::ops::function::FnOnce<()>>::call_once
[INFO] [stdout]   13:     0x59430e2f746b - test[9d35eded1c95d3be]::__rust_begin_short_backtrace::<core[df12db4294e9bfd3]::result::Result<(), alloc[2182bb758b4b3781]::string::String>, fn() -> core[df12db4294e9bfd3]::result::Result<(), alloc[2182bb758b4b3781]::string::String>>
[INFO] [stdout]   14:     0x59430e304ad5 - test[9d35eded1c95d3be]::run_test::{closure#0}
[INFO] [stdout]   15:     0x59430e2fe394 - std[70759c8f55707aa4]::sys::backtrace::__rust_begin_short_backtrace::<test[9d35eded1c95d3be]::run_test::{closure#1}, ()>
[INFO] [stdout]   16:     0x59430e307c32 - <std[70759c8f55707aa4]::thread::lifecycle::spawn_unchecked<test[9d35eded1c95d3be]::run_test::{closure#1}, ()>::{closure#1} as core[df12db4294e9bfd3]::ops::function::FnOnce<()>>::call_once::{shim:vtable#0}
[INFO] [stdout]   17:     0x59430e377869 - <std[70759c8f55707aa4]::sys::thread::unix::Thread>::new::thread_start
[INFO] [stdout]   18:     0x7efb45f7fdfa - <unknown>
[INFO] [stdout]   19:     0x7efb460133d4 - clone
[INFO] [stdout]   20:                0x0 - <unknown>
[INFO] [stdout] 
[INFO] [stdout] ---- prompts::multiselect::test::chars_do_not_affect_prompt_without_filtering stdout ----
[INFO] [stdout] 
[INFO] [stdout] thread 'prompts::multiselect::test::chars_do_not_affect_prompt_without_filtering' (1378) panicked at src/prompts/test.rs:15:21:
[INFO] [stdout] EOF
[INFO] [stdout] stack backtrace:
[INFO] [stdout]    0:     0x59430e377fc1 - <<std[70759c8f55707aa4]::sys::backtrace::BacktraceLock>::print::DisplayBacktrace as core[df12db4294e9bfd3]::fmt::Display>::fmt
[INFO] [stdout]    1:     0x59430e38dbda - core[df12db4294e9bfd3]::fmt::write
[INFO] [stdout]    2:     0x59430e37cebc - <alloc[2182bb758b4b3781]::vec::Vec<u8> as core[df12db4294e9bfd3]::io::write::Write>::write_fmt
[INFO] [stdout]    3:     0x59430e354206 - std[70759c8f55707aa4]::panicking::default_hook::{closure#0}
[INFO] [stdout]    4:     0x59430e370479 - std[70759c8f55707aa4]::panicking::default_hook
[INFO] [stdout]    5:     0x59430e304180 - test[9d35eded1c95d3be]::test_main_inner::<test[9d35eded1c95d3be]::test_main_static::{closure#0}>::{closure#0}
[INFO] [stdout]    6:     0x59430e370632 - std[70759c8f55707aa4]::panicking::panic_with_hook
[INFO] [stdout]    7:     0x59430e35386c - std[70759c8f55707aa4]::panicking::begin_panic::<&str>::{closure#0}
[INFO] [stdout]    8:     0x59430e34cfe9 - std[70759c8f55707aa4]::sys::backtrace::__rust_end_short_backtrace::<std[70759c8f55707aa4]::panicking::begin_panic<&str>::{closure#0}, !>
[INFO] [stdout]    9:     0x59430e349e7b - std[70759c8f55707aa4]::panicking::begin_panic::<&str>
[INFO] [stdout]   10:     0x59430e2d3d19 - <inquire[9ef75d835153d823]::prompts::multiselect::prompt::MultiSelectPrompt<&str> as inquire[9ef75d835153d823]::prompts::prompt::Prompt<inquire[9ef75d835153d823]::ui::backend::Backend<alloc[2182bb758b4b3781]::vec::into_iter::IntoIter<inquire[9ef75d835153d823]::ui::api::key::Key>, inquire[9ef75d835153d823]::terminal::crossterm::CrosstermTerminal>>>::prompt
[INFO] [stdout]   11:     0x59430e2f2511 - inquire[9ef75d835153d823]::prompts::multiselect::test::chars_do_not_affect_prompt_without_filtering
[INFO] [stdout]   12:     0x59430e2c14e9 - <inquire[9ef75d835153d823]::prompts::multiselect::test::chars_do_not_affect_prompt_without_filtering::{closure#0} as core[df12db4294e9bfd3]::ops::function::FnOnce<()>>::call_once
[INFO] [stdout]   13:     0x59430e2f746b - test[9d35eded1c95d3be]::__rust_begin_short_backtrace::<core[df12db4294e9bfd3]::result::Result<(), alloc[2182bb758b4b3781]::string::String>, fn() -> core[df12db4294e9bfd3]::result::Result<(), alloc[2182bb758b4b3781]::string::String>>
[INFO] [stdout]   14:     0x59430e304ad5 - test[9d35eded1c95d3be]::run_test::{closure#0}
[INFO] [stdout]   15:     0x59430e2fe394 - std[70759c8f55707aa4]::sys::backtrace::__rust_begin_short_backtrace::<test[9d35eded1c95d3be]::run_test::{closure#1}, ()>
[INFO] [stdout]   16:     0x59430e307c32 - <std[70759c8f55707aa4]::thread::lifecycle::spawn_unchecked<test[9d35eded1c95d3be]::run_test::{closure#1}, ()>::{closure#1} as core[df12db4294e9bfd3]::ops::function::FnOnce<()>>::call_once::{shim:vtable#0}
[INFO] [stdout]   17:     0x59430e377869 - <std[70759c8f55707aa4]::sys::thread::unix::Thread>::new::thread_start
[INFO] [stdout]   18:     0x7efb45f7fdfa - <unknown>
[INFO] [stdout]   19:     0x7efb460133d4 - clone
[INFO] [stdout]   20:                0x0 - <unknown>
[INFO] [stdout] 
[INFO] [stdout] ---- prompts::multiselect::test::keep_filter_false_should_reset_option_list stdout ----
[INFO] [stdout] 
[INFO] [stdout] thread 'prompts::multiselect::test::keep_filter_false_should_reset_option_list' (1384) panicked at src/prompts/test.rs:15:21:
[INFO] [stdout] EOF
[INFO] [stdout] stack backtrace:
[INFO] [stdout]    0:     0x59430e377fc1 - <<std[70759c8f55707aa4]::sys::backtrace::BacktraceLock>::print::DisplayBacktrace as core[df12db4294e9bfd3]::fmt::Display>::fmt
[INFO] [stdout]    1:     0x59430e38dbda - core[df12db4294e9bfd3]::fmt::write
[INFO] [stdout]    2:     0x59430e37cebc - <alloc[2182bb758b4b3781]::vec::Vec<u8> as core[df12db4294e9bfd3]::io::write::Write>::write_fmt
[INFO] [stdout]    3:     0x59430e354206 - std[70759c8f55707aa4]::panicking::default_hook::{closure#0}
[INFO] [stdout]    4:     0x59430e370479 - std[70759c8f55707aa4]::panicking::default_hook
[INFO] [stdout]    5:     0x59430e304180 - test[9d35eded1c95d3be]::test_main_inner::<test[9d35eded1c95d3be]::test_main_static::{closure#0}>::{closure#0}
[INFO] [stdout]    6:     0x59430e370632 - std[70759c8f55707aa4]::panicking::panic_with_hook
[INFO] [stdout]    7:     0x59430e35386c - std[70759c8f55707aa4]::panicking::begin_panic::<&str>::{closure#0}
[INFO] [stdout]    8:     0x59430e34cfe9 - std[70759c8f55707aa4]::sys::backtrace::__rust_end_short_backtrace::<std[70759c8f55707aa4]::panicking::begin_panic<&str>::{closure#0}, !>
[INFO] [stdout]    9:     0x59430e349e7b - std[70759c8f55707aa4]::panicking::begin_panic::<&str>
[INFO] [stdout]   10:     0x59430e2d4fb9 - <inquire[9ef75d835153d823]::prompts::multiselect::prompt::MultiSelectPrompt<i32> as inquire[9ef75d835153d823]::prompts::prompt::Prompt<inquire[9ef75d835153d823]::ui::backend::Backend<alloc[2182bb758b4b3781]::vec::into_iter::IntoIter<inquire[9ef75d835153d823]::ui::api::key::Key>, inquire[9ef75d835153d823]::terminal::crossterm::CrosstermTerminal>>>::prompt
[INFO] [stdout]   11:     0x59430e2f18fa - inquire[9ef75d835153d823]::prompts::multiselect::test::keep_filter_false_should_reset_option_list
[INFO] [stdout]   12:     0x59430e2c14a9 - <inquire[9ef75d835153d823]::prompts::multiselect::test::keep_filter_false_should_reset_option_list::{closure#0} as core[df12db4294e9bfd3]::ops::function::FnOnce<()>>::call_once
[INFO] [stdout]   13:     0x59430e2f746b - test[9d35eded1c95d3be]::__rust_begin_short_backtrace::<core[df12db4294e9bfd3]::result::Result<(), alloc[2182bb758b4b3781]::string::String>, fn() -> core[df12db4294e9bfd3]::result::Result<(), alloc[2182bb758b4b3781]::string::String>>
[INFO] [stdout]   14:     0x59430e304ad5 - test[9d35eded1c95d3be]::run_test::{closure#0}
[INFO] [stdout]   15:     0x59430e2fe394 - std[70759c8f55707aa4]::sys::backtrace::__rust_begin_short_backtrace::<test[9d35eded1c95d3be]::run_test::{closure#1}, ()>
[INFO] [stdout]   16:     0x59430e307c32 - <std[70759c8f55707aa4]::thread::lifecycle::spawn_unchecked<test[9d35eded1c95d3be]::run_test::{closure#1}, ()>::{closure#1} as core[df12db4294e9bfd3]::ops::function::FnOnce<()>>::call_once::{shim:vtable#0}
[INFO] [stdout]   17:     0x59430e377869 - <std[70759c8f55707aa4]::sys::thread::unix::Thread>::new::thread_start
[INFO] [stdout]   18:     0x7efb45f7fdfa - <unknown>
[INFO] [stdout]   19:     0x7efb460133d4 - clone
[INFO] [stdout]   20:                0x0 - <unknown>
[INFO] [stdout] 
[INFO] [stdout] ---- prompts::multiselect::test::keep_filter_should_be_true_by_default stdout ----
[INFO] [stdout] 
[INFO] [stdout] thread 'prompts::multiselect::test::keep_filter_should_be_true_by_default' (1385) panicked at src/prompts/test.rs:15:21:
[INFO] [stdout] EOF
[INFO] [stdout] stack backtrace:
[INFO] [stdout]    0:     0x59430e377fc1 - <<std[70759c8f55707aa4]::sys::backtrace::BacktraceLock>::print::DisplayBacktrace as core[df12db4294e9bfd3]::fmt::Display>::fmt
[INFO] [stdout]    1:     0x59430e38dbda - core[df12db4294e9bfd3]::fmt::write
[INFO] [stdout]    2:     0x59430e37cebc - <alloc[2182bb758b4b3781]::vec::Vec<u8> as core[df12db4294e9bfd3]::io::write::Write>::write_fmt
[INFO] [stdout]    3:     0x59430e354206 - std[70759c8f55707aa4]::panicking::default_hook::{closure#0}
[INFO] [stdout]    4:     0x59430e370479 - std[70759c8f55707aa4]::panicking::default_hook
[INFO] [stdout]    5:     0x59430e304180 - test[9d35eded1c95d3be]::test_main_inner::<test[9d35eded1c95d3be]::test_main_static::{closure#0}>::{closure#0}
[INFO] [stdout]    6:     0x59430e370632 - std[70759c8f55707aa4]::panicking::panic_with_hook
[INFO] [stdout]    7:     0x59430e35386c - std[70759c8f55707aa4]::panicking::begin_panic::<&str>::{closure#0}
[INFO] [stdout]    8:     0x59430e34cfe9 - std[70759c8f55707aa4]::sys::backtrace::__rust_end_short_backtrace::<std[70759c8f55707aa4]::panicking::begin_panic<&str>::{closure#0}, !>
[INFO] [stdout]    9:     0x59430e349e7b - std[70759c8f55707aa4]::panicking::begin_panic::<&str>
[INFO] [stdout]   10:     0x59430e2d4fb9 - <inquire[9ef75d835153d823]::prompts::multiselect::prompt::MultiSelectPrompt<i32> as inquire[9ef75d835153d823]::prompts::prompt::Prompt<inquire[9ef75d835153d823]::ui::backend::Backend<alloc[2182bb758b4b3781]::vec::into_iter::IntoIter<inquire[9ef75d835153d823]::ui::api::key::Key>, inquire[9ef75d835153d823]::terminal::crossterm::CrosstermTerminal>>>::prompt
[INFO] [stdout]   11:     0x59430e2f0f3b - inquire[9ef75d835153d823]::prompts::multiselect::test::keep_filter_should_be_true_by_default
[INFO] [stdout]   12:     0x59430e2c1469 - <inquire[9ef75d835153d823]::prompts::multiselect::test::keep_filter_should_be_true_by_default::{closure#0} as core[df12db4294e9bfd3]::ops::function::FnOnce<()>>::call_once
[INFO] [stdout]   13:     0x59430e2f746b - test[9d35eded1c95d3be]::__rust_begin_short_backtrace::<core[df12db4294e9bfd3]::result::Result<(), alloc[2182bb758b4b3781]::string::String>, fn() -> core[df12db4294e9bfd3]::result::Result<(), alloc[2182bb758b4b3781]::string::String>>
[INFO] [stdout]   14:     0x59430e304ad5 - test[9d35eded1c95d3be]::run_test::{closure#0}
[INFO] [stdout]   15:     0x59430e2fe394 - std[70759c8f55707aa4]::sys::backtrace::__rust_begin_short_backtrace::<test[9d35eded1c95d3be]::run_test::{closure#1}, ()>
[INFO] [stdout]   16:     0x59430e307c32 - <std[70759c8f55707aa4]::thread::lifecycle::spawn_unchecked<test[9d35eded1c95d3be]::run_test::{closure#1}, ()>::{closure#1} as core[df12db4294e9bfd3]::ops::function::FnOnce<()>>::call_once::{shim:vtable#0}
[INFO] [stdout]   17:     0x59430e377869 - <std[70759c8f55707aa4]::sys::thread::unix::Thread>::new::thread_start
[INFO] [stdout]   18:     0x7efb45f7fdfa - <unknown>
[INFO] [stdout]   19:     0x7efb460133d4 - clone
[INFO] [stdout]   20:                0x0 - <unknown>
[INFO] [stdout] 
[INFO] [stdout] ---- prompts::multiselect::test::down_arrow_on_empty_list_does_not_panic stdout ----
[INFO] [stdout] 
[INFO] [stdout] thread 'prompts::multiselect::test::down_arrow_on_empty_list_does_not_panic' (1380) panicked at src/prompts/test.rs:15:21:
[INFO] [stdout] EOF
[INFO] [stdout] stack backtrace:
[INFO] [stdout]    0:     0x59430e377fc1 - <<std[70759c8f55707aa4]::sys::backtrace::BacktraceLock>::print::DisplayBacktrace as core[df12db4294e9bfd3]::fmt::Display>::fmt
[INFO] [stdout]    1:     0x59430e38dbda - core[df12db4294e9bfd3]::fmt::write
[INFO] [stdout]    2:     0x59430e37cebc - <alloc[2182bb758b4b3781]::vec::Vec<u8> as core[df12db4294e9bfd3]::io::write::Write>::write_fmt
[INFO] [stdout]    3:     0x59430e354206 - std[70759c8f55707aa4]::panicking::default_hook::{closure#0}
[INFO] [stdout]    4:     0x59430e370479 - std[70759c8f55707aa4]::panicking::default_hook
[INFO] [stdout]    5:     0x59430e304180 - test[9d35eded1c95d3be]::test_main_inner::<test[9d35eded1c95d3be]::test_main_static::{closure#0}>::{closure#0}
[INFO] [stdout]    6:     0x59430e370632 - std[70759c8f55707aa4]::panicking::panic_with_hook
[INFO] [stdout]    7:     0x59430e35386c - std[70759c8f55707aa4]::panicking::begin_panic::<&str>::{closure#0}
[INFO] [stdout]    8:     0x59430e34cfe9 - std[70759c8f55707aa4]::sys::backtrace::__rust_end_short_backtrace::<std[70759c8f55707aa4]::panicking::begin_panic<&str>::{closure#0}, !>
[INFO] [stdout]    9:     0x59430e349e7b - std[70759c8f55707aa4]::panicking::begin_panic::<&str>
[INFO] [stdout]   10:     0x59430e2d4fb9 - <inquire[9ef75d835153d823]::prompts::multiselect::prompt::MultiSelectPrompt<i32> as inquire[9ef75d835153d823]::prompts::prompt::Prompt<inquire[9ef75d835153d823]::ui::backend::Backend<alloc[2182bb758b4b3781]::vec::into_iter::IntoIter<inquire[9ef75d835153d823]::ui::api::key::Key>, inquire[9ef75d835153d823]::terminal::crossterm::CrosstermTerminal>>>::prompt
[INFO] [stdout]   11:     0x59430e2f1471 - inquire[9ef75d835153d823]::prompts::multiselect::test::down_arrow_on_empty_list_does_not_panic
[INFO] [stdout]   12:     0x59430e2c1489 - <inquire[9ef75d835153d823]::prompts::multiselect::test::down_arrow_on_empty_list_does_not_panic::{closure#0} as core[df12db4294e9bfd3]::ops::function::FnOnce<()>>::call_once
[INFO] [stdout]   13:     0x59430e2f746b - test[9d35eded1c95d3be]::__rust_begin_short_backtrace::<core[df12db4294e9bfd3]::result::Result<(), alloc[2182bb758b4b3781]::string::String>, fn() -> core[df12db4294e9bfd3]::result::Result<(), alloc[2182bb758b4b3781]::string::String>>
[INFO] [stdout]   14:     0x59430e304ad5 - test[9d35eded1c95d3be]::run_test::{closure#0}
[INFO] [stdout]   15:     0x59430e2fe394 - std[70759c8f55707aa4]::sys::backtrace::__rust_begin_short_backtrace::<test[9d35eded1c95d3be]::run_test::{closure#1}, ()>
[INFO] [stdout]   16:     0x59430e307c32 - <std[70759c8f55707aa4]::thread::lifecycle::spawn_unchecked<test[9d35eded1c95d3be]::run_test::{closure#1}, ()>::{closure#1} as core[df12db4294e9bfd3]::ops::function::FnOnce<()>>::call_once::{shim:vtable#0}
[INFO] [stdout]   17:     0x59430e377869 - <std[70759c8f55707aa4]::sys::thread::unix::Thread>::new::thread_start
[INFO] [stdout]   18:     0x7efb45f7fdfa - <unknown>
[INFO] [stdout]   19:     0x7efb460133d4 - clone
[INFO] [stdout]   20:                0x0 - <unknown>
[INFO] [stdout] 
[INFO] [stdout] ---- prompts::multiselect::test::keep_filter_false_behavior stdout ----
[INFO] [stdout] 
[INFO] [stdout] thread 'prompts::multiselect::test::keep_filter_false_behavior' (1383) panicked at src/prompts/test.rs:15:21:
[INFO] [stdout] EOF
[INFO] [stdout] stack backtrace:
[INFO] [stdout]    0:     0x59430e377fc1 - <<std[70759c8f55707aa4]::sys::backtrace::BacktraceLock>::print::DisplayBacktrace as core[df12db4294e9bfd3]::fmt::Display>::fmt
[INFO] [stdout]    1:     0x59430e38dbda - core[df12db4294e9bfd3]::fmt::write
[INFO] [stdout]    2:     0x59430e37cebc - <alloc[2182bb758b4b3781]::vec::Vec<u8> as core[df12db4294e9bfd3]::io::write::Write>::write_fmt
[INFO] [stdout]    3:     0x59430e354206 - std[70759c8f55707aa4]::panicking::default_hook::{closure#0}
[INFO] [stdout]    4:     0x59430e370479 - std[70759c8f55707aa4]::panicking::default_hook
[INFO] [stdout]    5:     0x59430e304180 - test[9d35eded1c95d3be]::test_main_inner::<test[9d35eded1c95d3be]::test_main_static::{closure#0}>::{closure#0}
[INFO] [stdout]    6:     0x59430e370632 - std[70759c8f55707aa4]::panicking::panic_with_hook
[INFO] [stdout]    7:     0x59430e35386c - std[70759c8f55707aa4]::panicking::begin_panic::<&str>::{closure#0}
[INFO] [stdout]    8:     0x59430e34cfe9 - std[70759c8f55707aa4]::sys::backtrace::__rust_end_short_backtrace::<std[70759c8f55707aa4]::panicking::begin_panic<&str>::{closure#0}, !>
[INFO] [stdout]    9:     0x59430e349e7b - std[70759c8f55707aa4]::panicking::begin_panic::<&str>
[INFO] [stdout]   10:     0x59430e2d4fb9 - <inquire[9ef75d835153d823]::prompts::multiselect::prompt::MultiSelectPrompt<i32> as inquire[9ef75d835153d823]::prompts::prompt::Prompt<inquire[9ef75d835153d823]::ui::backend::Backend<alloc[2182bb758b4b3781]::vec::into_iter::IntoIter<inquire[9ef75d835153d823]::ui::api::key::Key>, inquire[9ef75d835153d823]::terminal::crossterm::CrosstermTerminal>>>::prompt
[INFO] [stdout]   11:     0x59430e2efcb5 - inquire[9ef75d835153d823]::prompts::multiselect::test::keep_filter_false_behavior
[INFO] [stdout]   12:     0x59430e2c1409 - <inquire[9ef75d835153d823]::prompts::multiselect::test::keep_filter_false_behavior::{closure#0} as core[df12db4294e9bfd3]::ops::function::FnOnce<()>>::call_once
[INFO] [stdout]   13:     0x59430e2f746b - test[9d35eded1c95d3be]::__rust_begin_short_backtrace::<core[df12db4294e9bfd3]::result::Result<(), alloc[2182bb758b4b3781]::string::String>, fn() -> core[df12db4294e9bfd3]::result::Result<(), alloc[2182bb758b4b3781]::string::String>>
[INFO] [stdout]   14:     0x59430e304ad5 - test[9d35eded1c95d3be]::run_test::{closure#0}
[INFO] [stdout]   15:     0x59430e2fe394 - std[70759c8f55707aa4]::sys::backtrace::__rust_begin_short_backtrace::<test[9d35eded1c95d3be]::run_test::{closure#1}, ()>
[INFO] [stdout]   16:     0x59430e307c32 - <std[70759c8f55707aa4]::thread::lifecycle::spawn_unchecked<test[9d35eded1c95d3be]::run_test::{closure#1}, ()>::{closure#1} as core[df12db4294e9bfd3]::ops::function::FnOnce<()>>::call_once::{shim:vtable#0}
[INFO] [stdout]   17:     0x59430e377869 - <std[70759c8f55707aa4]::sys::thread::unix::Thread>::new::thread_start
[INFO] [stdout]   18:     0x7efb45f7fdfa - <unknown>
[INFO] [stdout]   19:     0x7efb460133d4 - clone
[INFO] [stdout]   20:                0x0 - <unknown>
[INFO] [stdout] 
[INFO] [stdout] ---- prompts::multiselect::test::closure_formatter stdout ----
[INFO] [stdout] 
[INFO] [stdout] thread 'prompts::multiselect::test::closure_formatter' (1379) panicked at src/prompts/test.rs:15:21:
[INFO] [stdout] EOF
[INFO] [stdout] stack backtrace:
[INFO] [stdout]    0:     0x59430e377fc1 - <<std[70759c8f55707aa4]::sys::backtrace::BacktraceLock>::print::DisplayBacktrace as core[df12db4294e9bfd3]::fmt::Display>::fmt
[INFO] [stdout]    1:     0x59430e38dbda - core[df12db4294e9bfd3]::fmt::write
[INFO] [stdout]    2:     0x59430e37cebc - <alloc[2182bb758b4b3781]::vec::Vec<u8> as core[df12db4294e9bfd3]::io::write::Write>::write_fmt
[INFO] [stdout]    3:     0x59430e354206 - std[70759c8f55707aa4]::panicking::default_hook::{closure#0}
[INFO] [stdout]    4:     0x59430e370479 - std[70759c8f55707aa4]::panicking::default_hook
[INFO] [stdout]    5:     0x59430e304180 - test[9d35eded1c95d3be]::test_main_inner::<test[9d35eded1c95d3be]::test_main_static::{closure#0}>::{closure#0}
[INFO] [stdout]    6:     0x59430e370632 - std[70759c8f55707aa4]::panicking::panic_with_hook
[INFO] [stdout]    7:     0x59430e35386c - std[70759c8f55707aa4]::panicking::begin_panic::<&str>::{closure#0}
[INFO] [stdout]    8:     0x59430e34cfe9 - std[70759c8f55707aa4]::sys::backtrace::__rust_end_short_backtrace::<std[70759c8f55707aa4]::panicking::begin_panic<&str>::{closure#0}, !>
[INFO] [stdout]    9:     0x59430e349e7b - std[70759c8f55707aa4]::panicking::begin_panic::<&str>
[INFO] [stdout]   10:     0x59430e2d4fb9 - <inquire[9ef75d835153d823]::prompts::multiselect::prompt::MultiSelectPrompt<i32> as inquire[9ef75d835153d823]::prompts::prompt::Prompt<inquire[9ef75d835153d823]::ui::backend::Backend<alloc[2182bb758b4b3781]::vec::into_iter::IntoIter<inquire[9ef75d835153d823]::ui::api::key::Key>, inquire[9ef75d835153d823]::terminal::crossterm::CrosstermTerminal>>>::prompt
[INFO] [stdout]   11:     0x59430e2ef286 - inquire[9ef75d835153d823]::prompts::multiselect::test::closure_formatter
[INFO] [stdout]   12:     0x59430e2c13c9 - <inquire[9ef75d835153d823]::prompts::multiselect::test::closure_formatter::{closure#0} as core[df12db4294e9bfd3]::ops::function::FnOnce<()>>::call_once
[INFO] [stdout]   13:     0x59430e2f746b - test[9d35eded1c95d3be]::__rust_begin_short_backtrace::<core[df12db4294e9bfd3]::result::Result<(), alloc[2182bb758b4b3781]::string::String>, fn() -> core[df12db4294e9bfd3]::result::Result<(), alloc[2182bb758b4b3781]::string::String>>
[INFO] [stdout]   14:     0x59430e304ad5 - test[9d35eded1c95d3be]::run_test::{closure#0}
[INFO] [stdout]   15:     0x59430e2fe394 - std[70759c8f55707aa4]::sys::backtrace::__rust_begin_short_backtrace::<test[9d35eded1c95d3be]::run_test::{closure#1}, ()>
[INFO] [stdout]   16:     0x59430e307c32 - <std[70759c8f55707aa4]::thread::lifecycle::spawn_unchecked<test[9d35eded1c95d3be]::run_test::{closure#1}, ()>::{closure#1} as core[df12db4294e9bfd3]::ops::function::FnOnce<()>>::call_once::{shim:vtable#0}
[INFO] [stdout]   17:     0x59430e377869 - <std[70759c8f55707aa4]::sys::thread::unix::Thread>::new::thread_start
[INFO] [stdout]   18:     0x7efb45f7fdfa - <unknown>
[INFO] [stdout]   19:     0x7efb460133d4 - clone
[INFO] [stdout]   20:                0x0 - <unknown>
[INFO] [stdout] 
[INFO] [stdout] ---- prompts::multiselect::test::starting_cursor_is_respected stdout ----
[INFO] [stdout] 
[INFO] [stdout] thread 'prompts::multiselect::test::starting_cursor_is_respected' (1445) panicked at src/prompts/test.rs:15:21:
[INFO] [stdout] EOF
[INFO] [stdout] stack backtrace:
[INFO] [stdout]    0:     0x59430e377fc1 - <<std[70759c8f55707aa4]::sys::backtrace::BacktraceLock>::print::DisplayBacktrace as core[df12db4294e9bfd3]::fmt::Display>::fmt
[INFO] [stdout]    1:     0x59430e38dbda - core[df12db4294e9bfd3]::fmt::write
[INFO] [stdout]    2:     0x59430e37cebc - <alloc[2182bb758b4b3781]::vec::Vec<u8> as core[df12db4294e9bfd3]::io::write::Write>::write_fmt
[INFO] [stdout]    3:     0x59430e354206 - std[70759c8f55707aa4]::panicking::default_hook::{closure#0}
[INFO] [stdout]    4:     0x59430e370479 - std[70759c8f55707aa4]::panicking::default_hook
[INFO] [stdout]    5:     0x59430e304180 - test[9d35eded1c95d3be]::test_main_inner::<test[9d35eded1c95d3be]::test_main_static::{closure#0}>::{closure#0}
[INFO] [stdout]    6:     0x59430e370632 - std[70759c8f55707aa4]::panicking::panic_with_hook
[INFO] [stdout]    7:     0x59430e35386c - std[70759c8f55707aa4]::panicking::begin_panic::<&str>::{closure#0}
[INFO] [stdout]    8:     0x59430e34cfe9 - std[70759c8f55707aa4]::sys::backtrace::__rust_end_short_backtrace::<std[70759c8f55707aa4]::panicking::begin_panic<&str>::{closure#0}, !>
[INFO] [stdout]    9:     0x59430e349e7b - std[70759c8f55707aa4]::panicking::begin_panic::<&str>
[INFO] [stdout]   10:     0x59430e2d4fb9 - <inquire[9ef75d835153d823]::prompts::multiselect::prompt::MultiSelectPrompt<i32> as inquire[9ef75d835153d823]::prompts::prompt::Prompt<inquire[9ef75d835153d823]::ui::backend::Backend<alloc[2182bb758b4b3781]::vec::into_iter::IntoIter<inquire[9ef75d835153d823]::ui::api::key::Key>, inquire[9ef75d835153d823]::terminal::crossterm::CrosstermTerminal>>>::prompt
[INFO] [stdout]   11:     0x59430e2f01b5 - inquire[9ef75d835153d823]::prompts::multiselect::test::starting_cursor_is_respected
[INFO] [stdout]   12:     0x59430e2c1429 - <inquire[9ef75d835153d823]::prompts::multiselect::test::starting_cursor_is_respected::{closure#0} as core[df12db4294e9bfd3]::ops::function::FnOnce<()>>::call_once
[INFO] [stdout]   13:     0x59430e2f746b - test[9d35eded1c95d3be]::__rust_begin_short_backtrace::<core[df12db4294e9bfd3]::result::Result<(), alloc[2182bb758b4b3781]::string::String>, fn() -> core[df12db4294e9bfd3]::result::Result<(), alloc[2182bb758b4b3781]::string::String>>
[INFO] [stdout]   14:     0x59430e304ad5 - test[9d35eded1c95d3be]::run_test::{closure#0}
[INFO] [stdout]   15:     0x59430e2fe394 - std[70759c8f55707aa4]::sys::backtrace::__rust_begin_short_backtrace::<test[9d35eded1c95d3be]::run_test::{closure#1}, ()>
[INFO] [stdout]   16:     0x59430e307c32 - <std[70759c8f55707aa4]::thread::lifecycle::spawn_unchecked<test[9d35eded1c95d3be]::run_test::{closure#1}, ()>::{closure#1} as core[df12db4294e9bfd3]::ops::function::FnOnce<()>>::call_once::{shim:vtable#0}
[INFO] [stdout]   17:     0x59430e377869 - <std[70759c8f55707aa4]::sys::thread::unix::Thread>::new::thread_start
[INFO] [stdout]   18:     0x7efb45f7fdfa - <unknown>
[INFO] [stdout]   19:     0x7efb460133d4 - clone
[INFO] [stdout]   20:                0x0 - <unknown>
[INFO] [stdout] 
[INFO] [stdout] ---- prompts::multiselect::test::selecting_all_by_default_behavior stdout ----
[INFO] [stdout] 
[INFO] [stdout] thread 'prompts::multiselect::test::selecting_all_by_default_behavior' (1443) panicked at src/prompts/test.rs:15:21:
[INFO] [stdout] EOF
[INFO] [stdout] stack backtrace:
[INFO] [stdout]    0:     0x59430e377fc1 - <<std[70759c8f55707aa4]::sys::backtrace::BacktraceLock>::print::DisplayBacktrace as core[df12db4294e9bfd3]::fmt::Display>::fmt
[INFO] [stdout]    1:     0x59430e38dbda - core[df12db4294e9bfd3]::fmt::write
[INFO] [stdout]    2:     0x59430e37cebc - <alloc[2182bb758b4b3781]::vec::Vec<u8> as core[df12db4294e9bfd3]::io::write::Write>::write_fmt
[INFO] [stdout]    3:     0x59430e354206 - std[70759c8f55707aa4]::panicking::default_hook::{closure#0}
[INFO] [stdout]    4:     0x59430e370479 - std[70759c8f55707aa4]::panicking::default_hook
[INFO] [stdout]    5:     0x59430e304180 - test[9d35eded1c95d3be]::test_main_inner::<test[9d35eded1c95d3be]::test_main_static::{closure#0}>::{closure#0}
[INFO] [stdout]    6:     0x59430e370632 - std[70759c8f55707aa4]::panicking::panic_with_hook
[INFO] [stdout]    7:     0x59430e35386c - std[70759c8f55707aa4]::panicking::begin_panic::<&str>::{closure#0}
[INFO] [stdout]    8:     0x59430e34cfe9 - std[70759c8f55707aa4]::sys::backtrace::__rust_end_short_backtrace::<std[70759c8f55707aa4]::panicking::begin_panic<&str>::{closure#0}, !>
[INFO] [stdout]    9:     0x59430e349e7b - std[70759c8f55707aa4]::panicking::begin_panic::<&str>
[INFO] [stdout]   10:     0x59430e2d4fb9 - <inquire[9ef75d835153d823]::prompts::multiselect::prompt::MultiSelectPrompt<i32> as inquire[9ef75d835153d823]::prompts::prompt::Prompt<inquire[9ef75d835153d823]::ui::backend::Backend<alloc[2182bb758b4b3781]::vec::into_iter::IntoIter<inquire[9ef75d835153d823]::ui::api::key::Key>, inquire[9ef75d835153d823]::terminal::crossterm::CrosstermTerminal>>>::prompt
[INFO] [stdout]   11:     0x59430e2f06cf - inquire[9ef75d835153d823]::prompts::multiselect::test::selecting_all_by_default_behavior
[INFO] [stdout]   12:     0x59430e2c1449 - <inquire[9ef75d835153d823]::prompts::multiselect::test::selecting_all_by_default_behavior::{closure#0} as core[df12db4294e9bfd3]::ops::function::FnOnce<()>>::call_once
[INFO] [stdout]   13:     0x59430e2f746b - test[9d35eded1c95d3be]::__rust_begin_short_backtrace::<core[df12db4294e9bfd3]::result::Result<(), alloc[2182bb758b4b3781]::string::String>, fn() -> core[df12db4294e9bfd3]::result::Result<(), alloc[2182bb758b4b3781]::string::String>>
[INFO] [stdout]   14:     0x59430e304ad5 - test[9d35eded1c95d3be]::run_test::{closure#0}
[INFO] [stdout]   15:     0x59430e2fe394 - std[70759c8f55707aa4]::sys::backtrace::__rust_begin_short_backtrace::<test[9d35eded1c95d3be]::run_test::{closure#1}, ()>
[INFO] [stdout]   16:     0x59430e307c32 - <std[70759c8f55707aa4]::thread::lifecycle::spawn_unchecked<test[9d35eded1c95d3be]::run_test::{closure#1}, ()>::{closure#1} as core[df12db4294e9bfd3]::ops::function::FnOnce<()>>::call_once::{shim:vtable#0}
[INFO] [stdout]   17:     0x59430e377869 - <std[70759c8f55707aa4]::sys::thread::unix::Thread>::new::thread_start
[INFO] [stdout]   18:     0x7efb45f7fdfa - <unknown>
[INFO] [stdout]   19:     0x7efb460133d4 - clone
[INFO] [stdout]   20:                0x0 - <unknown>
[INFO] [stdout] 
[INFO] [stdout] ---- prompts::multiselect::test::keep_filter_true_behavior stdout ----
[INFO] [stdout] 
[INFO] [stdout] thread 'prompts::multiselect::test::keep_filter_true_behavior' (1387) panicked at src/prompts/test.rs:15:21:
[INFO] [stdout] EOF
[INFO] [stdout] stack backtrace:
[INFO] [stdout]    0:     0x59430e377fc1 - <<std[70759c8f55707aa4]::sys::backtrace::BacktraceLock>::print::DisplayBacktrace as core[df12db4294e9bfd3]::fmt::Display>::fmt
[INFO] [stdout]    1:     0x59430e38dbda - core[df12db4294e9bfd3]::fmt::write
[INFO] [stdout]    2:     0x59430e37cebc - <alloc[2182bb758b4b3781]::vec::Vec<u8> as core[df12db4294e9bfd3]::io::write::Write>::write_fmt
[INFO] [stdout]    3:     0x59430e354206 - std[70759c8f55707aa4]::panicking::default_hook::{closure#0}
[INFO] [stdout]    4:     0x59430e370479 - std[70759c8f55707aa4]::panicking::default_hook
[INFO] [stdout]    5:     0x59430e304180 - test[9d35eded1c95d3be]::test_main_inner::<test[9d35eded1c95d3be]::test_main_static::{closure#0}>::{closure#0}
[INFO] [stdout]    6:     0x59430e370632 - std[70759c8f55707aa4]::panicking::panic_with_hook
[INFO] [stdout]    7:     0x59430e35386c - std[70759c8f55707aa4]::panicking::begin_panic::<&str>::{closure#0}
[INFO] [stdout]    8:     0x59430e34cfe9 - std[70759c8f55707aa4]::sys::backtrace::__rust_end_short_backtrace::<std[70759c8f55707aa4]::panicking::begin_panic<&str>::{closure#0}, !>
[INFO] [stdout]    9:     0x59430e349e7b - std[70759c8f55707aa4]::panicking::begin_panic::<&str>
[INFO] [stdout]   10:     0x59430e2d4fb9 - <inquire[9ef75d835153d823]::prompts::multiselect::prompt::MultiSelectPrompt<i32> as inquire[9ef75d835153d823]::prompts::prompt::Prompt<inquire[9ef75d835153d823]::ui::backend::Backend<alloc[2182bb758b4b3781]::vec::into_iter::IntoIter<inquire[9ef75d835153d823]::ui::api::key::Key>, inquire[9ef75d835153d823]::terminal::crossterm::CrosstermTerminal>>>::prompt
[INFO] [stdout]   11:     0x59430e2ef7c5 - inquire[9ef75d835153d823]::prompts::multiselect::test::keep_filter_true_behavior
[INFO] [stdout]   12:     0x59430e2c13e9 - <inquire[9ef75d835153d823]::prompts::multiselect::test::keep_filter_true_behavior::{closure#0} as core[df12db4294e9bfd3]::ops::function::FnOnce<()>>::call_once
[INFO] [stdout]   13:     0x59430e2f746b - test[9d35eded1c95d3be]::__rust_begin_short_backtrace::<core[df12db4294e9bfd3]::result::Result<(), alloc[2182bb758b4b3781]::string::String>, fn() -> core[df12db4294e9bfd3]::result::Result<(), alloc[2182bb758b4b3781]::string::String>>
[INFO] [stdout]   14:     0x59430e304ad5 - test[9d35eded1c95d3be]::run_test::{closure#0}
[INFO] [stdout]   15:     0x59430e2fe394 - std[70759c8f55707aa4]::sys::backtrace::__rust_begin_short_backtrace::<test[9d35eded1c95d3be]::run_test::{closure#1}, ()>
[INFO] [stdout]   16:     0x59430e307c32 - <std[70759c8f55707aa4]::thread::lifecycle::spawn_unchecked<test[9d35eded1c95d3be]::run_test::{closure#1}, ()>::{closure#1} as core[df12db4294e9bfd3]::ops::function::FnOnce<()>>::call_once::{shim:vtable#0}
[INFO] [stdout]   17:     0x59430e377869 - <std[70759c8f55707aa4]::sys::thread::unix::Thread>::new::thread_start
[INFO] [stdout]   18:     0x7efb45f7fdfa - <unknown>
[INFO] [stdout]   19:     0x7efb460133d4 - clone
[INFO] [stdout]   20:                0x0 - <unknown>
[INFO] [stdout] 
[INFO] [stdout] ---- prompts::multiselect::test::list_option_indexes_are_relative_to_input_vec stdout ----
[INFO] [stdout] 
[INFO] [stdout] thread 'prompts::multiselect::test::list_option_indexes_are_relative_to_input_vec' (1425) panicked at src/prompts/test.rs:15:21:
[INFO] [stdout] EOF
[INFO] [stdout] stack backtrace:
[INFO] [stdout]    0:     0x59430e377fc1 - <<std[70759c8f55707aa4]::sys::backtrace::BacktraceLock>::print::DisplayBacktrace as core[df12db4294e9bfd3]::fmt::Display>::fmt
[INFO] [stdout]    1:     0x59430e38dbda - core[df12db4294e9bfd3]::fmt::write
[INFO] [stdout]    2:     0x59430e37cebc - <alloc[2182bb758b4b3781]::vec::Vec<u8> as core[df12db4294e9bfd3]::io::write::Write>::write_fmt
[INFO] [stdout]    3:     0x59430e354206 - std[70759c8f55707aa4]::panicking::default_hook::{closure#0}
[INFO] [stdout]    4:     0x59430e370479 - std[70759c8f55707aa4]::panicking::default_hook
[INFO] [stdout]    5:     0x59430e304180 - test[9d35eded1c95d3be]::test_main_inner::<test[9d35eded1c95d3be]::test_main_static::{closure#0}>::{closure#0}
[INFO] [stdout]    6:     0x59430e370632 - std[70759c8f55707aa4]::panicking::panic_with_hook
[INFO] [stdout]    7:     0x59430e35386c - std[70759c8f55707aa4]::panicking::begin_panic::<&str>::{closure#0}
[INFO] [stdout]    8:     0x59430e34cfe9 - std[70759c8f55707aa4]::sys::backtrace::__rust_end_short_backtrace::<std[70759c8f55707aa4]::panicking::begin_panic<&str>::{closure#0}, !>
[INFO] [stdout]    9:     0x59430e349e7b - std[70759c8f55707aa4]::panicking::begin_panic::<&str>
[INFO] [stdout]   10:     0x59430e2d4fb9 - <inquire[9ef75d835153d823]::prompts::multiselect::prompt::MultiSelectPrompt<i32> as inquire[9ef75d835153d823]::prompts::prompt::Prompt<inquire[9ef75d835153d823]::ui::backend::Backend<alloc[2182bb758b4b3781]::vec::into_iter::IntoIter<inquire[9ef75d835153d823]::ui::api::key::Key>, inquire[9ef75d835153d823]::terminal::crossterm::CrosstermTerminal>>>::prompt
[INFO] [stdout]   11:     0x59430e2f2a33 - inquire[9ef75d835153d823]::prompts::multiselect::test::list_option_indexes_are_relative_to_input_vec
[INFO] [stdout]   12:     0x59430e2c1509 - <inquire[9ef75d835153d823]::prompts::multiselect::test::list_option_indexes_are_relative_to_input_vec::{closure#0} as core[df12db4294e9bfd3]::ops::function::FnOnce<()>>::call_once
[INFO] [stdout]   13:     0x59430e2f746b - test[9d35eded1c95d3be]::__rust_begin_short_backtrace::<core[df12db4294e9bfd3]::result::Result<(), alloc[2182bb758b4b3781]::string::String>, fn() -> core[df12db4294e9bfd3]::result::Result<(), alloc[2182bb758b4b3781]::string::String>>
[INFO] [stdout]   14:     0x59430e304ad5 - test[9d35eded1c95d3be]::run_test::{closure#0}
[INFO] [stdout]   15:     0x59430e2fe394 - std[70759c8f55707aa4]::sys::backtrace::__rust_begin_short_backtrace::<test[9d35eded1c95d3be]::run_test::{closure#1}, ()>
[INFO] [stdout]   16:     0x59430e307c32 - <std[70759c8f55707aa4]::thread::lifecycle::spawn_unchecked<test[9d35eded1c95d3be]::run_test::{closure#1}, ()>::{closure#1} as core[df12db4294e9bfd3]::ops::function::FnOnce<()>>::call_once::{shim:vtable#0}
[INFO] [stdout]   17:     0x59430e377869 - <std[70759c8f55707aa4]::sys::thread::unix::Thread>::new::thread_start
[INFO] [stdout]   18:     0x7efb45f7fdfa - <unknown>
[INFO] [stdout]   19:     0x7efb460133d4 - clone
[INFO] [stdout]   20:                0x0 - <unknown>
[INFO] [stdout] 
[INFO] [stdout] ---- prompts::multiselect::test::naive_assert_fuzzy_match_as_default_scorer stdout ----
[INFO] [stdout] 
[INFO] [stdout] thread 'prompts::multiselect::test::naive_assert_fuzzy_match_as_default_scorer' (1436) panicked at src/prompts/test.rs:15:21:
[INFO] [stdout] EOF
[INFO] [stdout] stack backtrace:
[INFO] [stdout]    0:     0x59430e377fc1 - <<std[70759c8f55707aa4]::sys::backtrace::BacktraceLock>::print::DisplayBacktrace as core[df12db4294e9bfd3]::fmt::Display>::fmt
[INFO] [stdout]    1:     0x59430e38dbda - core[df12db4294e9bfd3]::fmt::write
[INFO] [stdout]    2:     0x59430e37cebc - <alloc[2182bb758b4b3781]::vec::Vec<u8> as core[df12db4294e9bfd3]::io::write::Write>::write_fmt
[INFO] [stdout]    3:     0x59430e354206 - std[70759c8f55707aa4]::panicking::default_hook::{closure#0}
[INFO] [stdout]    4:     0x59430e370479 - std[70759c8f55707aa4]::panicking::default_hook
[INFO] [stdout]    5:     0x59430e304180 - test[9d35eded1c95d3be]::test_main_inner::<test[9d35eded1c95d3be]::test_main_static::{closure#0}>::{closure#0}
[INFO] [stdout]    6:     0x59430e370632 - std[70759c8f55707aa4]::panicking::panic_with_hook
[INFO] [stdout]    7:     0x59430e35386c - std[70759c8f55707aa4]::panicking::begin_panic::<&str>::{closure#0}
[INFO] [stdout]    8:     0x59430e34cfe9 - std[70759c8f55707aa4]::sys::backtrace::__rust_end_short_backtrace::<std[70759c8f55707aa4]::panicking::begin_panic<&str>::{closure#0}, !>
[INFO] [stdout]    9:     0x59430e349e7b - std[70759c8f55707aa4]::panicking::begin_panic::<&str>
[INFO] [stdout]   10:     0x59430e2d3d19 - <inquire[9ef75d835153d823]::prompts::multiselect::prompt::MultiSelectPrompt<&str> as inquire[9ef75d835153d823]::prompts::prompt::Prompt<inquire[9ef75d835153d823]::ui::backend::Backend<alloc[2182bb758b4b3781]::vec::into_iter::IntoIter<inquire[9ef75d835153d823]::ui::api::key::Key>, inquire[9ef75d835153d823]::terminal::crossterm::CrosstermTerminal>>>::prompt
[INFO] [stdout]   11:     0x59430e2f1eeb - inquire[9ef75d835153d823]::prompts::multiselect::test::naive_assert_fuzzy_match_as_default_scorer
[INFO] [stdout]   12:     0x59430e2c14c9 - <inquire[9ef75d835153d823]::prompts::multiselect::test::naive_assert_fuzzy_match_as_default_scorer::{closure#0} as core[df12db4294e9bfd3]::ops::function::FnOnce<()>>::call_once
[INFO] [stdout]   13:     0x59430e2f746b - test[9d35eded1c95d3be]::__rust_begin_short_backtrace::<core[df12db4294e9bfd3]::result::Result<(), alloc[2182bb758b4b3781]::string::String>, fn() -> core[df12db4294e9bfd3]::result::Result<(), alloc[2182bb758b4b3781]::string::String>>
[INFO] [stdout]   14:     0x59430e304ad5 - test[9d35eded1c95d3be]::run_test::{closure#0}
[INFO] [stdout]   15:     0x59430e2fe394 - std[70759c8f55707aa4]::sys::backtrace::__rust_begin_short_backtrace::<test[9d35eded1c95d3be]::run_test::{closure#1}, ()>
[INFO] [stdout]   16:     0x59430e307c32 - <std[70759c8f55707aa4]::thread::lifecycle::spawn_unchecked<test[9d35eded1c95d3be]::run_test::{closure#1}, ()>::{closure#1} as core[df12db4294e9bfd3]::ops::function::FnOnce<()>>::call_once::{shim:vtable#0}
[INFO] [stdout]   17:     0x59430e377869 - <std[70759c8f55707aa4]::sys::thread::unix::Thread>::new::thread_start
[INFO] [stdout]   18:     0x7efb45f7fdfa - <unknown>
[INFO] [stdout]   19:     0x7efb460133d4 - clone
[INFO] [stdout]   20:                0x0 - <unknown>
[INFO] [stdout] 
[INFO] [stdout] 
[INFO] [stdout] failures:
[INFO] [stdout]     prompts::action::test::emacs_control_keybindings
[INFO] [stdout]     prompts::confirm::test::custom_formatter_for_default_values_is_used::case_1
[INFO] [stdout]     prompts::confirm::test::custom_formatter_for_default_values_is_used::case_2
[INFO] [stdout]     prompts::multiselect::test::chars_do_not_affect_prompt_without_filtering
[INFO] [stdout]     prompts::multiselect::test::closure_formatter
[INFO] [stdout]     prompts::multiselect::test::down_arrow_on_empty_list_does_not_panic
[INFO] [stdout]     prompts::multiselect::test::keep_filter_false_behavior
[INFO] [stdout]     prompts::multiselect::test::keep_filter_false_should_reset_option_list
[INFO] [stdout]     prompts::multiselect::test::keep_filter_should_be_true_by_default
[INFO] [stdout]     prompts::multiselect::test::keep_filter_true_behavior
[INFO] [stdout]     prompts::multiselect::test::list_option_indexes_are_relative_to_input_vec
[INFO] [stdout]     prompts::multiselect::test::naive_assert_fuzzy_match_as_default_scorer
[INFO] [stdout]     prompts::multiselect::test::selecting_all_by_default_behavior
[INFO] [stdout]     prompts::multiselect::test::starting_cursor_is_respected
[INFO] [stdout] 
[INFO] [stdout] test result: FAILED. 108 passed; 14 failed; 0 ignored; 0 measured; 0 filtered out; finished in 0.64s
[INFO] [stdout] 
[INFO] running `Command { std: "docker" "inspect" "18a3364cdc9c3c09095c58af0b5942d2c4c0ec3407df3dfc338813171dc54403", kill_on_drop: false }`
[INFO] running `Command { std: "docker" "rm" "-f" "18a3364cdc9c3c09095c58af0b5942d2c4c0ec3407df3dfc338813171dc54403", kill_on_drop: false }`
[INFO] [stdout] 18a3364cdc9c3c09095c58af0b5942d2c4c0ec3407df3dfc338813171dc54403
