[INFO] fetching crate olympia_cli 0.3.0...
[INFO] testing olympia_cli-0.3.0 against 1.99.0-beta.8+cargoflags=--release for beta-release-1.100-2
[INFO] extracting crate olympia_cli 0.3.0 into /workspace/builds/worker-2-tc1/source
[INFO] started tweaking crates.io crate olympia_cli 0.3.0
[INFO] removed 0 missing tests
[INFO] finished tweaking crates.io crate olympia_cli 0.3.0
[INFO] tweaked toml for crates.io crate olympia_cli 0.3.0 written to /workspace/builds/worker-2-tc1/source/Cargo.toml
[INFO] validating manifest of crates.io crate olympia_cli 0.3.0 on toolchain 1.99.0-beta.8
[INFO] running `Command { std: CARGO_HOME="/workspace/cargo-home" RUSTUP_HOME="/workspace/rustup-home" "/workspace/cargo-home/bin/cargo" "+1.99.0-beta.8" "metadata" "--manifest-path" "Cargo.toml" "--no-deps", kill_on_drop: false }`
[INFO] crate crates.io crate olympia_cli 0.3.0 already has a lockfile, it will not be regenerated
[INFO] running `Command { std: CARGO_HOME="/workspace/cargo-home" RUSTUP_HOME="/workspace/rustup-home" "/workspace/cargo-home/bin/cargo" "+1.99.0-beta.8" "fetch" "--manifest-path" "Cargo.toml", kill_on_drop: false }`
[INFO] [stderr]     Updating crates.io index
[INFO] [stderr]  Downloading crates ...
[INFO] [stderr]   Downloaded syn-mid v0.5.0
[INFO] [stderr]   Downloaded structopt-derive v0.4.7
[INFO] [stderr]   Downloaded proc-macro-error v1.0.2
[INFO] [stderr]   Downloaded proc-macro-error-attr v1.0.2
[INFO] [stderr]   Downloaded structopt v0.3.14
[INFO] [stderr]   Downloaded olympia_engine v0.3.0
[INFO] [stderr]   Downloaded olympia_core v0.3.0
[INFO] [stderr]   Downloaded hermit-abi v0.1.12
[INFO] [stderr]   Downloaded olympia_derive v0.3.0
[INFO] [stderr]   Downloaded ahash v0.3.4
[INFO] [stderr]   Downloaded derive_more v0.99.5
[INFO] [stderr]   Downloaded hashbrown v0.7.2
[INFO] running `Command { std: "docker" "create" "-v" "/var/lib/crater-agent-workspace/builds/worker-2-tc1/source:/opt/rustwide/workdir:ro,Z" "-v" "/var/lib/crater-agent-workspace/builds/worker-2-tc1/target:/opt/rustwide/target:rw,Z" "-v" "/var/lib/crater-agent-workspace/cargo-home:/opt/rustwide/cargo-home:ro,Z" "-v" "/var/lib/crater-agent-workspace/rustup-home:/opt/rustwide/rustup-home:ro,Z" "-m" "1610612736" "--network" "none" "ghcr.io/rust-lang/crates-build-env/linux@sha256:77db811e55d90add9212f6832c23229e3de5f1c1f9905e8cb07319ea15df73ac" "sleep" "infinity", kill_on_drop: false }`
[INFO] [stdout] 30f82b4ad15d646ff4dc99f263fa86e52b0b8866a63e83027eb72fce33bba325
[INFO] running `Command { std: "docker" "start" "30f82b4ad15d646ff4dc99f263fa86e52b0b8866a63e83027eb72fce33bba325", kill_on_drop: false }`
[INFO] running `Command { std: "docker" "inspect" "30f82b4ad15d646ff4dc99f263fa86e52b0b8866a63e83027eb72fce33bba325", kill_on_drop: false }`
[INFO] running `Command { std: "docker" "exec" "-e" "SOURCE_DIR=/opt/rustwide/workdir" "-e" "CARGO_HOME=/opt/rustwide/cargo-home" "-e" "RUSTUP_HOME=/opt/rustwide/rustup-home" "-e" "CARGO_TARGET_DIR=/opt/rustwide/target" "-w" "/opt/rustwide/workdir" "--user" "0:0" "30f82b4ad15d646ff4dc99f263fa86e52b0b8866a63e83027eb72fce33bba325" "/opt/rustwide/cargo-home/bin/cargo" "+1.99.0-beta.8" "metadata" "--no-deps" "--format-version=1", kill_on_drop: false }`
[INFO] running `Command { std: "docker" "inspect" "30f82b4ad15d646ff4dc99f263fa86e52b0b8866a63e83027eb72fce33bba325", kill_on_drop: false }`
[INFO] running `Command { std: "docker" "exec" "-e" "SOURCE_DIR=/opt/rustwide/workdir" "-e" "CARGO_HOME=/opt/rustwide/cargo-home" "-e" "RUSTUP_HOME=/opt/rustwide/rustup-home" "-e" "CARGO_TARGET_DIR=/opt/rustwide/target" "-e" "CARGO_INCREMENTAL=0" "-e" "RUST_BACKTRACE=full" "-e" "RUSTFLAGS=--cap-lints=warn" "-e" "RUSTDOCFLAGS=--cap-lints=warn" "-w" "/opt/rustwide/workdir" "--user" "0:0" "30f82b4ad15d646ff4dc99f263fa86e52b0b8866a63e83027eb72fce33bba325" "/opt/rustwide/cargo-home/bin/cargo" "+1.99.0-beta.8" "build" "--frozen" "--message-format=json" "--release", kill_on_drop: false }`
[INFO] [stderr]    Compiling proc-macro2 v1.0.12
[INFO] [stderr]    Compiling syn v1.0.19
[INFO] [stderr]    Compiling version_check v0.9.1
[INFO] [stderr]    Compiling libc v0.2.69
[INFO] [stderr]    Compiling unicode-width v0.1.7
[INFO] [stderr]    Compiling unicode-segmentation v1.6.0
[INFO] [stderr]    Compiling ahash v0.3.4
[INFO] [stderr]    Compiling hashbrown v0.7.2
[INFO] [stderr]    Compiling textwrap v0.11.0
[INFO] [stderr]    Compiling proc-macro-error-attr v1.0.2
[INFO] [stderr]    Compiling proc-macro-error v1.0.2
[INFO] [stderr]    Compiling heck v0.3.1
[INFO] [stderr]    Compiling atty v0.2.14
[INFO] [stderr]    Compiling quote v1.0.4
[INFO] [stderr]    Compiling clap v2.33.0
[INFO] [stderr]    Compiling syn-mid v0.5.0
[INFO] [stderr]    Compiling derive_more v0.99.5
[INFO] [stderr]    Compiling structopt-derive v0.4.7
[INFO] [stderr]    Compiling structopt v0.3.14
[INFO] [stderr]    Compiling olympia_core v0.3.0
[INFO] [stderr]    Compiling olympia_derive v0.3.0
[INFO] [stderr]    Compiling olympia_engine v0.3.0
[INFO] [stderr]    Compiling olympia_cli v0.3.0 (/opt/rustwide/workdir)
[INFO] [stdout] warning: use of deprecated constant `std::u16::MAX`: replaced by the `MAX` associated constant on this type
[INFO] [stdout]    --> src/debugger.rs:114:48
[INFO] [stdout]     |
[INFO] [stdout] 114 |             ops::Bound::Unbounded => std::u16::MAX,
[INFO] [stdout]     |                                                ^^^
[INFO] [stdout]     |
[INFO] [stdout]     = note: `#[warn(deprecated)]` on by default
[INFO] [stdout] 
[INFO] [stdout] 
[INFO] [stdout] warning: eliding a lifetime that's named elsewhere is confusing
[INFO] [stdout]   --> src/debugger.rs:42:67
[INFO] [stdout]    |
[INFO] [stdout] 42 | const fn addr_bound(name: &'static str, start: u16, end: u16) -> (&str, ByteRange) {
[INFO] [stdout]    |                            ------- the lifetime is named here     ^^^^ the same lifetime is elided here
[INFO] [stdout]    |
[INFO] [stdout]    = help: the same lifetime is referred to in inconsistent ways, making the signature confusing
[INFO] [stdout]    = note: `#[warn(mismatched_lifetime_syntaxes)]` on by default
[INFO] [stdout] help: consistently use `'static`
[INFO] [stdout]    |
[INFO] [stdout] 42 | const fn addr_bound(name: &'static str, start: u16, end: u16) -> (&'static str, ByteRange) {
[INFO] [stdout]    |                                                                    +++++++
[INFO] [stdout] 
[INFO] [stdout] 
[INFO] [stderr]     Finished `release` profile [optimized] target(s) in 7.47s
[INFO] running `Command { std: "docker" "inspect" "30f82b4ad15d646ff4dc99f263fa86e52b0b8866a63e83027eb72fce33bba325", kill_on_drop: false }`
[INFO] running `Command { std: "docker" "exec" "-e" "SOURCE_DIR=/opt/rustwide/workdir" "-e" "CARGO_HOME=/opt/rustwide/cargo-home" "-e" "RUSTUP_HOME=/opt/rustwide/rustup-home" "-e" "CARGO_TARGET_DIR=/opt/rustwide/target" "-e" "CARGO_INCREMENTAL=0" "-e" "RUST_BACKTRACE=full" "-e" "RUSTFLAGS=--cap-lints=warn" "-e" "RUSTDOCFLAGS=--cap-lints=warn" "-w" "/opt/rustwide/workdir" "--user" "0:0" "30f82b4ad15d646ff4dc99f263fa86e52b0b8866a63e83027eb72fce33bba325" "/opt/rustwide/cargo-home/bin/cargo" "+1.99.0-beta.8" "test" "--frozen" "--no-run" "--message-format=json" "--release", kill_on_drop: false }`
[INFO] [stdout] warning: use of deprecated constant `std::u16::MAX`: replaced by the `MAX` associated constant on this type
[INFO] [stdout]    --> src/debugger.rs:114:48
[INFO] [stdout]     |
[INFO] [stdout] 114 |             ops::Bound::Unbounded => std::u16::MAX,
[INFO] [stdout]     |                                                ^^^
[INFO] [stdout]     |
[INFO] [stdout]     = note: `#[warn(deprecated)]` on by default
[INFO] [stdout] 
[INFO] [stdout] 
[INFO] [stderr]    Compiling olympia_cli v0.3.0 (/opt/rustwide/workdir)
[INFO] [stdout] warning: eliding a lifetime that's named elsewhere is confusing
[INFO] [stdout]   --> src/debugger.rs:42:67
[INFO] [stdout]    |
[INFO] [stdout] 42 | const fn addr_bound(name: &'static str, start: u16, end: u16) -> (&str, ByteRange) {
[INFO] [stdout]    |                            ------- the lifetime is named here     ^^^^ the same lifetime is elided here
[INFO] [stdout]    |
[INFO] [stdout]    = help: the same lifetime is referred to in inconsistent ways, making the signature confusing
[INFO] [stdout]    = note: `#[warn(mismatched_lifetime_syntaxes)]` on by default
[INFO] [stdout] help: consistently use `'static`
[INFO] [stdout]    |
[INFO] [stdout] 42 | const fn addr_bound(name: &'static str, start: u16, end: u16) -> (&'static str, ByteRange) {
[INFO] [stdout]    |                                                                    +++++++
[INFO] [stdout] 
[INFO] [stdout] 
[INFO] [stdout] warning: use of deprecated constant `std::u16::MAX`: replaced by the `MAX` associated constant on this type
[INFO] [stdout]    --> src/debugger.rs:114:48
[INFO] [stdout]     |
[INFO] [stdout] 114 |             ops::Bound::Unbounded => std::u16::MAX,
[INFO] [stdout]     |                                                ^^^
[INFO] [stdout]     |
[INFO] [stdout]     = note: `#[warn(deprecated)]` on by default
[INFO] [stdout] 
[INFO] [stdout] 
[INFO] [stdout] warning: eliding a lifetime that's named elsewhere is confusing
[INFO] [stdout]   --> src/debugger.rs:42:67
[INFO] [stdout]    |
[INFO] [stdout] 42 | const fn addr_bound(name: &'static str, start: u16, end: u16) -> (&str, ByteRange) {
[INFO] [stdout]    |                            ------- the lifetime is named here     ^^^^ the same lifetime is elided here
[INFO] [stdout]    |
[INFO] [stdout]    = help: the same lifetime is referred to in inconsistent ways, making the signature confusing
[INFO] [stdout]    = note: `#[warn(mismatched_lifetime_syntaxes)]` on by default
[INFO] [stdout] help: consistently use `'static`
[INFO] [stdout]    |
[INFO] [stdout] 42 | const fn addr_bound(name: &'static str, start: u16, end: u16) -> (&'static str, ByteRange) {
[INFO] [stdout]    |                                                                    +++++++
[INFO] [stdout] 
[INFO] [stdout] 
[INFO] [stderr]     Finished `release` profile [optimized] target(s) in 1.46s
[INFO] running `Command { std: "docker" "inspect" "30f82b4ad15d646ff4dc99f263fa86e52b0b8866a63e83027eb72fce33bba325", kill_on_drop: false }`
[INFO] running `Command { std: "docker" "exec" "-e" "SOURCE_DIR=/opt/rustwide/workdir" "-e" "CARGO_HOME=/opt/rustwide/cargo-home" "-e" "RUSTUP_HOME=/opt/rustwide/rustup-home" "-e" "CARGO_TARGET_DIR=/opt/rustwide/target" "-e" "CARGO_INCREMENTAL=0" "-e" "RUST_BACKTRACE=full" "-e" "RUSTFLAGS=--cap-lints=warn" "-e" "RUSTDOCFLAGS=--cap-lints=warn" "-w" "/opt/rustwide/workdir" "--user" "0:0" "30f82b4ad15d646ff4dc99f263fa86e52b0b8866a63e83027eb72fce33bba325" "/opt/rustwide/cargo-home/bin/cargo" "+1.99.0-beta.8" "test" "--frozen" "--release", kill_on_drop: false }`
[INFO] [stderr] warning: use of deprecated constant `std::u16::MAX`: replaced by the `MAX` associated constant on this type
[INFO] [stderr]    --> src/debugger.rs:114:48
[INFO] [stderr]     |
[INFO] [stderr] 114 |             ops::Bound::Unbounded => std::u16::MAX,
[INFO] [stderr]     |                                                ^^^
[INFO] [stderr]     |
[INFO] [stderr]     = note: `#[warn(deprecated)]` on by default
[INFO] [stderr] 
[INFO] [stderr] warning: eliding a lifetime that's named elsewhere is confusing
[INFO] [stderr]   --> src/debugger.rs:42:67
[INFO] [stderr]    |
[INFO] [stderr] 42 | const fn addr_bound(name: &'static str, start: u16, end: u16) -> (&str, ByteRange) {
[INFO] [stderr]    |                            ------- the lifetime is named here     ^^^^ the same lifetime is elided here
[INFO] [stderr]    |
[INFO] [stderr]    = help: the same lifetime is referred to in inconsistent ways, making the signature confusing
[INFO] [stderr]    = note: `#[warn(mismatched_lifetime_syntaxes)]` on by default
[INFO] [stderr] help: consistently use `'static`
[INFO] [stderr]    |
[INFO] [stderr] 42 | const fn addr_bound(name: &'static str, start: u16, end: u16) -> (&'static str, ByteRange) {
[INFO] [stderr]    |                                                                    +++++++
[INFO] [stderr] 
[INFO] [stderr] warning: `olympia_cli` (bin "olympia_cli" test) generated 2 warnings (run `cargo fix --bin "olympia_cli" -p olympia_cli --tests` to apply 1 suggestion)
[INFO] [stderr] warning: `olympia_cli` (bin "olympia_cli") generated 2 warnings (2 duplicates)
[INFO] [stderr]     Finished `release` profile [optimized] target(s) in 0.02s
[INFO] [stderr]      Running unittests src/main.rs (/opt/rustwide/target/release/deps/olympia_cli-c4d4a896fe16e421)
[INFO] [stdout] 
[INFO] [stdout] running 29 tests
[INFO] [stdout] test debugger::test::test_current_instruction ... ok
[INFO] [stdout] test debugger::test::test_current_instruction_literal ... ok
[INFO] [stdout] test debugger::test::read_reg16 ... ok
[INFO] [stdout] test debugger::test::breakpoint_fast_forward ... ok
[INFO] [stdout] test debugger::test::rw_mem ... ok
[INFO] [stdout] test debugger::test::test_current_instruction_extended ... ok
[INFO] [stdout] test debugger::test::test_current_instruction_multibyte ... ok
[INFO] [stdout] test debugger::test::test_current_instruction_invalid ... ok
[INFO] [stdout] test debugger::test::test_print_invalid_range_extra_colon ... ok
[INFO] [stdout] test debugger::test::test_print_bytes_unbound_max ... ok
[INFO] [stdout] test debugger::test::test_print_bytes_unmapped ... ok
[INFO] [stdout] test debugger::test::test_print_bytes ... ok
[INFO] [stdout] test debugger::test::test_print_bytes_wraparound ... ok
[INFO] [stdout] test debugger::test::test_print_bytes_unbound_min ... ok
[INFO] [stdout] test disassemble::test::test_disassembly_non_verbose ... ok
[INFO] [stdout] test debugger::test::test_print_registers ... ok
[INFO] [stdout] test debugger::test::test_unknown_command ... ok
[INFO] [stdout] test debugger::test::test_print_invalid_range_no_colon ... ok
[INFO] [stdout] test disassemble::test::test_disassembly_verbose ... ok
[INFO] [stdout] test test::test_io_error_display ... ok
[INFO] [stdout] test test::test_cartridge_error_display ... ok
[INFO] [stdout] test debugger::test::write_made_up_reg ... ok
[INFO] [stdout] test test::test_rom_info_mbc1 ... ok
[INFO] [stdout] test test::test_rom_info_mbc1_ram ... ok
[INFO] [stdout] test test::test_rom_info_mbc2 ... ok
[INFO] [stdout] test debugger::test::write_reg16 ... ok
[INFO] [stdout] test test::test_rom_info_srom ... ok
[INFO] [stdout] test test::test_rom_info_e2e ... FAILED
[INFO] [stdout] test test::test_debug_e2e ... FAILED
[INFO] [stdout] 
[INFO] [stdout] failures:
[INFO] [stdout] 
[INFO] [stdout] ---- test::test_rom_info_e2e stdout ----
[INFO] [stdout] 
[INFO] [stdout] thread 'test::test_rom_info_e2e' (818) panicked at src/main.rs:151:53:
[INFO] [stdout] called `Result::unwrap()` on an `Err` value: Io(Os { code: 2, kind: NotFound, message: "No such file or directory" })
[INFO] [stdout] stack backtrace:
[INFO] [stdout]    0:     0x55aa32c089b1 - <<std[70759c8f55707aa4]::sys::backtrace::BacktraceLock>::print::DisplayBacktrace as core[df12db4294e9bfd3]::fmt::Display>::fmt
[INFO] [stdout]    1:     0x55aa32c1ec2a - core[df12db4294e9bfd3]::fmt::write
[INFO] [stdout]    2:     0x55aa32c0cefc - <alloc[2182bb758b4b3781]::vec::Vec<u8> as core[df12db4294e9bfd3]::io::write::Write>::write_fmt
[INFO] [stdout]    3:     0x55aa32be4c06 - std[70759c8f55707aa4]::panicking::default_hook::{closure#0}
[INFO] [stdout]    4:     0x55aa32c00df9 - std[70759c8f55707aa4]::panicking::default_hook
[INFO] [stdout]    5:     0x55aa32b363c0 - test[9d35eded1c95d3be]::test_main_inner::<test[9d35eded1c95d3be]::test_main_static::{closure#0}>::{closure#0}
[INFO] [stdout]    6:     0x55aa32c00fb2 - std[70759c8f55707aa4]::panicking::panic_with_hook
[INFO] [stdout]    7:     0x55aa32be4cb2 - std[70759c8f55707aa4]::panicking::panic_handler::{closure#0}
[INFO] [stdout]    8:     0x55aa32bdd879 - std[70759c8f55707aa4]::sys::backtrace::__rust_end_short_backtrace::<std[70759c8f55707aa4]::panicking::panic_handler::{closure#0}, !>
[INFO] [stdout]    9:     0x55aa32be58ad - __rustc[8fa7c3cbc660c2b3]::rust_begin_unwind
[INFO] [stdout]   10:     0x55aa32c1f38c - core[df12db4294e9bfd3]::panicking::panic_fmt
[INFO] [stdout]   11:     0x55aa32c1f162 - core[df12db4294e9bfd3]::result::unwrap_failed
[INFO] [stdout]   12:     0x55aa32b27814 - olympia_cli[b0426516d2c6c9f]::test::test_rom_info_e2e
[INFO] [stdout]   13:     0x55aa32b1e7b9 - <olympia_cli[b0426516d2c6c9f]::test::test_rom_info_e2e::{closure#0} as core[df12db4294e9bfd3]::ops::function::FnOnce<()>>::call_once
[INFO] [stdout]   14:     0x55aa32b296ab - test[9d35eded1c95d3be]::__rust_begin_short_backtrace::<core[df12db4294e9bfd3]::result::Result<(), alloc[2182bb758b4b3781]::string::String>, fn() -> core[df12db4294e9bfd3]::result::Result<(), alloc[2182bb758b4b3781]::string::String>>
[INFO] [stdout]   15:     0x55aa32b36d15 - test[9d35eded1c95d3be]::run_test::{closure#0}
[INFO] [stdout]   16:     0x55aa32b305d4 - std[70759c8f55707aa4]::sys::backtrace::__rust_begin_short_backtrace::<test[9d35eded1c95d3be]::run_test::{closure#1}, ()>
[INFO] [stdout]   17:     0x55aa32b39e72 - <std[70759c8f55707aa4]::thread::lifecycle::spawn_unchecked<test[9d35eded1c95d3be]::run_test::{closure#1}, ()>::{closure#1} as core[df12db4294e9bfd3]::ops::function::FnOnce<()>>::call_once::{shim:vtable#0}
[INFO] [stdout]   18:     0x55aa32c07f69 - <std[70759c8f55707aa4]::sys::thread::unix::Thread>::new::thread_start
[INFO] [stdout]   19:     0x7c36d21fcdfa - <unknown>
[INFO] [stdout]   20:     0x7c36d22903d4 - clone
[INFO] [stdout]   21:                0x0 - <unknown>
[INFO] [stdout] 
[INFO] [stdout] ---- test::test_debug_e2e stdout ----
[INFO] [stdout] 
[INFO] [stdout] thread 'test::test_debug_e2e' (816) panicked at src/main.rs:172:53:
[INFO] [stdout] called `Result::unwrap()` on an `Err` value: Io(Os { code: 2, kind: NotFound, message: "No such file or directory" })
[INFO] [stdout] stack backtrace:
[INFO] [stdout]    0:     0x55aa32c089b1 - <<std[70759c8f55707aa4]::sys::backtrace::BacktraceLock>::print::DisplayBacktrace as core[df12db4294e9bfd3]::fmt::Display>::fmt
[INFO] [stdout]    1:     0x55aa32c1ec2a - core[df12db4294e9bfd3]::fmt::write
[INFO] [stdout]    2:     0x55aa32c0cefc - <alloc[2182bb758b4b3781]::vec::Vec<u8> as core[df12db4294e9bfd3]::io::write::Write>::write_fmt
[INFO] [stdout]    3:     0x55aa32be4c06 - std[70759c8f55707aa4]::panicking::default_hook::{closure#0}
[INFO] [stdout]    4:     0x55aa32c00df9 - std[70759c8f55707aa4]::panicking::default_hook
[INFO] [stdout]    5:     0x55aa32b363c0 - test[9d35eded1c95d3be]::test_main_inner::<test[9d35eded1c95d3be]::test_main_static::{closure#0}>::{closure#0}
[INFO] [stdout]    6:     0x55aa32c00fb2 - std[70759c8f55707aa4]::panicking::panic_with_hook
[INFO] [stdout]    7:     0x55aa32be4cb2 - std[70759c8f55707aa4]::panicking::panic_handler::{closure#0}
[INFO] [stdout]    8:     0x55aa32bdd879 - std[70759c8f55707aa4]::sys::backtrace::__rust_end_short_backtrace::<std[70759c8f55707aa4]::panicking::panic_handler::{closure#0}, !>
[INFO] [stdout]    9:     0x55aa32be58ad - __rustc[8fa7c3cbc660c2b3]::rust_begin_unwind
[INFO] [stdout]   10:     0x55aa32c1f38c - core[df12db4294e9bfd3]::panicking::panic_fmt
[INFO] [stdout]   11:     0x55aa32c1f162 - core[df12db4294e9bfd3]::result::unwrap_failed
[INFO] [stderr] error: test failed, to rerun pass `--bin olympia_cli`
[INFO] [stdout]   12:     0x55aa32b2750a - olympia_cli[b0426516d2c6c9f]::test::test_debug_e2e
[INFO] [stdout]   13:     0x55aa32b1e799 - <olympia_cli[b0426516d2c6c9f]::test::test_debug_e2e::{closure#0} as core[df12db4294e9bfd3]::ops::function::FnOnce<()>>::call_once
[INFO] [stdout]   14:     0x55aa32b296ab - test[9d35eded1c95d3be]::__rust_begin_short_backtrace::<core[df12db4294e9bfd3]::result::Result<(), alloc[2182bb758b4b3781]::string::String>, fn() -> core[df12db4294e9bfd3]::result::Result<(), alloc[2182bb758b4b3781]::string::String>>
[INFO] [stdout]   15:     0x55aa32b36d15 - test[9d35eded1c95d3be]::run_test::{closure#0}
[INFO] [stdout]   16:     0x55aa32b305d4 - std[70759c8f55707aa4]::sys::backtrace::__rust_begin_short_backtrace::<test[9d35eded1c95d3be]::run_test::{closure#1}, ()>
[INFO] [stdout]   17:     0x55aa32b39e72 - <std[70759c8f55707aa4]::thread::lifecycle::spawn_unchecked<test[9d35eded1c95d3be]::run_test::{closure#1}, ()>::{closure#1} as core[df12db4294e9bfd3]::ops::function::FnOnce<()>>::call_once::{shim:vtable#0}
[INFO] [stdout]   18:     0x55aa32c07f69 - <std[70759c8f55707aa4]::sys::thread::unix::Thread>::new::thread_start
[INFO] [stdout]   19:     0x7c36d21fcdfa - <unknown>
[INFO] [stdout]   20:     0x7c36d22903d4 - clone
[INFO] [stdout]   21:                0x0 - <unknown>
[INFO] [stdout] 
[INFO] [stdout] 
[INFO] [stdout] failures:
[INFO] [stdout]     test::test_debug_e2e
[INFO] [stdout]     test::test_rom_info_e2e
[INFO] [stdout] 
[INFO] [stdout] test result: FAILED. 27 passed; 2 failed; 0 ignored; 0 measured; 0 filtered out; finished in 0.00s
[INFO] [stdout] 
[INFO] running `Command { std: "docker" "inspect" "30f82b4ad15d646ff4dc99f263fa86e52b0b8866a63e83027eb72fce33bba325", kill_on_drop: false }`
[INFO] running `Command { std: "docker" "rm" "-f" "30f82b4ad15d646ff4dc99f263fa86e52b0b8866a63e83027eb72fce33bba325", kill_on_drop: false }`
[INFO] [stdout] 30f82b4ad15d646ff4dc99f263fa86e52b0b8866a63e83027eb72fce33bba325
