[INFO] fetching crate ollama-rs-macros 0.3.6...
[INFO] testing ollama-rs-macros-0.3.6 against 1.99.0-beta.8+cargoflags=--release for beta-release-1.100-2
[INFO] extracting crate ollama-rs-macros 0.3.6 into /workspace/builds/worker-3-tc1/source
[INFO] started tweaking crates.io crate ollama-rs-macros 0.3.6
[INFO] removed 0 missing tests
[INFO] finished tweaking crates.io crate ollama-rs-macros 0.3.6
[INFO] tweaked toml for crates.io crate ollama-rs-macros 0.3.6 written to /workspace/builds/worker-3-tc1/source/Cargo.toml
[INFO] validating manifest of crates.io crate ollama-rs-macros 0.3.6 on toolchain 1.99.0-beta.8
[INFO] running `Command { std: CARGO_HOME="/workspace/cargo-home" RUSTUP_HOME="/workspace/rustup-home" "/workspace/cargo-home/bin/cargo" "+1.99.0-beta.8" "metadata" "--manifest-path" "Cargo.toml" "--no-deps", kill_on_drop: false }`
[INFO] crate crates.io crate ollama-rs-macros 0.3.6 already has a lockfile, it will not be regenerated
[INFO] running `Command { std: CARGO_HOME="/workspace/cargo-home" RUSTUP_HOME="/workspace/rustup-home" "/workspace/cargo-home/bin/cargo" "+1.99.0-beta.8" "fetch" "--manifest-path" "Cargo.toml", kill_on_drop: false }`
[INFO] [stderr]     Updating crates.io index
[INFO] [stderr]  Downloading crates ...
[INFO] [stderr]   Downloaded zmij v1.0.13
[INFO] [stderr]   Downloaded toml_datetime v1.0.0+spec-1.1.0
[INFO] [stderr]   Downloaded macrotest v1.2.1
[INFO] [stderr]   Downloaded toml_writer v1.0.6+spec-1.1.0
[INFO] [stderr]   Downloaded toml v1.0.2+spec-1.1.0
[INFO] [stderr]   Downloaded prettyplease v0.2.27
[INFO] running `Command { std: "docker" "create" "-v" "/var/lib/crater-agent-workspace/builds/worker-3-tc1/source:/opt/rustwide/workdir:ro,Z" "-v" "/var/lib/crater-agent-workspace/builds/worker-3-tc1/target:/opt/rustwide/target:rw,Z" "-v" "/var/lib/crater-agent-workspace/cargo-home:/opt/rustwide/cargo-home:ro,Z" "-v" "/var/lib/crater-agent-workspace/rustup-home:/opt/rustwide/rustup-home:ro,Z" "-m" "1610612736" "--network" "none" "ghcr.io/rust-lang/crates-build-env/linux@sha256:77db811e55d90add9212f6832c23229e3de5f1c1f9905e8cb07319ea15df73ac" "sleep" "infinity", kill_on_drop: false }`
[INFO] [stdout] a86b5532049bf42b0ff237ae6921d2707703c472980826f648c0812118fbe4d5
[INFO] running `Command { std: "docker" "start" "a86b5532049bf42b0ff237ae6921d2707703c472980826f648c0812118fbe4d5", kill_on_drop: false }`
[INFO] running `Command { std: "docker" "inspect" "a86b5532049bf42b0ff237ae6921d2707703c472980826f648c0812118fbe4d5", kill_on_drop: false }`
[INFO] running `Command { std: "docker" "exec" "-e" "SOURCE_DIR=/opt/rustwide/workdir" "-e" "CARGO_HOME=/opt/rustwide/cargo-home" "-e" "RUSTUP_HOME=/opt/rustwide/rustup-home" "-e" "CARGO_TARGET_DIR=/opt/rustwide/target" "-w" "/opt/rustwide/workdir" "--user" "0:0" "a86b5532049bf42b0ff237ae6921d2707703c472980826f648c0812118fbe4d5" "/opt/rustwide/cargo-home/bin/cargo" "+1.99.0-beta.8" "metadata" "--no-deps" "--format-version=1", kill_on_drop: false }`
[INFO] running `Command { std: "docker" "inspect" "a86b5532049bf42b0ff237ae6921d2707703c472980826f648c0812118fbe4d5", kill_on_drop: false }`
[INFO] running `Command { std: "docker" "exec" "-e" "SOURCE_DIR=/opt/rustwide/workdir" "-e" "CARGO_HOME=/opt/rustwide/cargo-home" "-e" "RUSTUP_HOME=/opt/rustwide/rustup-home" "-e" "CARGO_TARGET_DIR=/opt/rustwide/target" "-e" "CARGO_INCREMENTAL=0" "-e" "RUST_BACKTRACE=full" "-e" "RUSTFLAGS=--cap-lints=warn" "-e" "RUSTDOCFLAGS=--cap-lints=warn" "-w" "/opt/rustwide/workdir" "--user" "0:0" "a86b5532049bf42b0ff237ae6921d2707703c472980826f648c0812118fbe4d5" "/opt/rustwide/cargo-home/bin/cargo" "+1.99.0-beta.8" "build" "--frozen" "--message-format=json" "--release", kill_on_drop: false }`
[INFO] [stderr]    Compiling unicode-ident v1.0.12
[INFO] [stderr]    Compiling proc-macro2 v1.0.106
[INFO] [stderr]    Compiling quote v1.0.46
[INFO] [stderr]    Compiling syn v2.0.118
[INFO] [stderr]    Compiling ollama-rs-macros v0.3.6 (/opt/rustwide/workdir)
[INFO] [stderr]     Finished `release` profile [optimized] target(s) in 8.18s
[INFO] running `Command { std: "docker" "inspect" "a86b5532049bf42b0ff237ae6921d2707703c472980826f648c0812118fbe4d5", kill_on_drop: false }`
[INFO] running `Command { std: "docker" "exec" "-e" "SOURCE_DIR=/opt/rustwide/workdir" "-e" "CARGO_HOME=/opt/rustwide/cargo-home" "-e" "RUSTUP_HOME=/opt/rustwide/rustup-home" "-e" "CARGO_TARGET_DIR=/opt/rustwide/target" "-e" "CARGO_INCREMENTAL=0" "-e" "RUST_BACKTRACE=full" "-e" "RUSTFLAGS=--cap-lints=warn" "-e" "RUSTDOCFLAGS=--cap-lints=warn" "-w" "/opt/rustwide/workdir" "--user" "0:0" "a86b5532049bf42b0ff237ae6921d2707703c472980826f648c0812118fbe4d5" "/opt/rustwide/cargo-home/bin/cargo" "+1.99.0-beta.8" "test" "--frozen" "--no-run" "--message-format=json" "--release", kill_on_drop: false }`
[INFO] [stderr]    Compiling zmij v1.0.13
[INFO] [stderr]    Compiling serde_core v1.0.228
[INFO] [stderr]    Compiling serde v1.0.228
[INFO] [stderr]    Compiling prettyplease v0.2.27
[INFO] [stderr]    Compiling proc-macro2 v1.0.106
[INFO] [stderr]    Compiling unicode-ident v1.0.12
[INFO] [stderr]    Compiling quote v1.0.46
[INFO] [stderr]    Compiling serde_derive v1.0.228
[INFO] [stderr]    Compiling winnow v0.7.14
[INFO] [stderr]    Compiling serde_json v1.0.150
[INFO] [stderr]    Compiling itoa v1.0.9
[INFO] [stderr]    Compiling memchr v2.8.2
[INFO] [stderr]    Compiling toml_writer v1.0.6+spec-1.1.0
[INFO] [stderr]    Compiling toml_datetime v1.0.0+spec-1.1.0
[INFO] [stderr]    Compiling serde_spanned v1.0.4
[INFO] [stderr]    Compiling glob v0.3.2
[INFO] [stderr]    Compiling syn v2.0.118
[INFO] [stderr]    Compiling fastrand v2.0.1
[INFO] [stderr]    Compiling diff v0.1.13
[INFO] [stderr]    Compiling toml_parser v1.0.9+spec-1.1.0
[INFO] [stderr]    Compiling ollama-rs-macros v0.3.6 (/opt/rustwide/workdir)
[INFO] [stderr]    Compiling toml v1.0.2+spec-1.1.0
[INFO] [stderr]    Compiling macrotest v1.2.1
[INFO] [stderr]     Finished `release` profile [optimized] target(s) in 1m 04s
[INFO] running `Command { std: "docker" "inspect" "a86b5532049bf42b0ff237ae6921d2707703c472980826f648c0812118fbe4d5", kill_on_drop: false }`
[INFO] running `Command { std: "docker" "exec" "-e" "SOURCE_DIR=/opt/rustwide/workdir" "-e" "CARGO_HOME=/opt/rustwide/cargo-home" "-e" "RUSTUP_HOME=/opt/rustwide/rustup-home" "-e" "CARGO_TARGET_DIR=/opt/rustwide/target" "-e" "CARGO_INCREMENTAL=0" "-e" "RUST_BACKTRACE=full" "-e" "RUSTFLAGS=--cap-lints=warn" "-e" "RUSTDOCFLAGS=--cap-lints=warn" "-w" "/opt/rustwide/workdir" "--user" "0:0" "a86b5532049bf42b0ff237ae6921d2707703c472980826f648c0812118fbe4d5" "/opt/rustwide/cargo-home/bin/cargo" "+1.99.0-beta.8" "test" "--frozen" "--release", kill_on_drop: false }`
[INFO] [stderr]     Finished `release` profile [optimized] target(s) in 0.04s
[INFO] [stderr]      Running unittests src/lib.rs (/opt/rustwide/target/release/deps/ollama_rs_macros-7fd755786331ef06)
[INFO] [stdout] 
[INFO] [stderr]      Running tests/tests.rs (/opt/rustwide/target/release/deps/tests-848b90efe4f6ec3f)
[INFO] [stdout] running 0 tests
[INFO] [stdout] 
[INFO] [stdout] test result: ok. 0 passed; 0 failed; 0 ignored; 0 measured; 0 filtered out; finished in 0.00s
[INFO] [stdout] 
[INFO] [stdout] 
[INFO] [stdout] running 1 test
[INFO] [stderr] error: no such command: `expand`
[INFO] [stderr] 
[INFO] [stderr] help: view all installed commands with `cargo --list`
[INFO] [stderr] help: find a package to install `expand` with `cargo search cargo-expand`
[INFO] [stderr] error: test failed, to rerun pass `--test tests`
[INFO] [stdout] test pass ... FAILED
[INFO] [stdout] 
[INFO] [stdout] failures:
[INFO] [stdout] 
[INFO] [stdout] ---- pass stdout ----
[INFO] [stdout] Running 3 macro expansion tests
[INFO] [stdout] Expansion error:
[INFO] [stdout] error: no such command: `expand`
[INFO] [stdout] 
[INFO] [stdout] help: view all installed commands with `cargo --list`
[INFO] [stdout] help: find a package to install `expand` with `cargo search cargo-expand`
[INFO] [stdout] 
[INFO] [stdout] Expansion error:
[INFO] [stdout] error: no such command: `expand`
[INFO] [stdout] 
[INFO] [stdout] help: view all installed commands with `cargo --list`
[INFO] [stdout] help: find a package to install `expand` with `cargo search cargo-expand`
[INFO] [stdout] 
[INFO] [stdout] Expansion error:
[INFO] [stdout] error: no such command: `expand`
[INFO] [stdout] 
[INFO] [stdout] help: view all installed commands with `cargo --list`
[INFO] [stdout] help: find a package to install `expand` with `cargo search cargo-expand`
[INFO] [stdout] 
[INFO] [stdout] 
[INFO] [stdout] 
[INFO] [stdout] 
[INFO] [stdout] 
[INFO] [stdout] thread 'pass' (850) panicked at /opt/rustwide/cargo-home/registry/src/index.crates.io-1949cf8c6b5b557f/macrotest-1.2.1/src/expand.rs:174:9:
[INFO] [stdout] 3 of 3 tests failed
[INFO] [stdout] stack backtrace:
[INFO] [stdout]    0:     0x5fb30610b3e1 - <<std[70759c8f55707aa4]::sys::backtrace::BacktraceLock>::print::DisplayBacktrace as core[df12db4294e9bfd3]::fmt::Display>::fmt
[INFO] [stdout]    1:     0x5fb30612142a - core[df12db4294e9bfd3]::fmt::write
[INFO] [stdout]    2:     0x5fb30610fbdc - <alloc[2182bb758b4b3781]::vec::Vec<u8> as core[df12db4294e9bfd3]::io::write::Write>::write_fmt
[INFO] [stdout]    3:     0x5fb3060e3e06 - std[70759c8f55707aa4]::panicking::default_hook::{closure#0}
[INFO] [stdout]    4:     0x5fb3061019a9 - std[70759c8f55707aa4]::panicking::default_hook
[INFO] [stdout]    5:     0x5fb30609bbb0 - test[9d35eded1c95d3be]::test_main_inner::<test[9d35eded1c95d3be]::test_main_static::{closure#0}>::{closure#0}
[INFO] [stdout]    6:     0x5fb306101cd2 - std[70759c8f55707aa4]::panicking::panic_with_hook
[INFO] [stdout]    7:     0x5fb3060e3eb2 - std[70759c8f55707aa4]::panicking::panic_handler::{closure#0}
[INFO] [stdout]    8:     0x5fb3060dc8e9 - std[70759c8f55707aa4]::sys::backtrace::__rust_end_short_backtrace::<std[70759c8f55707aa4]::panicking::panic_handler::{closure#0}, !>
[INFO] [stdout]    9:     0x5fb3060e4aad - __rustc[8fa7c3cbc660c2b3]::rust_begin_unwind
[INFO] [stdout]   10:     0x5fb306121bcc - core[df12db4294e9bfd3]::panicking::panic_fmt
[INFO] [stdout]   11:     0x5fb305ec07b5 - macrotest[f101b6d0d3a7ce0e]::expand::run_tests::<alloc[2182bb758b4b3781]::vec::Vec<alloc[2182bb758b4b3781]::string::String>, alloc[2182bb758b4b3781]::string::String, &str>
[INFO] [stdout]   12:     0x5fb305ec3989 - <tests[a50e78ea8ccd5804]::pass::{closure#0} as core[df12db4294e9bfd3]::ops::function::FnOnce<()>>::call_once
[INFO] [stdout]   13:     0x5fb30608ee9b - test[9d35eded1c95d3be]::__rust_begin_short_backtrace::<core[df12db4294e9bfd3]::result::Result<(), alloc[2182bb758b4b3781]::string::String>, fn() -> core[df12db4294e9bfd3]::result::Result<(), alloc[2182bb758b4b3781]::string::String>>
[INFO] [stdout]   14:     0x5fb30609c505 - test[9d35eded1c95d3be]::run_test::{closure#0}
[INFO] [stdout]   15:     0x5fb306095dc4 - std[70759c8f55707aa4]::sys::backtrace::__rust_begin_short_backtrace::<test[9d35eded1c95d3be]::run_test::{closure#1}, ()>
[INFO] [stdout]   16:     0x5fb30609f662 - <std[70759c8f55707aa4]::thread::lifecycle::spawn_unchecked<test[9d35eded1c95d3be]::run_test::{closure#1}, ()>::{closure#1} as core[df12db4294e9bfd3]::ops::function::FnOnce<()>>::call_once::{shim:vtable#0}
[INFO] [stdout]   17:     0x5fb30610a369 - <std[70759c8f55707aa4]::sys::thread::unix::Thread>::new::thread_start
[INFO] [stdout]   18:     0x7616a0f20dfa - <unknown>
[INFO] [stdout]   19:     0x7616a0fb43d4 - clone
[INFO] [stdout]   20:                0x0 - <unknown>
[INFO] [stdout] 
[INFO] [stdout] 
[INFO] [stdout] failures:
[INFO] [stdout]     pass
[INFO] [stdout] 
[INFO] [stdout] test result: FAILED. 0 passed; 1 failed; 0 ignored; 0 measured; 0 filtered out; finished in 0.17s
[INFO] [stdout] 
[INFO] running `Command { std: "docker" "inspect" "a86b5532049bf42b0ff237ae6921d2707703c472980826f648c0812118fbe4d5", kill_on_drop: false }`
[INFO] running `Command { std: "docker" "rm" "-f" "a86b5532049bf42b0ff237ae6921d2707703c472980826f648c0812118fbe4d5", kill_on_drop: false }`
[INFO] [stdout] a86b5532049bf42b0ff237ae6921d2707703c472980826f648c0812118fbe4d5
