[INFO] fetching crate olav 0.1.0...
[INFO] testing olav-0.1.0 against 1.99.0-beta.8+cargoflags=--release for beta-release-1.100-2
[INFO] extracting crate olav 0.1.0 into /workspace/builds/worker-4-tc1/source
[INFO] started tweaking crates.io crate olav 0.1.0
[INFO] removed 0 missing tests
[INFO] finished tweaking crates.io crate olav 0.1.0
[INFO] tweaked toml for crates.io crate olav 0.1.0 written to /workspace/builds/worker-4-tc1/source/Cargo.toml
[INFO] validating manifest of crates.io crate olav 0.1.0 on toolchain 1.99.0-beta.8
[INFO] running `Command { std: CARGO_HOME="/workspace/cargo-home" RUSTUP_HOME="/workspace/rustup-home" "/workspace/cargo-home/bin/cargo" "+1.99.0-beta.8" "metadata" "--manifest-path" "Cargo.toml" "--no-deps", kill_on_drop: false }`
[INFO] crate crates.io crate olav 0.1.0 already has a lockfile, it will not be regenerated
[INFO] running `Command { std: CARGO_HOME="/workspace/cargo-home" RUSTUP_HOME="/workspace/rustup-home" "/workspace/cargo-home/bin/cargo" "+1.99.0-beta.8" "fetch" "--manifest-path" "Cargo.toml", kill_on_drop: false }`
[INFO] [stderr]     Updating crates.io index
[INFO] [stderr]  Downloading crates ...
[INFO] [stderr]   Downloaded olav_macros v0.1.0
[INFO] running `Command { std: "docker" "create" "-v" "/var/lib/crater-agent-workspace/builds/worker-4-tc1/source:/opt/rustwide/workdir:ro,Z" "-v" "/var/lib/crater-agent-workspace/builds/worker-4-tc1/target:/opt/rustwide/target:rw,Z" "-v" "/var/lib/crater-agent-workspace/cargo-home:/opt/rustwide/cargo-home:ro,Z" "-v" "/var/lib/crater-agent-workspace/rustup-home:/opt/rustwide/rustup-home:ro,Z" "-m" "1610612736" "--network" "none" "ghcr.io/rust-lang/crates-build-env/linux@sha256:77db811e55d90add9212f6832c23229e3de5f1c1f9905e8cb07319ea15df73ac" "sleep" "infinity", kill_on_drop: false }`
[INFO] [stdout] 96f516810088a7467a0ebe25e9eef5b3bb781fdb0da116fab16904709a747c87
[INFO] running `Command { std: "docker" "start" "96f516810088a7467a0ebe25e9eef5b3bb781fdb0da116fab16904709a747c87", kill_on_drop: false }`
[INFO] running `Command { std: "docker" "inspect" "96f516810088a7467a0ebe25e9eef5b3bb781fdb0da116fab16904709a747c87", kill_on_drop: false }`
[INFO] running `Command { std: "docker" "exec" "-e" "SOURCE_DIR=/opt/rustwide/workdir" "-e" "CARGO_HOME=/opt/rustwide/cargo-home" "-e" "RUSTUP_HOME=/opt/rustwide/rustup-home" "-e" "CARGO_TARGET_DIR=/opt/rustwide/target" "-w" "/opt/rustwide/workdir" "--user" "0:0" "96f516810088a7467a0ebe25e9eef5b3bb781fdb0da116fab16904709a747c87" "/opt/rustwide/cargo-home/bin/cargo" "+1.99.0-beta.8" "metadata" "--no-deps" "--format-version=1", kill_on_drop: false }`
[INFO] running `Command { std: "docker" "inspect" "96f516810088a7467a0ebe25e9eef5b3bb781fdb0da116fab16904709a747c87", kill_on_drop: false }`
[INFO] running `Command { std: "docker" "exec" "-e" "SOURCE_DIR=/opt/rustwide/workdir" "-e" "CARGO_HOME=/opt/rustwide/cargo-home" "-e" "RUSTUP_HOME=/opt/rustwide/rustup-home" "-e" "CARGO_TARGET_DIR=/opt/rustwide/target" "-e" "CARGO_INCREMENTAL=0" "-e" "RUST_BACKTRACE=full" "-e" "RUSTFLAGS=--cap-lints=warn" "-e" "RUSTDOCFLAGS=--cap-lints=warn" "-w" "/opt/rustwide/workdir" "--user" "0:0" "96f516810088a7467a0ebe25e9eef5b3bb781fdb0da116fab16904709a747c87" "/opt/rustwide/cargo-home/bin/cargo" "+1.99.0-beta.8" "build" "--frozen" "--message-format=json" "--release", kill_on_drop: false }`
[INFO] [stderr]    Compiling syn v3.0.4
[INFO] [stderr]    Compiling olav_macros v0.1.0
[INFO] [stderr]    Compiling olav v0.1.0 (/opt/rustwide/workdir)
[INFO] [stderr]     Finished `release` profile [optimized] target(s) in 5.01s
[INFO] running `Command { std: "docker" "inspect" "96f516810088a7467a0ebe25e9eef5b3bb781fdb0da116fab16904709a747c87", kill_on_drop: false }`
[INFO] running `Command { std: "docker" "exec" "-e" "SOURCE_DIR=/opt/rustwide/workdir" "-e" "CARGO_HOME=/opt/rustwide/cargo-home" "-e" "RUSTUP_HOME=/opt/rustwide/rustup-home" "-e" "CARGO_TARGET_DIR=/opt/rustwide/target" "-e" "CARGO_INCREMENTAL=0" "-e" "RUST_BACKTRACE=full" "-e" "RUSTFLAGS=--cap-lints=warn" "-e" "RUSTDOCFLAGS=--cap-lints=warn" "-w" "/opt/rustwide/workdir" "--user" "0:0" "96f516810088a7467a0ebe25e9eef5b3bb781fdb0da116fab16904709a747c87" "/opt/rustwide/cargo-home/bin/cargo" "+1.99.0-beta.8" "test" "--frozen" "--no-run" "--message-format=json" "--release", kill_on_drop: false }`
[INFO] [stderr]    Compiling serde_core v1.0.229
[INFO] [stderr]    Compiling crossbeam-utils v0.8.22
[INFO] [stderr]    Compiling serde v1.0.229
[INFO] [stderr]    Compiling zerocopy v0.8.56
[INFO] [stderr]    Compiling serde_derive v1.0.229
[INFO] [stderr]    Compiling zerocopy-derive v0.8.56
[INFO] [stderr]    Compiling find-msvc-tools v0.1.11
[INFO] [stderr]    Compiling either v1.18.0
[INFO] [stderr]    Compiling cc v1.4.4
[INFO] [stderr]    Compiling target-triple v1.0.1
[INFO] [stderr]    Compiling winnow v1.0.4
[INFO] [stderr]    Compiling regex-automata v0.4.18
[INFO] [stderr]    Compiling itertools v0.13.0
[INFO] [stderr]    Compiling crossbeam-epoch v0.9.20
[INFO] [stderr]    Compiling crossbeam-deque v0.8.7
[INFO] [stderr]    Compiling toml_parser v1.1.3+spec-1.1.0
[INFO] [stderr]    Compiling rayon-core v1.13.0
[INFO] [stderr]    Compiling alloca v0.4.0
[INFO] [stderr]    Compiling clap_builder v4.6.6
[INFO] [stderr]    Compiling toml_writer v1.1.2+spec-1.1.0
[INFO] [stderr]    Compiling criterion-plot v0.8.2
[INFO] [stderr]    Compiling page_size v0.6.0
[INFO] [stderr]    Compiling regex v1.13.1
[INFO] [stderr]    Compiling rayon v1.12.0
[INFO] [stderr]    Compiling serde_json v1.0.151
[INFO] [stderr]    Compiling toml_datetime v1.1.1+spec-1.1.0
[INFO] [stderr]    Compiling serde_spanned v1.1.1
[INFO] [stderr]    Compiling toml v1.1.4+spec-1.1.0
[INFO] [stderr]    Compiling glob v0.3.4
[INFO] [stderr]    Compiling quick-xml v0.42.0
[INFO] [stderr]    Compiling clap v4.6.6
[INFO] [stderr]    Compiling tinytemplate v1.2.1
[INFO] [stderr]    Compiling trybuild v1.0.120
[INFO] [stderr]    Compiling half v2.7.1
[INFO] [stderr]    Compiling ciborium-ll v0.2.2
[INFO] [stderr]    Compiling ciborium v0.2.2
[INFO] [stderr]    Compiling criterion v0.8.2
[INFO] [stderr]    Compiling olav v0.1.0 (/opt/rustwide/workdir)
[INFO] [stderr]     Finished `release` profile [optimized] target(s) in 1m 12s
[INFO] running `Command { std: "docker" "inspect" "96f516810088a7467a0ebe25e9eef5b3bb781fdb0da116fab16904709a747c87", kill_on_drop: false }`
[INFO] running `Command { std: "docker" "exec" "-e" "SOURCE_DIR=/opt/rustwide/workdir" "-e" "CARGO_HOME=/opt/rustwide/cargo-home" "-e" "RUSTUP_HOME=/opt/rustwide/rustup-home" "-e" "CARGO_TARGET_DIR=/opt/rustwide/target" "-e" "CARGO_INCREMENTAL=0" "-e" "RUST_BACKTRACE=full" "-e" "RUSTFLAGS=--cap-lints=warn" "-e" "RUSTDOCFLAGS=--cap-lints=warn" "-w" "/opt/rustwide/workdir" "--user" "0:0" "96f516810088a7467a0ebe25e9eef5b3bb781fdb0da116fab16904709a747c87" "/opt/rustwide/cargo-home/bin/cargo" "+1.99.0-beta.8" "test" "--frozen" "--release", kill_on_drop: false }`
[INFO] [stderr]     Finished `release` profile [optimized] target(s) in 0.12s
[INFO] [stderr]      Running unittests src/lib.rs (/opt/rustwide/target/release/deps/olav-394cbf24747ad403)
[INFO] [stdout] 
[INFO] [stdout] running 31 tests
[INFO] [stdout] test escape::tests::attr_keeps_normal_chars ... ok
[INFO] [stdout] test escape::tests::attr_keeps_tab_lf_cr ... ok
[INFO] [stdout] test escape::tests::text_escapes_amp_lt_gt ... ok
[INFO] [stdout] test escape::tests::attr_handles_unicode ... ok
[INFO] [stdout] test markup::tests::deref_to_str ... ok
[INFO] [stdout] test escape::tests::text_handles_unicode ... ok
[INFO] [stdout] test escape::tests::text_escapes_control_chars ... ok
[INFO] [stdout] test escape::tests::text_keeps_quotes ... ok
[INFO] [stdout] test markup::tests::new_and_into_string ... ok
[INFO] [stdout] test markup::tests::push_attr_escapes_value ... ok
[INFO] [stdout] test escape::tests::text_keeps_tab_lf_cr ... ok
[INFO] [stdout] test escape::tests::attr_escapes_amp_lt_quot_apos ... ok
[INFO] [stdout] test markup::tests::render_to_fmt_works ... ok
[INFO] [stdout] test markup::tests::display_yields_underlying_string ... ok
[INFO] [stdout] test render::tests::arc_delegates ... ok
[INFO] [stdout] test markup::tests::push_self_closing_works ... ok
[INFO] [stdout] test escape::tests::attr_escapes_control_chars ... ok
[INFO] [stdout] test markup::tests::push_str_is_raw ... ok
[INFO] [stdout] test markup::tests::push_text_escapes ... ok
[INFO] [stdout] test render::tests::format_args_renders ... ok
[INFO] [stdout] test render::tests::markup_renders_raw ... ok
[INFO] [stdout] test render::tests::pre_escaped_inserts_raw ... ok
[INFO] [stdout] test render::tests::ref_delegates ... ok
[INFO] [stdout] test render::tests::char_escapes ... ok
[INFO] [stdout] test render::tests::bool_renders_true_false ... ok
[INFO] [stdout] test render::tests::box_delegates ... ok
[INFO] [stdout] test render::tests::cow_escapes ... ok
[INFO] [stdout] test render::tests::render_returns_markup ... ok
[INFO] [stdout] test render::tests::string_escapes ... ok
[INFO] [stdout] test render::tests::str_escapes ... ok
[INFO] [stdout] test render::tests::integers_render_via_display ... ok
[INFO] [stdout] 
[INFO] [stdout] test result: ok. 31 passed; 0 failed; 0 ignored; 0 measured; 0 filtered out; finished in 0.01s
[INFO] [stdout] 
[INFO] [stderr]      Running tests/atom_feed.rs (/opt/rustwide/target/release/deps/atom_feed-a448df0b386f0cca)
[INFO] [stdout] 
[INFO] [stdout] running 1 test
[INFO] [stderr]      Running tests/basic.rs (/opt/rustwide/target/release/deps/basic-37f7c8167688fa91)
[INFO] [stdout] test atom_feed_example_from_readme ... ok
[INFO] [stdout] 
[INFO] [stdout] test result: ok. 1 passed; 0 failed; 0 ignored; 0 measured; 0 filtered out; finished in 0.00s
[INFO] [stdout] 
[INFO] [stdout] 
[INFO] [stdout] running 14 tests
[INFO] [stdout] test for_loop ... ok
[INFO] [stdout] test if_true ... ok
[INFO] [stdout] test literal_attribute ... ok
[INFO] [stdout] test if_false ... ok
[INFO] [stdout] test nested_elements ... ok
[INFO] [stdout] test self_closing_element ... ok
[INFO] [stdout] test text_literal_raw_string ... ok
[INFO] [stdout] test expression_attribute ... ok
[INFO] [stdout] test splice_escapes ... ok
[INFO] [stdout] test simple_element_with_text ... ok
[INFO] [stderr]      Running tests/control_flow.rs (/opt/rustwide/target/release/deps/control_flow-58302d2040eb41f8)
[INFO] [stdout] test splice_text ... ok
[INFO] [stdout] test if_else ... ok
[INFO] [stdout] test text_literal_decodes_escaped_quote ... ok
[INFO] [stdout] test text_literal_decodes_escapes ... ok
[INFO] [stdout] 
[INFO] [stdout] test result: ok. 14 passed; 0 failed; 0 ignored; 0 measured; 0 filtered out; finished in 0.00s
[INFO] [stdout] 
[INFO] [stdout] 
[INFO] [stdout] running 13 tests
[INFO] [stdout] test raw_splice_does_not_escape ... ok
[INFO] [stdout] test if_let_none ... ok
[INFO] [stdout] test raw_splice_str ... ok
[INFO] [stdout] test if_let_pattern ... ok
[INFO] [stdout] test match_expr ... ok
[INFO] [stdout] test match_with_binding ... ok
[INFO] [stdout] test nested_for ... ok
[INFO] [stdout] test splice_array ... ok
[INFO] [stdout] test splice_format_args ... ok
[INFO] [stdout] test splice_chars ... ok
[INFO] [stdout] test splice_option_some ... ok
[INFO] [stdout] test splice_vec ... ok
[INFO] [stdout] test while_loop ... ok
[INFO] [stdout] 
[INFO] [stdout] test result: ok. 13 passed; 0 failed; 0 ignored; 0 measured; 0 filtered out; finished in 0.00s
[INFO] [stdout] 
[INFO] [stderr]      Running tests/extras.rs (/opt/rustwide/target/release/deps/extras-320834c183b91db1)
[INFO] [stdout] 
[INFO] [stdout] running 12 tests
[INFO] [stdout] test cyrillic_with_brackets ... ok
[INFO] [stdout] test cyrillic_self_closing ... ok
[INFO] [stdout] test cyrillic_with_attrs_and_text ... ok
[INFO] [stdout] test cyrillic_bare_ident_element ... ok
[INFO] [stdout] test cyrillic_full_document_example_from_readme ... ok
[INFO] [stdout] test element_name_with_dashes ... ok
[INFO] [stdout] test attributes_with_special_chars ... ok
[INFO] [stdout] test xml_standalone_attr ... ok
[INFO] [stdout] test doctype_with_internal_subset_entity ... ok
[INFO] [stdout] test doctype_with_internal_subset_element ... ok
[INFO] [stdout] test doctype_with_internal_subset_and_external ... ok
[INFO] [stdout] test cyrillic_nested ... ok
[INFO] [stdout] 
[INFO] [stdout] test result: ok. 12 passed; 0 failed; 0 ignored; 0 measured; 0 filtered out; finished in 0.00s
[INFO] [stdout] 
[INFO] [stderr]      Running tests/namespaces.rs (/opt/rustwide/target/release/deps/namespaces-3b3886962b9eef31)
[INFO] [stdout] 
[INFO] [stdout] running 9 tests
[INFO] [stdout] test attr_with_string_value ... ok
[INFO] [stdout] test attr_with_format ... ok
[INFO] [stdout] test bracketed_element_name ... ok
[INFO] [stdout] test bracketed_self_closing ... ok
[INFO] [stdout] test bracketed_nested ... ok
[INFO] [stdout] test multiple_attrs ... ok
[INFO] [stdout] test bracketed_with_attrs ... ok
[INFO] [stdout] test xml_namespace_declaration ... ok
[INFO] [stdout] test deeply_nested ... ok
[INFO] [stdout] 
[INFO] [stdout] test result: ok. 9 passed; 0 failed; 0 ignored; 0 measured; 0 filtered out; finished in 0.00s
[INFO] [stdout] 
[INFO] [stderr]      Running tests/roundtrip.rs (/opt/rustwide/target/release/deps/roundtrip-f36b380c70d7c025)
[INFO] [stdout] 
[INFO] [stdout] running 12 tests
[INFO] [stdout] test roundtrip_comment ... ok
[INFO] [stdout] test roundtrip_complex_doc ... ok
[INFO] [stdout] test roundtrip_cdata ... ok
[INFO] [stdout] test roundtrip_control_flow ... ok
[INFO] [stdout] test roundtrip_pi_stylesheet ... ok
[INFO] [stdout] test roundtrip_escapes_text ... ok
[INFO] [stdout] test roundtrip_namespaced ... ok
[INFO] [stdout] test roundtrip_pi ... ok
[INFO] [stdout] test roundtrip_self_closing ... ok
[INFO] [stdout] test roundtrip_simple_element ... ok
[INFO] [stdout] test roundtrip_with_attribute ... ok
[INFO] [stdout] test roundtrip_doctype ... ok
[INFO] [stdout] 
[INFO] [stdout] test result: ok. 12 passed; 0 failed; 0 ignored; 0 measured; 0 filtered out; finished in 0.01s
[INFO] [stdout] 
[INFO] [stderr]      Running tests/special_nodes.rs (/opt/rustwide/target/release/deps/special_nodes-b7c01f7277b512d3)
[INFO] [stdout] 
[INFO] [stdout] running 12 tests
[INFO] [stdout] test cdata_with_text ... ok
[INFO] [stdout] test doctype_with_system ... ok
[INFO] [stdout] test cdata_section ... ok
[INFO] [stdout] test cdata_text_is_verbatim_not_escaped ... ok
[INFO] [stdout] test processing_instruction ... ok
[INFO] [stdout] test xml_declaration ... ok
[INFO] [stdout] test cdata_with_control_flow_and_raw_splice ... ok
[INFO] [stdout] test doctype_simple ... ok
[INFO] [stdout] test comment_inside_element ... ok
[INFO] [stdout] test full_document ... ok
[INFO] [stdout] test comment_simple ... ok
[INFO] [stdout] test xml_declaration_minimal ... ok
[INFO] [stderr]      Running tests/trybuild.rs (/opt/rustwide/target/release/deps/trybuild-58e686bc79802e64)
[INFO] [stdout] 
[INFO] [stdout] test result: ok. 12 passed; 0 failed; 0 ignored; 0 measured; 0 filtered out; finished in 0.00s
[INFO] [stdout] 
[INFO] [stdout] 
[INFO] [stdout] running 1 test
[INFO] [stderr]    Compiling proc-macro2 v1.0.107
[INFO] [stderr]    Compiling quote v1.0.47
[INFO] [stderr]    Compiling unicode-ident v1.0.24
[INFO] [stderr]    Compiling crossbeam-utils v0.8.22
[INFO] [stderr]    Compiling serde_core v1.0.229
[INFO] [stderr]    Compiling zerocopy v0.8.56
[INFO] [stderr]    Compiling crossbeam-epoch v0.9.20
[INFO] [stderr]    Compiling crossbeam-deque v0.8.7
[INFO] [stderr]    Compiling shlex v2.0.1
[INFO] [stderr]    Compiling find-msvc-tools v0.1.11
[INFO] [stderr]    Compiling zmij v1.0.23
[INFO] [stderr]    Compiling autocfg v1.5.1
[INFO] [stderr]    Compiling serde v1.0.229
[INFO] [stderr]    Compiling cc v1.4.4
[INFO] [stderr]    Compiling serde_json v1.0.151
[INFO] [stderr]     Checking cfg-if v1.0.4
[INFO] [stderr]    Compiling rayon-core v1.13.0
[INFO] [stderr]    Compiling libc v0.2.189
[INFO] [stderr]     Checking either v1.18.0
[INFO] [stderr]     Checking memchr v2.8.3
[INFO] [stderr]     Checking itoa v1.0.18
[INFO] [stderr]    Compiling num-traits v0.2.19
[INFO] [stderr]     Checking ciborium-io v0.2.2
[INFO] [stderr]     Checking plotters-backend v0.3.7
[INFO] [stderr]     Checking regex-syntax v0.8.11
[INFO] [stderr]     Checking clap_lex v1.1.0
[INFO] [stderr]     Checking anstyle v1.0.14
[INFO] [stderr]     Checking plotters-svg v0.3.7
[INFO] [stderr]    Compiling syn v3.0.4
[INFO] [stderr]    Compiling syn v2.0.119
[INFO] [stderr]     Checking clap_builder v4.6.6
[INFO] [stderr]     Checking itertools v0.13.0
[INFO] [stderr]     Checking regex-automata v0.4.18
[INFO] [stderr]     Checking same-file v1.0.6
[INFO] [stderr]     Checking cast v0.3.0
[INFO] [stderr]    Compiling alloca v0.4.0
[INFO] [stderr]     Checking walkdir v2.5.0
[INFO] [stderr]     Checking rayon v1.12.0
[INFO] [stderr]     Checking clap v4.6.6
[INFO] [stderr]     Checking page_size v0.6.0
[INFO] [stderr]     Checking plotters v0.3.7
[INFO] [stderr]     Checking anes v0.1.6
[INFO] [stderr]     Checking oorandom v11.1.5
[INFO] [stderr]     Checking quick-xml v0.42.0
[INFO] [stderr]     Checking criterion-plot v0.8.2
[INFO] [stderr]     Checking regex v1.13.1
[INFO] [stderr]    Compiling zerocopy-derive v0.8.56
[INFO] [stderr]    Compiling serde_derive v1.0.229
[INFO] [stderr]    Compiling olav_macros v0.1.0
[INFO] [stderr]     Checking olav v0.1.0 (/opt/rustwide/workdir)
[INFO] [stderr]     Checking tinytemplate v1.2.1
[INFO] [stderr]     Checking half v2.7.1
[INFO] [stderr]     Checking ciborium-ll v0.2.2
[INFO] [stderr]     Checking ciborium v0.2.2
[INFO] [stderr]     Checking criterion v0.8.2
[INFO] [stderr]     Checking olav-tests v0.0.0 (/opt/rustwide/target/tests/trybuild/olav)
[INFO] [stderr]     Finished `dev` profile [unoptimized + debuginfo] target(s) in 37.77s
[INFO] [stderr] 
[INFO] [stderr] 
[INFO] [stderr] test tests/ui/at_alone.rs ... error
[INFO] [stderr] Read-only file system (os error 30)
[INFO] [stderr] 
[INFO] [stderr] test tests/ui/attr_without_equals.rs ... error
[INFO] [stderr] Read-only file system (os error 30)
[INFO] [stderr] 
[INFO] [stderr] test tests/ui/bang_without_doctype.rs ... error
[INFO] [stderr] Read-only file system (os error 30)
[INFO] [stderr] 
[INFO] [stderr] test tests/ui/cdata_terminator_in_text.rs ... error
[INFO] [stderr] Read-only file system (os error 30)
[INFO] [stderr] 
[INFO] [stderr] test tests/ui/comment_with_dashes.rs ... error
[INFO] [stderr] Read-only file system (os error 30)
[INFO] [stderr] 
[INFO] [stderr] test tests/ui/duplicate_attr.rs ... error
[INFO] [stderr] Read-only file system (os error 30)
[INFO] [stderr] 
[INFO] [stderr] test tests/ui/if_without_condition.rs ... error
[INFO] [stderr] Read-only file system (os error 30)
[INFO] [stderr] 
[INFO] [stderr] test tests/ui/invalid_attr_name.rs ... error
[INFO] [stderr] Read-only file system (os error 30)
[INFO] [stderr] 
[INFO] [stderr] test tests/ui/invalid_element_name.rs ... error
[INFO] [stderr] Read-only file system (os error 30)
[INFO] [stderr] 
[INFO] [stderr] test tests/ui/pi_terminator_in_attr.rs ... error
[INFO] [stderr] Read-only file system (os error 30)
[INFO] [stderr] 
[INFO] [stderr] test tests/ui/pi_without_name.rs ... error
[INFO] [stderr] Read-only file system (os error 30)
[INFO] [stderr] 
[INFO] [stderr] 
[INFO] [stderr] 
[INFO] [stdout] test ui ... FAILED
[INFO] [stdout] 
[INFO] [stdout] failures:
[INFO] [stdout] 
[INFO] [stdout] ---- ui stdout ----
[INFO] [stdout] 
[INFO] [stdout] thread 'ui' (1192) panicked at /opt/rustwide/cargo-home/registry/src/index.crates.io-1949cf8c6b5b557f/trybuild-1.0.120/src/run.rs:103:13:
[INFO] [stdout] 11 of 11 tests failed
[INFO] [stdout] stack backtrace:
[INFO] [stdout]    0:     0x600b26234f51 - <<std[70759c8f55707aa4]::sys::backtrace::BacktraceLock>::print::DisplayBacktrace as core[df12db4294e9bfd3]::fmt::Display>::fmt
[INFO] [stdout]    1:     0x600b2624b5da - core[df12db4294e9bfd3]::fmt::write
[INFO] [stdout]    2:     0x600b26239a1c - <alloc[2182bb758b4b3781]::vec::Vec<u8> as core[df12db4294e9bfd3]::io::write::Write>::write_fmt
[INFO] [stdout]    3:     0x600b2620e436 - std[70759c8f55707aa4]::panicking::default_hook::{closure#0}
[INFO] [stdout]    4:     0x600b2622c5c9 - std[70759c8f55707aa4]::panicking::default_hook
[INFO] [stdout]    5:     0x600b261c58a0 - test[9d35eded1c95d3be]::test_main_inner::<test[9d35eded1c95d3be]::test_main_static::{closure#0}>::{closure#0}
[INFO] [stdout]    6:     0x600b2622c782 - std[70759c8f55707aa4]::panicking::panic_with_hook
[INFO] [stdout]    7:     0x600b2620e4e2 - std[70759c8f55707aa4]::panicking::panic_handler::{closure#0}
[INFO] [stdout]    8:     0x600b26206da9 - std[70759c8f55707aa4]::sys::backtrace::__rust_end_short_backtrace::<std[70759c8f55707aa4]::panicking::panic_handler::{closure#0}, !>
[INFO] [stdout]    9:     0x600b2620f0dd - __rustc[8fa7c3cbc660c2b3]::rust_begin_unwind
[INFO] [stdout]   10:     0x600b2624bd4c - core[df12db4294e9bfd3]::panicking::panic_fmt
[INFO] [stdout]   11:     0x600b2611a0d8 - <trybuild[3e977cfa030aa023]::Runner>::run
[INFO] [stdout]   12:     0x600b2611d4c0 - <trybuild[3e977cfa030aa023]::TestCases as core[df12db4294e9bfd3]::ops::drop::Drop>::drop
[INFO] [stdout]   13:     0x600b26113998 - trybuild[e9d7a98ea94e7c48]::ui
[INFO] [stdout]   14:     0x600b26113b99 - <trybuild[e9d7a98ea94e7c48]::ui::{closure#0} as core[df12db4294e9bfd3]::ops::function::FnOnce<()>>::call_once
[INFO] [stdout]   15:     0x600b261b8b8b - test[9d35eded1c95d3be]::__rust_begin_short_backtrace::<core[df12db4294e9bfd3]::result::Result<(), alloc[2182bb758b4b3781]::string::String>, fn() -> core[df12db4294e9bfd3]::result::Result<(), alloc[2182bb758b4b3781]::string::String>>
[INFO] [stdout]   16:     0x600b261c61f5 - test[9d35eded1c95d3be]::run_test::{closure#0}
[INFO] [stdout]   17:     0x600b261bfab4 - std[70759c8f55707aa4]::sys::backtrace::__rust_begin_short_backtrace::<test[9d35eded1c95d3be]::run_test::{closure#1}, ()>
[INFO] [stdout]   18:     0x600b261c9352 - <std[70759c8f55707aa4]::thread::lifecycle::spawn_unchecked<test[9d35eded1c95d3be]::run_test::{closure#1}, ()>::{closure#1} as core[df12db4294e9bfd3]::ops::function::FnOnce<()>>::call_once::{shim:vtable#0}
[INFO] [stdout]   19:     0x600b26234209 - <std[70759c8f55707aa4]::sys::thread::unix::Thread>::new::thread_start
[INFO] [stdout]   20:     0x7f047e349dfa - <unknown>
[INFO] [stdout]   21:     0x7f047e3dd3d4 - clone
[INFO] [stdout]   22:                0x0 - <unknown>
[INFO] [stdout] 
[INFO] [stdout] 
[INFO] [stdout] failures:
[INFO] [stdout]     ui
[INFO] [stdout] 
[INFO] [stdout] test result: FAILED. 0 passed; 1 failed; 0 ignored; 0 measured; 0 filtered out; finished in 53.70s
[INFO] [stdout] 
[INFO] [stderr] error: test failed, to rerun pass `--test trybuild`
[INFO] running `Command { std: "docker" "inspect" "96f516810088a7467a0ebe25e9eef5b3bb781fdb0da116fab16904709a747c87", kill_on_drop: false }`
[INFO] running `Command { std: "docker" "rm" "-f" "96f516810088a7467a0ebe25e9eef5b3bb781fdb0da116fab16904709a747c87", kill_on_drop: false }`
[INFO] [stdout] 96f516810088a7467a0ebe25e9eef5b3bb781fdb0da116fab16904709a747c87
