[INFO] fetching crate okft 0.2.1...
[INFO] testing okft-0.2.1 against 1.99.0-beta.8+cargoflags=--release for beta-release-1.100-2
[INFO] extracting crate okft 0.2.1 into /workspace/builds/worker-3-tc1/source
[INFO] started tweaking crates.io crate okft 0.2.1
[INFO] removed 0 missing tests
[INFO] finished tweaking crates.io crate okft 0.2.1
[INFO] tweaked toml for crates.io crate okft 0.2.1 written to /workspace/builds/worker-3-tc1/source/Cargo.toml
[INFO] validating manifest of crates.io crate okft 0.2.1 on toolchain 1.99.0-beta.8
[INFO] running `Command { std: CARGO_HOME="/workspace/cargo-home" RUSTUP_HOME="/workspace/rustup-home" "/workspace/cargo-home/bin/cargo" "+1.99.0-beta.8" "metadata" "--manifest-path" "Cargo.toml" "--no-deps", kill_on_drop: false }`
[INFO] crate crates.io crate okft 0.2.1 already has a lockfile, it will not be regenerated
[INFO] running `Command { std: CARGO_HOME="/workspace/cargo-home" RUSTUP_HOME="/workspace/rustup-home" "/workspace/cargo-home/bin/cargo" "+1.99.0-beta.8" "fetch" "--manifest-path" "Cargo.toml", kill_on_drop: false }`
[INFO] [stderr]     Updating crates.io index
[INFO] [stderr]  Downloading crates ...
[INFO] [stderr]   Downloaded okft-core v0.2.1
[INFO] [stderr]   Downloaded saphyr v0.0.11
[INFO] [stderr]   Downloaded okft-web v0.2.1
[INFO] [stderr]   Downloaded okft-mcp v0.2.1
[INFO] [stderr]   Downloaded saphyr-parser v0.0.11
[INFO] [stderr]   Downloaded insta v1.48.0
[INFO] running `Command { std: "docker" "create" "-v" "/var/lib/crater-agent-workspace/builds/worker-3-tc1/source:/opt/rustwide/workdir:ro,Z" "-v" "/var/lib/crater-agent-workspace/builds/worker-3-tc1/target:/opt/rustwide/target:rw,Z" "-v" "/var/lib/crater-agent-workspace/cargo-home:/opt/rustwide/cargo-home:ro,Z" "-v" "/var/lib/crater-agent-workspace/rustup-home:/opt/rustwide/rustup-home:ro,Z" "-m" "1610612736" "--network" "none" "ghcr.io/rust-lang/crates-build-env/linux@sha256:77db811e55d90add9212f6832c23229e3de5f1c1f9905e8cb07319ea15df73ac" "sleep" "infinity", kill_on_drop: false }`
[INFO] [stdout] 0fe02bfd7b14c2ae5a5ee37264cc060deb2253e9ee4a4e1e9edac5bd354174a3
[INFO] running `Command { std: "docker" "start" "0fe02bfd7b14c2ae5a5ee37264cc060deb2253e9ee4a4e1e9edac5bd354174a3", kill_on_drop: false }`
[INFO] running `Command { std: "docker" "inspect" "0fe02bfd7b14c2ae5a5ee37264cc060deb2253e9ee4a4e1e9edac5bd354174a3", kill_on_drop: false }`
[INFO] running `Command { std: "docker" "exec" "-e" "SOURCE_DIR=/opt/rustwide/workdir" "-e" "CARGO_HOME=/opt/rustwide/cargo-home" "-e" "RUSTUP_HOME=/opt/rustwide/rustup-home" "-e" "CARGO_TARGET_DIR=/opt/rustwide/target" "-w" "/opt/rustwide/workdir" "--user" "0:0" "0fe02bfd7b14c2ae5a5ee37264cc060deb2253e9ee4a4e1e9edac5bd354174a3" "/opt/rustwide/cargo-home/bin/cargo" "+1.99.0-beta.8" "metadata" "--no-deps" "--format-version=1", kill_on_drop: false }`
[INFO] running `Command { std: "docker" "inspect" "0fe02bfd7b14c2ae5a5ee37264cc060deb2253e9ee4a4e1e9edac5bd354174a3", kill_on_drop: false }`
[INFO] running `Command { std: "docker" "exec" "-e" "SOURCE_DIR=/opt/rustwide/workdir" "-e" "CARGO_HOME=/opt/rustwide/cargo-home" "-e" "RUSTUP_HOME=/opt/rustwide/rustup-home" "-e" "CARGO_TARGET_DIR=/opt/rustwide/target" "-e" "CARGO_INCREMENTAL=0" "-e" "RUST_BACKTRACE=full" "-e" "RUSTFLAGS=--cap-lints=warn" "-e" "RUSTDOCFLAGS=--cap-lints=warn" "-w" "/opt/rustwide/workdir" "--user" "0:0" "0fe02bfd7b14c2ae5a5ee37264cc060deb2253e9ee4a4e1e9edac5bd354174a3" "/opt/rustwide/cargo-home/bin/cargo" "+1.99.0-beta.8" "build" "--frozen" "--message-format=json" "--release", kill_on_drop: false }`
[INFO] [stderr]    Compiling serde_core v1.0.229
[INFO] [stderr]    Compiling serde v1.0.229
[INFO] [stderr]    Compiling typenum v1.20.1
[INFO] [stderr]    Compiling crossbeam-utils v0.8.22
[INFO] [stderr]    Compiling thiserror v2.0.20
[INFO] [stderr]    Compiling hybrid-array v0.4.14
[INFO] [stderr]    Compiling serde_json v1.0.151
[INFO] [stderr]    Compiling aho-corasick v1.1.5
[INFO] [stderr]    Compiling syn v3.0.3
[INFO] [stderr]    Compiling syn v2.0.119
[INFO] [stderr]    Compiling const-oid v0.10.2
[INFO] [stderr]    Compiling unicase v2.9.0
[INFO] [stderr]    Compiling crossbeam-deque v0.8.7
[INFO] [stderr]    Compiling hashbrown v0.17.1
[INFO] [stderr]    Compiling bstr v1.13.0
[INFO] [stderr]    Compiling cpufeatures v0.3.0
[INFO] [stderr]    Compiling arraydeque v0.5.1
[INFO] [stderr]    Compiling pulldown-cmark v0.13.4
[INFO] [stderr]    Compiling ordered-float v5.3.0
[INFO] [stderr]    Compiling encoding_rs v0.8.35
[INFO] [stderr]    Compiling mime v0.3.17
[INFO] [stderr]    Compiling mime_guess v2.0.5
[INFO] [stderr]    Compiling sync_wrapper v1.0.2
[INFO] [stderr]    Compiling rmcp v3.1.2
[INFO] [stderr]    Compiling dyn-clone v1.0.20
[INFO] [stderr]    Compiling pastey v0.2.3
[INFO] [stderr]    Compiling clap_builder v4.6.6
[INFO] [stderr]    Compiling block-buffer v0.12.1
[INFO] [stderr]    Compiling crypto-common v0.2.2
[INFO] [stderr]    Compiling hashlink v0.12.1
[INFO] [stderr]    Compiling crossbeam-epoch v0.9.20
[INFO] [stderr]    Compiling regex-automata v0.4.18
[INFO] [stderr]    Compiling digest v0.11.3
[INFO] [stderr]    Compiling sha2 v0.11.0
[INFO] [stderr]    Compiling serde_path_to_error v0.1.20
[INFO] [stderr]    Compiling darling_core v0.24.0
[INFO] [stderr]    Compiling serde_derive_internals v0.30.0
[INFO] [stderr]    Compiling rust-embed-utils v8.12.0
[INFO] [stderr]    Compiling globset v0.4.20
[INFO] [stderr]    Compiling tokio-macros v2.7.2
[INFO] [stderr]    Compiling serde_derive v1.0.229
[INFO] [stderr]    Compiling thiserror-impl v2.0.20
[INFO] [stderr]    Compiling ref-cast-impl v1.0.26
[INFO] [stderr]    Compiling schemars_derive v1.2.2
[INFO] [stderr]    Compiling futures-macro v0.3.33
[INFO] [stderr]    Compiling tracing-attributes v0.1.31
[INFO] [stderr]    Compiling tokio v1.53.1
[INFO] [stderr]    Compiling ref-cast v1.0.26
[INFO] [stderr]    Compiling ignore v0.4.33
[INFO] [stderr]    Compiling rust-embed-impl v8.12.0
[INFO] [stderr]    Compiling futures-util v0.3.33
[INFO] [stderr]    Compiling saphyr-parser v0.0.11
[INFO] [stderr]    Compiling rust-embed v8.12.0
[INFO] [stderr]    Compiling clap_derive v4.6.4
[INFO] [stderr]    Compiling tracing v0.1.44
[INFO] [stderr]    Compiling darling_macro v0.24.0
[INFO] [stderr]    Compiling axum-core v0.5.6
[INFO] [stderr]    Compiling saphyr v0.0.11
[INFO] [stderr]    Compiling darling v0.24.0
[INFO] [stderr]    Compiling rmcp-macros v3.1.2
[INFO] [stderr]    Compiling clap v4.6.6
[INFO] [stderr]    Compiling chrono v0.4.45
[INFO] [stderr]    Compiling okft-core v0.2.1
[INFO] [stderr]    Compiling serde_urlencoded v0.7.1
[INFO] [stderr]    Compiling futures-executor v0.3.33
[INFO] [stderr]    Compiling futures v0.3.33
[INFO] [stderr]    Compiling schemars v1.2.2
[INFO] [stderr]    Compiling hyper v1.11.0
[INFO] [stderr]    Compiling tokio-util v0.7.19
[INFO] [stderr]    Compiling tower v0.5.3
[INFO] [stderr]    Compiling hyper-util v0.1.20
[INFO] [stderr]    Compiling axum v0.8.9
[INFO] [stderr]    Compiling okft-web v0.2.1
[INFO] [stderr]    Compiling okft-mcp v0.2.1
[INFO] [stderr]    Compiling okft v0.2.1 (/opt/rustwide/workdir)
[INFO] [stderr]     Finished `release` profile [optimized] target(s) in 56.04s
[INFO] running `Command { std: "docker" "inspect" "0fe02bfd7b14c2ae5a5ee37264cc060deb2253e9ee4a4e1e9edac5bd354174a3", kill_on_drop: false }`
[INFO] running `Command { std: "docker" "exec" "-e" "SOURCE_DIR=/opt/rustwide/workdir" "-e" "CARGO_HOME=/opt/rustwide/cargo-home" "-e" "RUSTUP_HOME=/opt/rustwide/rustup-home" "-e" "CARGO_TARGET_DIR=/opt/rustwide/target" "-e" "CARGO_INCREMENTAL=0" "-e" "RUST_BACKTRACE=full" "-e" "RUSTFLAGS=--cap-lints=warn" "-e" "RUSTDOCFLAGS=--cap-lints=warn" "-w" "/opt/rustwide/workdir" "--user" "0:0" "0fe02bfd7b14c2ae5a5ee37264cc060deb2253e9ee4a4e1e9edac5bd354174a3" "/opt/rustwide/cargo-home/bin/cargo" "+1.99.0-beta.8" "test" "--frozen" "--no-run" "--message-format=json" "--release", kill_on_drop: false }`
[INFO] [stderr]    Compiling regex-automata v0.4.18
[INFO] [stderr]    Compiling pulldown-cmark v0.13.4
[INFO] [stderr]    Compiling predicates-core v1.0.10
[INFO] [stderr]    Compiling float-cmp v0.10.0
[INFO] [stderr]    Compiling assert_cmd v2.2.2
[INFO] [stderr]    Compiling termtree v0.5.1
[INFO] [stderr]    Compiling difflib v0.4.0
[INFO] [stderr]    Compiling normalize-line-endings v0.3.0
[INFO] [stderr]    Compiling console v0.16.4
[INFO] [stderr]    Compiling predicates-tree v1.0.13
[INFO] [stderr]    Compiling insta v1.48.0
[INFO] [stderr]    Compiling bstr v1.13.0
[INFO] [stderr]    Compiling regex v1.13.1
[INFO] [stderr]    Compiling predicates v3.1.4
[INFO] [stderr]    Compiling globset v0.4.20
[INFO] [stderr]    Compiling ignore v0.4.33
[INFO] [stderr]    Compiling okft-core v0.2.1
[INFO] [stderr]    Compiling okft-web v0.2.1
[INFO] [stderr]    Compiling okft-mcp v0.2.1
[INFO] [stderr]    Compiling okft v0.2.1 (/opt/rustwide/workdir)
[INFO] [stderr]     Finished `release` profile [optimized] target(s) in 44.59s
[INFO] running `Command { std: "docker" "inspect" "0fe02bfd7b14c2ae5a5ee37264cc060deb2253e9ee4a4e1e9edac5bd354174a3", kill_on_drop: false }`
[INFO] running `Command { std: "docker" "exec" "-e" "SOURCE_DIR=/opt/rustwide/workdir" "-e" "CARGO_HOME=/opt/rustwide/cargo-home" "-e" "RUSTUP_HOME=/opt/rustwide/rustup-home" "-e" "CARGO_TARGET_DIR=/opt/rustwide/target" "-e" "CARGO_INCREMENTAL=0" "-e" "RUST_BACKTRACE=full" "-e" "RUSTFLAGS=--cap-lints=warn" "-e" "RUSTDOCFLAGS=--cap-lints=warn" "-w" "/opt/rustwide/workdir" "--user" "0:0" "0fe02bfd7b14c2ae5a5ee37264cc060deb2253e9ee4a4e1e9edac5bd354174a3" "/opt/rustwide/cargo-home/bin/cargo" "+1.99.0-beta.8" "test" "--frozen" "--release", kill_on_drop: false }`
[INFO] [stderr]     Finished `release` profile [optimized] target(s) in 0.15s
[INFO] [stderr]      Running unittests src/lib.rs (/opt/rustwide/target/release/deps/okft-c8e9ffe4e8c3aa02)
[INFO] [stdout] 
[INFO] [stdout] running 30 tests
[INFO] [stdout] test format::tests::counts_by_severity ... ok
[INFO] [stdout] test format::tests::github_annotations_omit_position_when_absent ... ok
[INFO] [stdout] test format::tests::empty_reports_render_in_every_format ... ok
[INFO] [stdout] test format::tests::human_output_says_so_when_clean ... ok
[INFO] [stdout] test format::tests::workflow_data_is_escaped ... ok
[INFO] [stdout] test format::tests::sarif_output_is_valid_and_stable ... ok
[INFO] [stdout] test severity::tests::allow_beats_deny_and_strict ... ok
[INFO] [stdout] test severity::tests::an_unregistered_code_is_left_alone ... ok
[INFO] [stdout] test severity::tests::conformance_rules_cannot_be_silenced_or_downgraded ... ok
[INFO] [stdout] test severity::tests::allow_drops_a_rule_entirely ... ok
[INFO] [stdout] test severity::tests::deny_promotes_a_single_rule ... ok
[INFO] [stdout] test severity::tests::strict_promotes_warnings_but_not_infos ... ok
[INFO] [stdout] test severity::tests::unknown_rule_codes_are_rejected ... ok
[INFO] [stdout] test severity::tests::without_overrides_nothing_changes ... ok
[INFO] [stdout] test tests::current_date_is_sane ... ok
[INFO] [stdout] test tests::only_errors_are_failing ... ok
[INFO] [stdout] test tests::commands_are_told_apart ... ok
[INFO] [stdout] test tests::parses_every_check_flag ... ok
[INFO] [stdout] test tests::parses_the_okf_version_flag ... ok
[INFO] [stdout] test tests::parses_the_validate_command_with_defaults ... ok
[INFO] [stdout] test tests::rejects_unknown_commands ... ok
[INFO] [stdout] test tests::mcp_and_web_conflict ... ok
[INFO] [stdout] test tests::parses_the_serve_command ... ok
[INFO] [stdout] test tests::resolves_today_from_the_flag_or_the_clock ... ok
[INFO] [stdout] test tests::renders_the_rule_table_and_json ... ok
[INFO] [stdout] test tests::serve_defaults_to_a_loopback_address ... ok
[INFO] [stdout] test tests::the_rule_listing_hides_rules_a_revision_never_had ... ok
[INFO] [stdout] test format::tests::json_output_is_stable ... ok
[INFO] [stdout] test format::tests::github_output_is_stable ... ok
[INFO] [stdout] test format::tests::human_output_groups_by_file ... ok
[INFO] [stdout] 
[INFO] [stdout] test result: ok. 30 passed; 0 failed; 0 ignored; 0 measured; 0 filtered out; finished in 0.02s
[INFO] [stdout] 
[INFO] [stderr]      Running unittests src/main.rs (/opt/rustwide/target/release/deps/okf-03f308cc0be571f0)
[INFO] [stdout] 
[INFO] [stdout] running 0 tests
[INFO] [stdout] 
[INFO] [stdout] test result: ok. 0 passed; 0 failed; 0 ignored; 0 measured; 0 filtered out; finished in 0.00s
[INFO] [stdout] 
[INFO] [stderr]      Running tests/cli.rs (/opt/rustwide/target/release/deps/cli-abb11f54d80f6b4b)
[INFO] [stdout] 
[INFO] [stdout] running 25 tests
[INFO] [stdout] test allow_silences_a_rule ... ok
[INFO] [stdout] test allow_cannot_silence_a_conformance_rule ... ok
[INFO] [stdout] test an_unsupported_okf_version_is_a_usage_error ... ok
[INFO] [stdout] test an_unknown_command_is_a_usage_error ... ok
[INFO] [stdout] test lint_without_today_uses_the_current_date ... ok
[INFO] [stdout] test a_missing_bundle_is_a_usage_error ... ok
[INFO] [stdout] test a_declared_okf_version_selects_the_revision ... ok
[INFO] [stdout] test rules_can_be_listed_for_an_older_revision ... ok
[INFO] [stdout] test json_output_parses ... ok
[INFO] [stdout] test sarif_output_parses ... ok
[INFO] [stdout] test overriding_a_declared_version_is_reported ... ok
[INFO] [stdout] test a_malformed_today_is_a_usage_error ... ok
[INFO] [stdout] test github_output_is_an_annotation ... ok
[INFO] [stdout] test validate_accepts_every_upstream_bundle ... FAILED
[INFO] [stdout] test unknown_rule_codes_are_a_usage_error ... ok
[INFO] [stdout] test help_and_version_exit_zero ... ok
[INFO] [stdout] test the_bundle_argument_defaults_to_the_current_directory ... ok
[INFO] [stdout] test rules_lists_every_code ... ok
[INFO] [stdout] test validate_fails_on_unparseable_frontmatter ... ok
[INFO] [stdout] test targeting_v01_stops_reporting_superseded_constructs ... ok
[INFO] [stdout] test validate_fails_on_a_missing_type ... ok
[INFO] [stdout] test today_controls_staleness ... ok
[INFO] [stdout] test validate_reports_nothing_for_a_clean_bundle ... ok
[INFO] [stdout] test validate_behaves_the_same_whichever_revision_is_requested ... ok
[INFO] [stdout] test a_broken_link_fails_only_under_strict_lint ... ok
[INFO] [stdout] 
[INFO] [stdout] failures:
[INFO] [stdout] 
[INFO] [stdout] ---- validate_accepts_every_upstream_bundle stdout ----
[INFO] [stdout] 
[INFO] [stdout] thread 'validate_accepts_every_upstream_bundle' (2740) panicked at tests/cli.rs:22:10:
[INFO] [stdout] fixtures exist: Os { code: 2, kind: NotFound, message: "No such file or directory" }
[INFO] [stdout] stack backtrace:
[INFO] [stdout]    0:     0x5a51e3f906d1 - <<std[70759c8f55707aa4]::sys::backtrace::BacktraceLock>::print::DisplayBacktrace as core[df12db4294e9bfd3]::fmt::Display>::fmt
[INFO] [stdout]    1:     0x5a51e3fa749a - core[df12db4294e9bfd3]::fmt::write
[INFO] [stdout]    2:     0x5a51e3f9624c - <alloc[2182bb758b4b3781]::vec::Vec<u8> as core[df12db4294e9bfd3]::io::write::Write>::write_fmt
[INFO] [stdout]    3:     0x5a51e3f6acb6 - std[70759c8f55707aa4]::panicking::default_hook::{closure#0}
[INFO] [stdout]    4:     0x5a51e3f88359 - std[70759c8f55707aa4]::panicking::default_hook
[INFO] [stdout]    5:     0x5a51e3f11190 - test[9d35eded1c95d3be]::test_main_inner::<test[9d35eded1c95d3be]::test_main_static::{closure#0}>::{closure#0}
[INFO] [stdout]    6:     0x5a51e3f88512 - std[70759c8f55707aa4]::panicking::panic_with_hook
[INFO] [stdout]    7:     0x5a51e3f6ad62 - std[70759c8f55707aa4]::panicking::panic_handler::{closure#0}
[INFO] [stdout]    8:     0x5a51e3f639c9 - std[70759c8f55707aa4]::sys::backtrace::__rust_end_short_backtrace::<std[70759c8f55707aa4]::panicking::panic_handler::{closure#0}, !>
[INFO] [stdout]    9:     0x5a51e3f6b95d - __rustc[8fa7c3cbc660c2b3]::rust_begin_unwind
[INFO] [stdout]   10:     0x5a51e3fa7c4c - core[df12db4294e9bfd3]::panicking::panic_fmt
[INFO] [stdout]   11:     0x5a51e3fa7a22 - core[df12db4294e9bfd3]::result::unwrap_failed
[INFO] [stdout]   12:     0x5a51e3ef7db6 - <cli[c7e4e1f6ea15e7ff]::validate_accepts_every_upstream_bundle::{closure#0} as core[df12db4294e9bfd3]::ops::function::FnOnce<()>>::call_once
[INFO] [stdout]   13:     0x5a51e3f0447b - test[9d35eded1c95d3be]::__rust_begin_short_backtrace::<core[df12db4294e9bfd3]::result::Result<(), alloc[2182bb758b4b3781]::string::String>, fn() -> core[df12db4294e9bfd3]::result::Result<(), alloc[2182bb758b4b3781]::string::String>>
[INFO] [stdout]   14:     0x5a51e3f11ae5 - test[9d35eded1c95d3be]::run_test::{closure#0}
[INFO] [stdout]   15:     0x5a51e3f0b3a4 - std[70759c8f55707aa4]::sys::backtrace::__rust_begin_short_backtrace::<test[9d35eded1c95d3be]::run_test::{closure#1}, ()>
[INFO] [stdout]   16:     0x5a51e3f14c42 - <std[70759c8f55707aa4]::thread::lifecycle::spawn_unchecked<test[9d35eded1c95d3be]::run_test::{closure#1}, ()>::{closure#1} as core[df12db4294e9bfd3]::ops::function::FnOnce<()>>::call_once::{shim:vtable#0}
[INFO] [stdout]   17:     0x5a51e3f8fd39 - <std[70759c8f55707aa4]::sys::thread::unix::Thread>::new::thread_start
[INFO] [stdout]   18:     0x7b131209adfa - <unknown>
[INFO] [stdout]   19:     0x7b131212e3d4 - clone
[INFO] [stdout]   20:                0x0 - <unknown>
[INFO] [stdout] 
[INFO] [stdout] 
[INFO] [stdout] failures:
[INFO] [stdout]     validate_accepts_every_upstream_bundle
[INFO] [stdout] 
[INFO] [stdout] test result: FAILED. 24 passed; 1 failed; 0 ignored; 0 measured; 0 filtered out; finished in 0.03s
[INFO] [stdout] 
[INFO] [stderr] error: test failed, to rerun pass `--test cli`
[INFO] running `Command { std: "docker" "inspect" "0fe02bfd7b14c2ae5a5ee37264cc060deb2253e9ee4a4e1e9edac5bd354174a3", kill_on_drop: false }`
[INFO] running `Command { std: "docker" "rm" "-f" "0fe02bfd7b14c2ae5a5ee37264cc060deb2253e9ee4a4e1e9edac5bd354174a3", kill_on_drop: false }`
[INFO] [stdout] 0fe02bfd7b14c2ae5a5ee37264cc060deb2253e9ee4a4e1e9edac5bd354174a3
