[INFO] fetching crate okf-parser 0.1.13...
[INFO] testing okf-parser-0.1.13 against 1.100.0-beta.1+cargoflags=--release for beta-release-1.100-2
[INFO] extracting crate okf-parser 0.1.13 into /workspace/builds/worker-6-tc2/source
[INFO] started tweaking crates.io crate okf-parser 0.1.13
[INFO] removed 0 missing examples
[INFO] removed 0 missing tests
[INFO] finished tweaking crates.io crate okf-parser 0.1.13
[INFO] tweaked toml for crates.io crate okf-parser 0.1.13 written to /workspace/builds/worker-6-tc2/source/Cargo.toml
[INFO] validating manifest of crates.io crate okf-parser 0.1.13 on toolchain 1.100.0-beta.1
[INFO] running `Command { std: CARGO_HOME="/workspace/cargo-home" RUSTUP_HOME="/workspace/rustup-home" "/workspace/cargo-home/bin/cargo" "+1.100.0-beta.1" "metadata" "--manifest-path" "Cargo.toml" "--no-deps", kill_on_drop: false }`
[INFO] crate crates.io crate okf-parser 0.1.13 already has a lockfile, it will not be regenerated
[INFO] running `Command { std: CARGO_HOME="/workspace/cargo-home" RUSTUP_HOME="/workspace/rustup-home" "/workspace/cargo-home/bin/cargo" "+1.100.0-beta.1" "fetch" "--manifest-path" "Cargo.toml", kill_on_drop: false }`
[INFO] [stderr] warning: `package.homepage` is redundant with `package.documentation`
[INFO] [stderr]   --> Cargo.toml:51:12
[INFO] [stderr]    |
[INFO] [stderr] 49 | documentation = "https://logicocean.github.io/pgokf/"
[INFO] [stderr]    |                 -------------------------------------
[INFO] [stderr] 50 | edition = "2024"
[INFO] [stderr] 51 | homepage = "https://logicocean.github.io/pgokf/"
[INFO] [stderr]    |            ^^^^^^^^^^^^^^^^^^^^^^^^^^^^^^^^^^^^^
[INFO] [stderr]    |
[INFO] [stderr]    = note: `cargo::redundant_homepage` is set to `warn` by default
[INFO] [stderr] help: consider removing `package.homepage`
[INFO] [stderr] warning: `okf-parser` (manifest) generated 1 warning
[INFO] running `Command { std: "docker" "create" "-v" "/var/lib/crater-agent-workspace/builds/worker-6-tc2/source:/opt/rustwide/workdir:ro,Z" "-v" "/var/lib/crater-agent-workspace/builds/worker-6-tc2/target:/opt/rustwide/target:rw,Z" "-v" "/var/lib/crater-agent-workspace/cargo-home:/opt/rustwide/cargo-home:ro,Z" "-v" "/var/lib/crater-agent-workspace/rustup-home:/opt/rustwide/rustup-home:ro,Z" "-m" "1610612736" "--network" "none" "ghcr.io/rust-lang/crates-build-env/linux@sha256:77db811e55d90add9212f6832c23229e3de5f1c1f9905e8cb07319ea15df73ac" "sleep" "infinity", kill_on_drop: false }`
[INFO] [stdout] ee5e54618e2ec1563a4c566e7502cc0163d871bb33432c8f36af750f3f7897c3
[INFO] running `Command { std: "docker" "start" "ee5e54618e2ec1563a4c566e7502cc0163d871bb33432c8f36af750f3f7897c3", kill_on_drop: false }`
[INFO] running `Command { std: "docker" "inspect" "ee5e54618e2ec1563a4c566e7502cc0163d871bb33432c8f36af750f3f7897c3", kill_on_drop: false }`
[INFO] running `Command { std: "docker" "exec" "-e" "SOURCE_DIR=/opt/rustwide/workdir" "-e" "CARGO_HOME=/opt/rustwide/cargo-home" "-e" "RUSTUP_HOME=/opt/rustwide/rustup-home" "-e" "CARGO_TARGET_DIR=/opt/rustwide/target" "-w" "/opt/rustwide/workdir" "--user" "0:0" "ee5e54618e2ec1563a4c566e7502cc0163d871bb33432c8f36af750f3f7897c3" "/opt/rustwide/cargo-home/bin/cargo" "+1.100.0-beta.1" "metadata" "--no-deps" "--format-version=1", kill_on_drop: false }`
[INFO] running `Command { std: "docker" "inspect" "ee5e54618e2ec1563a4c566e7502cc0163d871bb33432c8f36af750f3f7897c3", kill_on_drop: false }`
[INFO] running `Command { std: "docker" "exec" "-e" "SOURCE_DIR=/opt/rustwide/workdir" "-e" "CARGO_HOME=/opt/rustwide/cargo-home" "-e" "RUSTUP_HOME=/opt/rustwide/rustup-home" "-e" "CARGO_TARGET_DIR=/opt/rustwide/target" "-e" "CARGO_INCREMENTAL=0" "-e" "RUST_BACKTRACE=full" "-e" "RUSTFLAGS=--cap-lints=warn" "-e" "RUSTDOCFLAGS=--cap-lints=warn" "-w" "/opt/rustwide/workdir" "--user" "0:0" "ee5e54618e2ec1563a4c566e7502cc0163d871bb33432c8f36af750f3f7897c3" "/opt/rustwide/cargo-home/bin/cargo" "+1.100.0-beta.1" "build" "--frozen" "--message-format=json" "--release", kill_on_drop: false }`
[INFO] [stderr] warning: `package.homepage` is redundant with `package.documentation`
[INFO] [stderr]   --> Cargo.toml:51:12
[INFO] [stderr]    |
[INFO] [stderr] 49 | documentation = "https://logicocean.github.io/pgokf/"
[INFO] [stderr]    |                 -------------------------------------
[INFO] [stderr] 50 | edition = "2024"
[INFO] [stderr] 51 | homepage = "https://logicocean.github.io/pgokf/"
[INFO] [stderr]    |            ^^^^^^^^^^^^^^^^^^^^^^^^^^^^^^^^^^^^^
[INFO] [stderr]    |
[INFO] [stderr]    = note: `cargo::redundant_homepage` is set to `warn` by default
[INFO] [stderr] help: consider removing `package.homepage`
[INFO] [stderr] warning: `okf-parser` (manifest) generated 1 warning
[INFO] [stderr]    Compiling time-core v0.1.9
[INFO] [stderr]    Compiling num-conv v0.2.2
[INFO] [stderr]    Compiling crossbeam-utils v0.8.22
[INFO] [stderr]    Compiling syn v3.0.4
[INFO] [stderr]    Compiling syn v2.0.119
[INFO] [stderr]    Compiling regex-automata v0.4.18
[INFO] [stderr]    Compiling thread_local v1.1.10
[INFO] [stderr]    Compiling indexmap v2.14.0
[INFO] [stderr]    Compiling winnow v1.0.4
[INFO] [stderr]    Compiling time-macros v0.2.32
[INFO] [stderr]    Compiling toml_datetime v1.1.1+spec-1.1.0
[INFO] [stderr]    Compiling toml_parser v1.1.3+spec-1.1.0
[INFO] [stderr]    Compiling crossbeam-channel v0.5.16
[INFO] [stderr]    Compiling serde_spanned v1.1.1
[INFO] [stderr]    Compiling unsafe-libyaml-norway v0.2.15
[INFO] [stderr]    Compiling pulldown-cmark v0.13.4
[INFO] [stderr]    Compiling toml_writer v1.1.2+spec-1.1.0
[INFO] [stderr]    Compiling toml v1.1.4+spec-1.1.0
[INFO] [stderr]    Compiling time v0.3.55
[INFO] [stderr]    Compiling getopts v0.2.24
[INFO] [stderr]    Compiling dotenvy v0.15.7
[INFO] [stderr]    Compiling pulldown-cmark-escape v0.11.0
[INFO] [stderr]    Compiling matchers v0.2.0
[INFO] [stderr]    Compiling serde_derive v1.0.229
[INFO] [stderr]    Compiling thiserror-impl v2.0.20
[INFO] [stderr]    Compiling async-trait v0.1.92
[INFO] [stderr]    Compiling tracing-attributes v0.1.31
[INFO] [stderr]    Compiling thiserror v2.0.20
[INFO] [stderr]    Compiling tracing v0.1.44
[INFO] [stderr]    Compiling serde v1.0.229
[INFO] [stderr]    Compiling tracing-serde v0.2.0
[INFO] [stderr]    Compiling serde_norway v0.9.42
[INFO] [stderr]    Compiling serde_yaml v0.9.34+deprecated
[INFO] [stderr]    Compiling tracing-subscriber v0.3.23
[INFO] [stderr]    Compiling tracing-appender v0.2.5
[INFO] [stderr]    Compiling stratify v1.1.0
[INFO] [stderr]    Compiling okf-parser v0.1.13 (/opt/rustwide/workdir)
[INFO] [stderr]     Finished `release` profile [optimized] target(s) in 1m 10s
[INFO] running `Command { std: "docker" "inspect" "ee5e54618e2ec1563a4c566e7502cc0163d871bb33432c8f36af750f3f7897c3", kill_on_drop: false }`
[INFO] running `Command { std: "docker" "exec" "-e" "SOURCE_DIR=/opt/rustwide/workdir" "-e" "CARGO_HOME=/opt/rustwide/cargo-home" "-e" "RUSTUP_HOME=/opt/rustwide/rustup-home" "-e" "CARGO_TARGET_DIR=/opt/rustwide/target" "-e" "CARGO_INCREMENTAL=0" "-e" "RUST_BACKTRACE=full" "-e" "RUSTFLAGS=--cap-lints=warn" "-e" "RUSTDOCFLAGS=--cap-lints=warn" "-w" "/opt/rustwide/workdir" "--user" "0:0" "ee5e54618e2ec1563a4c566e7502cc0163d871bb33432c8f36af750f3f7897c3" "/opt/rustwide/cargo-home/bin/cargo" "+1.100.0-beta.1" "test" "--frozen" "--no-run" "--message-format=json" "--release", kill_on_drop: false }`
[INFO] [stderr] warning: `package.homepage` is redundant with `package.documentation`
[INFO] [stderr]   --> Cargo.toml:51:12
[INFO] [stderr]    |
[INFO] [stderr] 49 | documentation = "https://logicocean.github.io/pgokf/"
[INFO] [stderr]    |                 -------------------------------------
[INFO] [stderr] 50 | edition = "2024"
[INFO] [stderr] 51 | homepage = "https://logicocean.github.io/pgokf/"
[INFO] [stderr]    |            ^^^^^^^^^^^^^^^^^^^^^^^^^^^^^^^^^^^^^
[INFO] [stderr]    |
[INFO] [stderr]    = note: `cargo::redundant_homepage` is set to `warn` by default
[INFO] [stderr] help: consider removing `package.homepage`
[INFO] [stderr] warning: `okf-parser` (manifest) generated 1 warning
[INFO] [stderr]    Compiling okf-parser v0.1.13 (/opt/rustwide/workdir)
[INFO] [stderr]     Finished `release` profile [optimized] target(s) in 6.06s
[INFO] running `Command { std: "docker" "inspect" "ee5e54618e2ec1563a4c566e7502cc0163d871bb33432c8f36af750f3f7897c3", kill_on_drop: false }`
[INFO] running `Command { std: "docker" "exec" "-e" "SOURCE_DIR=/opt/rustwide/workdir" "-e" "CARGO_HOME=/opt/rustwide/cargo-home" "-e" "RUSTUP_HOME=/opt/rustwide/rustup-home" "-e" "CARGO_TARGET_DIR=/opt/rustwide/target" "-e" "CARGO_INCREMENTAL=0" "-e" "RUST_BACKTRACE=full" "-e" "RUSTFLAGS=--cap-lints=warn" "-e" "RUSTDOCFLAGS=--cap-lints=warn" "-w" "/opt/rustwide/workdir" "--user" "0:0" "ee5e54618e2ec1563a4c566e7502cc0163d871bb33432c8f36af750f3f7897c3" "/opt/rustwide/cargo-home/bin/cargo" "+1.100.0-beta.1" "test" "--frozen" "--release", kill_on_drop: false }`
[INFO] [stderr] warning: `package.homepage` is redundant with `package.documentation`
[INFO] [stderr]   --> Cargo.toml:51:12
[INFO] [stderr]    |
[INFO] [stderr] 49 | documentation = "https://logicocean.github.io/pgokf/"
[INFO] [stderr]    |                 -------------------------------------
[INFO] [stderr] 50 | edition = "2024"
[INFO] [stderr] 51 | homepage = "https://logicocean.github.io/pgokf/"
[INFO] [stderr]    |            ^^^^^^^^^^^^^^^^^^^^^^^^^^^^^^^^^^^^^
[INFO] [stderr]    |
[INFO] [stderr]    = note: `cargo::redundant_homepage` is set to `warn` by default
[INFO] [stderr] help: consider removing `package.homepage`
[INFO] [stderr] warning: `okf-parser` (manifest) generated 1 warning
[INFO] [stderr]     Finished `release` profile [optimized] target(s) in 0.14s
[INFO] [stderr]      Running unittests src/lib.rs (/opt/rustwide/target/release/build/okf-parser/dfc1a6a1331c0f7e/out/okf_parser-dfc1a6a1331c0f7e)
[INFO] [stdout] 
[INFO] [stdout] running 33 tests
[INFO] [stdout] test links::tests::is_external_target_keeps_internal_destinations_internal ... ok
[INFO] [stdout] test links::tests::resolve_reference_marks_an_external_destination_external ... ok
[INFO] [stdout] test links::tests::resolve_reference_resolves_an_internal_rooted_destination ... ok
[INFO] [stdout] test links::tests::resolve_reference_resolves_relative_to_the_source_directory ... ok
[INFO] [stdout] test links::tests::resolve_reference_yields_no_target_for_an_unresolvable_destination ... ok
[INFO] [stdout] test markdown::tests::plain_text_drops_blockquote_markers_and_keeps_block_boundaries ... ok
[INFO] [stdout] test markdown::tests::plain_text_keeps_horizontal_rules_as_separator_lines ... ok
[INFO] [stdout] test markdown::tests::plain_text_preserves_code_fence_content ... ok
[INFO] [stdout] test markdown::tests::plain_text_returns_empty_string_for_empty_input ... ok
[INFO] [stdout] test frontmatter::tests::index_okf_version_is_none_when_absent ... ok
[INFO] [stdout] test markdown::tests::plain_text_separates_table_cells_and_rows ... ok
[INFO] [stdout] test normalize::tests::concept_id_strips_md_suffix_only ... ok
[INFO] [stdout] test normalize::tests::is_reserved_log_matches_only_log_files_at_any_depth ... ok
[INFO] [stdout] test normalize::tests::is_reserved_path_matches_index_and_log_at_any_depth ... ok
[INFO] [stdout] test normalize::tests::parent_directory_returns_the_containing_directory_or_empty_root ... ok
[INFO] [stdout] test normalize::tests::resolve_link_target_appends_md_when_extension_missing ... ok
[INFO] [stdout] test normalize::tests::resolve_link_target_empty_destination_yields_no_edge ... ok
[INFO] [stdout] test normalize::tests::resolve_link_target_fragment_only_resolves_to_self ... ok
[INFO] [stdout] test normalize::tests::resolve_link_target_rejects_bundle_escapes_and_non_markdown ... ok
[INFO] [stdout] test normalize::tests::resolve_link_target_resolves_leading_slash_from_bundle_root ... ok
[INFO] [stdout] test normalize::tests::resolve_link_target_resolves_relative_to_source_directory ... ok
[INFO] [stdout] test normalize::tests::resolve_link_target_sibling_document_resolves_relative_to_source ... ok
[INFO] [stdout] test normalize::tests::resolve_link_target_strips_fragments_and_keeps_self_reference ... ok
[INFO] [stdout] test version::tests::accepts_patch_refinements_of_the_supported_line ... ok
[INFO] [stdout] test version::tests::accepts_the_exact_supported_version ... ok
[INFO] [stdout] test version::tests::is_lenient_on_a_leading_v_and_whitespace ... ok
[INFO] [stdout] test version::tests::rejects_a_different_minor_or_major ... ok
[INFO] [stdout] test version::tests::rejects_values_without_a_major_minor_pair ... ok
[INFO] [stdout] test frontmatter::tests::index_okf_version_is_none_without_frontmatter ... ok
[INFO] [stdout] test links::tests::is_external_target_detects_schemes_and_protocol_relative ... ok
[INFO] [stdout] test frontmatter::tests::index_okf_version_reads_a_string_version ... ok
[INFO] [stdout] test frontmatter::tests::index_okf_version_reads_a_numeric_version ... ok
[INFO] [stdout] test frontmatter::tests::index_okf_version_is_none_for_invalid_yaml ... ok
[INFO] [stdout] 
[INFO] [stdout] test result: ok. 33 passed; 0 failed; 0 ignored; 0 measured; 0 filtered out; finished in 0.02s
[INFO] [stdout] 
[INFO] [stderr]      Running tests/bundle_fixtures.rs (/opt/rustwide/target/release/build/okf-parser/f5168e5bd0a52d65/out/bundle_fixtures-f5168e5bd0a52d65)
[INFO] [stdout] 
[INFO] [stdout] running 6 tests
[INFO] [stdout] test unicode_bundle_preserves_cjk_frontmatter_and_body ... FAILED
[INFO] [stdout] test links_bundle_root_relative_targets_resolve_from_bundle_root ... FAILED
[INFO] [stdout] test links_bundle_normalizes_unresolved_targets_for_sync_layer_resolution ... FAILED
[INFO] [stdout] test links_bundle_parent_relative_targets_resolve_from_source_directory ... FAILED
[INFO] [stdout] test unicode_bundle_preserves_rtl_text_without_rewriting ... FAILED
[INFO] [stdout] test unicode_bundle_preserves_emoji_sequences_exactly ... FAILED
[INFO] [stdout] 
[INFO] [stdout] failures:
[INFO] [stdout] 
[INFO] [stdout] ---- unicode_bundle_preserves_cjk_frontmatter_and_body stdout ----
[INFO] [stdout] 
[INFO] [stdout] thread 'unicode_bundle_preserves_cjk_frontmatter_and_body' (988) panicked at tests/bundle_fixtures.rs:21:33:
[INFO] [stdout] cannot read fixture /opt/rustwide/workdir/../../tests/bundles/unicode/cjk.md: No such file or directory (os error 2)
[INFO] [stdout] stack backtrace:
[INFO] [stdout]    0:     0x5de0f2626761 - <<std[617be2ca0a6fd877]::sys::backtrace::BacktraceLock>::print::DisplayBacktrace as core[a373ad73a504971]::fmt::Display>::fmt
[INFO] [stdout]    1:     0x5de0f263bc6a - core[a373ad73a504971]::fmt::write
[INFO] [stdout]    2:     0x5de0f262a99c - <alloc[2e1b2a31b91974c5]::vec::Vec<u8> as core[a373ad73a504971]::io::write::Write>::write_fmt
[INFO] [stdout]    3:     0x5de0f26024b6 - std[617be2ca0a6fd877]::panicking::default_hook::{closure#0}
[INFO] [stdout]    4:     0x5de0f261e959 - std[617be2ca0a6fd877]::panicking::default_hook
[INFO] [stdout]    5:     0x5de0f255a2c0 - test[aada8e7e76ba119b]::test_main_inner::{closure#0}
[INFO] [stdout]    6:     0x5de0f261eb12 - std[617be2ca0a6fd877]::panicking::panic_with_hook
[INFO] [stdout]    7:     0x5de0f2602562 - std[617be2ca0a6fd877]::panicking::panic_handler::{closure#0}
[INFO] [stdout]    8:     0x5de0f25fb0e9 - std[617be2ca0a6fd877]::sys::backtrace::__rust_end_short_backtrace::<std[617be2ca0a6fd877]::panicking::panic_handler::{closure#0}, !>
[INFO] [stdout]    9:     0x5de0f260316d - __rustc[ea4f61d10b84890b]::rust_begin_unwind
[INFO] [stdout]   10:     0x5de0f263c3cc - core[a373ad73a504971]::panicking::panic_fmt
[INFO] [stdout]   11:     0x5de0f254a9f9 - bundle_fixtures[c6f5fca3d4e6bf41]::parse_fixture::{closure#0}
[INFO] [stdout]   12:     0x5de0f254b3bf - bundle_fixtures[c6f5fca3d4e6bf41]::parse_fixture
[INFO] [stdout]   13:     0x5de0f254c755 - <bundle_fixtures[c6f5fca3d4e6bf41]::unicode_bundle_preserves_cjk_frontmatter_and_body::{closure#0} as core[a373ad73a504971]::ops::function::FnOnce<()>>::call_once
[INFO] [stdout]   14:     0x5de0f254d70b - test[aada8e7e76ba119b]::__rust_begin_short_backtrace::<core[a373ad73a504971]::result::Result<(), alloc[2e1b2a31b91974c5]::string::String>, fn() -> core[a373ad73a504971]::result::Result<(), alloc[2e1b2a31b91974c5]::string::String>>
[INFO] [stdout]   15:     0x5de0f255a8e5 - test[aada8e7e76ba119b]::run_test::{closure#0}
[INFO] [stdout]   16:     0x5de0f25541d4 - std[617be2ca0a6fd877]::sys::backtrace::__rust_begin_short_backtrace::<test[aada8e7e76ba119b]::run_test::{closure#1}, ()>
[INFO] [stdout]   17:     0x5de0f255d972 - <std[617be2ca0a6fd877]::thread::lifecycle::spawn_unchecked<test[aada8e7e76ba119b]::run_test::{closure#1}, ()>::{closure#1} as core[a373ad73a504971]::ops::function::FnOnce<()>>::call_once::{shim:vtable#0}
[INFO] [stdout]   18:     0x5de0f2625c7f - <std[617be2ca0a6fd877]::sys::thread::unix::Thread>::new::thread_start
[INFO] [stdout]   19:     0x75c060090dfa - <unknown>
[INFO] [stdout]   20:     0x75c0601243d4 - clone
[INFO] [stdout]   21:                0x0 - <unknown>
[INFO] [stdout] 
[INFO] [stdout] ---- links_bundle_root_relative_targets_resolve_from_bundle_root stdout ----
[INFO] [stdout] 
[INFO] [stdout] thread 'links_bundle_root_relative_targets_resolve_from_bundle_root' (987) panicked at tests/bundle_fixtures.rs:21:33:
[INFO] [stdout] cannot read fixture /opt/rustwide/workdir/../../tests/bundles/links/overview.md: No such file or directory (os error 2)
[INFO] [stdout] stack backtrace:
[INFO] [stdout]    0:     0x5de0f2626761 - <<std[617be2ca0a6fd877]::sys::backtrace::BacktraceLock>::print::DisplayBacktrace as core[a373ad73a504971]::fmt::Display>::fmt
[INFO] [stdout]    1:     0x5de0f263bc6a - core[a373ad73a504971]::fmt::write
[INFO] [stdout]    2:     0x5de0f262a99c - <alloc[2e1b2a31b91974c5]::vec::Vec<u8> as core[a373ad73a504971]::io::write::Write>::write_fmt
[INFO] [stdout]    3:     0x5de0f26024b6 - std[617be2ca0a6fd877]::panicking::default_hook::{closure#0}
[INFO] [stdout]    4:     0x5de0f261e959 - std[617be2ca0a6fd877]::panicking::default_hook
[INFO] [stdout]    5:     0x5de0f255a2c0 - test[aada8e7e76ba119b]::test_main_inner::{closure#0}
[INFO] [stdout]    6:     0x5de0f261eb12 - std[617be2ca0a6fd877]::panicking::panic_with_hook
[INFO] [stdout]    7:     0x5de0f2602562 - std[617be2ca0a6fd877]::panicking::panic_handler::{closure#0}
[INFO] [stdout]    8:     0x5de0f25fb0e9 - std[617be2ca0a6fd877]::sys::backtrace::__rust_end_short_backtrace::<std[617be2ca0a6fd877]::panicking::panic_handler::{closure#0}, !>
[INFO] [stdout]    9:     0x5de0f260316d - __rustc[ea4f61d10b84890b]::rust_begin_unwind
[INFO] [stdout]   10:     0x5de0f263c3cc - core[a373ad73a504971]::panicking::panic_fmt
[INFO] [stdout]   11:     0x5de0f254a9f9 - bundle_fixtures[c6f5fca3d4e6bf41]::parse_fixture::{closure#0}
[INFO] [stdout]   12:     0x5de0f254b3bf - bundle_fixtures[c6f5fca3d4e6bf41]::parse_fixture
[INFO] [stdout]   13:     0x5de0f254cc23 - <bundle_fixtures[c6f5fca3d4e6bf41]::links_bundle_root_relative_targets_resolve_from_bundle_root::{closure#0} as core[a373ad73a504971]::ops::function::FnOnce<()>>::call_once
[INFO] [stdout]   14:     0x5de0f254d70b - test[aada8e7e76ba119b]::__rust_begin_short_backtrace::<core[a373ad73a504971]::result::Result<(), alloc[2e1b2a31b91974c5]::string::String>, fn() -> core[a373ad73a504971]::result::Result<(), alloc[2e1b2a31b91974c5]::string::String>>
[INFO] [stdout]   15:     0x5de0f255a8e5 - test[aada8e7e76ba119b]::run_test::{closure#0}
[INFO] [stdout]   16:     0x5de0f25541d4 - std[617be2ca0a6fd877]::sys::backtrace::__rust_begin_short_backtrace::<test[aada8e7e76ba119b]::run_test::{closure#1}, ()>
[INFO] [stdout]   17:     0x5de0f255d972 - <std[617be2ca0a6fd877]::thread::lifecycle::spawn_unchecked<test[aada8e7e76ba119b]::run_test::{closure#1}, ()>::{closure#1} as core[a373ad73a504971]::ops::function::FnOnce<()>>::call_once::{shim:vtable#0}
[INFO] [stdout]   18:     0x5de0f2625c7f - <std[617be2ca0a6fd877]::sys::thread::unix::Thread>::new::thread_start
[INFO] [stdout]   19:     0x75c060090dfa - <unknown>
[INFO] [stdout]   20:     0x75c0601243d4 - clone
[INFO] [stdout]   21:                0x0 - <unknown>
[INFO] [stdout] 
[INFO] [stdout] ---- links_bundle_normalizes_unresolved_targets_for_sync_layer_resolution stdout ----
[INFO] [stdout] 
[INFO] [stdout] thread 'links_bundle_normalizes_unresolved_targets_for_sync_layer_resolution' (985) panicked at tests/bundle_fixtures.rs:21:33:
[INFO] [stdout] cannot read fixture /opt/rustwide/workdir/../../tests/bundles/links/runbooks/database-failover.md: No such file or directory (os error 2)
[INFO] [stdout] stack backtrace:
[INFO] [stdout]    0:     0x5de0f2626761 - <<std[617be2ca0a6fd877]::sys::backtrace::BacktraceLock>::print::DisplayBacktrace as core[a373ad73a504971]::fmt::Display>::fmt
[INFO] [stdout]    1:     0x5de0f263bc6a - core[a373ad73a504971]::fmt::write
[INFO] [stdout]    2:     0x5de0f262a99c - <alloc[2e1b2a31b91974c5]::vec::Vec<u8> as core[a373ad73a504971]::io::write::Write>::write_fmt
[INFO] [stdout]    3:     0x5de0f26024b6 - std[617be2ca0a6fd877]::panicking::default_hook::{closure#0}
[INFO] [stdout]    4:     0x5de0f261e959 - std[617be2ca0a6fd877]::panicking::default_hook
[INFO] [stdout]    5:     0x5de0f255a2c0 - test[aada8e7e76ba119b]::test_main_inner::{closure#0}
[INFO] [stdout]    6:     0x5de0f261eb12 - std[617be2ca0a6fd877]::panicking::panic_with_hook
[INFO] [stdout]    7:     0x5de0f2602562 - std[617be2ca0a6fd877]::panicking::panic_handler::{closure#0}
[INFO] [stdout]    8:     0x5de0f25fb0e9 - std[617be2ca0a6fd877]::sys::backtrace::__rust_end_short_backtrace::<std[617be2ca0a6fd877]::panicking::panic_handler::{closure#0}, !>
[INFO] [stdout]    9:     0x5de0f260316d - __rustc[ea4f61d10b84890b]::rust_begin_unwind
[INFO] [stdout]   10:     0x5de0f263c3cc - core[a373ad73a504971]::panicking::panic_fmt
[INFO] [stdout]   11:     0x5de0f254a9f9 - bundle_fixtures[c6f5fca3d4e6bf41]::parse_fixture::{closure#0}
[INFO] [stdout]   12:     0x5de0f254b3bf - bundle_fixtures[c6f5fca3d4e6bf41]::parse_fixture
[INFO] [stdout]   13:     0x5de0f254d323 - <bundle_fixtures[c6f5fca3d4e6bf41]::links_bundle_normalizes_unresolved_targets_for_sync_layer_resolution::{closure#0} as core[a373ad73a504971]::ops::function::FnOnce<()>>::call_once
[INFO] [stdout]   14:     0x5de0f254d70b - test[aada8e7e76ba119b]::__rust_begin_short_backtrace::<core[a373ad73a504971]::result::Result<(), alloc[2e1b2a31b91974c5]::string::String>, fn() -> core[a373ad73a504971]::result::Result<(), alloc[2e1b2a31b91974c5]::string::String>>
[INFO] [stdout]   15:     0x5de0f255a8e5 - test[aada8e7e76ba119b]::run_test::{closure#0}
[INFO] [stdout]   16:     0x5de0f25541d4 - std[617be2ca0a6fd877]::sys::backtrace::__rust_begin_short_backtrace::<test[aada8e7e76ba119b]::run_test::{closure#1}, ()>
[INFO] [stdout]   17:     0x5de0f255d972 - <std[617be2ca0a6fd877]::thread::lifecycle::spawn_unchecked<test[aada8e7e76ba119b]::run_test::{closure#1}, ()>::{closure#1} as core[a373ad73a504971]::ops::function::FnOnce<()>>::call_once::{shim:vtable#0}
[INFO] [stdout]   18:     0x5de0f2625c7f - <std[617be2ca0a6fd877]::sys::thread::unix::Thread>::new::thread_start
[INFO] [stdout]   19:     0x75c060090dfa - <unknown>
[INFO] [stdout]   20:     0x75c0601243d4 - clone
[INFO] [stdout]   21:                0x0 - <unknown>
[INFO] [stdout] 
[INFO] [stdout] ---- links_bundle_parent_relative_targets_resolve_from_source_directory stdout ----
[INFO] [stdout] 
[INFO] [stdout] thread 'links_bundle_parent_relative_targets_resolve_from_source_directory' (986) panicked at tests/bundle_fixtures.rs:21:33:
[INFO] [stdout] cannot read fixture /opt/rustwide/workdir/../../tests/bundles/links/dashboards/database-health.md: No such file or directory (os error 2)
[INFO] [stdout] stack backtrace:
[INFO] [stdout]    0:     0x5de0f2626761 - <<std[617be2ca0a6fd877]::sys::backtrace::BacktraceLock>::print::DisplayBacktrace as core[a373ad73a504971]::fmt::Display>::fmt
[INFO] [stdout]    1:     0x5de0f263bc6a - core[a373ad73a504971]::fmt::write
[INFO] [stdout]    2:     0x5de0f262a99c - <alloc[2e1b2a31b91974c5]::vec::Vec<u8> as core[a373ad73a504971]::io::write::Write>::write_fmt
[INFO] [stdout]    3:     0x5de0f26024b6 - std[617be2ca0a6fd877]::panicking::default_hook::{closure#0}
[INFO] [stdout]    4:     0x5de0f261e959 - std[617be2ca0a6fd877]::panicking::default_hook
[INFO] [stdout]    5:     0x5de0f255a2c0 - test[aada8e7e76ba119b]::test_main_inner::{closure#0}
[INFO] [stdout]    6:     0x5de0f261eb12 - std[617be2ca0a6fd877]::panicking::panic_with_hook
[INFO] [stdout]    7:     0x5de0f2602562 - std[617be2ca0a6fd877]::panicking::panic_handler::{closure#0}
[INFO] [stdout]    8:     0x5de0f25fb0e9 - std[617be2ca0a6fd877]::sys::backtrace::__rust_end_short_backtrace::<std[617be2ca0a6fd877]::panicking::panic_handler::{closure#0}, !>
[INFO] [stdout]    9:     0x5de0f260316d - __rustc[ea4f61d10b84890b]::rust_begin_unwind
[INFO] [stdout]   10:     0x5de0f263c3cc - core[a373ad73a504971]::panicking::panic_fmt
[INFO] [stdout]   11:     0x5de0f254a9f9 - bundle_fixtures[c6f5fca3d4e6bf41]::parse_fixture::{closure#0}
[INFO] [stdout]   12:     0x5de0f254b3bf - bundle_fixtures[c6f5fca3d4e6bf41]::parse_fixture
[INFO] [stdout]   13:     0x5de0f254cfc3 - <bundle_fixtures[c6f5fca3d4e6bf41]::links_bundle_parent_relative_targets_resolve_from_source_directory::{closure#0} as core[a373ad73a504971]::ops::function::FnOnce<()>>::call_once
[INFO] [stdout]   14:     0x5de0f254d70b - test[aada8e7e76ba119b]::__rust_begin_short_backtrace::<core[a373ad73a504971]::result::Result<(), alloc[2e1b2a31b91974c5]::string::String>, fn() -> core[a373ad73a504971]::result::Result<(), alloc[2e1b2a31b91974c5]::string::String>>
[INFO] [stdout]   15:     0x5de0f255a8e5 - test[aada8e7e76ba119b]::run_test::{closure#0}
[INFO] [stdout]   16:     0x5de0f25541d4 - std[617be2ca0a6fd877]::sys::backtrace::__rust_begin_short_backtrace::<test[aada8e7e76ba119b]::run_test::{closure#1}, ()>
[INFO] [stdout]   17:     0x5de0f255d972 - <std[617be2ca0a6fd877]::thread::lifecycle::spawn_unchecked<test[aada8e7e76ba119b]::run_test::{closure#1}, ()>::{closure#1} as core[a373ad73a504971]::ops::function::FnOnce<()>>::call_once::{shim:vtable#0}
[INFO] [stdout]   18:     0x5de0f2625c7f - <std[617be2ca0a6fd877]::sys::thread::unix::Thread>::new::thread_start
[INFO] [stdout]   19:     0x75c060090dfa - <unknown>
[INFO] [stdout]   20:     0x75c0601243d4 - clone
[INFO] [stdout]   21:                0x0 - <unknown>
[INFO] [stdout] 
[INFO] [stdout] ---- unicode_bundle_preserves_rtl_text_without_rewriting stdout ----
[INFO] [stdout] 
[INFO] [stdout] thread 'unicode_bundle_preserves_rtl_text_without_rewriting' (990) panicked at tests/bundle_fixtures.rs:21:33:
[INFO] [stdout] cannot read fixture /opt/rustwide/workdir/../../tests/bundles/unicode/rtl.md: No such file or directory (os error 2)
[INFO] [stdout] stack backtrace:
[INFO] [stdout]    0:     0x5de0f2626761 - <<std[617be2ca0a6fd877]::sys::backtrace::BacktraceLock>::print::DisplayBacktrace as core[a373ad73a504971]::fmt::Display>::fmt
[INFO] [stdout]    1:     0x5de0f263bc6a - core[a373ad73a504971]::fmt::write
[INFO] [stdout]    2:     0x5de0f262a99c - <alloc[2e1b2a31b91974c5]::vec::Vec<u8> as core[a373ad73a504971]::io::write::Write>::write_fmt
[INFO] [stdout]    3:     0x5de0f26024b6 - std[617be2ca0a6fd877]::panicking::default_hook::{closure#0}
[INFO] [stdout]    4:     0x5de0f261e959 - std[617be2ca0a6fd877]::panicking::default_hook
[INFO] [stdout]    5:     0x5de0f255a2c0 - test[aada8e7e76ba119b]::test_main_inner::{closure#0}
[INFO] [stdout]    6:     0x5de0f261eb12 - std[617be2ca0a6fd877]::panicking::panic_with_hook
[INFO] [stdout]    7:     0x5de0f2602562 - std[617be2ca0a6fd877]::panicking::panic_handler::{closure#0}
[INFO] [stdout]    8:     0x5de0f25fb0e9 - std[617be2ca0a6fd877]::sys::backtrace::__rust_end_short_backtrace::<std[617be2ca0a6fd877]::panicking::panic_handler::{closure#0}, !>
[INFO] [stdout]    9:     0x5de0f260316d - __rustc[ea4f61d10b84890b]::rust_begin_unwind
[INFO] [stdout]   10:     0x5de0f263c3cc - core[a373ad73a504971]::panicking::panic_fmt
[INFO] [stdout]   11:     0x5de0f254a9f9 - bundle_fixtures[c6f5fca3d4e6bf41]::parse_fixture::{closure#0}
[INFO] [stdout]   12:     0x5de0f254b3bf - bundle_fixtures[c6f5fca3d4e6bf41]::parse_fixture
[INFO] [stdout]   13:     0x5de0f254c9f7 - <bundle_fixtures[c6f5fca3d4e6bf41]::unicode_bundle_preserves_rtl_text_without_rewriting::{closure#0} as core[a373ad73a504971]::ops::function::FnOnce<()>>::call_once
[INFO] [stdout]   14:     0x5de0f254d70b - test[aada8e7e76ba119b]::__rust_begin_short_backtrace::<core[a373ad73a504971]::result::Result<(), alloc[2e1b2a31b91974c5]::string::String>, fn() -> core[a373ad73a504971]::result::Result<(), alloc[2e1b2a31b91974c5]::string::String>>
[INFO] [stdout]   15:     0x5de0f255a8e5 - test[aada8e7e76ba119b]::run_test::{closure#0}
[INFO] [stdout]   16:     0x5de0f25541d4 - std[617be2ca0a6fd877]::sys::backtrace::__rust_begin_short_backtrace::<test[aada8e7e76ba119b]::run_test::{closure#1}, ()>
[INFO] [stdout]   17:     0x5de0f255d972 - <std[617be2ca0a6fd877]::thread::lifecycle::spawn_unchecked<test[aada8e7e76ba119b]::run_test::{closure#1}, ()>::{closure#1} as core[a373ad73a504971]::ops::function::FnOnce<()>>::call_once::{shim:vtable#0}
[INFO] [stdout]   18:     0x5de0f2625c7f - <std[617be2ca0a6fd877]::sys::thread::unix::Thread>::new::thread_start
[INFO] [stdout]   19:     0x75c060090dfa - <unknown>
[INFO] [stdout]   20:     0x75c0601243d4 - clone
[INFO] [stdout]   21:                0x0 - <unknown>
[INFO] [stdout] 
[INFO] [stdout] ---- unicode_bundle_preserves_emoji_sequences_exactly stdout ----
[INFO] [stdout] 
[INFO] [stdout] thread 'unicode_bundle_preserves_emoji_sequences_exactly' (989) panicked at tests/bundle_fixtures.rs:21:33:
[INFO] [stdout] cannot read fixture /opt/rustwide/workdir/../../tests/bundles/unicode/emoji.md: No such file or directory (os error 2)
[INFO] [stdout] stack backtrace:
[INFO] [stdout]    0:     0x5de0f2626761 - <<std[617be2ca0a6fd877]::sys::backtrace::BacktraceLock>::print::DisplayBacktrace as core[a373ad73a504971]::fmt::Display>::fmt
[INFO] [stdout]    1:     0x5de0f263bc6a - core[a373ad73a504971]::fmt::write
[INFO] [stdout]    2:     0x5de0f262a99c - <alloc[2e1b2a31b91974c5]::vec::Vec<u8> as core[a373ad73a504971]::io::write::Write>::write_fmt
[INFO] [stdout]    3:     0x5de0f26024b6 - std[617be2ca0a6fd877]::panicking::default_hook::{closure#0}
[INFO] [stdout]    4:     0x5de0f261e959 - std[617be2ca0a6fd877]::panicking::default_hook
[INFO] [stdout]    5:     0x5de0f255a2c0 - test[aada8e7e76ba119b]::test_main_inner::{closure#0}
[INFO] [stdout]    6:     0x5de0f261eb12 - std[617be2ca0a6fd877]::panicking::panic_with_hook
[INFO] [stdout]    7:     0x5de0f2602562 - std[617be2ca0a6fd877]::panicking::panic_handler::{closure#0}
[INFO] [stdout]    8:     0x5de0f25fb0e9 - std[617be2ca0a6fd877]::sys::backtrace::__rust_end_short_backtrace::<std[617be2ca0a6fd877]::panicking::panic_handler::{closure#0}, !>
[INFO] [stdout]    9:     0x5de0f260316d - __rustc[ea4f61d10b84890b]::rust_begin_unwind
[INFO] [stdout]   10:     0x5de0f263c3cc - core[a373ad73a504971]::panicking::panic_fmt
[INFO] [stdout]   11:     0x5de0f254a9f9 - bundle_fixtures[c6f5fca3d4e6bf41]::parse_fixture::{closure#0}
[INFO] [stdout]   12:     0x5de0f254b3bf - bundle_fixtures[c6f5fca3d4e6bf41]::parse_fixture
[INFO] [stdout]   13:     0x5de0f254c507 - <bundle_fixtures[c6f5fca3d4e6bf41]::unicode_bundle_preserves_emoji_sequences_exactly::{closure#0} as core[a373ad73a504971]::ops::function::FnOnce<()>>::call_once
[INFO] [stdout]   14:     0x5de0f254d70b - test[aada8e7e76ba119b]::__rust_begin_short_backtrace::<core[a373ad73a504971]::result::Result<(), alloc[2e1b2a31b91974c5]::string::String>, fn() -> core[a373ad73a504971]::result::Result<(), alloc[2e1b2a31b91974c5]::string::String>>
[INFO] [stdout]   15:     0x5de0f255a8e5 - test[aada8e7e76ba119b]::run_test::{closure#0}
[INFO] [stdout]   16:     0x5de0f25541d4 - std[617be2ca0a6fd877]::sys::backtrace::__rust_begin_short_backtrace::<test[aada8e7e76ba119b]::run_test::{closure#1}, ()>
[INFO] [stdout]   17:     0x5de0f255d972 - <std[617be2ca0a6fd877]::thread::lifecycle::spawn_unchecked<test[aada8e7e76ba119b]::run_test::{closure#1}, ()>::{closure#1} as core[a373ad73a504971]::ops::function::FnOnce<()>>::call_once::{shim:vtable#0}
[INFO] [stdout]   18:     0x5de0f2625c7f - <std[617be2ca0a6fd877]::sys::thread::unix::Thread>::new::thread_start
[INFO] [stdout]   19:     0x75c060090dfa - <unknown>
[INFO] [stdout]   20:     0x75c0601243d4 - clone
[INFO] [stdout]   21:                0x0 - <unknown>
[INFO] [stdout] 
[INFO] [stdout] 
[INFO] [stdout] failures:
[INFO] [stdout]     links_bundle_normalizes_unresolved_targets_for_sync_layer_resolution
[INFO] [stdout]     links_bundle_parent_relative_targets_resolve_from_source_directory
[INFO] [stdout]     links_bundle_root_relative_targets_resolve_from_bundle_root
[INFO] [stdout]     unicode_bundle_preserves_cjk_frontmatter_and_body
[INFO] [stdout]     unicode_bundle_preserves_emoji_sequences_exactly
[INFO] [stdout]     unicode_bundle_preserves_rtl_text_without_rewriting
[INFO] [stdout] 
[INFO] [stdout] test result: FAILED. 0 passed; 6 failed; 0 ignored; 0 measured; 0 filtered out; finished in 0.00s
[INFO] [stdout] 
[INFO] [stderr] error: test failed, to rerun pass `--test bundle_fixtures`
[INFO] running `Command { std: "docker" "inspect" "ee5e54618e2ec1563a4c566e7502cc0163d871bb33432c8f36af750f3f7897c3", kill_on_drop: false }`
[INFO] running `Command { std: "docker" "rm" "-f" "ee5e54618e2ec1563a4c566e7502cc0163d871bb33432c8f36af750f3f7897c3", kill_on_drop: false }`
[INFO] [stdout] ee5e54618e2ec1563a4c566e7502cc0163d871bb33432c8f36af750f3f7897c3
