[INFO] fetching crate ohos-drawing 0.0.1...
[INFO] testing ohos-drawing-0.0.1 against 1.99.0-beta.8+cargoflags=--release for beta-release-1.100-2
[INFO] extracting crate ohos-drawing 0.0.1 into /workspace/builds/worker-3-tc1/source
[INFO] removed /workspace/builds/worker-3-tc1/source/.cargo/config.toml
[INFO] started tweaking crates.io crate ohos-drawing 0.0.1
[INFO] removed 0 missing tests
[INFO] finished tweaking crates.io crate ohos-drawing 0.0.1
[INFO] tweaked toml for crates.io crate ohos-drawing 0.0.1 written to /workspace/builds/worker-3-tc1/source/Cargo.toml
[INFO] validating manifest of crates.io crate ohos-drawing 0.0.1 on toolchain 1.99.0-beta.8
[INFO] running `Command { std: CARGO_HOME="/workspace/cargo-home" RUSTUP_HOME="/workspace/rustup-home" "/workspace/cargo-home/bin/cargo" "+1.99.0-beta.8" "metadata" "--manifest-path" "Cargo.toml" "--no-deps", kill_on_drop: false }`
[INFO] crate crates.io crate ohos-drawing 0.0.1 already has a lockfile, it will not be regenerated
[INFO] running `Command { std: CARGO_HOME="/workspace/cargo-home" RUSTUP_HOME="/workspace/rustup-home" "/workspace/cargo-home/bin/cargo" "+1.99.0-beta.8" "fetch" "--manifest-path" "Cargo.toml", kill_on_drop: false }`
[INFO] [stderr]     Updating crates.io index
[INFO] [stderr]  Downloading crates ...
[INFO] [stderr]   Downloaded ohos-sys-opaque-types v0.1.10
[INFO] [stderr]   Downloaded ohos-window-sys v0.1.7
[INFO] [stderr]   Downloaded ohos-drawing-sys v0.3.4
[INFO] running `Command { std: "docker" "create" "-v" "/var/lib/crater-agent-workspace/builds/worker-3-tc1/source:/opt/rustwide/workdir:ro,Z" "-v" "/var/lib/crater-agent-workspace/builds/worker-3-tc1/target:/opt/rustwide/target:rw,Z" "-v" "/var/lib/crater-agent-workspace/cargo-home:/opt/rustwide/cargo-home:ro,Z" "-v" "/var/lib/crater-agent-workspace/rustup-home:/opt/rustwide/rustup-home:ro,Z" "-m" "1610612736" "--network" "none" "ghcr.io/rust-lang/crates-build-env/linux@sha256:77db811e55d90add9212f6832c23229e3de5f1c1f9905e8cb07319ea15df73ac" "sleep" "infinity", kill_on_drop: false }`
[INFO] [stdout] 8553c294280005535633a05fedbc5abfe91c7146e4c7e1a6a02d7c6996e0c486
[INFO] running `Command { std: "docker" "start" "8553c294280005535633a05fedbc5abfe91c7146e4c7e1a6a02d7c6996e0c486", kill_on_drop: false }`
[INFO] running `Command { std: "docker" "inspect" "8553c294280005535633a05fedbc5abfe91c7146e4c7e1a6a02d7c6996e0c486", kill_on_drop: false }`
[INFO] running `Command { std: "docker" "exec" "-e" "SOURCE_DIR=/opt/rustwide/workdir" "-e" "CARGO_HOME=/opt/rustwide/cargo-home" "-e" "RUSTUP_HOME=/opt/rustwide/rustup-home" "-e" "CARGO_TARGET_DIR=/opt/rustwide/target" "-w" "/opt/rustwide/workdir" "--user" "0:0" "8553c294280005535633a05fedbc5abfe91c7146e4c7e1a6a02d7c6996e0c486" "/opt/rustwide/cargo-home/bin/cargo" "+1.99.0-beta.8" "metadata" "--no-deps" "--format-version=1", kill_on_drop: false }`
[INFO] running `Command { std: "docker" "inspect" "8553c294280005535633a05fedbc5abfe91c7146e4c7e1a6a02d7c6996e0c486", kill_on_drop: false }`
[INFO] running `Command { std: "docker" "exec" "-e" "SOURCE_DIR=/opt/rustwide/workdir" "-e" "CARGO_HOME=/opt/rustwide/cargo-home" "-e" "RUSTUP_HOME=/opt/rustwide/rustup-home" "-e" "CARGO_TARGET_DIR=/opt/rustwide/target" "-e" "CARGO_INCREMENTAL=0" "-e" "RUST_BACKTRACE=full" "-e" "RUSTFLAGS=--cap-lints=warn" "-e" "RUSTDOCFLAGS=--cap-lints=warn" "-w" "/opt/rustwide/workdir" "--user" "0:0" "8553c294280005535633a05fedbc5abfe91c7146e4c7e1a6a02d7c6996e0c486" "/opt/rustwide/cargo-home/bin/cargo" "+1.99.0-beta.8" "build" "--frozen" "--message-format=json" "--release", kill_on_drop: false }`
[INFO] [stderr]    Compiling ohos-sys-opaque-types v0.1.10
[INFO] [stderr]    Compiling ohos-drawing-sys v0.3.4
[INFO] [stderr]    Compiling ohos-drawing v0.0.1 (/opt/rustwide/workdir)
[INFO] [stderr]     Finished `release` profile [optimized] target(s) in 0.70s
[INFO] running `Command { std: "docker" "inspect" "8553c294280005535633a05fedbc5abfe91c7146e4c7e1a6a02d7c6996e0c486", kill_on_drop: false }`
[INFO] running `Command { std: "docker" "exec" "-e" "SOURCE_DIR=/opt/rustwide/workdir" "-e" "CARGO_HOME=/opt/rustwide/cargo-home" "-e" "RUSTUP_HOME=/opt/rustwide/rustup-home" "-e" "CARGO_TARGET_DIR=/opt/rustwide/target" "-e" "CARGO_INCREMENTAL=0" "-e" "RUST_BACKTRACE=full" "-e" "RUSTFLAGS=--cap-lints=warn" "-e" "RUSTDOCFLAGS=--cap-lints=warn" "-w" "/opt/rustwide/workdir" "--user" "0:0" "8553c294280005535633a05fedbc5abfe91c7146e4c7e1a6a02d7c6996e0c486" "/opt/rustwide/cargo-home/bin/cargo" "+1.99.0-beta.8" "test" "--frozen" "--no-run" "--message-format=json" "--release", kill_on_drop: false }`
[INFO] [stderr]    Compiling ohos-drawing v0.0.1 (/opt/rustwide/workdir)
[INFO] [stderr]     Finished `release` profile [optimized] target(s) in 0.27s
[INFO] running `Command { std: "docker" "inspect" "8553c294280005535633a05fedbc5abfe91c7146e4c7e1a6a02d7c6996e0c486", kill_on_drop: false }`
[INFO] running `Command { std: "docker" "exec" "-e" "SOURCE_DIR=/opt/rustwide/workdir" "-e" "CARGO_HOME=/opt/rustwide/cargo-home" "-e" "RUSTUP_HOME=/opt/rustwide/rustup-home" "-e" "CARGO_TARGET_DIR=/opt/rustwide/target" "-e" "CARGO_INCREMENTAL=0" "-e" "RUST_BACKTRACE=full" "-e" "RUSTFLAGS=--cap-lints=warn" "-e" "RUSTDOCFLAGS=--cap-lints=warn" "-w" "/opt/rustwide/workdir" "--user" "0:0" "8553c294280005535633a05fedbc5abfe91c7146e4c7e1a6a02d7c6996e0c486" "/opt/rustwide/cargo-home/bin/cargo" "+1.99.0-beta.8" "test" "--frozen" "--release", kill_on_drop: false }`
[INFO] [stderr]     Finished `release` profile [optimized] target(s) in 0.02s
[INFO] [stderr]      Running unittests src/lib.rs (/opt/rustwide/target/release/deps/ohos_drawing-d448f15b8940e5b4)
[INFO] [stdout] 
[INFO] [stdout] running 0 tests
[INFO] [stdout] 
[INFO] [stdout] test result: ok. 0 passed; 0 failed; 0 ignored; 0 measured; 0 filtered out; finished in 0.00s
[INFO] [stdout] 
[INFO] [stderr]      Running tests/ohos.rs (/opt/rustwide/target/release/deps/ohos-6bf445e34dc7a8b0)
[INFO] [stdout] 
[INFO] [stdout] running 0 tests
[INFO] [stdout] 
[INFO] [stdout] test result: ok. 0 passed; 0 failed; 0 ignored; 0 measured; 0 filtered out; finished in 0.00s
[INFO] [stdout] 
[INFO] [stderr]    Doc-tests ohos_drawing
[INFO] [stdout] 
[INFO] [stdout] running 1 test
[INFO] [stdout] test src/lib.rs - (line 20) - compile ... FAILED
[INFO] [stdout] 
[INFO] [stdout] failures:
[INFO] [stdout] 
[INFO] [stdout] ---- src/lib.rs - (line 20) stdout ----
[INFO] [stdout] error[E0432]: unresolved imports `ohos_drawing::AlphaFormat`, `ohos_drawing::Bitmap`, `ohos_drawing::Brush`, `ohos_drawing::Canvas`, `ohos_drawing::Color`, `ohos_drawing::ColorFormat`, `ohos_drawing::Path`
[INFO] [stdout]   --> src/lib.rs:22:20
[INFO] [stdout]    |
[INFO] [stdout] 22 | use ohos_drawing::{AlphaFormat, Bitmap, Brush, Canvas, Color, ColorFormat, Path};
[INFO] [stdout]    |                    ^^^^^^^^^^^  ^^^^^^  ^^^^^  ^^^^^^  ^^^^^  ^^^^^^^^^^^  ^^^^ no `Path` in the root
[INFO] [stdout]    |                    |            |       |      |       |      |
[INFO] [stdout]    |                    |            |       |      |       |      no `ColorFormat` in the root
[INFO] [stdout]    |                    |            |       |      |       no `Color` in the root
[INFO] [stdout]    |                    |            |       |      no `Canvas` in the root
[INFO] [stdout]    |                    |            |       no `Brush` in the root
[INFO] [stdout]    |                    |            no `Bitmap` in the root
[INFO] [stdout]    |                    no `AlphaFormat` in the root
[INFO] [stdout]    |
[INFO] [stdout]    = help: consider importing this struct instead:
[INFO] [stdout]            std::path::Path
[INFO] [stdout] 
[INFO] [stdout] error[E0425]: cannot find type `Result` in crate `ohos_drawing`
[INFO] [stdout]   --> src/lib.rs:24:28
[INFO] [stdout]    |
[INFO] [stdout] 24 | fn main() -> ohos_drawing::Result<()> {
[INFO] [stdout]    |                            ^^^^^^ not found in `ohos_drawing`
[INFO] [stdout]    |
[INFO] [stdout] help: consider importing one of these items
[INFO] [stdout]    |
[INFO] [stdout] 22 + use std::fmt::Result;
[INFO] [stdout]    |
[INFO] [stdout] 22 + use std::io::Result;
[INFO] [stdout]    |
[INFO] [stdout] 22 + use std::result::Result;
[INFO] [stdout]    |
[INFO] [stdout] 22 + use std::thread::Result;
[INFO] [stdout]    |
[INFO] [stdout]    = and 2 other candidates
[INFO] [stdout] help: if you import `Result`, refer to it directly
[INFO] [stdout]    |
[INFO] [stdout] 24 - fn main() -> ohos_drawing::Result<()> {
[INFO] [stdout] 24 + fn main() -> Result<()> {
[INFO] [stdout]    |
[INFO] [stdout] 
[INFO] [stdout] error: aborting due to 2 previous errors
[INFO] [stdout] 
[INFO] [stdout] Some errors have detailed explanations: E0425, E0432.
[INFO] [stdout] For more information about an error, try `rustc --explain E0425`.
[INFO] [stdout] Couldn't compile the test.
[INFO] [stdout] 
[INFO] [stdout] failures:
[INFO] [stdout]     src/lib.rs - (line 20)
[INFO] [stdout] 
[INFO] [stdout] test result: FAILED. 0 passed; 1 failed; 0 ignored; 0 measured; 0 filtered out; finished in 0.09s
[INFO] [stdout] 
[INFO] [stderr] error: doctest failed, to rerun pass `--doc`
[INFO] running `Command { std: "docker" "inspect" "8553c294280005535633a05fedbc5abfe91c7146e4c7e1a6a02d7c6996e0c486", kill_on_drop: false }`
[INFO] running `Command { std: "docker" "rm" "-f" "8553c294280005535633a05fedbc5abfe91c7146e4c7e1a6a02d7c6996e0c486", kill_on_drop: false }`
[INFO] [stdout] 8553c294280005535633a05fedbc5abfe91c7146e4c7e1a6a02d7c6996e0c486
