[INFO] fetching crate ohno-helper 1.1.3...
[INFO] testing ohno-helper-1.1.3 against 1.99.0-beta.8+cargoflags=--release for beta-release-1.100-2
[INFO] extracting crate ohno-helper 1.1.3 into /workspace/builds/worker-3-tc1/source
[INFO] started tweaking crates.io crate ohno-helper 1.1.3
[INFO] finished tweaking crates.io crate ohno-helper 1.1.3
[INFO] tweaked toml for crates.io crate ohno-helper 1.1.3 written to /workspace/builds/worker-3-tc1/source/Cargo.toml
[INFO] validating manifest of crates.io crate ohno-helper 1.1.3 on toolchain 1.99.0-beta.8
[INFO] running `Command { std: CARGO_HOME="/workspace/cargo-home" RUSTUP_HOME="/workspace/rustup-home" "/workspace/cargo-home/bin/cargo" "+1.99.0-beta.8" "metadata" "--manifest-path" "Cargo.toml" "--no-deps", kill_on_drop: false }`
[INFO] crate crates.io crate ohno-helper 1.1.3 already has a lockfile, it will not be regenerated
[INFO] running `Command { std: CARGO_HOME="/workspace/cargo-home" RUSTUP_HOME="/workspace/rustup-home" "/workspace/cargo-home/bin/cargo" "+1.99.0-beta.8" "fetch" "--manifest-path" "Cargo.toml", kill_on_drop: false }`
[INFO] [stderr]     Updating crates.io index
[INFO] [stderr]  Downloading crates ...
[INFO] [stderr]   Downloaded simple_logger v5.2.0
[INFO] [stderr]   Downloaded libredox v0.1.18
[INFO] [stderr]   Downloaded dsl_auto_type v0.2.0
[INFO] [stderr]   Downloaded diesel_table_macro_syntax v0.3.0
[INFO] [stderr]   Downloaded clap v4.6.2
[INFO] [stderr]   Downloaded diesel_derives v2.3.9
[INFO] [stderr]   Downloaded diesel v2.3.11
[INFO] running `Command { std: "docker" "create" "-v" "/var/lib/crater-agent-workspace/builds/worker-3-tc1/source:/opt/rustwide/workdir:ro,Z" "-v" "/var/lib/crater-agent-workspace/builds/worker-3-tc1/target:/opt/rustwide/target:rw,Z" "-v" "/var/lib/crater-agent-workspace/cargo-home:/opt/rustwide/cargo-home:ro,Z" "-v" "/var/lib/crater-agent-workspace/rustup-home:/opt/rustwide/rustup-home:ro,Z" "-m" "1610612736" "--network" "none" "ghcr.io/rust-lang/crates-build-env/linux@sha256:77db811e55d90add9212f6832c23229e3de5f1c1f9905e8cb07319ea15df73ac" "sleep" "infinity", kill_on_drop: false }`
[INFO] [stdout] 4033303c2757c9f432ba633e40e62ad37e5b46e7b8c65d51764e53ef6bac8108
[INFO] running `Command { std: "docker" "start" "4033303c2757c9f432ba633e40e62ad37e5b46e7b8c65d51764e53ef6bac8108", kill_on_drop: false }`
[INFO] running `Command { std: "docker" "inspect" "4033303c2757c9f432ba633e40e62ad37e5b46e7b8c65d51764e53ef6bac8108", kill_on_drop: false }`
[INFO] running `Command { std: "docker" "exec" "-e" "SOURCE_DIR=/opt/rustwide/workdir" "-e" "CARGO_HOME=/opt/rustwide/cargo-home" "-e" "RUSTUP_HOME=/opt/rustwide/rustup-home" "-e" "CARGO_TARGET_DIR=/opt/rustwide/target" "-w" "/opt/rustwide/workdir" "--user" "0:0" "4033303c2757c9f432ba633e40e62ad37e5b46e7b8c65d51764e53ef6bac8108" "/opt/rustwide/cargo-home/bin/cargo" "+1.99.0-beta.8" "metadata" "--no-deps" "--format-version=1", kill_on_drop: false }`
[INFO] running `Command { std: "docker" "inspect" "4033303c2757c9f432ba633e40e62ad37e5b46e7b8c65d51764e53ef6bac8108", kill_on_drop: false }`
[INFO] running `Command { std: "docker" "exec" "-e" "SOURCE_DIR=/opt/rustwide/workdir" "-e" "CARGO_HOME=/opt/rustwide/cargo-home" "-e" "RUSTUP_HOME=/opt/rustwide/rustup-home" "-e" "CARGO_TARGET_DIR=/opt/rustwide/target" "-e" "CARGO_INCREMENTAL=0" "-e" "RUST_BACKTRACE=full" "-e" "RUSTFLAGS=--cap-lints=warn" "-e" "RUSTDOCFLAGS=--cap-lints=warn" "-w" "/opt/rustwide/workdir" "--user" "0:0" "4033303c2757c9f432ba633e40e62ad37e5b46e7b8c65d51764e53ef6bac8108" "/opt/rustwide/cargo-home/bin/cargo" "+1.99.0-beta.8" "build" "--frozen" "--message-format=json" "--release", kill_on_drop: false }`
[INFO] [stderr]    Compiling rustls v0.23.42
[INFO] [stderr]    Compiling syn v2.0.119
[INFO] [stderr]    Compiling futures-util v0.3.33
[INFO] [stderr]    Compiling tokio v1.53.0
[INFO] [stderr]    Compiling rustix v1.1.4
[INFO] [stderr]    Compiling libsqlite3-sys v0.37.0
[INFO] [stderr]    Compiling diesel_derives v2.3.9
[INFO] [stderr]    Compiling either v1.16.0
[INFO] [stderr]    Compiling aws-lc-sys v0.43.0
[INFO] [stderr]    Compiling time-macros v0.2.31
[INFO] [stderr]    Compiling rustls-native-certs v0.8.4
[INFO] [stderr]    Compiling deranged v0.5.8
[INFO] [stderr]    Compiling clap_builder v4.6.2
[INFO] [stderr]    Compiling filetime v0.2.29
[INFO] [stderr]    Compiling encoding_rs v0.8.35
[INFO] [stderr]    Compiling downcast-rs v2.0.2
[INFO] [stderr]    Compiling colored v3.1.1
[INFO] [stderr]    Compiling whoami v2.1.2
[INFO] [stderr]    Compiling time v0.3.53
[INFO] [stderr]    Compiling xattr v1.6.1
[INFO] [stderr]    Compiling tar v0.4.46
[INFO] [stderr]    Compiling simple_logger v5.2.0
[INFO] [stderr]    Compiling synstructure v0.13.2
[INFO] [stderr]    Compiling darling_core v0.21.3
[INFO] [stderr]    Compiling diesel_table_macro_syntax v0.3.0
[INFO] [stderr]    Compiling tokio-util v0.7.18
[INFO] [stderr]    Compiling tower v0.5.3
[INFO] [stderr]    Compiling zerofrom-derive v0.1.7
[INFO] [stderr]    Compiling yoke-derive v0.8.2
[INFO] [stderr]    Compiling zerovec-derive v0.11.3
[INFO] [stderr]    Compiling displaydoc v0.2.6
[INFO] [stderr]    Compiling clap_derive v4.6.1
[INFO] [stderr]    Compiling h2 v0.4.15
[INFO] [stderr]    Compiling zerofrom v0.1.8
[INFO] [stderr]    Compiling yoke v0.8.3
[INFO] [stderr]    Compiling darling_macro v0.21.3
[INFO] [stderr]    Compiling zerovec v0.11.6
[INFO] [stderr]    Compiling zerotrie v0.2.4
[INFO] [stderr]    Compiling darling v0.21.3
[INFO] [stderr]    Compiling dsl_auto_type v0.2.0
[INFO] [stderr]    Compiling clap v4.6.2
[INFO] [stderr]    Compiling tinystr v0.8.3
[INFO] [stderr]    Compiling potential_utf v0.1.5
[INFO] [stderr]    Compiling icu_locale_core v2.2.0
[INFO] [stderr]    Compiling icu_collections v2.2.0
[INFO] [stderr]    Compiling icu_provider v2.2.0
[INFO] [stderr]    Compiling icu_properties v2.2.0
[INFO] [stderr]    Compiling icu_normalizer v2.2.0
[INFO] [stderr]    Compiling hyper v1.10.1
[INFO] [stderr]    Compiling idna_adapter v1.2.2
[INFO] [stderr]    Compiling idna v1.1.0
[INFO] [stderr]    Compiling hyper-util v0.1.20
[INFO] [stderr]    Compiling url v2.5.8
[INFO] [stderr]    Compiling diesel v2.3.11
[INFO] [stderr]    Compiling tower-http v0.6.11
[INFO] [stderr]    Compiling aws-lc-rs v1.17.3
[INFO] [stderr]    Compiling rustls-webpki v0.103.13
[INFO] [stderr]    Compiling tokio-rustls v0.26.4
[INFO] [stderr]    Compiling rustls-platform-verifier v0.7.0
[INFO] [stderr]    Compiling hyper-rustls v0.27.9
[INFO] [stderr]    Compiling reqwest v0.13.4
[INFO] [stderr]    Compiling ohno-helper v1.1.3 (/opt/rustwide/workdir)
[INFO] [stderr]     Finished `release` profile [optimized] target(s) in 41.63s
[INFO] running `Command { std: "docker" "inspect" "4033303c2757c9f432ba633e40e62ad37e5b46e7b8c65d51764e53ef6bac8108", kill_on_drop: false }`
[INFO] running `Command { std: "docker" "exec" "-e" "SOURCE_DIR=/opt/rustwide/workdir" "-e" "CARGO_HOME=/opt/rustwide/cargo-home" "-e" "RUSTUP_HOME=/opt/rustwide/rustup-home" "-e" "CARGO_TARGET_DIR=/opt/rustwide/target" "-e" "CARGO_INCREMENTAL=0" "-e" "RUST_BACKTRACE=full" "-e" "RUSTFLAGS=--cap-lints=warn" "-e" "RUSTDOCFLAGS=--cap-lints=warn" "-w" "/opt/rustwide/workdir" "--user" "0:0" "4033303c2757c9f432ba633e40e62ad37e5b46e7b8c65d51764e53ef6bac8108" "/opt/rustwide/cargo-home/bin/cargo" "+1.99.0-beta.8" "test" "--frozen" "--no-run" "--message-format=json" "--release", kill_on_drop: false }`
[INFO] [stderr]    Compiling ohno-helper v1.1.3 (/opt/rustwide/workdir)
[INFO] [stderr]     Finished `release` profile [optimized] target(s) in 1.22s
[INFO] running `Command { std: "docker" "inspect" "4033303c2757c9f432ba633e40e62ad37e5b46e7b8c65d51764e53ef6bac8108", kill_on_drop: false }`
[INFO] running `Command { std: "docker" "exec" "-e" "SOURCE_DIR=/opt/rustwide/workdir" "-e" "CARGO_HOME=/opt/rustwide/cargo-home" "-e" "RUSTUP_HOME=/opt/rustwide/rustup-home" "-e" "CARGO_TARGET_DIR=/opt/rustwide/target" "-e" "CARGO_INCREMENTAL=0" "-e" "RUST_BACKTRACE=full" "-e" "RUSTFLAGS=--cap-lints=warn" "-e" "RUSTDOCFLAGS=--cap-lints=warn" "-w" "/opt/rustwide/workdir" "--user" "0:0" "4033303c2757c9f432ba633e40e62ad37e5b46e7b8c65d51764e53ef6bac8108" "/opt/rustwide/cargo-home/bin/cargo" "+1.99.0-beta.8" "test" "--frozen" "--release", kill_on_drop: false }`
[INFO] [stderr]     Finished `release` profile [optimized] target(s) in 0.11s
[INFO] [stderr]      Running unittests src/main.rs (/opt/rustwide/target/release/deps/ohno-d722ea4ac5792313)
[INFO] [stdout] 
[INFO] [stdout] running 13 tests
[INFO] [stdout] test remote_db::tests::parse_remote_db_file ... ok
[INFO] [stdout] test pacman_helper::tests::test_updated_from_log ... ok
[INFO] [stdout] test remote_db::tests::parse_template_date ... ok
[INFO] [stdout] test utils::tests::parse_date_bad_format ... ok
[INFO] [stdout] test utils::tests::parse_date_ok ... ok
[INFO] [stdout] test utils::tests::parse_date_today ... ok
[INFO] [stdout] test remote_db::tests::parse_template_no_date ... ok
[INFO] [stdout] test utils::tests::parse_date_yesterday ... ok
[INFO] [stdout] test utils::tests::system_mirror ... ok
[INFO] [stdout] test remote_db::tests::unarchive_file ... ok
[INFO] [stdout] test local_db::tests::update_events_by_packages_dates ... ok
[INFO] [stdout] test local_db::tests::select_version_by_packages_dates ... ok
[INFO] [stdout] test remote_db::tests::download_tests ... FAILED
[INFO] [stdout] 
[INFO] [stdout] failures:
[INFO] [stdout] 
[INFO] [stdout] ---- remote_db::tests::download_tests stdout ----
[INFO] [stdout] 
[INFO] [stdout] thread 'remote_db::tests::download_tests' (2606) panicked at src/remote_db.rs:200:9:
[INFO] [stdout] assertion failed: result.is_ok()
[INFO] [stdout] stack backtrace:
[INFO] [stdout]    0:     0x5661dfdccf81 - <<std[70759c8f55707aa4]::sys::backtrace::BacktraceLock>::print::DisplayBacktrace as core[df12db4294e9bfd3]::fmt::Display>::fmt
[INFO] [stdout]    1:     0x5661dfde45aa - core[df12db4294e9bfd3]::fmt::write
[INFO] [stdout]    2:     0x5661dfdd1f3c - <alloc[2182bb758b4b3781]::vec::Vec<u8> as core[df12db4294e9bfd3]::io::write::Write>::write_fmt
[INFO] [stdout]    3:     0x5661dfda71b6 - std[70759c8f55707aa4]::panicking::default_hook::{closure#0}
[INFO] [stdout]    4:     0x5661dfdc4159 - std[70759c8f55707aa4]::panicking::default_hook
[INFO] [stdout]    5:     0x5661dfd4b980 - test[9d35eded1c95d3be]::test_main_inner::<test[9d35eded1c95d3be]::test_main_static::{closure#0}>::{closure#0}
[INFO] [stdout]    6:     0x5661dfdc4482 - std[70759c8f55707aa4]::panicking::panic_with_hook
[INFO] [stdout]    7:     0x5661dfda7294 - std[70759c8f55707aa4]::panicking::panic_handler::{closure#0}
[INFO] [stdout]    8:     0x5661dfd9fc29 - std[70759c8f55707aa4]::sys::backtrace::__rust_end_short_backtrace::<std[70759c8f55707aa4]::panicking::panic_handler::{closure#0}, !>
[INFO] [stdout]    9:     0x5661dfda804d - __rustc[8fa7c3cbc660c2b3]::rust_begin_unwind
[INFO] [stdout]   10:     0x5661dfde4d0c - core[df12db4294e9bfd3]::panicking::panic_fmt
[INFO] [stdout]   11:     0x5661dfde4cd2 - core[df12db4294e9bfd3]::panicking::panic
[INFO] [stdout]   12:     0x5661df947b09 - ohno[3dac77c1b3a1af8]::remote_db::tests::download_tests
[INFO] [stdout]   13:     0x5661df954a79 - <ohno[3dac77c1b3a1af8]::remote_db::tests::download_tests::{closure#0} as core[df12db4294e9bfd3]::ops::function::FnOnce<()>>::call_once
[INFO] [stdout]   14:     0x5661dfd3ec6b - test[9d35eded1c95d3be]::__rust_begin_short_backtrace::<core[df12db4294e9bfd3]::result::Result<(), alloc[2182bb758b4b3781]::string::String>, fn() -> core[df12db4294e9bfd3]::result::Result<(), alloc[2182bb758b4b3781]::string::String>>
[INFO] [stdout]   15:     0x5661dfd4c2d5 - test[9d35eded1c95d3be]::run_test::{closure#0}
[INFO] [stdout]   16:     0x5661dfd45b94 - std[70759c8f55707aa4]::sys::backtrace::__rust_begin_short_backtrace::<test[9d35eded1c95d3be]::run_test::{closure#1}, ()>
[INFO] [stdout]   17:     0x5661dfd4f432 - <std[70759c8f55707aa4]::thread::lifecycle::spawn_unchecked<test[9d35eded1c95d3be]::run_test::{closure#1}, ()>::{closure#1} as core[df12db4294e9bfd3]::ops::function::FnOnce<()>>::call_once::{shim:vtable#0}
[INFO] [stdout]   18:     0x5661dfdcc139 - <std[70759c8f55707aa4]::sys::thread::unix::Thread>::new::thread_start
[INFO] [stdout]   19:     0x7c3c67fcbdfa - <unknown>
[INFO] [stdout]   20:     0x7c3c6805f3d4 - clone
[INFO] [stdout]   21:                0x0 - <unknown>
[INFO] [stdout] 
[INFO] [stdout] 
[INFO] [stdout] failures:
[INFO] [stdout]     remote_db::tests::download_tests
[INFO] [stdout] 
[INFO] [stdout] test result: FAILED. 12 passed; 1 failed; 0 ignored; 0 measured; 0 filtered out; finished in 0.07s
[INFO] [stdout] 
[INFO] [stderr] error: test failed, to rerun pass `--bin ohno`
[INFO] running `Command { std: "docker" "inspect" "4033303c2757c9f432ba633e40e62ad37e5b46e7b8c65d51764e53ef6bac8108", kill_on_drop: false }`
[INFO] running `Command { std: "docker" "rm" "-f" "4033303c2757c9f432ba633e40e62ad37e5b46e7b8c65d51764e53ef6bac8108", kill_on_drop: false }`
[INFO] [stdout] 4033303c2757c9f432ba633e40e62ad37e5b46e7b8c65d51764e53ef6bac8108
